REPLACE INTO `question_properties` (`form_id`, `question_id`, `prop`, `value`) VALUES ('aec53ec4397fdc8e546a0903a802ec23', '38', 'options', 'Institusi Kewangan / Bank<br>Kerajaan<br>Majikan<br>Tunai<br>Lain-lain');
REPLACE INTO `question_properties` (`form_id`, `question_id`, `prop`, `value`) VALUES ('aec53ec4397fdc8e546a0903a802ec23', '38', 'required', 'yes');
REPLACE INTO `question_properties` (`form_id`, `question_id`, `prop`, `value`) VALUES ('aec53ec4397fdc8e546a0903a802ec23', '38', 'text', 'Pinjaman Perumahan');
REPLACE INTO `question_properties` (`form_id`, `question_id`, `prop`, `value`) VALUES ('aec53ec4397fdc8e546a0903a802ec23', '39', 'desc', NULL);
REPLACE INTO `question_properties` (`form_id`, `question_id`, `prop`, `value`) VALUES ('aec53ec4397fdc8e546a0903a802ec23', '39', 'extensions', 'doc, docx, xls, xlsx, pdf, ppt, pptx, txt, html, htm, rtf, pps, ppsx, zip, tar, gzip, bzip, sit, dmg, jpg, jpeg, gif, png, asf, asx, flv, h264, mov, mp3, mp4, swf, wax, wma, wmv, wvx, wpl, xspf');
REPLACE INTO `question_properties` (`form_id`, `question_id`, `prop`, `value`) VALUES ('aec53ec4397fdc8e546a0903a802ec23', '39', 'maxsize', '5000');
REPLACE INTO `question_properties` (`form_id`, `question_id`, `prop`, `value`) VALUES ('aec53ec4397fdc8e546a0903a802ec23', '39', 'required', 'no');
REPLACE INTO `question_properties` (`form_id`, `question_id`, `prop`, `value`) VALUES ('aec53ec4397fdc8e546a0903a802ec23', '39', 'text', 'Slip Gaji Terkini');
REPLACE INTO `question_properties` (`form_id`, `question_id`, `prop`, `value`) VALUES ('aec53ec4397fdc8e546a0903a802ec23', '40', 'desc', NULL);
REPLACE INTO `question_properties` (`form_id`, `question_id`, `prop`, `value`) VALUES ('aec53ec4397fdc8e546a0903a802ec23', '40', 'text', 'Pengesahan');
REPLACE INTO `question_properties` (`form_id`, `question_id`, `prop`, `value`) VALUES ('aec53ec4397fdc8e546a0903a802ec23', '41', 'text', 'undefined');
REPLACE INTO `question_properties` (`form_id`, `question_id`, `prop`, `value`) VALUES ('aec53ec4397fdc8e546a0903a802ec23', '41', 'value', NULL);
REPLACE INTO `question_properties` (`form_id`, `question_id`, `prop`, `value`) VALUES ('aec53ec4397fdc8e546a0903a802ec23', '42', 'text', 'undefined');
REPLACE INTO `question_properties` (`form_id`, `question_id`, `prop`, `value`) VALUES ('aec53ec4397fdc8e546a0903a802ec23', '42', 'value', NULL);
REPLACE INTO `question_properties` (`form_id`, `question_id`, `prop`, `value`) VALUES ('aec53ec4397fdc8e546a0903a802ec23', '43', 'text', 'undefined');
REPLACE INTO `question_properties` (`form_id`, `question_id`, `prop`, `value`) VALUES ('aec53ec4397fdc8e546a0903a802ec23', '43', 'value', NULL);
REPLACE INTO `question_properties` (`form_id`, `question_id`, `prop`, `value`) VALUES ('aec53ec4397fdc8e546a0903a802ec23', '44', 'text', 'NOTA : [1. KOPERAT berhak menolak pendaftaran jika maklumat tidak lengkap / tepat.] [2. KOPERAT berhad membatalkan pendaftaran selepas 6 bulan tanpa notis.] [3. Harga adalah tertakluk kepada pindaan terakhir.]');
REPLACE INTO `question_properties` (`form_id`, `question_id`, `prop`, `value`) VALUES ('aec53ec4397fdc8e546a0903a802ec23', '45', 'text', 'undefined');
REPLACE INTO `question_properties` (`form_id`, `question_id`, `prop`, `value`) VALUES ('aec53ec4397fdc8e546a0903a802ec23', '999', 'alignment', 'default');
REPLACE INTO `question_properties` (`form_id`, `question_id`, `prop`, `value`) VALUES ('aec53ec4397fdc8e546a0903a802ec23', '999', 'background', 'white');
REPLACE INTO `question_properties` (`form_id`, `question_id`, `prop`, `value`) VALUES ('aec53ec4397fdc8e546a0903a802ec23', '999', 'conf_body', 'Thanks for submitting our form, we will get back to you as soon as possible.');
REPLACE INTO `question_properties` (`form_id`, `question_id`, `prop`, `value`) VALUES ('aec53ec4397fdc8e546a0903a802ec23', '999', 'conf_send', 'no');
REPLACE INTO `question_properties` (`form_id`, `question_id`, `prop`, `value`) VALUES ('aec53ec4397fdc8e546a0903a802ec23', '999', 'conf_subj', 'Borang TRH Fasa IV');
REPLACE INTO `question_properties` (`form_id`, `question_id`, `prop`, `value`) VALUES ('aec53ec4397fdc8e546a0903a802ec23', '999', 'disabled', 'Enabled');
REPLACE INTO `question_properties` (`form_id`, `question_id`, `prop`, `value`) VALUES ('aec53ec4397fdc8e546a0903a802ec23', '999', 'email', 'yes');
REPLACE INTO `question_properties` (`form_id`, `question_id`, `prop`, `value`) VALUES ('aec53ec4397fdc8e546a0903a802ec23', '999', 'email_addr', 'sales@koperat.com.my');
REPLACE INTO `question_properties` (`form_id`, `question_id`, `prop`, `value`) VALUES ('aec53ec4397fdc8e546a0903a802ec23', '999', 'ext_sendpostdata', 'no');
REPLACE INTO `question_properties` (`form_id`, `question_id`, `prop`, `value`) VALUES ('aec53ec4397fdc8e546a0903a802ec23', '999', 'font', 'Verdana');
REPLACE INTO `question_properties` (`form_id`, `question_id`, `prop`, `value`) VALUES ('aec53ec4397fdc8e546a0903a802ec23', '999', 'fontcolor', '#48345a');
REPLACE INTO `question_properties` (`form_id`, `question_id`, `prop`, `value`) VALUES ('aec53ec4397fdc8e546a0903a802ec23', '999', 'fontsize', '12');
REPLACE INTO `question_properties` (`form_id`, `question_id`, `prop`, `value`) VALUES ('aec53ec4397fdc8e546a0903a802ec23', '999', 'not_subj', 'New Submission: {qForm Title}');
REPLACE INTO `question_properties` (`form_id`, `question_id`, `prop`, `value`) VALUES ('aec53ec4397fdc8e546a0903a802ec23', '999', 'rvcolor', 'JF062.ini.php');
REPLACE INTO `question_properties` (`form_id`, `question_id`, `prop`, `value`) VALUES ('aec53ec4397fdc8e546a0903a802ec23', '999', 'sendpostdata', 'yes');
REPLACE INTO `question_properties` (`form_id`, `question_id`, `prop`, `value`) VALUES ('aec53ec4397fdc8e546a0903a802ec23', '999', 'spamcheck', 'Enabled');
REPLACE INTO `question_properties` (`form_id`, `question_id`, `prop`, `value`) VALUES ('aec53ec4397fdc8e546a0903a802ec23', '999', 'thanktext', '<div>\n<div>\n<div>Terima kasih atas pengisian. Pihak KOPERAT akan memproses permohonan Anda.</div></div>\n<div>\n<div>&nbsp;</div></div>\n<div>\n<div></div>\n<div>\n<div><br />\n<strong><font color=\"#ff00aa\">Sila sertakan</font></strong> bersama dokuken-dokumen asal dengan 2 salinan potostat semasa pendaftaran;</div></div></div>\n<div>\n<div>Sekiranya Permohonan Anda Berjaya.&nbsp; </div></div>\n<div>\n<div>\n<div><br />\n&nbsp;<br />\na) Salinan Kad Pengenalan.<br />\n&nbsp;<br />\nb) Slip Gaji 6 bulan terkini ( pinjaman Bank / Kerajaan ).<br />\n&nbsp;<br />\nc) Surat Pengesahan Jawatan ( pinjaman Bank )<br />\n&nbsp;<br />\nd) Surat Pengesahan Perkhidmatan ( pinjaman Kerajaan ).<br />\n&nbsp;<br />\ne) Surat Pengesahan Lantikan ( pinjaman Kerajaan ).<br />\n<br />f) Surat Iringan - mengikut format ( pinjaman Kerajaan ).<br />\n&nbsp;<br />\ng) Borang EA/Cukai Pendapatan LHDN beserta resit bayaran ( pinjaman Bank / Berniaga ).<br />\n&nbsp;<br />\nh) Salinan Penyata Akaun Bank 6 bulan terkini ( pinjaman Bank / Kerajaan / Berniaga ).<br />\n&nbsp;<br />\ni) Pendaftaran Perniagaan ( pinjaman Bank / Berniaga ).<br />\n&nbsp;<br />\nj) Penyata Bank Syarikat 6 bulan terkini ( pinjaman Bank / Berniaga ).<br />\n&nbsp;<br />\nk) Penyata KWSP terkini ( pinjaman Bank ).<br />\n<br />l) Lain-lain dokumen, jika berkaitan.<br />\n&nbsp;<br />\n&nbsp;<br />\n**<strong><font color=\"#ff0000\">PENTING</font></strong> : Bagi permohonan Pinjaman Kerajaan, setiap dokumen hendaklah dicop pengesahan daripada Ketua Jabatan.<br />\n<br />* <strong><font color=\"#ff0000\">Sila Pastikan</font></strong> <u><font color=\"#aa00ff\">E-mail dan Maklumat</font></u> Anda Adalah Betul Untuk Penerimaan Maklumbalas Daripada KOPERAT.<br />\n&nbsp;<br />\n&nbsp;<br />\n<br />Makluman Lanjut Sila Hubungi, Hantar @ Fax kan Borang anda ke;<br />\n&nbsp;<br />\n<strong>KONSORTIUM PERUMAHAN RAKYAT TERENGGANU SDN. BHD.<br />\n</strong><br />\nWisma GPQ, Lot 4564, Tingkat 1 &amp; 2<br />\n<br />Desa MPKT, Chendering, 21080 Kuala Terengganu<br />\n<br />Tel : 09-617 3405 / 617 6405&nbsp;&nbsp;&nbsp; Fax : 09-617 7404<br />\n<br />Website : <a href=\"http://www.koperat.com.my/\" title=\"\" target=\"_blank\"><strong>www.koperat.com.my</strong></a><br />\n<br />Page : <strong><a href=\"http://www.facebook.com/pages/Koperat/197111670306770\" title=\"\" target=\"_blank\">facebook.com / koperat</a></strong><br />\n<br />Email : koperat96@gmail.com<br />\n&nbsp;<br />\n&nbsp; </div></div></div></div>');
REPLACE INTO `question_properties` (`form_id`, `question_id`, `prop`, `value`) VALUES ('aec53ec4397fdc8e546a0903a802ec23', '999', 'theme', 'Default');
REPLACE INTO `question_properties` (`form_id`, `question_id`, `prop`, `value`) VALUES ('aec53ec4397fdc8e546a0903a802ec23', '999', 'use_buildin_formmail', 'yes');
REPLACE INTO `question_properties` (`form_id`, `question_id`, `prop`, `value`) VALUES ('aec53ec4397fdc8e546a0903a802ec23', '999', 'width', '100%');
REPLACE INTO `question_utf8` (`form_id`, `utf8format`) VALUES ('aec53ec4397fdc8e546a0903a802ec23', '1');
REPLACE INTO `forms` (`id`, `username`, `title`, `height`, `status`) VALUES ('f8770b2d9630fb9193b76a3d3e4a1f8a', 'a7ec09dce63b814be39611d58a2e3078', 'contact us', '1829', 'undefined');
REPLACE INTO `questions` (`form_id`, `id`, `order`, `type`) VALUES ('f8770b2d9630fb9193b76a3d3e4a1f8a', '0', '8', 'control_textbox');
REPLACE INTO `questions` (`form_id`, `id`, `order`, `type`) VALUES ('f8770b2d9630fb9193b76a3d3e4a1f8a', '1', '10', 'control_textbox');
REPLACE INTO `questions` (`form_id`, `id`, `order`, `type`) VALUES ('f8770b2d9630fb9193b76a3d3e4a1f8a', '2', '17', 'control_textbox');
REPLACE INTO `questions` (`form_id`, `id`, `order`, `type`) VALUES ('f8770b2d9630fb9193b76a3d3e4a1f8a', '7', '9', 'control_textarea');
REPLACE INTO `questions` (`form_id`, `id`, `order`, `type`) VALUES ('f8770b2d9630fb9193b76a3d3e4a1f8a', '8', '39', 'control_button');
REPLACE INTO `questions` (`form_id`, `id`, `order`, `type`) VALUES ('f8770b2d9630fb9193b76a3d3e4a1f8a', '12', '15', 'control_textbox');
REPLACE INTO `questions` (`form_id`, `id`, `order`, `type`) VALUES ('f8770b2d9630fb9193b76a3d3e4a1f8a', '13', '1', 'control_head');
REPLACE INTO `questions` (`form_id`, `id`, `order`, `type`) VALUES ('f8770b2d9630fb9193b76a3d3e4a1f8a', '14', '2', 'control_text');
REPLACE INTO `questions` (`form_id`, `id`, `order`, `type`) VALUES ('f8770b2d9630fb9193b76a3d3e4a1f8a', '15', '3', 'control_text');
REPLACE INTO `questions` (`form_id`, `id`, `order`, `type`) VALUES ('f8770b2d9630fb9193b76a3d3e4a1f8a', '16', '4', 'control_text');
REPLACE INTO `questions` (`form_id`, `id`, `order`, `type`) VALUES ('f8770b2d9630fb9193b76a3d3e4a1f8a', '17', '5', 'control_text');
REPLACE INTO `questions` (`form_id`, `id`, `order`, `type`) VALUES ('f8770b2d9630fb9193b76a3d3e4a1f8a', '18', '22', 'control_textbox');
REPLACE INTO `questions` (`form_id`, `id`, `order`, `type`) VALUES ('f8770b2d9630fb9193b76a3d3e4a1f8a', '19', '24', 'control_textbox');
REPLACE INTO `questions` (`form_id`, `id`, `order`, `type`) VALUES ('f8770b2d9630fb9193b76a3d3e4a1f8a', '20', '20', 'control_textbox');
REPLACE INTO `questions` (`form_id`, `id`, `order`, `type`) VALUES ('f8770b2d9630fb9193b76a3d3e4a1f8a', '21', '28', 'control_textbox');
REPLACE INTO `questions` (`form_id`, `id`, `order`, `type`) VALUES ('f8770b2d9630fb9193b76a3d3e4a1f8a', '22', '11', 'control_dropdown');
REPLACE INTO `questions` (`form_id`, `id`, `order`, `type`) VALUES ('f8770b2d9630fb9193b76a3d3e4a1f8a', '23', '16', 'control_textbox');
REPLACE INTO `questions` (`form_id`, `id`, `order`, `type`) VALUES ('f8770b2d9630fb9193b76a3d3e4a1f8a', '24', '12', 'control_dropdown');
REPLACE INTO `questions` (`form_id`, `id`, `order`, `type`) VALUES ('f8770b2d9630fb9193b76a3d3e4a1f8a', '25', '14', 'control_dropdown');
REPLACE INTO `questions` (`form_id`, `id`, `order`, `type`) VALUES ('f8770b2d9630fb9193b76a3d3e4a1f8a', '26', '13', 'control_dropdown');
REPLACE INTO `questions` (`form_id`, `id`, `order`, `type`) VALUES ('f8770b2d9630fb9193b76a3d3e4a1f8a', '27', '7', 'control_text');
REPLACE INTO `questions` (`form_id`, `id`, `order`, `type`) VALUES ('f8770b2d9630fb9193b76a3d3e4a1f8a', '28', '6', 'control_hidden');
REPLACE INTO `questions` (`form_id`, `id`, `order`, `type`) VALUES ('f8770b2d9630fb9193b76a3d3e4a1f8a', '29', '19', 'control_text');
REPLACE INTO `questions` (`form_id`, `id`, `order`, `type`) VALUES ('f8770b2d9630fb9193b76a3d3e4a1f8a', '30', '18', 'control_hidden');
REPLACE INTO `questions` (`form_id`, `id`, `order`, `type`) VALUES ('f8770b2d9630fb9193b76a3d3e4a1f8a', '31', '21', 'control_dropdown');
REPLACE INTO `questions` (`form_id`, `id`, `order`, `type`) VALUES ('f8770b2d9630fb9193b76a3d3e4a1f8a', '32', '23', 'control_textarea');
REPLACE INTO `questions` (`form_id`, `id`, `order`, `type`) VALUES ('f8770b2d9630fb9193b76a3d3e4a1f8a', '33', '25', 'control_hidden');
REPLACE INTO `questions` (`form_id`, `id`, `order`, `type`) VALUES ('f8770b2d9630fb9193b76a3d3e4a1f8a', '34', '26', 'control_text');
REPLACE INTO `questions` (`form_id`, `id`, `order`, `type`) VALUES ('f8770b2d9630fb9193b76a3d3e4a1f8a', '35', '27', 'control_dropdown');
REPLACE INTO `questions` (`form_id`, `id`, `order`, `type`) VALUES ('f8770b2d9630fb9193b76a3d3e4a1f8a', '36', '29', 'control_hidden');
REPLACE INTO `questions` (`form_id`, `id`, `order`, `type`) VALUES ('f8770b2d9630fb9193b76a3d3e4a1f8a', '37', '30', 'control_text');
REPLACE INTO `questions` (`form_id`, `id`, `order`, `type`) VALUES ('f8770b2d9630fb9193b76a3d3e4a1f8a', '38', '31', 'control_checkbox');
REPLACE INTO `questions` (`form_id`, `id`, `order`, `type`) VALUES ('f8770b2d9630fb9193b76a3d3e4a1f8a', '39', '33', 'control_fileupload');
REPLACE INTO `questions` (`form_id`, `id`, `order`, `type`) VALUES ('f8770b2d9630fb9193b76a3d3e4a1f8a', '40', '37', 'control_captcha');
REPLACE INTO `questions` (`form_id`, `id`, `order`, `type`) VALUES ('f8770b2d9630fb9193b76a3d3e4a1f8a', '41', '32', 'control_hidden');
REPLACE INTO `questions` (`form_id`, `id`, `order`, `type`) VALUES ('f8770b2d9630fb9193b76a3d3e4a1f8a', '42', '34', 'control_hidden');
REPLACE INTO `questions` (`form_id`, `id`, `order`, `type`) VALUES ('f8770b2d9630fb9193b76a3d3e4a1f8a', '43', '38', 'control_hidden');
REPLACE INTO `questions` (`form_id`, `id`, `order`, `type`) VALUES ('f8770b2d9630fb9193b76a3d3e4a1f8a', '44', '35', 'control_text');
REPLACE INTO `questions` (`form_id`, `id`, `order`, `type`) VALUES ('f8770b2d9630fb9193b76a3d3e4a1f8a', '45', '36', 'control_hidden');
REPLACE INTO `question_properties` (`form_id`, `question_id`, `prop`, `value`) VALUES ('f8770b2d9630fb9193b76a3d3e4a1f8a', '0', 'desc', NULL);
REPLACE INTO `question_properties` (`form_id`, `question_id`, `prop`, `value`) VALUES ('f8770b2d9630fb9193b76a3d3e4a1f8a', '0', 'maxsize', '100');
REPLACE INTO `question_properties` (`form_id`, `question_id`, `prop`, `value`) VALUES ('f8770b2d9630fb9193b76a3d3e4a1f8a', '0', 'required', 'yes');
REPLACE INTO `question_properties` (`form_id`, `question_id`, `prop`, `value`) VALUES ('f8770b2d9630fb9193b76a3d3e4a1f8a', '0', 'senderemail', 'no');
REPLACE INTO `question_properties` (`form_id`, `question_id`, `prop`, `value`) VALUES ('f8770b2d9630fb9193b76a3d3e4a1f8a', '0', 'size', '48');
REPLACE INTO `question_properties` (`form_id`, `question_id`, `prop`, `value`) VALUES ('f8770b2d9630fb9193b76a3d3e4a1f8a', '0', 'text', '>Nama Penuh<');
REPLACE INTO `question_properties` (`form_id`, `question_id`, `prop`, `value`) VALUES ('f8770b2d9630fb9193b76a3d3e4a1f8a', '0', 'validation', 'no');
REPLACE INTO `question_properties` (`form_id`, `question_id`, `prop`, `value`) VALUES ('f8770b2d9630fb9193b76a3d3e4a1f8a', '1', 'desc', NULL);
REPLACE INTO `question_properties` (`form_id`, `question_id`, `prop`, `value`) VALUES ('f8770b2d9630fb9193b76a3d3e4a1f8a', '1', 'maxsize', '100');
REPLACE INTO `question_properties` (`form_id`, `question_id`, `prop`, `value`) VALUES ('f8770b2d9630fb9193b76a3d3e4a1f8a', '1', 'required', 'yes');
REPLACE INTO `question_properties` (`form_id`, `question_id`, `prop`, `value`) VALUES ('f8770b2d9630fb9193b76a3d3e4a1f8a', '1', 'senderemail', 'no');
REPLACE INTO `question_properties` (`form_id`, `question_id`, `prop`, `value`) VALUES ('f8770b2d9630fb9193b76a3d3e4a1f8a', '1', 'size', '20');
REPLACE INTO `question_properties` (`form_id`, `question_id`, `prop`, `value`) VALUES ('f8770b2d9630fb9193b76a3d3e4a1f8a', '1', 'text', '>No. K/P Pengenalan<');
REPLACE INTO `question_properties` (`form_id`, `question_id`, `prop`, `value`) VALUES ('f8770b2d9630fb9193b76a3d3e4a1f8a', '1', 'validation', 'no');
REPLACE INTO `question_properties` (`form_id`, `question_id`, `prop`, `value`) VALUES ('f8770b2d9630fb9193b76a3d3e4a1f8a', '2', 'desc', NULL);
REPLACE INTO `question_properties` (`form_id`, `question_id`, `prop`, `value`) VALUES ('f8770b2d9630fb9193b76a3d3e4a1f8a', '2', 'maxsize', '100');
REPLACE INTO `question_properties` (`form_id`, `question_id`, `prop`, `value`) VALUES ('f8770b2d9630fb9193b76a3d3e4a1f8a', '2', 'required', 'yes');
REPLACE INTO `question_properties` (`form_id`, `question_id`, `prop`, `value`) VALUES ('f8770b2d9630fb9193b76a3d3e4a1f8a', '2', 'senderemail', 'no');
REPLACE INTO `question_properties` (`form_id`, `question_id`, `prop`, `value`) VALUES ('f8770b2d9630fb9193b76a3d3e4a1f8a', '2', 'size', '30');
REPLACE INTO `question_properties` (`form_id`, `question_id`, `prop`, `value`) VALUES ('f8770b2d9630fb9193b76a3d3e4a1f8a', '2', 'text', 'E-mail');
REPLACE INTO `question_properties` (`form_id`, `question_id`, `prop`, `value`) VALUES ('f8770b2d9630fb9193b76a3d3e4a1f8a', '2', 'validation', 'Email');
REPLACE INTO `question_properties` (`form_id`, `question_id`, `prop`, `value`) VALUES ('f8770b2d9630fb9193b76a3d3e4a1f8a', '7', 'cols', '36');
REPLACE INTO `question_properties` (`form_id`, `question_id`, `prop`, `value`) VALUES ('f8770b2d9630fb9193b76a3d3e4a1f8a', '7', 'desc', NULL);
REPLACE INTO `question_properties` (`form_id`, `question_id`, `prop`, `value`) VALUES ('f8770b2d9630fb9193b76a3d3e4a1f8a', '7', 'required', 'yes');
REPLACE INTO `question_properties` (`form_id`, `question_id`, `prop`, `value`) VALUES ('f8770b2d9630fb9193b76a3d3e4a1f8a', '7', 'rows', '8');
REPLACE INTO `question_properties` (`form_id`, `question_id`, `prop`, `value`) VALUES ('f8770b2d9630fb9193b76a3d3e4a1f8a', '7', 'text', '>Alamat Penuh<');
REPLACE INTO `question_properties` (`form_id`, `question_id`, `prop`, `value`) VALUES ('f8770b2d9630fb9193b76a3d3e4a1f8a', '7', 'validation', 'no');
REPLACE INTO `question_properties` (`form_id`, `question_id`, `prop`, `value`) VALUES ('f8770b2d9630fb9193b76a3d3e4a1f8a', '8', 'clear', 'no');
REPLACE INTO `question_properties` (`form_id`, `question_id`, `prop`, `value`) VALUES ('f8770b2d9630fb9193b76a3d3e4a1f8a', '8', 'resettext', 'clear');
REPLACE INTO `question_properties` (`form_id`, `question_id`, `prop`, `value`) VALUES ('f8770b2d9630fb9193b76a3d3e4a1f8a', '8', 'submittext', 'Hantar');
REPLACE INTO `question_properties` (`form_id`, `question_id`, `prop`, `value`) VALUES ('f8770b2d9630fb9193b76a3d3e4a1f8a', '8', 'text', NULL);
REPLACE INTO `question_properties` (`form_id`, `question_id`, `prop`, `value`) VALUES ('f8770b2d9630fb9193b76a3d3e4a1f8a', '12', 'desc', NULL);
REPLACE INTO `question_properties` (`form_id`, `question_id`, `prop`, `value`) VALUES ('f8770b2d9630fb9193b76a3d3e4a1f8a', '12', 'maxsize', '100');
REPLACE INTO `question_properties` (`form_id`, `question_id`, `prop`, `value`) VALUES ('f8770b2d9630fb9193b76a3d3e4a1f8a', '12', 'required', 'yes');
REPLACE INTO `question_properties` (`form_id`, `question_id`, `prop`, `value`) VALUES ('f8770b2d9630fb9193b76a3d3e4a1f8a', '12', 'senderemail', 'no');
REPLACE INTO `question_properties` (`form_id`, `question_id`, `prop`, `value`) VALUES ('f8770b2d9630fb9193b76a3d3e4a1f8a', '12', 'size', '20');
REPLACE INTO `question_properties` (`form_id`, `question_id`, `prop`, `value`) VALUES ('f8770b2d9630fb9193b76a3d3e4a1f8a', '12', 'text', '>No. Telefon (HandPhone)<');
REPLACE INTO `question_properties` (`form_id`, `question_id`, `prop`, `value`) VALUES ('f8770b2d9630fb9193b76a3d3e4a1f8a', '12', 'validation', 'no');
REPLACE INTO `question_properties` (`form_id`, `question_id`, `prop`, `value`) VALUES ('f8770b2d9630fb9193b76a3d3e4a1f8a', '13', 'text', '>TAMAN RAKYAT BISTARI<');
REPLACE INTO `question_properties` (`form_id`, `question_id`, `prop`, `value`) VALUES ('f8770b2d9630fb9193b76a3d3e4a1f8a', '14', 'text', '>TAMAN RAKYAT BISTARI, KEMAMAN<');
REPLACE INTO `question_properties` (`form_id`, `question_id`, `prop`, `value`) VALUES ('f8770b2d9630fb9193b76a3d3e4a1f8a', '15', 'text', '&gt;TELUK KALUNG, TERENGGANU&lt;');
REPLACE INTO `question_properties` (`form_id`, `question_id`, `prop`, `value`) VALUES ('f8770b2d9630fb9193b76a3d3e4a1f8a', '16', 'text', '&gt;RUMAH BERKEMBAR 1 TINGKAT - FASA 4B-RB&lt;');
REPLACE INTO `question_properties` (`form_id`, `question_id`, `prop`, `value`) VALUES ('f8770b2d9630fb9193b76a3d3e4a1f8a', '17', 'text', '&gt;[ RM 305,000.00 dan ke atas / unit (bergantung kepada keluasan tanah) ]&lt;');
REPLACE INTO `question_properties` (`form_id`, `question_id`, `prop`, `value`) VALUES ('f8770b2d9630fb9193b76a3d3e4a1f8a', '18', 'desc', NULL);
REPLACE INTO `question_properties` (`form_id`, `question_id`, `prop`, `value`) VALUES ('f8770b2d9630fb9193b76a3d3e4a1f8a', '18', 'maxsize', '100');
REPLACE INTO `question_properties` (`form_id`, `question_id`, `prop`, `value`) VALUES ('f8770b2d9630fb9193b76a3d3e4a1f8a', '18', 'required', 'no');
REPLACE INTO `question_properties` (`form_id`, `question_id`, `prop`, `value`) VALUES ('f8770b2d9630fb9193b76a3d3e4a1f8a', '18', 'senderemail', 'no');
REPLACE INTO `question_properties` (`form_id`, `question_id`, `prop`, `value`) VALUES ('f8770b2d9630fb9193b76a3d3e4a1f8a', '18', 'size', '48');
REPLACE INTO `question_properties` (`form_id`, `question_id`, `prop`, `value`) VALUES ('f8770b2d9630fb9193b76a3d3e4a1f8a', '18', 'text', '>Nama Majikan<');
REPLACE INTO `question_properties` (`form_id`, `question_id`, `prop`, `value`) VALUES ('f8770b2d9630fb9193b76a3d3e4a1f8a', '18', 'validation', 'no');
REPLACE INTO `question_properties` (`form_id`, `question_id`, `prop`, `value`) VALUES ('f8770b2d9630fb9193b76a3d3e4a1f8a', '19', 'desc', NULL);
REPLACE INTO `question_properties` (`form_id`, `question_id`, `prop`, `value`) VALUES ('f8770b2d9630fb9193b76a3d3e4a1f8a', '19', 'maxsize', '100');
REPLACE INTO `question_properties` (`form_id`, `question_id`, `prop`, `value`) VALUES ('f8770b2d9630fb9193b76a3d3e4a1f8a', '19', 'required', 'no');
REPLACE INTO `question_properties` (`form_id`, `question_id`, `prop`, `value`) VALUES ('f8770b2d9630fb9193b76a3d3e4a1f8a', '19', 'senderemail', 'no');
REPLACE INTO `question_properties` (`form_id`, `question_id`, `prop`, `value`) VALUES ('f8770b2d9630fb9193b76a3d3e4a1f8a', '19', 'size', '20');
REPLACE INTO `question_properties` (`form_id`, `question_id`, `prop`, `value`) VALUES ('f8770b2d9630fb9193b76a3d3e4a1f8a', '19', 'text', '>No. Telefon Pejabat<');
REPLACE INTO `question_properties` (`form_id`, `question_id`, `prop`, `value`) VALUES ('f8770b2d9630fb9193b76a3d3e4a1f8a', '19', 'validation', 'no');
REPLACE INTO `question_properties` (`form_id`, `question_id`, `prop`, `value`) VALUES ('f8770b2d9630fb9193b76a3d3e4a1f8a', '20', 'desc', NULL);
REPLACE INTO `question_properties` (`form_id`, `question_id`, `prop`, `value`) VALUES ('f8770b2d9630fb9193b76a3d3e4a1f8a', '20', 'maxsize', '100');
REPLACE INTO `question_properties` (`form_id`, `question_id`, `prop`, `value`) VALUES ('f8770b2d9630fb9193b76a3d3e4a1f8a', '20', 'required', 'no');
REPLACE INTO `question_properties` (`form_id`, `question_id`, `prop`, `value`) VALUES ('f8770b2d9630fb9193b76a3d3e4a1f8a', '20', 'senderemail', 'no');
REPLACE INTO `question_properties` (`form_id`, `question_id`, `prop`, `value`) VALUES ('f8770b2d9630fb9193b76a3d3e4a1f8a', '20', 'size', '30');
REPLACE INTO `question_properties` (`form_id`, `question_id`, `prop`, `value`) VALUES ('f8770b2d9630fb9193b76a3d3e4a1f8a', '20', 'text', '>Jawatan Pemohon<');
REPLACE INTO `question_properties` (`form_id`, `question_id`, `prop`, `value`) VALUES ('f8770b2d9630fb9193b76a3d3e4a1f8a', '20', 'validation', 'no');
REPLACE INTO `question_properties` (`form_id`, `question_id`, `prop`, `value`) VALUES ('f8770b2d9630fb9193b76a3d3e4a1f8a', '21', 'desc', NULL);
REPLACE INTO `question_properties` (`form_id`, `question_id`, `prop`, `value`) VALUES ('f8770b2d9630fb9193b76a3d3e4a1f8a', '21', 'maxsize', '100');
REPLACE INTO `question_properties` (`form_id`, `question_id`, `prop`, `value`) VALUES ('f8770b2d9630fb9193b76a3d3e4a1f8a', '21', 'required', 'no');
REPLACE INTO `question_properties` (`form_id`, `question_id`, `prop`, `value`) VALUES ('f8770b2d9630fb9193b76a3d3e4a1f8a', '21', 'senderemail', 'no');
REPLACE INTO `question_properties` (`form_id`, `question_id`, `prop`, `value`) VALUES ('f8770b2d9630fb9193b76a3d3e4a1f8a', '21', 'size', '20');
REPLACE INTO `question_properties` (`form_id`, `question_id`, `prop`, `value`) VALUES ('f8770b2d9630fb9193b76a3d3e4a1f8a', '21', 'text', '>Nombor Lot / PT<');
REPLACE INTO `question_properties` (`form_id`, `question_id`, `prop`, `value`) VALUES ('f8770b2d9630fb9193b76a3d3e4a1f8a', '21', 'validation', 'no');
REPLACE INTO `question_properties` (`form_id`, `question_id`, `prop`, `value`) VALUES ('f8770b2d9630fb9193b76a3d3e4a1f8a', '22', 'desc', NULL);
REPLACE INTO `question_properties` (`form_id`, `question_id`, `prop`, `value`) VALUES ('f8770b2d9630fb9193b76a3d3e4a1f8a', '22', 'options', 'Lelaki<br>Perempuan<br>');
REPLACE INTO `question_properties` (`form_id`, `question_id`, `prop`, `value`) VALUES ('f8770b2d9630fb9193b76a3d3e4a1f8a', '22', 'required', 'yes');
REPLACE INTO `question_properties` (`form_id`, `question_id`, `prop`, `value`) VALUES ('f8770b2d9630fb9193b76a3d3e4a1f8a', '22', 'size', '1');
REPLACE INTO `question_properties` (`form_id`, `question_id`, `prop`, `value`) VALUES ('f8770b2d9630fb9193b76a3d3e4a1f8a', '22', 'special', 'none');
REPLACE INTO `question_properties` (`form_id`, `question_id`, `prop`, `value`) VALUES ('f8770b2d9630fb9193b76a3d3e4a1f8a', '22', 'text', '>Jantina<');
REPLACE INTO `question_properties` (`form_id`, `question_id`, `prop`, `value`) VALUES ('f8770b2d9630fb9193b76a3d3e4a1f8a', '23', 'desc', NULL);
REPLACE INTO `question_properties` (`form_id`, `question_id`, `prop`, `value`) VALUES ('f8770b2d9630fb9193b76a3d3e4a1f8a', '23', 'maxsize', '100');
REPLACE INTO `question_properties` (`form_id`, `question_id`, `prop`, `value`) VALUES ('f8770b2d9630fb9193b76a3d3e4a1f8a', '23', 'required', 'yes');
REPLACE INTO `question_properties` (`form_id`, `question_id`, `prop`, `value`) VALUES ('f8770b2d9630fb9193b76a3d3e4a1f8a', '23', 'senderemail', 'no');
REPLACE INTO `question_properties` (`form_id`, `question_id`, `prop`, `value`) VALUES ('f8770b2d9630fb9193b76a3d3e4a1f8a', '23', 'size', '20');
REPLACE INTO `question_properties` (`form_id`, `question_id`, `prop`, `value`) VALUES ('f8770b2d9630fb9193b76a3d3e4a1f8a', '23', 'text', '>No. Telefon (Rumah/tetap)<');
REPLACE INTO `question_properties` (`form_id`, `question_id`, `prop`, `value`) VALUES ('f8770b2d9630fb9193b76a3d3e4a1f8a', '23', 'validation', 'no');
REPLACE INTO `question_properties` (`form_id`, `question_id`, `prop`, `value`) VALUES ('f8770b2d9630fb9193b76a3d3e4a1f8a', '24', 'desc', NULL);
REPLACE INTO `question_properties` (`form_id`, `question_id`, `prop`, `value`) VALUES ('f8770b2d9630fb9193b76a3d3e4a1f8a', '24', 'options', 'Melayu<br>Cina<br>India<br>Lain-lain');
REPLACE INTO `question_properties` (`form_id`, `question_id`, `prop`, `value`) VALUES ('f8770b2d9630fb9193b76a3d3e4a1f8a', '24', 'required', 'yes');
REPLACE INTO `question_properties` (`form_id`, `question_id`, `prop`, `value`) VALUES ('f8770b2d9630fb9193b76a3d3e4a1f8a', '24', 'size', '1');
REPLACE INTO `question_properties` (`form_id`, `question_id`, `prop`, `value`) VALUES ('f8770b2d9630fb9193b76a3d3e4a1f8a', '24', 'special', 'none');
REPLACE INTO `question_properties` (`form_id`, `question_id`, `prop`, `value`) VALUES ('f8770b2d9630fb9193b76a3d3e4a1f8a', '24', 'text', '>Bangsa<');
REPLACE INTO `question_properties` (`form_id`, `question_id`, `prop`, `value`) VALUES ('f8770b2d9630fb9193b76a3d3e4a1f8a', '25', 'desc', NULL);
REPLACE INTO `question_properties` (`form_id`, `question_id`, `prop`, `value`) VALUES ('f8770b2d9630fb9193b76a3d3e4a1f8a', '25', 'options', 'Bujang<br>Berkahwin<br>Lain-lain');
REPLACE INTO `question_properties` (`form_id`, `question_id`, `prop`, `value`) VALUES ('f8770b2d9630fb9193b76a3d3e4a1f8a', '25', 'required', 'yes');
REPLACE INTO `question_properties` (`form_id`, `question_id`, `prop`, `value`) VALUES ('f8770b2d9630fb9193b76a3d3e4a1f8a', '25', 'size', '1');
REPLACE INTO `question_properties` (`form_id`, `question_id`, `prop`, `value`) VALUES ('f8770b2d9630fb9193b76a3d3e4a1f8a', '25', 'special', 'none');
REPLACE INTO `question_properties` (`form_id`, `question_id`, `prop`, `value`) VALUES ('f8770b2d9630fb9193b76a3d3e4a1f8a', '25', 'text', '>Status Perkahwinan<');
REPLACE INTO `question_properties` (`form_id`, `question_id`, `prop`, `value`) VALUES ('f8770b2d9630fb9193b76a3d3e4a1f8a', '26', 'desc', NULL);
REPLACE INTO `question_properties` (`form_id`, `question_id`, `prop`, `value`) VALUES ('f8770b2d9630fb9193b76a3d3e4a1f8a', '26', 'options', 'Warganegara<br>Bukan Warganegara');
REPLACE INTO `question_properties` (`form_id`, `question_id`, `prop`, `value`) VALUES ('f8770b2d9630fb9193b76a3d3e4a1f8a', '26', 'required', 'yes');
REPLACE INTO `question_properties` (`form_id`, `question_id`, `prop`, `value`) VALUES ('f8770b2d9630fb9193b76a3d3e4a1f8a', '26', 'size', '1');
REPLACE INTO `question_properties` (`form_id`, `question_id`, `prop`, `value`) VALUES ('f8770b2d9630fb9193b76a3d3e4a1f8a', '26', 'special', 'none');
REPLACE INTO `question_properties` (`form_id`, `question_id`, `prop`, `value`) VALUES ('f8770b2d9630fb9193b76a3d3e4a1f8a', '26', 'text', '>Warganegara<');
REPLACE INTO `question_properties` (`form_id`, `question_id`, `prop`, `value`) VALUES ('f8770b2d9630fb9193b76a3d3e4a1f8a', '27', 'text', '>1. MAKLUMAT PEMOHON<');
REPLACE INTO `question_properties` (`form_id`, `question_id`, `prop`, `value`) VALUES ('f8770b2d9630fb9193b76a3d3e4a1f8a', '28', 'text', '>undefined<');
REPLACE INTO `question_properties` (`form_id`, `question_id`, `prop`, `value`) VALUES ('f8770b2d9630fb9193b76a3d3e4a1f8a', '28', 'value', NULL);
REPLACE INTO `question_properties` (`form_id`, `question_id`, `prop`, `value`) VALUES ('f8770b2d9630fb9193b76a3d3e4a1f8a', '29', 'text', '>2. PEKERJAAN<');
REPLACE INTO `question_properties` (`form_id`, `question_id`, `prop`, `value`) VALUES ('f8770b2d9630fb9193b76a3d3e4a1f8a', '30', 'text', '>undefined<');
REPLACE INTO `question_properties` (`form_id`, `question_id`, `prop`, `value`) VALUES ('f8770b2d9630fb9193b76a3d3e4a1f8a', '30', 'value', NULL);
REPLACE INTO `question_properties` (`form_id`, `question_id`, `prop`, `value`) VALUES ('f8770b2d9630fb9193b76a3d3e4a1f8a', '31', 'desc', NULL);
REPLACE INTO `question_properties` (`form_id`, `question_id`, `prop`, `value`) VALUES ('f8770b2d9630fb9193b76a3d3e4a1f8a', '31', 'options', 'RM6,500.00 ke atas<br>RM5,500.00 - RM6,499.00<br>RM4,500.00 - RM5,499.00<br>RM3,500.00 - RM4,499.00<br>RM3,000.00 - RM3,499.00<br>RM2,500.00 - RM2,999.00<br>RM2,000.00 - RM2,499.00<br>RM1,500.00 - RM1,999.00<br>RM1,200.00 - RM1,499.00<br>Bawah RM1,199.00');
REPLACE INTO `question_properties` (`form_id`, `question_id`, `prop`, `value`) VALUES ('f8770b2d9630fb9193b76a3d3e4a1f8a', '31', 'required', 'yes');
REPLACE INTO `question_properties` (`form_id`, `question_id`, `prop`, `value`) VALUES ('f8770b2d9630fb9193b76a3d3e4a1f8a', '31', 'size', '1');
REPLACE INTO `question_properties` (`form_id`, `question_id`, `prop`, `value`) VALUES ('f8770b2d9630fb9193b76a3d3e4a1f8a', '31', 'special', 'none');
REPLACE INTO `question_properties` (`form_id`, `question_id`, `prop`, `value`) VALUES ('f8770b2d9630fb9193b76a3d3e4a1f8a', '31', 'text', '>Pendapatan Bulanan<');
REPLACE INTO `question_properties` (`form_id`, `question_id`, `prop`, `value`) VALUES ('f8770b2d9630fb9193b76a3d3e4a1f8a', '32', 'cols', '36');
REPLACE INTO `question_properties` (`form_id`, `question_id`, `prop`, `value`) VALUES ('f8770b2d9630fb9193b76a3d3e4a1f8a', '32', 'desc', NULL);
REPLACE INTO `question_properties` (`form_id`, `question_id`, `prop`, `value`) VALUES ('f8770b2d9630fb9193b76a3d3e4a1f8a', '32', 'required', 'no');
REPLACE INTO `question_properties` (`form_id`, `question_id`, `prop`, `value`) VALUES ('f8770b2d9630fb9193b76a3d3e4a1f8a', '32', 'rows', '8');
REPLACE INTO `question_properties` (`form_id`, `question_id`, `prop`, `value`) VALUES ('f8770b2d9630fb9193b76a3d3e4a1f8a', '32', 'text', '>Alamat Majikan<');
REPLACE INTO `question_properties` (`form_id`, `question_id`, `prop`, `value`) VALUES ('f8770b2d9630fb9193b76a3d3e4a1f8a', '32', 'validation', 'no');
REPLACE INTO `question_properties` (`form_id`, `question_id`, `prop`, `value`) VALUES ('f8770b2d9630fb9193b76a3d3e4a1f8a', '33', 'text', '>undefined<');
REPLACE INTO `question_properties` (`form_id`, `question_id`, `prop`, `value`) VALUES ('f8770b2d9630fb9193b76a3d3e4a1f8a', '33', 'value', NULL);
REPLACE INTO `question_properties` (`form_id`, `question_id`, `prop`, `value`) VALUES ('f8770b2d9630fb9193b76a3d3e4a1f8a', '34', 'text', '>3. JENIS LOT RUMAH / BANGUNAN YANG DIPOHON<');
REPLACE INTO `question_properties` (`form_id`, `question_id`, `prop`, `value`) VALUES ('f8770b2d9630fb9193b76a3d3e4a1f8a', '35', 'desc', NULL);
REPLACE INTO `question_properties` (`form_id`, `question_id`, `prop`, `value`) VALUES ('f8770b2d9630fb9193b76a3d3e4a1f8a', '35', 'options', 'Tepi<br>Tengah');
REPLACE INTO `question_properties` (`form_id`, `question_id`, `prop`, `value`) VALUES ('f8770b2d9630fb9193b76a3d3e4a1f8a', '35', 'required', 'yes');
REPLACE INTO `question_properties` (`form_id`, `question_id`, `prop`, `value`) VALUES ('f8770b2d9630fb9193b76a3d3e4a1f8a', '35', 'size', '1');
REPLACE INTO `question_properties` (`form_id`, `question_id`, `prop`, `value`) VALUES ('f8770b2d9630fb9193b76a3d3e4a1f8a', '35', 'special', 'none');
REPLACE INTO `question_properties` (`form_id`, `question_id`, `prop`, `value`) VALUES ('f8770b2d9630fb9193b76a3d3e4a1f8a', '35', 'text', '&gt;Jenis Lot&lt;');
REPLACE INTO `question_properties` (`form_id`, `question_id`, `prop`, `value`) VALUES ('f8770b2d9630fb9193b76a3d3e4a1f8a', '36', 'text', '>undefined<');
REPLACE INTO `question_properties` (`form_id`, `question_id`, `prop`, `value`) VALUES ('f8770b2d9630fb9193b76a3d3e4a1f8a', '36', 'value', NULL);
REPLACE INTO `question_properties` (`form_id`, `question_id`, `prop`, `value`) VALUES ('f8770b2d9630fb9193b76a3d3e4a1f8a', '37', 'text', '>4. CARA PEMBAYARAN<');
REPLACE INTO `question_properties` (`form_id`, `question_id`, `prop`, `value`) VALUES ('f8770b2d9630fb9193b76a3d3e4a1f8a', '38', 'checked', 'no');
REPLACE INTO `question_properties` (`form_id`, `question_id`, `prop`, `value`) VALUES ('f8770b2d9630fb9193b76a3d3e4a1f8a', '38', 'desc', NULL);
REPLACE INTO `question_properties` (`form_id`, `question_id`, `prop`, `value`) VALUES ('f8770b2d9630fb9193b76a3d3e4a1f8a', '38', 'options', 'Institusi Kewangan / Bank<br>Kerajaan<br>Majikan<br>Tunai<br>Lain-lain');
REPLACE INTO `question_properties` (`form_id`, `question_id`, `prop`, `value`) VALUES ('f8770b2d9630fb9193b76a3d3e4a1f8a', '38', 'required', 'yes');
REPLACE INTO `question_properties` (`form_id`, `question_id`, `prop`, `value`) VALUES ('f8770b2d9630fb9193b76a3d3e4a1f8a', '38', 'text', '>Pinjaman Perumahan<');
REPLACE INTO `question_properties` (`form_id`, `question_id`, `prop`, `value`) VALUES ('f8770b2d9630fb9193b76a3d3e4a1f8a', '39', 'desc', NULL);
REPLACE INTO `question_properties` (`form_id`, `question_id`, `prop`, `value`) VALUES ('f8770b2d9630fb9193b76a3d3e4a1f8a', '39', 'extensions', 'doc, docx, xls, xlsx, pdf, ppt, pptx, txt, html, htm, rtf, pps, ppsx, zip, tar, gzip, bzip, sit, dmg, jpg, jpeg, gif, png, asf, asx, flv, h264, mov, mp3, mp4, swf, wax, wma, wmv, wvx, wpl, xspf');
REPLACE INTO `question_properties` (`form_id`, `question_id`, `prop`, `value`) VALUES ('f8770b2d9630fb9193b76a3d3e4a1f8a', '39', 'maxsize', '5000');
REPLACE INTO `question_properties` (`form_id`, `question_id`, `prop`, `value`) VALUES ('f8770b2d9630fb9193b76a3d3e4a1f8a', '39', 'required', 'no');
REPLACE INTO `question_properties` (`form_id`, `question_id`, `prop`, `value`) VALUES ('f8770b2d9630fb9193b76a3d3e4a1f8a', '39', 'text', '&gt;Slip Gaji Terkini&lt;');
REPLACE INTO `question_properties` (`form_id`, `question_id`, `prop`, `value`) VALUES ('f8770b2d9630fb9193b76a3d3e4a1f8a', '40', 'desc', NULL);
REPLACE INTO `question_properties` (`form_id`, `question_id`, `prop`, `value`) VALUES ('f8770b2d9630fb9193b76a3d3e4a1f8a', '40', 'text', '>Pengesahan<');
REPLACE INTO `question_properties` (`form_id`, `question_id`, `prop`, `value`) VALUES ('f8770b2d9630fb9193b76a3d3e4a1f8a', '41', 'text', '>undefined<');
REPLACE INTO `question_properties` (`form_id`, `question_id`, `prop`, `value`) VALUES ('f8770b2d9630fb9193b76a3d3e4a1f8a', '41', 'value', NULL);
REPLACE INTO `question_properties` (`form_id`, `question_id`, `prop`, `value`) VALUES ('f8770b2d9630fb9193b76a3d3e4a1f8a', '42', 'text', '>undefined<');
REPLACE INTO `question_properties` (`form_id`, `question_id`, `prop`, `value`) VALUES ('f8770b2d9630fb9193b76a3d3e4a1f8a', '42', 'value', NULL);
REPLACE INTO `question_properties` (`form_id`, `question_id`, `prop`, `value`) VALUES ('f8770b2d9630fb9193b76a3d3e4a1f8a', '43', 'text', '>undefined<');
REPLACE INTO `question_properties` (`form_id`, `question_id`, `prop`, `value`) VALUES ('f8770b2d9630fb9193b76a3d3e4a1f8a', '43', 'value', NULL);
REPLACE INTO `question_properties` (`form_id`, `question_id`, `prop`, `value`) VALUES ('f8770b2d9630fb9193b76a3d3e4a1f8a', '44', 'text', '>NOTA : [1. KOPERAT berhak menolak pendaftaran jika maklumat tidak lengkap / tepat.] [2. KOPERAT berhad membatalkan pendaftaran selepas 6 bulan tanpa notis.] [3. Harga adalah tertakluk kepada pindaan terakhir.]<');
REPLACE INTO `question_properties` (`form_id`, `question_id`, `prop`, `value`) VALUES ('f8770b2d9630fb9193b76a3d3e4a1f8a', '45', 'text', '>undefined<');
REPLACE INTO `question_properties` (`form_id`, `question_id`, `prop`, `value`) VALUES ('f8770b2d9630fb9193b76a3d3e4a1f8a', '45', 'value', NULL);
REPLACE INTO `question_properties` (`form_id`, `question_id`, `prop`, `value`) VALUES ('f8770b2d9630fb9193b76a3d3e4a1f8a', '999', 'alignment', 'default');
REPLACE INTO `question_properties` (`form_id`, `question_id`, `prop`, `value`) VALUES ('f8770b2d9630fb9193b76a3d3e4a1f8a', '999', 'background', 'white');
REPLACE INTO `question_properties` (`form_id`, `question_id`, `prop`, `value`) VALUES ('f8770b2d9630fb9193b76a3d3e4a1f8a', '999', 'conf_body', 'Thanks for submitting our form, we will get back to you as soon as possible.');
REPLACE INTO `question_properties` (`form_id`, `question_id`, `prop`, `value`) VALUES ('f8770b2d9630fb9193b76a3d3e4a1f8a', '999', 'conf_send', 'no');
REPLACE INTO `question_properties` (`form_id`, `question_id`, `prop`, `value`) VALUES ('f8770b2d9630fb9193b76a3d3e4a1f8a', '999', 'conf_subj', 'Borang TRB Fasa 4B-RB 1tkt');
REPLACE INTO `question_properties` (`form_id`, `question_id`, `prop`, `value`) VALUES ('f8770b2d9630fb9193b76a3d3e4a1f8a', '999', 'disabled', 'Enabled');
REPLACE INTO `question_properties` (`form_id`, `question_id`, `prop`, `value`) VALUES ('f8770b2d9630fb9193b76a3d3e4a1f8a', '999', 'email', 'yes');
REPLACE INTO `question_properties` (`form_id`, `question_id`, `prop`, `value`) VALUES ('f8770b2d9630fb9193b76a3d3e4a1f8a', '999', 'email_addr', 'sales@koperat.com.my');
REPLACE INTO `question_properties` (`form_id`, `question_id`, `prop`, `value`) VALUES ('f8770b2d9630fb9193b76a3d3e4a1f8a', '999', 'ext_sendpostdata', 'no');
REPLACE INTO `question_properties` (`form_id`, `question_id`, `prop`, `value`) VALUES ('f8770b2d9630fb9193b76a3d3e4a1f8a', '999', 'font', 'Verdana');
REPLACE INTO `question_properties` (`form_id`, `question_id`, `prop`, `value`) VALUES ('f8770b2d9630fb9193b76a3d3e4a1f8a', '999', 'fontcolor', '#48345a');
REPLACE INTO `question_properties` (`form_id`, `question_id`, `prop`, `value`) VALUES ('f8770b2d9630fb9193b76a3d3e4a1f8a', '999', 'fontsize', '12');
REPLACE INTO `question_properties` (`form_id`, `question_id`, `prop`, `value`) VALUES ('f8770b2d9630fb9193b76a3d3e4a1f8a', '999', 'not_subj', 'New Submission: {qForm Title}');
REPLACE INTO `question_properties` (`form_id`, `question_id`, `prop`, `value`) VALUES ('f8770b2d9630fb9193b76a3d3e4a1f8a', '999', 'rvcolor', 'JF062.ini.php');
REPLACE INTO `question_properties` (`form_id`, `question_id`, `prop`, `value`) VALUES ('f8770b2d9630fb9193b76a3d3e4a1f8a', '999', 'sendpostdata', 'yes');
REPLACE INTO `question_properties` (`form_id`, `question_id`, `prop`, `value`) VALUES ('f8770b2d9630fb9193b76a3d3e4a1f8a', '999', 'spamcheck', 'Enabled');
REPLACE INTO `question_properties` (`form_id`, `question_id`, `prop`, `value`) VALUES ('f8770b2d9630fb9193b76a3d3e4a1f8a', '999', 'thanktext', '<div>\n<div>\n<div>Terima kasih atas pengisian. Pihak KOPERAT akan memproses permohonan Anda.</div></div>\n<div>\n<div>&nbsp;</div></div>\n<div>\n<div>\n<div><br />\n<strong><font color=\"#ff00aa\">Sila hantarkan</font></strong> 2 salinan dokuken-dokumen berikut ke pejabat kami dengan segera;</div>\n<div>Sekiranya Permohonan Anda Berjaya.&nbsp; </div>\n<div>(Nyatakan Projek / Kategori Rumah yang dipohon)<br />\n<br />\n&nbsp;<br />\na) Salinan Kad Pengenalan.<br />\n&nbsp;<br />\nb) Slip Gaji 6 bulan terkini ( pinjaman Bank / Kerajaan ).<br />\n&nbsp;<br />\nc) Surat Pengesahan Jawatan ( pinjaman Bank )<br />\n&nbsp;<br />\nd) Surat Pengesahan Perkhidmatan ( pinjaman Kerajaan ).<br />\n&nbsp;<br />\ne) Surat Pengesahan Lantikan ( pinjaman Kerajaan ).<br />\n<br />f) Surat Iringan - mengikut format ( pinjaman Kerajaan ).<br />\n&nbsp;<br />\ng) Borang EA/Cukai Pendapatan LHDN beserta resit bayaran ( pinjaman Bank / Berniaga ).<br />\n&nbsp;<br />\nh) Salinan Penyata Akaun Bank 6 bulan terkini ( pinjaman Bank / Kerajaan / Berniaga ).<br />\n&nbsp;<br />\ni) Pendaftaran Perniagaan ( pinjaman Bank / Berniaga ).<br />\n&nbsp;<br />\nj) Penyata Bank Syarikat 6 bulan terkini ( pinjaman Bank / Berniaga ).<br />\n&nbsp;<br />\nk) Penyata KWSP terkini ( pinjaman Bank ).<br />\n<br />l) Lain-lain dokumen, jika berkaitan.<br />\n&nbsp;<br />\n<br /><br />\n* <strong><font color=\"#ff0000\">Sila Pastikan</font></strong> <u><font color=\"#aa00ff\">E-mail dan Maklumat</font></u> Anda Adalah Betul Untuk Penerimaan Maklumbalas Daripada KOPERAT.<br />\n&nbsp;<br />\n&nbsp;<br />\n<br />Makluman Lanjut Sila Hubungi, Hantar @ Fax kan Borang anda ke;<br />\n&nbsp;<br />\n<strong>KONSORTIUM PERUMAHAN RAKYAT TERENGGANU SDN. BHD.<br />\n</strong><br />\nWisma GPQ, Lot 4564, Tingkat 1 &amp; 2<br />\n<br />Desa MPKT, Chendering, 21080 Kuala Terengganu<br />\n<br />Tel : 09-617 3405 / 617 6405&nbsp;&nbsp;&nbsp; Fax : 09-617 7404<br />\n<br />Website : <a href=\"http://www.koperat.com.my/\" title=\"\" target=\"_blank\"><strong>www.koperat.com.my</strong></a><br />\n<br />Page : <strong><a href=\"http://www.facebook.com/pages/Koperat/197111670306770\" title=\"\" target=\"_blank\">facebook.com / koperat</a></strong><br />\n<br />Email : koperat96@gmail.com<br />\n&nbsp;<br />\n&nbsp; </div></div></div></div>');
REPLACE INTO `question_properties` (`form_id`, `question_id`, `prop`, `value`) VALUES ('f8770b2d9630fb9193b76a3d3e4a1f8a', '999', 'theme', 'Default');
REPLACE INTO `question_properties` (`form_id`, `question_id`, `prop`, `value`) VALUES ('f8770b2d9630fb9193b76a3d3e4a1f8a', '999', 'use_buildin_formmail', 'yes');
REPLACE INTO `question_properties` (`form_id`, `question_id`, `prop`, `value`) VALUES ('f8770b2d9630fb9193b76a3d3e4a1f8a', '999', 'width', '100%');
REPLACE INTO `question_utf8` (`form_id`, `utf8format`) VALUES ('f8770b2d9630fb9193b76a3d3e4a1f8a', '1');
REPLACE INTO `forms` (`id`, `username`, `title`, `height`, `status`) VALUES ('652e17b2d9b8f77dd54bbb1cf4140cc7', 'a7ec09dce63b814be39611d58a2e3078', 'contact us', '1829', 'undefined');
REPLACE INTO `questions` (`form_id`, `id`, `order`, `type`) VALUES ('652e17b2d9b8f77dd54bbb1cf4140cc7', '0', '8', 'control_textbox');
REPLACE INTO `questions` (`form_id`, `id`, `order`, `type`) VALUES ('652e17b2d9b8f77dd54bbb1cf4140cc7', '1', '10', 'control_textbox');
REPLACE INTO `questions` (`form_id`, `id`, `order`, `type`) VALUES ('652e17b2d9b8f77dd54bbb1cf4140cc7', '2', '17', 'control_textbox');
REPLACE INTO `questions` (`form_id`, `id`, `order`, `type`) VALUES ('652e17b2d9b8f77dd54bbb1cf4140cc7', '7', '9', 'control_textarea');
REPLACE INTO `questions` (`form_id`, `id`, `order`, `type`) VALUES ('652e17b2d9b8f77dd54bbb1cf4140cc7', '8', '39', 'control_button');
REPLACE INTO `questions` (`form_id`, `id`, `order`, `type`) VALUES ('652e17b2d9b8f77dd54bbb1cf4140cc7', '12', '15', 'control_textbox');
REPLACE INTO `questions` (`form_id`, `id`, `order`, `type`) VALUES ('652e17b2d9b8f77dd54bbb1cf4140cc7', '13', '1', 'control_head');
REPLACE INTO `questions` (`form_id`, `id`, `order`, `type`) VALUES ('652e17b2d9b8f77dd54bbb1cf4140cc7', '14', '2', 'control_text');
REPLACE INTO `questions` (`form_id`, `id`, `order`, `type`) VALUES ('652e17b2d9b8f77dd54bbb1cf4140cc7', '15', '3', 'control_text');
REPLACE INTO `questions` (`form_id`, `id`, `order`, `type`) VALUES ('652e17b2d9b8f77dd54bbb1cf4140cc7', '16', '4', 'control_text');
REPLACE INTO `questions` (`form_id`, `id`, `order`, `type`) VALUES ('652e17b2d9b8f77dd54bbb1cf4140cc7', '17', '5', 'control_text');
REPLACE INTO `questions` (`form_id`, `id`, `order`, `type`) VALUES ('652e17b2d9b8f77dd54bbb1cf4140cc7', '18', '22', 'control_textbox');
REPLACE INTO `questions` (`form_id`, `id`, `order`, `type`) VALUES ('652e17b2d9b8f77dd54bbb1cf4140cc7', '19', '24', 'control_textbox');
REPLACE INTO `questions` (`form_id`, `id`, `order`, `type`) VALUES ('652e17b2d9b8f77dd54bbb1cf4140cc7', '20', '20', 'control_textbox');
REPLACE INTO `questions` (`form_id`, `id`, `order`, `type`) VALUES ('652e17b2d9b8f77dd54bbb1cf4140cc7', '21', '28', 'control_textbox');
REPLACE INTO `questions` (`form_id`, `id`, `order`, `type`) VALUES ('652e17b2d9b8f77dd54bbb1cf4140cc7', '22', '11', 'control_dropdown');
REPLACE INTO `questions` (`form_id`, `id`, `order`, `type`) VALUES ('652e17b2d9b8f77dd54bbb1cf4140cc7', '23', '16', 'control_textbox');
REPLACE INTO `questions` (`form_id`, `id`, `order`, `type`) VALUES ('652e17b2d9b8f77dd54bbb1cf4140cc7', '24', '12', 'control_dropdown');
REPLACE INTO `questions` (`form_id`, `id`, `order`, `type`) VALUES ('652e17b2d9b8f77dd54bbb1cf4140cc7', '25', '14', 'control_dropdown');
REPLACE INTO `questions` (`form_id`, `id`, `order`, `type`) VALUES ('652e17b2d9b8f77dd54bbb1cf4140cc7', '26', '13', 'control_dropdown');
REPLACE INTO `questions` (`form_id`, `id`, `order`, `type`) VALUES ('652e17b2d9b8f77dd54bbb1cf4140cc7', '27', '7', 'control_text');
REPLACE INTO `questions` (`form_id`, `id`, `order`, `type`) VALUES ('652e17b2d9b8f77dd54bbb1cf4140cc7', '28', '6', 'control_hidden');
REPLACE INTO `questions` (`form_id`, `id`, `order`, `type`) VALUES ('652e17b2d9b8f77dd54bbb1cf4140cc7', '29', '19', 'control_text');
REPLACE INTO `questions` (`form_id`, `id`, `order`, `type`) VALUES ('652e17b2d9b8f77dd54bbb1cf4140cc7', '30', '18', 'control_hidden');
REPLACE INTO `questions` (`form_id`, `id`, `order`, `type`) VALUES ('652e17b2d9b8f77dd54bbb1cf4140cc7', '31', '21', 'control_dropdown');
REPLACE INTO `questions` (`form_id`, `id`, `order`, `type`) VALUES ('652e17b2d9b8f77dd54bbb1cf4140cc7', '32', '23', 'control_textarea');
REPLACE INTO `questions` (`form_id`, `id`, `order`, `type`) VALUES ('652e17b2d9b8f77dd54bbb1cf4140cc7', '33', '25', 'control_hidden');
REPLACE INTO `questions` (`form_id`, `id`, `order`, `type`) VALUES ('652e17b2d9b8f77dd54bbb1cf4140cc7', '34', '26', 'control_text');
REPLACE INTO `questions` (`form_id`, `id`, `order`, `type`) VALUES ('652e17b2d9b8f77dd54bbb1cf4140cc7', '35', '27', 'control_dropdown');
REPLACE INTO `questions` (`form_id`, `id`, `order`, `type`) VALUES ('652e17b2d9b8f77dd54bbb1cf4140cc7', '36', '29', 'control_hidden');
REPLACE INTO `questions` (`form_id`, `id`, `order`, `type`) VALUES ('652e17b2d9b8f77dd54bbb1cf4140cc7', '37', '30', 'control_text');
REPLACE INTO `questions` (`form_id`, `id`, `order`, `type`) VALUES ('652e17b2d9b8f77dd54bbb1cf4140cc7', '38', '31', 'control_checkbox');
REPLACE INTO `questions` (`form_id`, `id`, `order`, `type`) VALUES ('652e17b2d9b8f77dd54bbb1cf4140cc7', '39', '33', 'control_fileupload');
REPLACE INTO `questions` (`form_id`, `id`, `order`, `type`) VALUES ('652e17b2d9b8f77dd54bbb1cf4140cc7', '40', '37', 'control_captcha');
REPLACE INTO `questions` (`form_id`, `id`, `order`, `type`) VALUES ('652e17b2d9b8f77dd54bbb1cf4140cc7', '41', '32', 'control_hidden');
REPLACE INTO `questions` (`form_id`, `id`, `order`, `type`) VALUES ('652e17b2d9b8f77dd54bbb1cf4140cc7', '42', '34', 'control_hidden');
REPLACE INTO `questions` (`form_id`, `id`, `order`, `type`) VALUES ('652e17b2d9b8f77dd54bbb1cf4140cc7', '43', '38', 'control_hidden');
REPLACE INTO `questions` (`form_id`, `id`, `order`, `type`) VALUES ('652e17b2d9b8f77dd54bbb1cf4140cc7', '44', '35', 'control_text');
REPLACE INTO `questions` (`form_id`, `id`, `order`, `type`) VALUES ('652e17b2d9b8f77dd54bbb1cf4140cc7', '45', '36', 'control_hidden');
REPLACE INTO `question_properties` (`form_id`, `question_id`, `prop`, `value`) VALUES ('652e17b2d9b8f77dd54bbb1cf4140cc7', '0', 'desc', NULL);
REPLACE INTO `question_properties` (`form_id`, `question_id`, `prop`, `value`) VALUES ('652e17b2d9b8f77dd54bbb1cf4140cc7', '0', 'maxsize', '100');
REPLACE INTO `question_properties` (`form_id`, `question_id`, `prop`, `value`) VALUES ('652e17b2d9b8f77dd54bbb1cf4140cc7', '0', 'required', 'yes');
REPLACE INTO `question_properties` (`form_id`, `question_id`, `prop`, `value`) VALUES ('652e17b2d9b8f77dd54bbb1cf4140cc7', '0', 'senderemail', 'no');
REPLACE INTO `question_properties` (`form_id`, `question_id`, `prop`, `value`) VALUES ('652e17b2d9b8f77dd54bbb1cf4140cc7', '0', 'size', '48');
REPLACE INTO `question_properties` (`form_id`, `question_id`, `prop`, `value`) VALUES ('652e17b2d9b8f77dd54bbb1cf4140cc7', '0', 'text', '>Nama Penuh<');
REPLACE INTO `question_properties` (`form_id`, `question_id`, `prop`, `value`) VALUES ('652e17b2d9b8f77dd54bbb1cf4140cc7', '0', 'validation', 'no');
REPLACE INTO `question_properties` (`form_id`, `question_id`, `prop`, `value`) VALUES ('652e17b2d9b8f77dd54bbb1cf4140cc7', '1', 'desc', NULL);
REPLACE INTO `question_properties` (`form_id`, `question_id`, `prop`, `value`) VALUES ('652e17b2d9b8f77dd54bbb1cf4140cc7', '1', 'maxsize', '100');
REPLACE INTO `question_properties` (`form_id`, `question_id`, `prop`, `value`) VALUES ('652e17b2d9b8f77dd54bbb1cf4140cc7', '1', 'required', 'yes');
REPLACE INTO `question_properties` (`form_id`, `question_id`, `prop`, `value`) VALUES ('652e17b2d9b8f77dd54bbb1cf4140cc7', '1', 'senderemail', 'no');
REPLACE INTO `question_properties` (`form_id`, `question_id`, `prop`, `value`) VALUES ('652e17b2d9b8f77dd54bbb1cf4140cc7', '1', 'size', '20');
REPLACE INTO `question_properties` (`form_id`, `question_id`, `prop`, `value`) VALUES ('652e17b2d9b8f77dd54bbb1cf4140cc7', '1', 'text', '>No. K/P Pengenalan<');
REPLACE INTO `question_properties` (`form_id`, `question_id`, `prop`, `value`) VALUES ('652e17b2d9b8f77dd54bbb1cf4140cc7', '1', 'validation', 'no');
REPLACE INTO `question_properties` (`form_id`, `question_id`, `prop`, `value`) VALUES ('652e17b2d9b8f77dd54bbb1cf4140cc7', '2', 'desc', NULL);
REPLACE INTO `question_properties` (`form_id`, `question_id`, `prop`, `value`) VALUES ('652e17b2d9b8f77dd54bbb1cf4140cc7', '2', 'maxsize', '100');
REPLACE INTO `question_properties` (`form_id`, `question_id`, `prop`, `value`) VALUES ('652e17b2d9b8f77dd54bbb1cf4140cc7', '2', 'required', 'yes');
REPLACE INTO `question_properties` (`form_id`, `question_id`, `prop`, `value`) VALUES ('652e17b2d9b8f77dd54bbb1cf4140cc7', '2', 'senderemail', 'no');
REPLACE INTO `question_properties` (`form_id`, `question_id`, `prop`, `value`) VALUES ('652e17b2d9b8f77dd54bbb1cf4140cc7', '2', 'size', '30');
REPLACE INTO `question_properties` (`form_id`, `question_id`, `prop`, `value`) VALUES ('652e17b2d9b8f77dd54bbb1cf4140cc7', '2', 'text', 'E-mail');
REPLACE INTO `question_properties` (`form_id`, `question_id`, `prop`, `value`) VALUES ('652e17b2d9b8f77dd54bbb1cf4140cc7', '2', 'validation', 'Email');
REPLACE INTO `question_properties` (`form_id`, `question_id`, `prop`, `value`) VALUES ('652e17b2d9b8f77dd54bbb1cf4140cc7', '7', 'cols', '36');
REPLACE INTO `question_properties` (`form_id`, `question_id`, `prop`, `value`) VALUES ('652e17b2d9b8f77dd54bbb1cf4140cc7', '7', 'desc', NULL);
REPLACE INTO `question_properties` (`form_id`, `question_id`, `prop`, `value`) VALUES ('652e17b2d9b8f77dd54bbb1cf4140cc7', '7', 'required', 'yes');
REPLACE INTO `question_properties` (`form_id`, `question_id`, `prop`, `value`) VALUES ('652e17b2d9b8f77dd54bbb1cf4140cc7', '7', 'rows', '8');
REPLACE INTO `question_properties` (`form_id`, `question_id`, `prop`, `value`) VALUES ('652e17b2d9b8f77dd54bbb1cf4140cc7', '7', 'text', '>Alamat Penuh<');
REPLACE INTO `question_properties` (`form_id`, `question_id`, `prop`, `value`) VALUES ('652e17b2d9b8f77dd54bbb1cf4140cc7', '7', 'validation', 'no');
REPLACE INTO `question_properties` (`form_id`, `question_id`, `prop`, `value`) VALUES ('652e17b2d9b8f77dd54bbb1cf4140cc7', '8', 'clear', 'no');
REPLACE INTO `question_properties` (`form_id`, `question_id`, `prop`, `value`) VALUES ('652e17b2d9b8f77dd54bbb1cf4140cc7', '8', 'resettext', 'clear');
REPLACE INTO `question_properties` (`form_id`, `question_id`, `prop`, `value`) VALUES ('652e17b2d9b8f77dd54bbb1cf4140cc7', '8', 'submittext', 'Hantar');
REPLACE INTO `question_properties` (`form_id`, `question_id`, `prop`, `value`) VALUES ('652e17b2d9b8f77dd54bbb1cf4140cc7', '8', 'text', NULL);
REPLACE INTO `question_properties` (`form_id`, `question_id`, `prop`, `value`) VALUES ('652e17b2d9b8f77dd54bbb1cf4140cc7', '12', 'desc', NULL);
REPLACE INTO `question_properties` (`form_id`, `question_id`, `prop`, `value`) VALUES ('652e17b2d9b8f77dd54bbb1cf4140cc7', '12', 'maxsize', '100');
REPLACE INTO `question_properties` (`form_id`, `question_id`, `prop`, `value`) VALUES ('652e17b2d9b8f77dd54bbb1cf4140cc7', '12', 'required', 'yes');
REPLACE INTO `question_properties` (`form_id`, `question_id`, `prop`, `value`) VALUES ('652e17b2d9b8f77dd54bbb1cf4140cc7', '12', 'senderemail', 'no');
REPLACE INTO `question_properties` (`form_id`, `question_id`, `prop`, `value`) VALUES ('652e17b2d9b8f77dd54bbb1cf4140cc7', '12', 'size', '20');
REPLACE INTO `question_properties` (`form_id`, `question_id`, `prop`, `value`) VALUES ('652e17b2d9b8f77dd54bbb1cf4140cc7', '12', 'text', '>No. Telefon (HandPhone)<');
REPLACE INTO `question_properties` (`form_id`, `question_id`, `prop`, `value`) VALUES ('652e17b2d9b8f77dd54bbb1cf4140cc7', '12', 'validation', 'no');
REPLACE INTO `question_properties` (`form_id`, `question_id`, `prop`, `value`) VALUES ('652e17b2d9b8f77dd54bbb1cf4140cc7', '13', 'text', '>TAMAN RAKYAT BISTARI<');
REPLACE INTO `question_properties` (`form_id`, `question_id`, `prop`, `value`) VALUES ('652e17b2d9b8f77dd54bbb1cf4140cc7', '14', 'text', '>TAMAN RAKYAT BISTARI, KEMAMAN<');
REPLACE INTO `question_properties` (`form_id`, `question_id`, `prop`, `value`) VALUES ('652e17b2d9b8f77dd54bbb1cf4140cc7', '15', 'text', '&gt;TELUK KALUNG, TERENGGANU&lt;');
REPLACE INTO `question_properties` (`form_id`, `question_id`, `prop`, `value`) VALUES ('652e17b2d9b8f77dd54bbb1cf4140cc7', '16', 'text', '&gt;RUMAH BERKEMBAR 1 TINGKAT - FASA 4B-B&lt;');
REPLACE INTO `question_properties` (`form_id`, `question_id`, `prop`, `value`) VALUES ('652e17b2d9b8f77dd54bbb1cf4140cc7', '17', 'text', '&gt;[ RM 379,000.00 dan ke atas / unit (bergantung kepada keluasan tanah) ]&lt;');
REPLACE INTO `question_properties` (`form_id`, `question_id`, `prop`, `value`) VALUES ('652e17b2d9b8f77dd54bbb1cf4140cc7', '18', 'desc', NULL);
REPLACE INTO `question_properties` (`form_id`, `question_id`, `prop`, `value`) VALUES ('652e17b2d9b8f77dd54bbb1cf4140cc7', '18', 'maxsize', '100');
REPLACE INTO `question_properties` (`form_id`, `question_id`, `prop`, `value`) VALUES ('652e17b2d9b8f77dd54bbb1cf4140cc7', '18', 'required', 'no');
REPLACE INTO `question_properties` (`form_id`, `question_id`, `prop`, `value`) VALUES ('652e17b2d9b8f77dd54bbb1cf4140cc7', '18', 'senderemail', 'no');
REPLACE INTO `question_properties` (`form_id`, `question_id`, `prop`, `value`) VALUES ('652e17b2d9b8f77dd54bbb1cf4140cc7', '18', 'size', '48');
REPLACE INTO `question_properties` (`form_id`, `question_id`, `prop`, `value`) VALUES ('652e17b2d9b8f77dd54bbb1cf4140cc7', '18', 'text', '>Nama Majikan<');
REPLACE INTO `question_properties` (`form_id`, `question_id`, `prop`, `value`) VALUES ('652e17b2d9b8f77dd54bbb1cf4140cc7', '18', 'validation', 'no');
REPLACE INTO `question_properties` (`form_id`, `question_id`, `prop`, `value`) VALUES ('652e17b2d9b8f77dd54bbb1cf4140cc7', '19', 'desc', NULL);
REPLACE INTO `question_properties` (`form_id`, `question_id`, `prop`, `value`) VALUES ('652e17b2d9b8f77dd54bbb1cf4140cc7', '19', 'maxsize', '100');
REPLACE INTO `question_properties` (`form_id`, `question_id`, `prop`, `value`) VALUES ('652e17b2d9b8f77dd54bbb1cf4140cc7', '19', 'required', 'no');
REPLACE INTO `question_properties` (`form_id`, `question_id`, `prop`, `value`) VALUES ('652e17b2d9b8f77dd54bbb1cf4140cc7', '19', 'senderemail', 'no');
REPLACE INTO `question_properties` (`form_id`, `question_id`, `prop`, `value`) VALUES ('652e17b2d9b8f77dd54bbb1cf4140cc7', '19', 'size', '20');
REPLACE INTO `question_properties` (`form_id`, `question_id`, `prop`, `value`) VALUES ('652e17b2d9b8f77dd54bbb1cf4140cc7', '19', 'text', '>No. Telefon Pejabat<');
REPLACE INTO `question_properties` (`form_id`, `question_id`, `prop`, `value`) VALUES ('652e17b2d9b8f77dd54bbb1cf4140cc7', '19', 'validation', 'no');
REPLACE INTO `question_properties` (`form_id`, `question_id`, `prop`, `value`) VALUES ('652e17b2d9b8f77dd54bbb1cf4140cc7', '20', 'desc', NULL);
REPLACE INTO `question_properties` (`form_id`, `question_id`, `prop`, `value`) VALUES ('652e17b2d9b8f77dd54bbb1cf4140cc7', '20', 'maxsize', '100');
REPLACE INTO `question_properties` (`form_id`, `question_id`, `prop`, `value`) VALUES ('652e17b2d9b8f77dd54bbb1cf4140cc7', '20', 'required', 'no');
REPLACE INTO `question_properties` (`form_id`, `question_id`, `prop`, `value`) VALUES ('652e17b2d9b8f77dd54bbb1cf4140cc7', '20', 'senderemail', 'no');
REPLACE INTO `question_properties` (`form_id`, `question_id`, `prop`, `value`) VALUES ('652e17b2d9b8f77dd54bbb1cf4140cc7', '20', 'size', '30');
REPLACE INTO `question_properties` (`form_id`, `question_id`, `prop`, `value`) VALUES ('652e17b2d9b8f77dd54bbb1cf4140cc7', '20', 'text', '>Jawatan Pemohon<');
REPLACE INTO `question_properties` (`form_id`, `question_id`, `prop`, `value`) VALUES ('652e17b2d9b8f77dd54bbb1cf4140cc7', '20', 'validation', 'no');
REPLACE INTO `question_properties` (`form_id`, `question_id`, `prop`, `value`) VALUES ('652e17b2d9b8f77dd54bbb1cf4140cc7', '21', 'desc', NULL);
REPLACE INTO `question_properties` (`form_id`, `question_id`, `prop`, `value`) VALUES ('652e17b2d9b8f77dd54bbb1cf4140cc7', '21', 'maxsize', '100');
REPLACE INTO `question_properties` (`form_id`, `question_id`, `prop`, `value`) VALUES ('652e17b2d9b8f77dd54bbb1cf4140cc7', '21', 'required', 'no');
REPLACE INTO `question_properties` (`form_id`, `question_id`, `prop`, `value`) VALUES ('652e17b2d9b8f77dd54bbb1cf4140cc7', '21', 'senderemail', 'no');
REPLACE INTO `question_properties` (`form_id`, `question_id`, `prop`, `value`) VALUES ('652e17b2d9b8f77dd54bbb1cf4140cc7', '21', 'size', '20');
REPLACE INTO `question_properties` (`form_id`, `question_id`, `prop`, `value`) VALUES ('652e17b2d9b8f77dd54bbb1cf4140cc7', '21', 'text', '>Nombor Lot / PT<');
REPLACE INTO `question_properties` (`form_id`, `question_id`, `prop`, `value`) VALUES ('652e17b2d9b8f77dd54bbb1cf4140cc7', '21', 'validation', 'no');
REPLACE INTO `question_properties` (`form_id`, `question_id`, `prop`, `value`) VALUES ('652e17b2d9b8f77dd54bbb1cf4140cc7', '22', 'desc', NULL);
REPLACE INTO `question_properties` (`form_id`, `question_id`, `prop`, `value`) VALUES ('652e17b2d9b8f77dd54bbb1cf4140cc7', '22', 'options', 'Lelaki<br>Perempuan<br>');
REPLACE INTO `question_properties` (`form_id`, `question_id`, `prop`, `value`) VALUES ('652e17b2d9b8f77dd54bbb1cf4140cc7', '22', 'required', 'yes');
REPLACE INTO `question_properties` (`form_id`, `question_id`, `prop`, `value`) VALUES ('652e17b2d9b8f77dd54bbb1cf4140cc7', '22', 'size', '1');
REPLACE INTO `question_properties` (`form_id`, `question_id`, `prop`, `value`) VALUES ('652e17b2d9b8f77dd54bbb1cf4140cc7', '22', 'special', 'none');
REPLACE INTO `question_properties` (`form_id`, `question_id`, `prop`, `value`) VALUES ('652e17b2d9b8f77dd54bbb1cf4140cc7', '22', 'text', '>Jantina<');
REPLACE INTO `question_properties` (`form_id`, `question_id`, `prop`, `value`) VALUES ('652e17b2d9b8f77dd54bbb1cf4140cc7', '23', 'desc', NULL);
REPLACE INTO `question_properties` (`form_id`, `question_id`, `prop`, `value`) VALUES ('652e17b2d9b8f77dd54bbb1cf4140cc7', '23', 'maxsize', '100');
REPLACE INTO `question_properties` (`form_id`, `question_id`, `prop`, `value`) VALUES ('652e17b2d9b8f77dd54bbb1cf4140cc7', '23', 'required', 'yes');
REPLACE INTO `question_properties` (`form_id`, `question_id`, `prop`, `value`) VALUES ('652e17b2d9b8f77dd54bbb1cf4140cc7', '23', 'senderemail', 'no');
REPLACE INTO `question_properties` (`form_id`, `question_id`, `prop`, `value`) VALUES ('652e17b2d9b8f77dd54bbb1cf4140cc7', '23', 'size', '20');
REPLACE INTO `question_properties` (`form_id`, `question_id`, `prop`, `value`) VALUES ('652e17b2d9b8f77dd54bbb1cf4140cc7', '23', 'text', '>No. Telefon (Rumah/tetap)<');
REPLACE INTO `question_properties` (`form_id`, `question_id`, `prop`, `value`) VALUES ('652e17b2d9b8f77dd54bbb1cf4140cc7', '23', 'validation', 'no');
REPLACE INTO `question_properties` (`form_id`, `question_id`, `prop`, `value`) VALUES ('652e17b2d9b8f77dd54bbb1cf4140cc7', '24', 'desc', NULL);
REPLACE INTO `question_properties` (`form_id`, `question_id`, `prop`, `value`) VALUES ('652e17b2d9b8f77dd54bbb1cf4140cc7', '24', 'options', 'Melayu<br>Cina<br>India<br>Lain-lain');
REPLACE INTO `question_properties` (`form_id`, `question_id`, `prop`, `value`) VALUES ('652e17b2d9b8f77dd54bbb1cf4140cc7', '24', 'required', 'yes');
REPLACE INTO `question_properties` (`form_id`, `question_id`, `prop`, `value`) VALUES ('652e17b2d9b8f77dd54bbb1cf4140cc7', '24', 'size', '1');
REPLACE INTO `question_properties` (`form_id`, `question_id`, `prop`, `value`) VALUES ('652e17b2d9b8f77dd54bbb1cf4140cc7', '24', 'special', 'none');
REPLACE INTO `question_properties` (`form_id`, `question_id`, `prop`, `value`) VALUES ('652e17b2d9b8f77dd54bbb1cf4140cc7', '24', 'text', '>Bangsa<');
REPLACE INTO `question_properties` (`form_id`, `question_id`, `prop`, `value`) VALUES ('652e17b2d9b8f77dd54bbb1cf4140cc7', '25', 'desc', NULL);
REPLACE INTO `question_properties` (`form_id`, `question_id`, `prop`, `value`) VALUES ('652e17b2d9b8f77dd54bbb1cf4140cc7', '25', 'options', 'Bujang<br>Berkahwin<br>Lain-lain');
REPLACE INTO `question_properties` (`form_id`, `question_id`, `prop`, `value`) VALUES ('652e17b2d9b8f77dd54bbb1cf4140cc7', '25', 'required', 'yes');
REPLACE INTO `question_properties` (`form_id`, `question_id`, `prop`, `value`) VALUES ('652e17b2d9b8f77dd54bbb1cf4140cc7', '25', 'size', '1');
REPLACE INTO `question_properties` (`form_id`, `question_id`, `prop`, `value`) VALUES ('652e17b2d9b8f77dd54bbb1cf4140cc7', '25', 'special', 'none');
REPLACE INTO `question_properties` (`form_id`, `question_id`, `prop`, `value`) VALUES ('652e17b2d9b8f77dd54bbb1cf4140cc7', '25', 'text', '>Status Perkahwinan<');
REPLACE INTO `question_properties` (`form_id`, `question_id`, `prop`, `value`) VALUES ('652e17b2d9b8f77dd54bbb1cf4140cc7', '26', 'desc', NULL);
REPLACE INTO `question_properties` (`form_id`, `question_id`, `prop`, `value`) VALUES ('652e17b2d9b8f77dd54bbb1cf4140cc7', '26', 'options', 'Warganegara<br>Bukan Warganegara');
REPLACE INTO `question_properties` (`form_id`, `question_id`, `prop`, `value`) VALUES ('652e17b2d9b8f77dd54bbb1cf4140cc7', '26', 'required', 'yes');
REPLACE INTO `question_properties` (`form_id`, `question_id`, `prop`, `value`) VALUES ('652e17b2d9b8f77dd54bbb1cf4140cc7', '26', 'size', '1');
REPLACE INTO `question_properties` (`form_id`, `question_id`, `prop`, `value`) VALUES ('652e17b2d9b8f77dd54bbb1cf4140cc7', '26', 'special', 'none');
REPLACE INTO `question_properties` (`form_id`, `question_id`, `prop`, `value`) VALUES ('652e17b2d9b8f77dd54bbb1cf4140cc7', '26', 'text', '>Warganegara<');
REPLACE INTO `question_properties` (`form_id`, `question_id`, `prop`, `value`) VALUES ('652e17b2d9b8f77dd54bbb1cf4140cc7', '27', 'text', '>1. MAKLUMAT PEMOHON<');
REPLACE INTO `question_properties` (`form_id`, `question_id`, `prop`, `value`) VALUES ('652e17b2d9b8f77dd54bbb1cf4140cc7', '28', 'text', '>undefined<');
REPLACE INTO `question_properties` (`form_id`, `question_id`, `prop`, `value`) VALUES ('652e17b2d9b8f77dd54bbb1cf4140cc7', '28', 'value', NULL);
REPLACE INTO `question_properties` (`form_id`, `question_id`, `prop`, `value`) VALUES ('652e17b2d9b8f77dd54bbb1cf4140cc7', '29', 'text', '>2. PEKERJAAN<');
REPLACE INTO `question_properties` (`form_id`, `question_id`, `prop`, `value`) VALUES ('652e17b2d9b8f77dd54bbb1cf4140cc7', '30', 'text', '>undefined<');
REPLACE INTO `question_properties` (`form_id`, `question_id`, `prop`, `value`) VALUES ('652e17b2d9b8f77dd54bbb1cf4140cc7', '30', 'value', NULL);
REPLACE INTO `question_properties` (`form_id`, `question_id`, `prop`, `value`) VALUES ('652e17b2d9b8f77dd54bbb1cf4140cc7', '31', 'desc', NULL);
REPLACE INTO `question_properties` (`form_id`, `question_id`, `prop`, `value`) VALUES ('652e17b2d9b8f77dd54bbb1cf4140cc7', '31', 'options', 'RM6,500.00 ke atas<br>RM5,500.00 - RM6,499.00<br>RM4,500.00 - RM5,499.00<br>RM3,500.00 - RM4,499.00<br>RM3,000.00 - RM3,499.00<br>RM2,500.00 - RM2,999.00<br>RM2,000.00 - RM2,499.00<br>RM1,500.00 - RM1,999.00<br>RM1,200.00 - RM1,499.00<br>Bawah RM1,199.00');
REPLACE INTO `question_properties` (`form_id`, `question_id`, `prop`, `value`) VALUES ('652e17b2d9b8f77dd54bbb1cf4140cc7', '31', 'required', 'yes');
REPLACE INTO `question_properties` (`form_id`, `question_id`, `prop`, `value`) VALUES ('652e17b2d9b8f77dd54bbb1cf4140cc7', '31', 'size', '1');
REPLACE INTO `question_properties` (`form_id`, `question_id`, `prop`, `value`) VALUES ('652e17b2d9b8f77dd54bbb1cf4140cc7', '31', 'special', 'none');
REPLACE INTO `question_properties` (`form_id`, `question_id`, `prop`, `value`) VALUES ('652e17b2d9b8f77dd54bbb1cf4140cc7', '31', 'text', '>Pendapatan Bulanan<');
REPLACE INTO `question_properties` (`form_id`, `question_id`, `prop`, `value`) VALUES ('652e17b2d9b8f77dd54bbb1cf4140cc7', '32', 'cols', '36');
REPLACE INTO `question_properties` (`form_id`, `question_id`, `prop`, `value`) VALUES ('652e17b2d9b8f77dd54bbb1cf4140cc7', '32', 'desc', NULL);
REPLACE INTO `question_properties` (`form_id`, `question_id`, `prop`, `value`) VALUES ('652e17b2d9b8f77dd54bbb1cf4140cc7', '32', 'required', 'no');
REPLACE INTO `question_properties` (`form_id`, `question_id`, `prop`, `value`) VALUES ('652e17b2d9b8f77dd54bbb1cf4140cc7', '32', 'rows', '8');
REPLACE INTO `question_properties` (`form_id`, `question_id`, `prop`, `value`) VALUES ('652e17b2d9b8f77dd54bbb1cf4140cc7', '32', 'text', '>Alamat Majikan<');
REPLACE INTO `question_properties` (`form_id`, `question_id`, `prop`, `value`) VALUES ('652e17b2d9b8f77dd54bbb1cf4140cc7', '32', 'validation', 'no');
REPLACE INTO `question_properties` (`form_id`, `question_id`, `prop`, `value`) VALUES ('652e17b2d9b8f77dd54bbb1cf4140cc7', '33', 'text', '>undefined<');
REPLACE INTO `question_properties` (`form_id`, `question_id`, `prop`, `value`) VALUES ('652e17b2d9b8f77dd54bbb1cf4140cc7', '33', 'value', NULL);
REPLACE INTO `question_properties` (`form_id`, `question_id`, `prop`, `value`) VALUES ('652e17b2d9b8f77dd54bbb1cf4140cc7', '34', 'text', '>3. JENIS LOT RUMAH / BANGUNAN YANG DIPOHON<');
REPLACE INTO `question_properties` (`form_id`, `question_id`, `prop`, `value`) VALUES ('652e17b2d9b8f77dd54bbb1cf4140cc7', '35', 'desc', NULL);
REPLACE INTO `question_properties` (`form_id`, `question_id`, `prop`, `value`) VALUES ('652e17b2d9b8f77dd54bbb1cf4140cc7', '35', 'options', 'Tepi<br>Tengah');
REPLACE INTO `question_properties` (`form_id`, `question_id`, `prop`, `value`) VALUES ('652e17b2d9b8f77dd54bbb1cf4140cc7', '35', 'required', 'yes');
REPLACE INTO `question_properties` (`form_id`, `question_id`, `prop`, `value`) VALUES ('652e17b2d9b8f77dd54bbb1cf4140cc7', '35', 'size', '1');
REPLACE INTO `question_properties` (`form_id`, `question_id`, `prop`, `value`) VALUES ('652e17b2d9b8f77dd54bbb1cf4140cc7', '35', 'special', 'none');
REPLACE INTO `question_properties` (`form_id`, `question_id`, `prop`, `value`) VALUES ('652e17b2d9b8f77dd54bbb1cf4140cc7', '35', 'text', '&gt;Jenis Lot&lt;');
REPLACE INTO `question_properties` (`form_id`, `question_id`, `prop`, `value`) VALUES ('652e17b2d9b8f77dd54bbb1cf4140cc7', '36', 'text', '>undefined<');
REPLACE INTO `question_properties` (`form_id`, `question_id`, `prop`, `value`) VALUES ('652e17b2d9b8f77dd54bbb1cf4140cc7', '36', 'value', NULL);
REPLACE INTO `question_properties` (`form_id`, `question_id`, `prop`, `value`) VALUES ('652e17b2d9b8f77dd54bbb1cf4140cc7', '37', 'text', '>4. CARA PEMBAYARAN<');
REPLACE INTO `question_properties` (`form_id`, `question_id`, `prop`, `value`) VALUES ('652e17b2d9b8f77dd54bbb1cf4140cc7', '38', 'checked', 'no');
REPLACE INTO `question_properties` (`form_id`, `question_id`, `prop`, `value`) VALUES ('652e17b2d9b8f77dd54bbb1cf4140cc7', '38', 'desc', NULL);
REPLACE INTO `question_properties` (`form_id`, `question_id`, `prop`, `value`) VALUES ('652e17b2d9b8f77dd54bbb1cf4140cc7', '38', 'options', 'Institusi Kewangan / Bank<br>Kerajaan<br>Majikan<br>Tunai<br>Lain-lain');
REPLACE INTO `question_properties` (`form_id`, `question_id`, `prop`, `value`) VALUES ('652e17b2d9b8f77dd54bbb1cf4140cc7', '38', 'required', 'yes');
REPLACE INTO `question_properties` (`form_id`, `question_id`, `prop`, `value`) VALUES ('652e17b2d9b8f77dd54bbb1cf4140cc7', '38', 'text', '>Pinjaman Perumahan<');
REPLACE INTO `question_properties` (`form_id`, `question_id`, `prop`, `value`) VALUES ('652e17b2d9b8f77dd54bbb1cf4140cc7', '39', 'desc', NULL);
REPLACE INTO `question_properties` (`form_id`, `question_id`, `prop`, `value`) VALUES ('652e17b2d9b8f77dd54bbb1cf4140cc7', '39', 'extensions', 'doc, docx, xls, xlsx, pdf, ppt, pptx, txt, html, htm, rtf, pps, ppsx, zip, tar, gzip, bzip, sit, dmg, jpg, jpeg, gif, png, asf, asx, flv, h264, mov, mp3, mp4, swf, wax, wma, wmv, wvx, wpl, xspf');
REPLACE INTO `question_properties` (`form_id`, `question_id`, `prop`, `value`) VALUES ('652e17b2d9b8f77dd54bbb1cf4140cc7', '39', 'maxsize', '5000');
REPLACE INTO `question_properties` (`form_id`, `question_id`, `prop`, `value`) VALUES ('652e17b2d9b8f77dd54bbb1cf4140cc7', '39', 'required', 'no');
REPLACE INTO `question_properties` (`form_id`, `question_id`, `prop`, `value`) VALUES ('652e17b2d9b8f77dd54bbb1cf4140cc7', '39', 'text', '&gt;Slip Gaji Terkini&lt;');
REPLACE INTO `question_properties` (`form_id`, `question_id`, `prop`, `value`) VALUES ('652e17b2d9b8f77dd54bbb1cf4140cc7', '40', 'desc', NULL);
REPLACE INTO `question_properties` (`form_id`, `question_id`, `prop`, `value`) VALUES ('652e17b2d9b8f77dd54bbb1cf4140cc7', '40', 'text', '>Pengesahan<');
REPLACE INTO `question_properties` (`form_id`, `question_id`, `prop`, `value`) VALUES ('652e17b2d9b8f77dd54bbb1cf4140cc7', '41', 'text', '>undefined<');
REPLACE INTO `question_properties` (`form_id`, `question_id`, `prop`, `value`) VALUES ('652e17b2d9b8f77dd54bbb1cf4140cc7', '41', 'value', NULL);
REPLACE INTO `question_properties` (`form_id`, `question_id`, `prop`, `value`) VALUES ('652e17b2d9b8f77dd54bbb1cf4140cc7', '42', 'text', '>undefined<');
REPLACE INTO `question_properties` (`form_id`, `question_id`, `prop`, `value`) VALUES ('652e17b2d9b8f77dd54bbb1cf4140cc7', '42', 'value', NULL);
REPLACE INTO `question_properties` (`form_id`, `question_id`, `prop`, `value`) VALUES ('652e17b2d9b8f77dd54bbb1cf4140cc7', '43', 'text', '>undefined<');
REPLACE INTO `question_properties` (`form_id`, `question_id`, `prop`, `value`) VALUES ('652e17b2d9b8f77dd54bbb1cf4140cc7', '43', 'value', NULL);
REPLACE INTO `question_properties` (`form_id`, `question_id`, `prop`, `value`) VALUES ('652e17b2d9b8f77dd54bbb1cf4140cc7', '44', 'text', '>NOTA : [1. KOPERAT berhak menolak pendaftaran jika maklumat tidak lengkap / tepat.] [2. KOPERAT berhad membatalkan pendaftaran selepas 6 bulan tanpa notis.] [3. Harga adalah tertakluk kepada pindaan terakhir.]<');
REPLACE INTO `question_properties` (`form_id`, `question_id`, `prop`, `value`) VALUES ('652e17b2d9b8f77dd54bbb1cf4140cc7', '45', 'text', '>undefined<');
REPLACE INTO `question_properties` (`form_id`, `question_id`, `prop`, `value`) VALUES ('652e17b2d9b8f77dd54bbb1cf4140cc7', '45', 'value', NULL);
REPLACE INTO `question_properties` (`form_id`, `question_id`, `prop`, `value`) VALUES ('652e17b2d9b8f77dd54bbb1cf4140cc7', '999', 'alignment', 'default');
REPLACE INTO `question_properties` (`form_id`, `question_id`, `prop`, `value`) VALUES ('652e17b2d9b8f77dd54bbb1cf4140cc7', '999', 'background', 'white');
REPLACE INTO `question_properties` (`form_id`, `question_id`, `prop`, `value`) VALUES ('652e17b2d9b8f77dd54bbb1cf4140cc7', '999', 'conf_body', 'Thanks for submitting our form, we will get back to you as soon as possible.');
REPLACE INTO `question_properties` (`form_id`, `question_id`, `prop`, `value`) VALUES ('652e17b2d9b8f77dd54bbb1cf4140cc7', '999', 'conf_send', 'no');
REPLACE INTO `question_properties` (`form_id`, `question_id`, `prop`, `value`) VALUES ('652e17b2d9b8f77dd54bbb1cf4140cc7', '999', 'conf_subj', 'Borang TRB Fasa 4B-B 1tkt');
REPLACE INTO `question_properties` (`form_id`, `question_id`, `prop`, `value`) VALUES ('652e17b2d9b8f77dd54bbb1cf4140cc7', '999', 'disabled', 'Enabled');
REPLACE INTO `question_properties` (`form_id`, `question_id`, `prop`, `value`) VALUES ('652e17b2d9b8f77dd54bbb1cf4140cc7', '999', 'email', 'yes');
REPLACE INTO `question_properties` (`form_id`, `question_id`, `prop`, `value`) VALUES ('652e17b2d9b8f77dd54bbb1cf4140cc7', '999', 'email_addr', 'sales@koperat.com.my');
REPLACE INTO `question_properties` (`form_id`, `question_id`, `prop`, `value`) VALUES ('652e17b2d9b8f77dd54bbb1cf4140cc7', '999', 'ext_sendpostdata', 'no');
REPLACE INTO `question_properties` (`form_id`, `question_id`, `prop`, `value`) VALUES ('652e17b2d9b8f77dd54bbb1cf4140cc7', '999', 'font', 'Verdana');
REPLACE INTO `question_properties` (`form_id`, `question_id`, `prop`, `value`) VALUES ('652e17b2d9b8f77dd54bbb1cf4140cc7', '999', 'fontcolor', '#48345a');
REPLACE INTO `question_properties` (`form_id`, `question_id`, `prop`, `value`) VALUES ('652e17b2d9b8f77dd54bbb1cf4140cc7', '999', 'fontsize', '12');
REPLACE INTO `question_properties` (`form_id`, `question_id`, `prop`, `value`) VALUES ('652e17b2d9b8f77dd54bbb1cf4140cc7', '999', 'not_subj', 'New Submission: {qForm Title}');
REPLACE INTO `question_properties` (`form_id`, `question_id`, `prop`, `value`) VALUES ('652e17b2d9b8f77dd54bbb1cf4140cc7', '999', 'rvcolor', 'JF062.ini.php');
REPLACE INTO `question_properties` (`form_id`, `question_id`, `prop`, `value`) VALUES ('652e17b2d9b8f77dd54bbb1cf4140cc7', '999', 'sendpostdata', 'yes');
REPLACE INTO `question_properties` (`form_id`, `question_id`, `prop`, `value`) VALUES ('652e17b2d9b8f77dd54bbb1cf4140cc7', '999', 'spamcheck', 'Enabled');
REPLACE INTO `question_properties` (`form_id`, `question_id`, `prop`, `value`) VALUES ('652e17b2d9b8f77dd54bbb1cf4140cc7', '999', 'thanktext', '<div>\n<div>\n<div>Terima kasih atas pengisian. Pihak KOPERAT akan memproses permohonan Anda.</div></div>\n<div>\n<div>&nbsp;</div></div>\n<div>\n<div>\n<div><br />\n<strong><font color=\"#ff00aa\">Sila hantarkan</font></strong> 2 salinan dokuken-dokumen berikut ke pejabat kami dengan segera;</div>\n<div>Sekiranya Permohonan Anda Berjaya.&nbsp; </div>\n<div>(Nyatakan Projek / Kategori Rumah yang dipohon)<br />\n<br />\n&nbsp;<br />\na) Salinan Kad Pengenalan.<br />\n&nbsp;<br />\nb) Slip Gaji 6 bulan terkini ( pinjaman Bank / Kerajaan ).<br />\n&nbsp;<br />\nc) Surat Pengesahan Jawatan ( pinjaman Bank )<br />\n&nbsp;<br />\nd) Surat Pengesahan Perkhidmatan ( pinjaman Kerajaan ).<br />\n&nbsp;<br />\ne) Surat Pengesahan Lantikan ( pinjaman Kerajaan ).<br />\n<br />f) Surat Iringan - mengikut format ( pinjaman Kerajaan ).<br />\n&nbsp;<br />\ng) Borang EA/Cukai Pendapatan LHDN beserta resit bayaran ( pinjaman Bank / Berniaga ).<br />\n&nbsp;<br />\nh) Salinan Penyata Akaun Bank 6 bulan terkini ( pinjaman Bank / Kerajaan / Berniaga ).<br />\n&nbsp;<br />\ni) Pendaftaran Perniagaan ( pinjaman Bank / Berniaga ).<br />\n&nbsp;<br />\nj) Penyata Bank Syarikat 6 bulan terkini ( pinjaman Bank / Berniaga ).<br />\n&nbsp;<br />\nk) Penyata KWSP terkini ( pinjaman Bank ).<br />\n<br />l) Lain-lain dokumen, jika berkaitan.<br />\n&nbsp;<br />\n<br /><br />\n* <strong><font color=\"#ff0000\">Sila Pastikan</font></strong> <u><font color=\"#aa00ff\">E-mail dan Maklumat</font></u> Anda Adalah Betul Untuk Penerimaan Maklumbalas Daripada KOPERAT.<br />\n&nbsp;<br />\n&nbsp;<br />\n<br />Makluman Lanjut Sila Hubungi, Hantar @ Fax kan Borang anda ke;<br />\n&nbsp;<br />\n<strong>KONSORTIUM PERUMAHAN RAKYAT TERENGGANU SDN. BHD.<br />\n</strong><br />\nWisma GPQ, Lot 4564, Tingkat 1 &amp; 2<br />\n<br />Desa MPKT, Chendering, 21080 Kuala Terengganu<br />\n<br />Tel : 09-617 3405 / 617 6405&nbsp;&nbsp;&nbsp; Fax : 09-617 7404<br />\n<br />Website : <a href=\"http://www.koperat.com.my/\" title=\"\" target=\"_blank\"><strong>www.koperat.com.my</strong></a><br />\n<br />Page : <strong><a href=\"http://www.facebook.com/pages/Koperat/197111670306770\" title=\"\" target=\"_blank\">facebook.com / koperat</a></strong><br />\n<br />Email : koperat96@gmail.com<br />\n&nbsp;<br />\n&nbsp; </div></div></div></div>');
REPLACE INTO `question_properties` (`form_id`, `question_id`, `prop`, `value`) VALUES ('652e17b2d9b8f77dd54bbb1cf4140cc7', '999', 'theme', 'Default');
REPLACE INTO `question_properties` (`form_id`, `question_id`, `prop`, `value`) VALUES ('652e17b2d9b8f77dd54bbb1cf4140cc7', '999', 'use_buildin_formmail', 'yes');
REPLACE INTO `question_properties` (`form_id`, `question_id`, `prop`, `value`) VALUES ('652e17b2d9b8f77dd54bbb1cf4140cc7', '999', 'width', '100%');
REPLACE INTO `question_utf8` (`form_id`, `utf8format`) VALUES ('652e17b2d9b8f77dd54bbb1cf4140cc7', '1');
REPLACE INTO `forms` (`id`, `username`, `title`, `height`, `status`) VALUES ('65dc497234e323d26476af7aa26c6a5f', 'a7ec09dce63b814be39611d58a2e3078', 'contact us', '1765', 'undefined');
REPLACE INTO `questions` (`form_id`, `id`, `order`, `type`) VALUES ('65dc497234e323d26476af7aa26c6a5f', '0', '8', 'control_textbox');
REPLACE INTO `questions` (`form_id`, `id`, `order`, `type`) VALUES ('65dc497234e323d26476af7aa26c6a5f', '1', '10', 'control_textbox');
REPLACE INTO `questions` (`form_id`, `id`, `order`, `type`) VALUES ('65dc497234e323d26476af7aa26c6a5f', '2', '17', 'control_textbox');
REPLACE INTO `questions` (`form_id`, `id`, `order`, `type`) VALUES ('65dc497234e323d26476af7aa26c6a5f', '7', '9', 'control_textarea');
REPLACE INTO `questions` (`form_id`, `id`, `order`, `type`) VALUES ('65dc497234e323d26476af7aa26c6a5f', '8', '39', 'control_button');
REPLACE INTO `questions` (`form_id`, `id`, `order`, `type`) VALUES ('65dc497234e323d26476af7aa26c6a5f', '12', '15', 'control_textbox');
REPLACE INTO `questions` (`form_id`, `id`, `order`, `type`) VALUES ('65dc497234e323d26476af7aa26c6a5f', '13', '1', 'control_head');
REPLACE INTO `questions` (`form_id`, `id`, `order`, `type`) VALUES ('65dc497234e323d26476af7aa26c6a5f', '14', '2', 'control_text');
REPLACE INTO `questions` (`form_id`, `id`, `order`, `type`) VALUES ('65dc497234e323d26476af7aa26c6a5f', '15', '3', 'control_text');
REPLACE INTO `questions` (`form_id`, `id`, `order`, `type`) VALUES ('65dc497234e323d26476af7aa26c6a5f', '16', '4', 'control_text');
REPLACE INTO `questions` (`form_id`, `id`, `order`, `type`) VALUES ('65dc497234e323d26476af7aa26c6a5f', '17', '5', 'control_text');
REPLACE INTO `questions` (`form_id`, `id`, `order`, `type`) VALUES ('65dc497234e323d26476af7aa26c6a5f', '18', '22', 'control_textbox');
REPLACE INTO `questions` (`form_id`, `id`, `order`, `type`) VALUES ('65dc497234e323d26476af7aa26c6a5f', '19', '24', 'control_textbox');
REPLACE INTO `questions` (`form_id`, `id`, `order`, `type`) VALUES ('65dc497234e323d26476af7aa26c6a5f', '20', '20', 'control_textbox');
REPLACE INTO `questions` (`form_id`, `id`, `order`, `type`) VALUES ('65dc497234e323d26476af7aa26c6a5f', '21', '28', 'control_textbox');
REPLACE INTO `questions` (`form_id`, `id`, `order`, `type`) VALUES ('65dc497234e323d26476af7aa26c6a5f', '22', '11', 'control_dropdown');
REPLACE INTO `questions` (`form_id`, `id`, `order`, `type`) VALUES ('65dc497234e323d26476af7aa26c6a5f', '23', '16', 'control_textbox');
REPLACE INTO `questions` (`form_id`, `id`, `order`, `type`) VALUES ('65dc497234e323d26476af7aa26c6a5f', '24', '12', 'control_dropdown');
REPLACE INTO `questions` (`form_id`, `id`, `order`, `type`) VALUES ('65dc497234e323d26476af7aa26c6a5f', '25', '14', 'control_dropdown');
REPLACE INTO `questions` (`form_id`, `id`, `order`, `type`) VALUES ('65dc497234e323d26476af7aa26c6a5f', '26', '13', 'control_dropdown');
REPLACE INTO `questions` (`form_id`, `id`, `order`, `type`) VALUES ('65dc497234e323d26476af7aa26c6a5f', '27', '7', 'control_text');
REPLACE INTO `questions` (`form_id`, `id`, `order`, `type`) VALUES ('65dc497234e323d26476af7aa26c6a5f', '28', '6', 'control_hidden');
REPLACE INTO `questions` (`form_id`, `id`, `order`, `type`) VALUES ('65dc497234e323d26476af7aa26c6a5f', '29', '19', 'control_text');
REPLACE INTO `questions` (`form_id`, `id`, `order`, `type`) VALUES ('65dc497234e323d26476af7aa26c6a5f', '30', '18', 'control_hidden');
REPLACE INTO `questions` (`form_id`, `id`, `order`, `type`) VALUES ('65dc497234e323d26476af7aa26c6a5f', '31', '21', 'control_dropdown');
REPLACE INTO `questions` (`form_id`, `id`, `order`, `type`) VALUES ('65dc497234e323d26476af7aa26c6a5f', '32', '23', 'control_textarea');
REPLACE INTO `questions` (`form_id`, `id`, `order`, `type`) VALUES ('65dc497234e323d26476af7aa26c6a5f', '33', '25', 'control_hidden');
REPLACE INTO `questions` (`form_id`, `id`, `order`, `type`) VALUES ('65dc497234e323d26476af7aa26c6a5f', '34', '26', 'control_text');
REPLACE INTO `questions` (`form_id`, `id`, `order`, `type`) VALUES ('65dc497234e323d26476af7aa26c6a5f', '35', '27', 'control_dropdown');
REPLACE INTO `questions` (`form_id`, `id`, `order`, `type`) VALUES ('65dc497234e323d26476af7aa26c6a5f', '36', '29', 'control_hidden');
REPLACE INTO `questions` (`form_id`, `id`, `order`, `type`) VALUES ('65dc497234e323d26476af7aa26c6a5f', '37', '30', 'control_text');
REPLACE INTO `questions` (`form_id`, `id`, `order`, `type`) VALUES ('65dc497234e323d26476af7aa26c6a5f', '38', '31', 'control_checkbox');
REPLACE INTO `questions` (`form_id`, `id`, `order`, `type`) VALUES ('65dc497234e323d26476af7aa26c6a5f', '39', '33', 'control_fileupload');
REPLACE INTO `questions` (`form_id`, `id`, `order`, `type`) VALUES ('65dc497234e323d26476af7aa26c6a5f', '40', '37', 'control_captcha');
REPLACE INTO `questions` (`form_id`, `id`, `order`, `type`) VALUES ('65dc497234e323d26476af7aa26c6a5f', '41', '32', 'control_hidden');
REPLACE INTO `questions` (`form_id`, `id`, `order`, `type`) VALUES ('65dc497234e323d26476af7aa26c6a5f', '42', '34', 'control_hidden');
REPLACE INTO `questions` (`form_id`, `id`, `order`, `type`) VALUES ('65dc497234e323d26476af7aa26c6a5f', '43', '38', 'control_hidden');
REPLACE INTO `questions` (`form_id`, `id`, `order`, `type`) VALUES ('65dc497234e323d26476af7aa26c6a5f', '44', '35', 'control_text');
REPLACE INTO `questions` (`form_id`, `id`, `order`, `type`) VALUES ('65dc497234e323d26476af7aa26c6a5f', '45', '36', 'control_hidden');
REPLACE INTO `question_properties` (`form_id`, `question_id`, `prop`, `value`) VALUES ('65dc497234e323d26476af7aa26c6a5f', '0', 'desc', NULL);
REPLACE INTO `question_properties` (`form_id`, `question_id`, `prop`, `value`) VALUES ('65dc497234e323d26476af7aa26c6a5f', '0', 'maxsize', '100');
REPLACE INTO `question_properties` (`form_id`, `question_id`, `prop`, `value`) VALUES ('65dc497234e323d26476af7aa26c6a5f', '0', 'required', 'yes');
REPLACE INTO `question_properties` (`form_id`, `question_id`, `prop`, `value`) VALUES ('65dc497234e323d26476af7aa26c6a5f', '0', 'senderemail', 'no');
REPLACE INTO `question_properties` (`form_id`, `question_id`, `prop`, `value`) VALUES ('65dc497234e323d26476af7aa26c6a5f', '0', 'size', '48');
REPLACE INTO `question_properties` (`form_id`, `question_id`, `prop`, `value`) VALUES ('65dc497234e323d26476af7aa26c6a5f', '0', 'text', 'Nama Penuh');
REPLACE INTO `question_properties` (`form_id`, `question_id`, `prop`, `value`) VALUES ('65dc497234e323d26476af7aa26c6a5f', '0', 'validation', 'no');
REPLACE INTO `question_properties` (`form_id`, `question_id`, `prop`, `value`) VALUES ('65dc497234e323d26476af7aa26c6a5f', '1', 'desc', NULL);
REPLACE INTO `question_properties` (`form_id`, `question_id`, `prop`, `value`) VALUES ('65dc497234e323d26476af7aa26c6a5f', '1', 'maxsize', '100');
REPLACE INTO `question_properties` (`form_id`, `question_id`, `prop`, `value`) VALUES ('65dc497234e323d26476af7aa26c6a5f', '1', 'required', 'yes');
REPLACE INTO `question_properties` (`form_id`, `question_id`, `prop`, `value`) VALUES ('65dc497234e323d26476af7aa26c6a5f', '1', 'senderemail', 'no');
REPLACE INTO `question_properties` (`form_id`, `question_id`, `prop`, `value`) VALUES ('65dc497234e323d26476af7aa26c6a5f', '1', 'size', '20');
REPLACE INTO `question_properties` (`form_id`, `question_id`, `prop`, `value`) VALUES ('65dc497234e323d26476af7aa26c6a5f', '1', 'text', 'No. K/P Pengenalan');
REPLACE INTO `question_properties` (`form_id`, `question_id`, `prop`, `value`) VALUES ('65dc497234e323d26476af7aa26c6a5f', '1', 'validation', 'no');
REPLACE INTO `question_properties` (`form_id`, `question_id`, `prop`, `value`) VALUES ('65dc497234e323d26476af7aa26c6a5f', '2', 'desc', NULL);
REPLACE INTO `question_properties` (`form_id`, `question_id`, `prop`, `value`) VALUES ('65dc497234e323d26476af7aa26c6a5f', '2', 'maxsize', '100');
REPLACE INTO `question_properties` (`form_id`, `question_id`, `prop`, `value`) VALUES ('65dc497234e323d26476af7aa26c6a5f', '2', 'required', 'yes');
REPLACE INTO `question_properties` (`form_id`, `question_id`, `prop`, `value`) VALUES ('65dc497234e323d26476af7aa26c6a5f', '2', 'senderemail', 'no');
REPLACE INTO `question_properties` (`form_id`, `question_id`, `prop`, `value`) VALUES ('65dc497234e323d26476af7aa26c6a5f', '2', 'size', '30');
REPLACE INTO `question_properties` (`form_id`, `question_id`, `prop`, `value`) VALUES ('65dc497234e323d26476af7aa26c6a5f', '2', 'text', 'E-mail');
REPLACE INTO `question_properties` (`form_id`, `question_id`, `prop`, `value`) VALUES ('65dc497234e323d26476af7aa26c6a5f', '2', 'validation', 'Email');
REPLACE INTO `question_properties` (`form_id`, `question_id`, `prop`, `value`) VALUES ('65dc497234e323d26476af7aa26c6a5f', '7', 'cols', '36');
REPLACE INTO `question_properties` (`form_id`, `question_id`, `prop`, `value`) VALUES ('65dc497234e323d26476af7aa26c6a5f', '7', 'desc', NULL);
REPLACE INTO `question_properties` (`form_id`, `question_id`, `prop`, `value`) VALUES ('65dc497234e323d26476af7aa26c6a5f', '7', 'required', 'yes');
REPLACE INTO `question_properties` (`form_id`, `question_id`, `prop`, `value`) VALUES ('65dc497234e323d26476af7aa26c6a5f', '7', 'rows', '8');
REPLACE INTO `question_properties` (`form_id`, `question_id`, `prop`, `value`) VALUES ('65dc497234e323d26476af7aa26c6a5f', '7', 'text', 'Alamat Penuh');
REPLACE INTO `question_properties` (`form_id`, `question_id`, `prop`, `value`) VALUES ('65dc497234e323d26476af7aa26c6a5f', '7', 'validation', 'no');
REPLACE INTO `question_properties` (`form_id`, `question_id`, `prop`, `value`) VALUES ('65dc497234e323d26476af7aa26c6a5f', '8', 'clear', 'no');
REPLACE INTO `question_properties` (`form_id`, `question_id`, `prop`, `value`) VALUES ('65dc497234e323d26476af7aa26c6a5f', '8', 'resettext', 'clear');
REPLACE INTO `question_properties` (`form_id`, `question_id`, `prop`, `value`) VALUES ('65dc497234e323d26476af7aa26c6a5f', '8', 'submittext', 'Hantar');
REPLACE INTO `question_properties` (`form_id`, `question_id`, `prop`, `value`) VALUES ('65dc497234e323d26476af7aa26c6a5f', '8', 'text', NULL);
REPLACE INTO `question_properties` (`form_id`, `question_id`, `prop`, `value`) VALUES ('65dc497234e323d26476af7aa26c6a5f', '12', 'desc', NULL);
REPLACE INTO `question_properties` (`form_id`, `question_id`, `prop`, `value`) VALUES ('65dc497234e323d26476af7aa26c6a5f', '12', 'maxsize', '100');
REPLACE INTO `question_properties` (`form_id`, `question_id`, `prop`, `value`) VALUES ('65dc497234e323d26476af7aa26c6a5f', '12', 'required', 'yes');
REPLACE INTO `question_properties` (`form_id`, `question_id`, `prop`, `value`) VALUES ('65dc497234e323d26476af7aa26c6a5f', '12', 'senderemail', 'no');
REPLACE INTO `question_properties` (`form_id`, `question_id`, `prop`, `value`) VALUES ('65dc497234e323d26476af7aa26c6a5f', '12', 'size', '20');
REPLACE INTO `question_properties` (`form_id`, `question_id`, `prop`, `value`) VALUES ('65dc497234e323d26476af7aa26c6a5f', '12', 'text', 'No. Telefon (HandPhone)');
REPLACE INTO `question_properties` (`form_id`, `question_id`, `prop`, `value`) VALUES ('65dc497234e323d26476af7aa26c6a5f', '12', 'validation', 'no');
REPLACE INTO `question_properties` (`form_id`, `question_id`, `prop`, `value`) VALUES ('65dc497234e323d26476af7aa26c6a5f', '13', 'text', 'TAMAN KOPERAT PERADONG');
REPLACE INTO `question_properties` (`form_id`, `question_id`, `prop`, `value`) VALUES ('65dc497234e323d26476af7aa26c6a5f', '14', 'text', 'TAMAN KOPERAT PERADONG, BANGGOL PERADONG');
REPLACE INTO `question_properties` (`form_id`, `question_id`, `prop`, `value`) VALUES ('65dc497234e323d26476af7aa26c6a5f', '15', 'text', 'MANIR, KUALA TERENGGANU');
REPLACE INTO `question_properties` (`form_id`, `question_id`, `prop`, `value`) VALUES ('65dc497234e323d26476af7aa26c6a5f', '16', 'text', 'RUMAH BERKEMBAR 1 TINGKAT - FASA 1E');
REPLACE INTO `question_properties` (`form_id`, `question_id`, `prop`, `value`) VALUES ('65dc497234e323d26476af7aa26c6a5f', '17', 'text', '[ RM 290,000.00 dan ke atas / unit (bergantung kepada keluasan tanah) ]');
REPLACE INTO `question_properties` (`form_id`, `question_id`, `prop`, `value`) VALUES ('65dc497234e323d26476af7aa26c6a5f', '18', 'desc', NULL);
REPLACE INTO `question_properties` (`form_id`, `question_id`, `prop`, `value`) VALUES ('65dc497234e323d26476af7aa26c6a5f', '18', 'maxsize', '100');
REPLACE INTO `question_properties` (`form_id`, `question_id`, `prop`, `value`) VALUES ('65dc497234e323d26476af7aa26c6a5f', '18', 'required', 'no');
REPLACE INTO `question_properties` (`form_id`, `question_id`, `prop`, `value`) VALUES ('65dc497234e323d26476af7aa26c6a5f', '18', 'senderemail', 'no');
REPLACE INTO `question_properties` (`form_id`, `question_id`, `prop`, `value`) VALUES ('65dc497234e323d26476af7aa26c6a5f', '18', 'size', '48');
REPLACE INTO `question_properties` (`form_id`, `question_id`, `prop`, `value`) VALUES ('65dc497234e323d26476af7aa26c6a5f', '18', 'text', 'Nama Majikan');
REPLACE INTO `question_properties` (`form_id`, `question_id`, `prop`, `value`) VALUES ('65dc497234e323d26476af7aa26c6a5f', '18', 'validation', 'no');
REPLACE INTO `question_properties` (`form_id`, `question_id`, `prop`, `value`) VALUES ('65dc497234e323d26476af7aa26c6a5f', '19', 'desc', NULL);
REPLACE INTO `question_properties` (`form_id`, `question_id`, `prop`, `value`) VALUES ('65dc497234e323d26476af7aa26c6a5f', '19', 'maxsize', '100');
REPLACE INTO `question_properties` (`form_id`, `question_id`, `prop`, `value`) VALUES ('65dc497234e323d26476af7aa26c6a5f', '19', 'required', 'no');
REPLACE INTO `question_properties` (`form_id`, `question_id`, `prop`, `value`) VALUES ('65dc497234e323d26476af7aa26c6a5f', '19', 'senderemail', 'no');
REPLACE INTO `question_properties` (`form_id`, `question_id`, `prop`, `value`) VALUES ('65dc497234e323d26476af7aa26c6a5f', '19', 'size', '20');
REPLACE INTO `question_properties` (`form_id`, `question_id`, `prop`, `value`) VALUES ('65dc497234e323d26476af7aa26c6a5f', '19', 'text', 'No. Telefon Pejabat');
REPLACE INTO `question_properties` (`form_id`, `question_id`, `prop`, `value`) VALUES ('65dc497234e323d26476af7aa26c6a5f', '19', 'validation', 'no');
REPLACE INTO `question_properties` (`form_id`, `question_id`, `prop`, `value`) VALUES ('65dc497234e323d26476af7aa26c6a5f', '20', 'desc', NULL);
REPLACE INTO `question_properties` (`form_id`, `question_id`, `prop`, `value`) VALUES ('65dc497234e323d26476af7aa26c6a5f', '20', 'maxsize', '100');
REPLACE INTO `question_properties` (`form_id`, `question_id`, `prop`, `value`) VALUES ('65dc497234e323d26476af7aa26c6a5f', '20', 'required', 'no');
REPLACE INTO `question_properties` (`form_id`, `question_id`, `prop`, `value`) VALUES ('65dc497234e323d26476af7aa26c6a5f', '20', 'senderemail', 'no');
REPLACE INTO `question_properties` (`form_id`, `question_id`, `prop`, `value`) VALUES ('65dc497234e323d26476af7aa26c6a5f', '20', 'size', '30');
REPLACE INTO `question_properties` (`form_id`, `question_id`, `prop`, `value`) VALUES ('65dc497234e323d26476af7aa26c6a5f', '20', 'text', 'Jawatan Pemohon');
REPLACE INTO `question_properties` (`form_id`, `question_id`, `prop`, `value`) VALUES ('65dc497234e323d26476af7aa26c6a5f', '20', 'validation', 'no');
REPLACE INTO `question_properties` (`form_id`, `question_id`, `prop`, `value`) VALUES ('65dc497234e323d26476af7aa26c6a5f', '21', 'desc', NULL);
REPLACE INTO `question_properties` (`form_id`, `question_id`, `prop`, `value`) VALUES ('65dc497234e323d26476af7aa26c6a5f', '21', 'maxsize', '100');
REPLACE INTO `question_properties` (`form_id`, `question_id`, `prop`, `value`) VALUES ('65dc497234e323d26476af7aa26c6a5f', '21', 'required', 'no');
REPLACE INTO `question_properties` (`form_id`, `question_id`, `prop`, `value`) VALUES ('65dc497234e323d26476af7aa26c6a5f', '21', 'senderemail', 'no');
REPLACE INTO `question_properties` (`form_id`, `question_id`, `prop`, `value`) VALUES ('65dc497234e323d26476af7aa26c6a5f', '21', 'size', '20');
REPLACE INTO `question_properties` (`form_id`, `question_id`, `prop`, `value`) VALUES ('65dc497234e323d26476af7aa26c6a5f', '21', 'text', 'Nombor Lot / PT');
REPLACE INTO `question_properties` (`form_id`, `question_id`, `prop`, `value`) VALUES ('65dc497234e323d26476af7aa26c6a5f', '21', 'validation', 'no');
REPLACE INTO `question_properties` (`form_id`, `question_id`, `prop`, `value`) VALUES ('65dc497234e323d26476af7aa26c6a5f', '22', 'desc', NULL);
REPLACE INTO `question_properties` (`form_id`, `question_id`, `prop`, `value`) VALUES ('65dc497234e323d26476af7aa26c6a5f', '22', 'options', 'Lelaki<br>Perempuan<br>');
REPLACE INTO `question_properties` (`form_id`, `question_id`, `prop`, `value`) VALUES ('65dc497234e323d26476af7aa26c6a5f', '22', 'required', 'yes');
REPLACE INTO `question_properties` (`form_id`, `question_id`, `prop`, `value`) VALUES ('65dc497234e323d26476af7aa26c6a5f', '22', 'size', '1');
REPLACE INTO `question_properties` (`form_id`, `question_id`, `prop`, `value`) VALUES ('65dc497234e323d26476af7aa26c6a5f', '22', 'special', 'none');
REPLACE INTO `question_properties` (`form_id`, `question_id`, `prop`, `value`) VALUES ('65dc497234e323d26476af7aa26c6a5f', '22', 'text', 'Jantina');
REPLACE INTO `question_properties` (`form_id`, `question_id`, `prop`, `value`) VALUES ('65dc497234e323d26476af7aa26c6a5f', '23', 'desc', NULL);
REPLACE INTO `question_properties` (`form_id`, `question_id`, `prop`, `value`) VALUES ('65dc497234e323d26476af7aa26c6a5f', '23', 'maxsize', '100');
REPLACE INTO `question_properties` (`form_id`, `question_id`, `prop`, `value`) VALUES ('65dc497234e323d26476af7aa26c6a5f', '23', 'required', 'yes');
REPLACE INTO `question_properties` (`form_id`, `question_id`, `prop`, `value`) VALUES ('65dc497234e323d26476af7aa26c6a5f', '23', 'senderemail', 'no');
REPLACE INTO `question_properties` (`form_id`, `question_id`, `prop`, `value`) VALUES ('65dc497234e323d26476af7aa26c6a5f', '23', 'size', '20');
REPLACE INTO `question_properties` (`form_id`, `question_id`, `prop`, `value`) VALUES ('65dc497234e323d26476af7aa26c6a5f', '23', 'text', 'No. Telefon (Rumah/tetap)');
REPLACE INTO `question_properties` (`form_id`, `question_id`, `prop`, `value`) VALUES ('65dc497234e323d26476af7aa26c6a5f', '23', 'validation', 'no');
REPLACE INTO `question_properties` (`form_id`, `question_id`, `prop`, `value`) VALUES ('65dc497234e323d26476af7aa26c6a5f', '24', 'desc', NULL);
REPLACE INTO `question_properties` (`form_id`, `question_id`, `prop`, `value`) VALUES ('65dc497234e323d26476af7aa26c6a5f', '24', 'options', 'Melayu<br>Cina<br>India<br>Lain-lain');
REPLACE INTO `question_properties` (`form_id`, `question_id`, `prop`, `value`) VALUES ('65dc497234e323d26476af7aa26c6a5f', '24', 'required', 'yes');
REPLACE INTO `question_properties` (`form_id`, `question_id`, `prop`, `value`) VALUES ('65dc497234e323d26476af7aa26c6a5f', '24', 'size', '1');
REPLACE INTO `question_properties` (`form_id`, `question_id`, `prop`, `value`) VALUES ('65dc497234e323d26476af7aa26c6a5f', '24', 'special', 'none');
REPLACE INTO `question_properties` (`form_id`, `question_id`, `prop`, `value`) VALUES ('65dc497234e323d26476af7aa26c6a5f', '24', 'text', 'Bangsa');
REPLACE INTO `question_properties` (`form_id`, `question_id`, `prop`, `value`) VALUES ('65dc497234e323d26476af7aa26c6a5f', '25', 'desc', NULL);
REPLACE INTO `question_properties` (`form_id`, `question_id`, `prop`, `value`) VALUES ('65dc497234e323d26476af7aa26c6a5f', '25', 'options', 'Bujang<br>Berkahwin<br>Lain-lain');
REPLACE INTO `question_properties` (`form_id`, `question_id`, `prop`, `value`) VALUES ('65dc497234e323d26476af7aa26c6a5f', '25', 'required', 'yes');
REPLACE INTO `question_properties` (`form_id`, `question_id`, `prop`, `value`) VALUES ('65dc497234e323d26476af7aa26c6a5f', '25', 'size', '1');
REPLACE INTO `question_properties` (`form_id`, `question_id`, `prop`, `value`) VALUES ('65dc497234e323d26476af7aa26c6a5f', '25', 'special', 'none');
REPLACE INTO `question_properties` (`form_id`, `question_id`, `prop`, `value`) VALUES ('65dc497234e323d26476af7aa26c6a5f', '25', 'text', 'Status Perkahwinan');
REPLACE INTO `question_properties` (`form_id`, `question_id`, `prop`, `value`) VALUES ('65dc497234e323d26476af7aa26c6a5f', '26', 'desc', NULL);
REPLACE INTO `question_properties` (`form_id`, `question_id`, `prop`, `value`) VALUES ('65dc497234e323d26476af7aa26c6a5f', '26', 'options', 'Warganegara<br>Bukan Warganegara');
REPLACE INTO `question_properties` (`form_id`, `question_id`, `prop`, `value`) VALUES ('65dc497234e323d26476af7aa26c6a5f', '26', 'required', 'yes');
REPLACE INTO `question_properties` (`form_id`, `question_id`, `prop`, `value`) VALUES ('65dc497234e323d26476af7aa26c6a5f', '26', 'size', '1');
REPLACE INTO `question_properties` (`form_id`, `question_id`, `prop`, `value`) VALUES ('65dc497234e323d26476af7aa26c6a5f', '26', 'special', 'none');
REPLACE INTO `question_properties` (`form_id`, `question_id`, `prop`, `value`) VALUES ('65dc497234e323d26476af7aa26c6a5f', '26', 'text', 'Warganegara');
REPLACE INTO `question_properties` (`form_id`, `question_id`, `prop`, `value`) VALUES ('65dc497234e323d26476af7aa26c6a5f', '27', 'text', '1. MAKLUMAT PEMOHON');
REPLACE INTO `question_properties` (`form_id`, `question_id`, `prop`, `value`) VALUES ('65dc497234e323d26476af7aa26c6a5f', '28', 'text', '>undefined<');
REPLACE INTO `question_properties` (`form_id`, `question_id`, `prop`, `value`) VALUES ('65dc497234e323d26476af7aa26c6a5f', '28', 'value', NULL);
REPLACE INTO `question_properties` (`form_id`, `question_id`, `prop`, `value`) VALUES ('65dc497234e323d26476af7aa26c6a5f', '29', 'text', '2. PEKERJAAN');
REPLACE INTO `question_properties` (`form_id`, `question_id`, `prop`, `value`) VALUES ('65dc497234e323d26476af7aa26c6a5f', '30', 'text', '>undefined<');
REPLACE INTO `question_properties` (`form_id`, `question_id`, `prop`, `value`) VALUES ('65dc497234e323d26476af7aa26c6a5f', '30', 'value', NULL);
REPLACE INTO `question_properties` (`form_id`, `question_id`, `prop`, `value`) VALUES ('65dc497234e323d26476af7aa26c6a5f', '31', 'desc', NULL);
REPLACE INTO `question_properties` (`form_id`, `question_id`, `prop`, `value`) VALUES ('65dc497234e323d26476af7aa26c6a5f', '31', 'options', 'RM6,500.00 ke atas<br>RM5,500.00 - RM6,499.00<br>RM4,500.00 - RM5,499.00<br>RM3,500.00 - RM4,499.00<br>RM3,000.00 - RM3,499.00<br>RM2,500.00 - RM2,999.00<br>RM2,000.00 - RM2,499.00<br>RM1,500.00 - RM1,999.00<br>RM1,200.00 - RM1,499.00<br>Bawah RM1,199.00');
REPLACE INTO `question_properties` (`form_id`, `question_id`, `prop`, `value`) VALUES ('65dc497234e323d26476af7aa26c6a5f', '31', 'required', 'yes');
REPLACE INTO `question_properties` (`form_id`, `question_id`, `prop`, `value`) VALUES ('65dc497234e323d26476af7aa26c6a5f', '31', 'size', '1');
REPLACE INTO `question_properties` (`form_id`, `question_id`, `prop`, `value`) VALUES ('65dc497234e323d26476af7aa26c6a5f', '31', 'special', 'none');
REPLACE INTO `question_properties` (`form_id`, `question_id`, `prop`, `value`) VALUES ('65dc497234e323d26476af7aa26c6a5f', '31', 'text', 'Pendapatan Bulanan');
REPLACE INTO `question_properties` (`form_id`, `question_id`, `prop`, `value`) VALUES ('65dc497234e323d26476af7aa26c6a5f', '32', 'cols', '36');
REPLACE INTO `question_properties` (`form_id`, `question_id`, `prop`, `value`) VALUES ('65dc497234e323d26476af7aa26c6a5f', '32', 'desc', NULL);
REPLACE INTO `question_properties` (`form_id`, `question_id`, `prop`, `value`) VALUES ('65dc497234e323d26476af7aa26c6a5f', '32', 'required', 'no');
REPLACE INTO `question_properties` (`form_id`, `question_id`, `prop`, `value`) VALUES ('65dc497234e323d26476af7aa26c6a5f', '32', 'rows', '8');
REPLACE INTO `question_properties` (`form_id`, `question_id`, `prop`, `value`) VALUES ('65dc497234e323d26476af7aa26c6a5f', '32', 'text', 'Alamat Majikan');
REPLACE INTO `question_properties` (`form_id`, `question_id`, `prop`, `value`) VALUES ('65dc497234e323d26476af7aa26c6a5f', '32', 'validation', 'no');
REPLACE INTO `question_properties` (`form_id`, `question_id`, `prop`, `value`) VALUES ('65dc497234e323d26476af7aa26c6a5f', '33', 'text', '>undefined<');
REPLACE INTO `question_properties` (`form_id`, `question_id`, `prop`, `value`) VALUES ('65dc497234e323d26476af7aa26c6a5f', '33', 'value', NULL);
REPLACE INTO `question_properties` (`form_id`, `question_id`, `prop`, `value`) VALUES ('65dc497234e323d26476af7aa26c6a5f', '34', 'text', '3. JENIS LOT RUMAH / BANGUNAN YANG DIPOHON');
REPLACE INTO `question_properties` (`form_id`, `question_id`, `prop`, `value`) VALUES ('65dc497234e323d26476af7aa26c6a5f', '35', 'desc', NULL);
REPLACE INTO `question_properties` (`form_id`, `question_id`, `prop`, `value`) VALUES ('65dc497234e323d26476af7aa26c6a5f', '35', 'options', 'Tepi<br>Tengah');
REPLACE INTO `question_properties` (`form_id`, `question_id`, `prop`, `value`) VALUES ('65dc497234e323d26476af7aa26c6a5f', '35', 'required', 'yes');
REPLACE INTO `question_properties` (`form_id`, `question_id`, `prop`, `value`) VALUES ('65dc497234e323d26476af7aa26c6a5f', '35', 'size', '1');
REPLACE INTO `question_properties` (`form_id`, `question_id`, `prop`, `value`) VALUES ('65dc497234e323d26476af7aa26c6a5f', '35', 'special', 'none');
REPLACE INTO `question_properties` (`form_id`, `question_id`, `prop`, `value`) VALUES ('65dc497234e323d26476af7aa26c6a5f', '35', 'text', 'Jenis Lot');
REPLACE INTO `question_properties` (`form_id`, `question_id`, `prop`, `value`) VALUES ('65dc497234e323d26476af7aa26c6a5f', '36', 'text', '>undefined<');
REPLACE INTO `question_properties` (`form_id`, `question_id`, `prop`, `value`) VALUES ('65dc497234e323d26476af7aa26c6a5f', '36', 'value', NULL);
REPLACE INTO `question_properties` (`form_id`, `question_id`, `prop`, `value`) VALUES ('65dc497234e323d26476af7aa26c6a5f', '37', 'text', '4. CARA PEMBAYARAN');
REPLACE INTO `question_properties` (`form_id`, `question_id`, `prop`, `value`) VALUES ('65dc497234e323d26476af7aa26c6a5f', '38', 'checked', 'no');
REPLACE INTO `question_properties` (`form_id`, `question_id`, `prop`, `value`) VALUES ('65dc497234e323d26476af7aa26c6a5f', '38', 'desc', NULL);
REPLACE INTO `question_properties` (`form_id`, `question_id`, `prop`, `value`) VALUES ('65dc497234e323d26476af7aa26c6a5f', '38', 'options', 'Institusi Kewangan / Bank<br>Kerajaan<br>Majikan<br>Tunai<br>Lain-lain');
REPLACE INTO `question_properties` (`form_id`, `question_id`, `prop`, `value`) VALUES ('65dc497234e323d26476af7aa26c6a5f', '38', 'required', 'yes');
REPLACE INTO `question_properties` (`form_id`, `question_id`, `prop`, `value`) VALUES ('65dc497234e323d26476af7aa26c6a5f', '38', 'text', 'Pinjaman Perumahan');
REPLACE INTO `question_properties` (`form_id`, `question_id`, `prop`, `value`) VALUES ('65dc497234e323d26476af7aa26c6a5f', '39', 'desc', NULL);
REPLACE INTO `question_properties` (`form_id`, `question_id`, `prop`, `value`) VALUES ('65dc497234e323d26476af7aa26c6a5f', '39', 'extensions', 'doc, docx, xls, xlsx, pdf, ppt, pptx, txt, html, htm, rtf, pps, ppsx, zip, tar, gzip, bzip, sit, dmg, jpg, jpeg, gif, png, asf, asx, flv, h264, mov, mp3, mp4, swf, wax, wma, wmv, wvx, wpl, xspf');
REPLACE INTO `question_properties` (`form_id`, `question_id`, `prop`, `value`) VALUES ('65dc497234e323d26476af7aa26c6a5f', '39', 'maxsize', '5000');
REPLACE INTO `question_properties` (`form_id`, `question_id`, `prop`, `value`) VALUES ('65dc497234e323d26476af7aa26c6a5f', '39', 'required', 'no');
REPLACE INTO `question_properties` (`form_id`, `question_id`, `prop`, `value`) VALUES ('65dc497234e323d26476af7aa26c6a5f', '39', 'text', 'Slip Gaji Terkini');
REPLACE INTO `question_properties` (`form_id`, `question_id`, `prop`, `value`) VALUES ('65dc497234e323d26476af7aa26c6a5f', '40', 'desc', NULL);
REPLACE INTO `question_properties` (`form_id`, `question_id`, `prop`, `value`) VALUES ('65dc497234e323d26476af7aa26c6a5f', '40', 'text', 'Pengesahan');
REPLACE INTO `question_properties` (`form_id`, `question_id`, `prop`, `value`) VALUES ('65dc497234e323d26476af7aa26c6a5f', '41', 'text', '>undefined<');
REPLACE INTO `question_properties` (`form_id`, `question_id`, `prop`, `value`) VALUES ('65dc497234e323d26476af7aa26c6a5f', '41', 'value', NULL);
REPLACE INTO `question_properties` (`form_id`, `question_id`, `prop`, `value`) VALUES ('65dc497234e323d26476af7aa26c6a5f', '42', 'text', '>undefined<');
REPLACE INTO `question_properties` (`form_id`, `question_id`, `prop`, `value`) VALUES ('65dc497234e323d26476af7aa26c6a5f', '42', 'value', NULL);
REPLACE INTO `question_properties` (`form_id`, `question_id`, `prop`, `value`) VALUES ('65dc497234e323d26476af7aa26c6a5f', '43', 'text', '>undefined<');
REPLACE INTO `question_properties` (`form_id`, `question_id`, `prop`, `value`) VALUES ('65dc497234e323d26476af7aa26c6a5f', '43', 'value', NULL);
REPLACE INTO `question_properties` (`form_id`, `question_id`, `prop`, `value`) VALUES ('65dc497234e323d26476af7aa26c6a5f', '44', 'text', 'NOTA : [1. KOPERAT berhak menolak pendaftaran jika maklumat tidak lengkap / tepat.] [2. KOPERAT berhad membatalkan pendaftaran selepas 6 bulan tanpa notis.] [3. Harga adalah tertakluk kepada pindaan terakhir.]');
REPLACE INTO `question_properties` (`form_id`, `question_id`, `prop`, `value`) VALUES ('65dc497234e323d26476af7aa26c6a5f', '45', 'text', '>undefined<');
REPLACE INTO `question_properties` (`form_id`, `question_id`, `prop`, `value`) VALUES ('65dc497234e323d26476af7aa26c6a5f', '45', 'value', NULL);
REPLACE INTO `question_properties` (`form_id`, `question_id`, `prop`, `value`) VALUES ('65dc497234e323d26476af7aa26c6a5f', '999', 'alignment', 'default');
REPLACE INTO `question_properties` (`form_id`, `question_id`, `prop`, `value`) VALUES ('65dc497234e323d26476af7aa26c6a5f', '999', 'background', 'white');
REPLACE INTO `question_properties` (`form_id`, `question_id`, `prop`, `value`) VALUES ('65dc497234e323d26476af7aa26c6a5f', '999', 'conf_body', 'Thanks for submitting our form, we will get back to you as soon as possible.');
REPLACE INTO `question_properties` (`form_id`, `question_id`, `prop`, `value`) VALUES ('65dc497234e323d26476af7aa26c6a5f', '999', 'conf_send', 'no');
REPLACE INTO `question_properties` (`form_id`, `question_id`, `prop`, `value`) VALUES ('65dc497234e323d26476af7aa26c6a5f', '999', 'conf_subj', 'Borang TKP Fasa 1E');
REPLACE INTO `question_properties` (`form_id`, `question_id`, `prop`, `value`) VALUES ('65dc497234e323d26476af7aa26c6a5f', '999', 'disabled', 'Enabled');
REPLACE INTO `question_properties` (`form_id`, `question_id`, `prop`, `value`) VALUES ('65dc497234e323d26476af7aa26c6a5f', '999', 'email', 'yes');
REPLACE INTO `question_properties` (`form_id`, `question_id`, `prop`, `value`) VALUES ('65dc497234e323d26476af7aa26c6a5f', '999', 'email_addr', 'sales@koperat.com.my');
REPLACE INTO `question_properties` (`form_id`, `question_id`, `prop`, `value`) VALUES ('65dc497234e323d26476af7aa26c6a5f', '999', 'ext_sendpostdata', 'no');
REPLACE INTO `question_properties` (`form_id`, `question_id`, `prop`, `value`) VALUES ('65dc497234e323d26476af7aa26c6a5f', '999', 'font', 'Verdana');
REPLACE INTO `question_properties` (`form_id`, `question_id`, `prop`, `value`) VALUES ('65dc497234e323d26476af7aa26c6a5f', '999', 'fontcolor', '#48345a');
REPLACE INTO `question_properties` (`form_id`, `question_id`, `prop`, `value`) VALUES ('65dc497234e323d26476af7aa26c6a5f', '999', 'fontsize', '12');
REPLACE INTO `question_properties` (`form_id`, `question_id`, `prop`, `value`) VALUES ('65dc497234e323d26476af7aa26c6a5f', '999', 'not_subj', 'New Submission: {qForm Title}');
REPLACE INTO `question_properties` (`form_id`, `question_id`, `prop`, `value`) VALUES ('65dc497234e323d26476af7aa26c6a5f', '999', 'rvcolor', 'JF062.ini.php');
REPLACE INTO `question_properties` (`form_id`, `question_id`, `prop`, `value`) VALUES ('65dc497234e323d26476af7aa26c6a5f', '999', 'sendpostdata', 'yes');
REPLACE INTO `question_properties` (`form_id`, `question_id`, `prop`, `value`) VALUES ('65dc497234e323d26476af7aa26c6a5f', '999', 'spamcheck', 'Enabled');
REPLACE INTO `question_properties` (`form_id`, `question_id`, `prop`, `value`) VALUES ('65dc497234e323d26476af7aa26c6a5f', '999', 'thanktext', '<div>\n<div>\n<div>Terima kasih atas pengisian. Pihak KOPERAT akan memproses permohonan Anda.</div></div>\n<div>\n<div>&nbsp;</div></div>\n<div>\n<div>\n<div><strong><font color=\"#ff00aa\">Sila hantarkan</font></strong> 2 salinan dokuken-dokumen berikut ke pejabat kami dengan segera;</div>\n<div>Sekiranya Permohonan Anda Berjaya. </div>\n<div>(Nyatakan Projek / Kategori Rumah yang dipohon)<br />\n<br />\n&nbsp;<br />\na) Salinan Kad Pengenalan.<br />\n&nbsp;<br />\nb) Slip Gaji 6 bulan terkini ( pinjaman Bank / Kerajaan ).<br />\n&nbsp;<br />\nc) Surat Pengesahan Jawatan ( pinjaman Bank )<br />\n&nbsp;<br />\nd) Surat Pengesahan Perkhidmatan ( pinjaman Kerajaan ).<br />\n&nbsp;<br />\ne) Surat Pengesahan Lantikan ( pinjaman Kerajaan ).<br />\n<br />f) Surat Iringan - mengikut format ( pinjaman Kerajaan ).<br />\n&nbsp;<br />\ng) Borang EA/Cukai Pendapatan LHDN beserta resit bayaran ( pinjaman Bank / Berniaga ).<br />\n&nbsp;<br />\nh) Salinan Penyata Akaun Bank 6 bulan terkini ( pinjaman Bank / Kerajaan / Berniaga ).<br />\n&nbsp;<br />\ni) Pendaftaran Perniagaan ( pinjaman Bank / Berniaga ).<br />\n&nbsp;<br />\nj) Penyata Bank Syarikat 6 bulan terkini ( pinjaman Bank / Berniaga ).<br />\n&nbsp;<br />\nk) Penyata KWSP terkini ( pinjaman Bank ).<br />\n<br />l) Lain-lain dokumen, jika berkaitan.<br />\n&nbsp;<br />\n<br /><br />\n* <strong><font color=\"#ff0000\">Sila Pastikan</font></strong> <u><font color=\"#aa00ff\">E-mail dan Maklumat</font></u> Anda Adalah Betul Untuk Penerimaan Maklumbalas Daripada KOPERAT.<br />\n&nbsp;<br />\n&nbsp;<br />\n<br />Makluman Lanjut Sila Hubungi, Hantar @ Fax kan Borang anda ke;<br />\n&nbsp;<br />\n<strong>KONSORTIUM PERUMAHAN RAKYAT TERENGGANU SDN. BHD.<br />\n</strong><br />\nWisma GPQ, Lot 4564, Tingkat 1 &amp; 2<br />\n<br />Desa MPKT, Chendering, 21080 Kuala Terengganu<br />\n<br />Tel : 09-617 3405 / 617 6405&nbsp;&nbsp;&nbsp; Fax : 09-617 7404<br />\n<br />Website : <a href=\"http://www.koperat.com.my/\" title=\"\" target=\"_blank\"><strong>www.koperat.com.my</strong></a><br />\n<br />Page : <strong><a href=\"http://www.facebook.com/pages/Koperat/197111670306770\" title=\"\" target=\"_blank\">facebook.com / koperat</a></strong><br />\n<br />Email : koperat96@gmail.com<br />\n&nbsp;<br />\n&nbsp; </div></div></div></div>');
REPLACE INTO `question_properties` (`form_id`, `question_id`, `prop`, `value`) VALUES ('65dc497234e323d26476af7aa26c6a5f', '999', 'theme', 'Default');
REPLACE INTO `question_properties` (`form_id`, `question_id`, `prop`, `value`) VALUES ('65dc497234e323d26476af7aa26c6a5f', '999', 'use_buildin_formmail', 'yes');
REPLACE INTO `question_properties` (`form_id`, `question_id`, `prop`, `value`) VALUES ('65dc497234e323d26476af7aa26c6a5f', '999', 'width', '100%');
REPLACE INTO `question_utf8` (`form_id`, `utf8format`) VALUES ('65dc497234e323d26476af7aa26c6a5f', '1');
REPLACE INTO `rvs_layout_template` (`layout_template_id`, `layout_template_name`, `layout_template_data`, `layout_template_desc`, `layout_template_preview`, `layout_template_head`, `layout_group_id`) VALUES ('9', 'type09', '<table width=\"100%\" cellspacing=\"0\" cellpadding=\"0\" id=\"rv_template_layout\"><tbody><tr><td valign=\"top\" class=\"type9margin\">\r\n<div> <font size=\"5\"><strong>Europan lingues es membres del</strong></font><br />\r\n <strong>Ma quande lingues coalesce, li grammatica</strong><br />\r\n<br />\r\n Lorem ipsum dolor sit amet, consetetur sadipscing elitr, sed diam nonumy eirmod tempor invidunt ut labore et dolore magna aliquyam erat, sed diam voluptua. At vero eos et accusam et justo duo dolores et ea rebum. Stet clita kasd gubergren, no sea takimata sanctus est Lorem ipsum dolor sit amet. Lorem ipsum dolor sit amet, consetetur sadipscing elitr, sed diam nonumy eirmod tempor invidunt ut labore et dolore magna aliquyam erat, sed diam voluptua. At vero eos et accusam et justo duo dolores et ea rebum. Stet clita kasd gubergren, no sea takimata sanctus est Lorem ipsum dolor sit amet. Lorem ipsum dolor sit amet, consetetur sadipscing elitr, sed diam nonumy eirmod tempor invidunt ut labore et dolore magna aliquyam erat, sed diam voluptua. At vero eos et accusam et justo duo dolores et ea rebum. Stet clita kasd gubergren, no sea takimata sanctus est Lorem ipsum dolor sit amet. <br />\r\n<br />\r\n</div> </td></tr><tr><td>\r\n<table cellspacing=\"0\" cellpadding=\"0\" class=\"type9border\"><tbody><tr><td valign=\"top\" class=\"type9margin\"><img width=\"125\" height=\"125\" alt=\"\" src=\"images/125x125.gif\" /></td><td valign=\"middle\">Ma quande lingues coalesce, li grammatica del resultant lingue es plu simplic e regulari quam ti del coalescent lingues. Li nov lingua franca va esser plu simplic e regulari quam li existent Europan lingues. It va esser tam simplic quam Occidental: in fact, it va esser Occidental. A un Angleso it va semblar un simplificat Angles, quam un skeptic Cambridge amico dit me que Occidental es.</td></tr><tr><td height=\"10\" colspan=\"2\"><br />\r\n</td></tr><tr><td valign=\"top\" class=\"type9margin\"><img width=\"125\" height=\"125\" alt=\"\" src=\"images/125x125.gif\" /></td><td valign=\"middle\">Ma quande lingues coalesce, li grammatica del resultant lingue es plu simplic e regulari quam ti del coalescent lingues. Li nov lingua franca va esser plu simplic e regulari quam li existent Europan lingues. It va esser tam simplic quam Occidental: in fact, it va esser Occidental. A un Angleso it va semblar un simplificat Angles, quam un skeptic Cambridge amico dit me que Occidental es.</td></tr><tr><td height=\"10\" colspan=\"2\"><br />\r\n</td></tr><tr><td valign=\"top\" class=\"type9margin\"><img width=\"125\" height=\"125\" alt=\"\" src=\"images/125x125.gif\" /></td><td valign=\"middle\">Ma quande lingues coalesce, li grammatica del resultant lingue es plu simplic e regulari quam ti del coalescent lingues. Li nov lingua franca va esser plu simplic e regulari quam li existent Europan lingues. It va esser tam simplic quam Occidental: in fact, it va esser Occidental. A un Angleso it va semblar un simplificat Angles, quam un skeptic Cambridge amico dit me que Occidental es.</td></tr></tbody></table> </td></tr></tbody></table>', '', 'type09l.gif', '<br />\r\n<style type=\"text/css\">.type9margin {\r\n	padding: 5px;\r\n}\r\n.type9border {\r\n	border:1px solid #AFAFAF;\r\n	padding-left:5px;\r\n	padding-right:5px;\r\n	padding-top:3px;\r\n	padding-bottom:7px;\r\n	background-color:#EFEFEF;\r\n}\r\n--></style>', '0');
REPLACE INTO `rvs_navigator_name` (`navigator_name_id`, `navigator_name`) VALUES ('25', 'h_navigator_style1');
REPLACE INTO `rvs_navigator` (`navigator_id`, `menustyle_id`, `navigator_name_id`) VALUES ('136', '2', '4');
REPLACE INTO `rvs_online_counter` (`counter_id`, `counter_name`, `rvs_usr_id`, `project_id`, `project_page_id`, `counter_style`, `max_digit`, `frame`, `cpmode`, `counter_tag`) VALUES ('0be84cec67ed753dd7ab77d7d9d4b306', 'Hit', 'e966db2ccb35862561fc85127de800e5', 'a7ec09dce63b814be39611d58a2e3078', '', 'H', '10', '1', '. CPMODE .', '\n\n&lt;img src=\"/cgi-sys/Count.cgi?df=Hit.dat|display=Counter|ft=1|md=10|frgb=0;0;0|dd=H\"&gt;');
REPLACE INTO `rvs_online_counter` (`counter_id`, `counter_name`, `rvs_usr_id`, `project_id`, `project_page_id`, `counter_style`, `max_digit`, `frame`, `cpmode`, `counter_tag`) VALUES ('860e1467c07605b42a4d2e1127b47a5b', 'pelawat', 'e966db2ccb35862561fc85127de800e5', 'a7ec09dce63b814be39611d58a2e3078', '', 'L', '5', '1', '. CPMODE .', '\n\n&lt;img src=\"/cgi-sys/Count.cgi?df=pelawat.dat|display=Counter|ft=1|md=5|frgb=0;0;0|dd=L\"&gt;');
REPLACE INTO `rvs_online_form` (`rvs_onlineform_id`, `rvs_usr_id`, `project_page_id`, `project_id`, `online_form`, `step2_field`, `button`, `mailaccount`, `maildomain`, `mailsubject`, `thankmsg`, `mailbanedlist`, `onlineform_layout`) VALUES ('365ec8bdf012416e58bf3339d85c11ad', 'e966db2ccb35862561fc85127de800e5', '9644ac37ec50ae59f5f0f5aae45c9bef', 'a7ec09dce63b814be39611d58a2e3078', 'a:13:{i:0;a:5:{s:4:\"name\";s:7:\"company\";s:4:\"type\";s:7:\"textbox\";s:9:\"seloption\";s:1:\"0\";s:5:\"title\";s:11:\"##Company##\";s:8:\"property\";a:5:{s:10:\"char_width\";s:2:\"30\";s:9:\"max_width\";s:3:\"100\";s:8:\"init_val\";s:0:\"\";s:7:\"require\";s:1:\"1\";s:8:\"validate\";s:1:\"0\";}}i:1;a:5:{s:4:\"name\";s:9:\"firstname\";s:4:\"type\";s:7:\"textbox\";s:9:\"seloption\";s:1:\"0\";s:5:\"title\";s:14:\"##First name##\";s:8:\"property\";a:5:{s:10:\"char_width\";s:2:\"20\";s:9:\"max_width\";s:3:\"100\";s:8:\"init_val\";s:0:\"\";s:7:\"require\";s:1:\"1\";s:8:\"validate\";s:1:\"0\";}}i:2;a:5:{s:4:\"name\";s:10:\"middlename\";s:4:\"type\";s:7:\"textbox\";s:9:\"seloption\";s:1:\"0\";s:5:\"title\";s:15:\"##Middle name##\";s:8:\"property\";a:4:{s:10:\"char_width\";s:2:\"10\";s:9:\"max_width\";s:2:\"50\";s:8:\"init_val\";s:0:\"\";s:8:\"validate\";s:1:\"0\";}}i:3;a:5:{s:4:\"name\";s:8:\"lastname\";s:4:\"type\";s:7:\"textbox\";s:9:\"seloption\";s:1:\"0\";s:5:\"title\";s:13:\"##Last name##\";s:8:\"property\";a:5:{s:10:\"char_width\";s:2:\"20\";s:9:\"max_width\";s:3:\"100\";s:8:\"init_val\";s:0:\"\";s:7:\"require\";s:1:\"1\";s:8:\"validate\";s:1:\"0\";}}i:4;a:5:{s:4:\"name\";s:6:\"street\";s:4:\"type\";s:7:\"textbox\";s:9:\"seloption\";s:1:\"0\";s:5:\"title\";s:10:\"##Street##\";s:8:\"property\";a:5:{s:10:\"char_width\";s:2:\"20\";s:9:\"max_width\";s:3:\"100\";s:8:\"init_val\";s:0:\"\";s:7:\"require\";s:1:\"1\";s:8:\"validate\";s:1:\"0\";}}i:5;a:5:{s:4:\"name\";s:4:\"city\";s:4:\"type\";s:7:\"textbox\";s:9:\"seloption\";s:1:\"0\";s:5:\"title\";s:8:\"##City##\";s:8:\"property\";a:5:{s:10:\"char_width\";s:2:\"20\";s:9:\"max_width\";s:3:\"100\";s:8:\"init_val\";s:0:\"\";s:7:\"require\";s:1:\"1\";s:8:\"validate\";s:1:\"0\";}}i:6;a:5:{s:4:\"name\";s:5:\"state\";s:4:\"type\";s:7:\"textbox\";s:9:\"seloption\";s:1:\"0\";s:5:\"title\";s:9:\"##State##\";s:8:\"property\";a:5:{s:10:\"char_width\";s:2:\"20\";s:9:\"max_width\";s:3:\"100\";s:8:\"init_val\";s:0:\"\";s:7:\"require\";s:1:\"1\";s:8:\"validate\";s:1:\"0\";}}i:7;a:5:{s:4:\"name\";s:7:\"zipcode\";s:4:\"type\";s:7:\"textbox\";s:9:\"seloption\";s:1:\"0\";s:5:\"title\";s:12:\"##ZIP Code##\";s:8:\"property\";a:4:{s:10:\"char_width\";s:2:\"10\";s:9:\"max_width\";s:2:\"30\";s:8:\"init_val\";s:0:\"\";s:8:\"validate\";s:1:\"0\";}}i:8;a:5:{s:4:\"name\";s:7:\"country\";s:4:\"type\";s:7:\"textbox\";s:9:\"seloption\";s:1:\"0\";s:5:\"title\";s:11:\"##Country##\";s:8:\"property\";a:4:{s:10:\"char_width\";s:2:\"20\";s:9:\"max_width\";s:2:\"50\";s:8:\"init_val\";s:0:\"\";s:8:\"validate\";s:1:\"0\";}}i:9;a:5:{s:4:\"name\";s:5:\"phone\";s:4:\"type\";s:7:\"textbox\";s:9:\"seloption\";s:1:\"0\";s:5:\"title\";s:9:\"##Phone##\";s:8:\"property\";a:5:{s:10:\"char_width\";s:2:\"20\";s:9:\"max_width\";s:2:\"50\";s:8:\"init_val\";s:0:\"\";s:7:\"require\";s:1:\"1\";s:8:\"validate\";s:1:\"0\";}}i:10;a:5:{s:4:\"name\";s:5:\"email\";s:4:\"type\";s:7:\"textbox\";s:9:\"seloption\";s:1:\"0\";s:5:\"title\";s:9:\"##Email##\";s:8:\"property\";a:5:{s:10:\"char_width\";s:2:\"20\";s:9:\"max_width\";s:3:\"100\";s:8:\"init_val\";s:0:\"\";s:7:\"require\";s:1:\"1\";s:8:\"validate\";s:1:\"2\";}}i:11;a:5:{s:4:\"name\";s:5:\"birth\";s:4:\"type\";s:7:\"textbox\";s:9:\"seloption\";s:1:\"0\";s:5:\"title\";s:17:\"##Date of Birth##\";s:8:\"property\";a:4:{s:10:\"char_width\";s:2:\"20\";s:9:\"max_width\";s:2:\"50\";s:8:\"init_val\";s:0:\"\";s:8:\"validate\";s:1:\"0\";}}i:12;a:5:{s:5:\"title\";s:12:\"##Comments##\";s:4:\"name\";s:7:\"comment\";s:4:\"type\";s:8:\"textarea\";s:9:\"seloption\";s:1:\"0\";s:8:\"property\";a:5:{s:10:\"char_width\";s:2:\"30\";s:8:\"num_line\";s:1:\"6\";s:8:\"init_val\";s:0:\"\";s:4:\"wrap\";s:7:\"Default\";s:8:\"validate\";s:1:\"0\";}}}', 'a:5:{s:4:\"name\";a:13:{i:0;s:7:\"company\";i:1;s:9:\"firstname\";i:2;s:10:\"middlename\";i:3;s:8:\"lastname\";i:4;s:6:\"street\";i:5;s:4:\"city\";i:6;s:5:\"state\";i:7;s:7:\"zipcode\";i:8;s:7:\"country\";i:9;s:5:\"phone\";i:10;s:5:\"email\";i:11;s:5:\"birth\";i:12;s:7:\"comment\";}s:5:\"title\";a:13:{i:0;s:11:\"##Company##\";i:1;s:14:\"##First name##\";i:2;s:15:\"##Middle name##\";i:3;s:13:\"##Last name##\";i:4;s:10:\"##Street##\";i:5;s:8:\"##City##\";i:6;s:9:\"##State##\";i:7;s:12:\"##ZIP Code##\";i:8;s:11:\"##Country##\";i:9;s:9:\"##Phone##\";i:10;s:9:\"##Email##\";i:11;s:17:\"##Date of Birth##\";i:12;s:12:\"##Comments##\";}s:4:\"type\";a:13:{i:0;s:7:\"textbox\";i:1;s:7:\"textbox\";i:2;s:7:\"textbox\";i:3;s:7:\"textbox\";i:4;s:7:\"textbox\";i:5;s:7:\"textbox\";i:6;s:7:\"textbox\";i:7;s:7:\"textbox\";i:8;s:7:\"textbox\";i:9;s:7:\"textbox\";i:10;s:7:\"textbox\";i:11;s:7:\"textbox\";i:12;s:8:\"textarea\";}s:9:\"seloption\";a:13:{i:0;s:1:\"0\";i:1;s:1:\"0\";i:2;s:1:\"0\";i:3;s:1:\"0\";i:4;s:1:\"0\";i:5;s:1:\"0\";i:6;s:1:\"0\";i:7;s:1:\"0\";i:8;s:1:\"0\";i:9;s:1:\"0\";i:10;s:1:\"0\";i:11;s:1:\"0\";i:12;s:1:\"0\";}s:14:\"step2_numfield\";s:2:\"13\";}', 'a:2:{s:5:\"reset\";a:1:{s:5:\"label\";s:9:\"##Clear##\";}s:6:\"submit\";a:1:{s:5:\"label\";s:8:\"##Send##\";}}', '', '', 'Comment from website', 'Thank you.', '', 'width=\"95%\" bgcolor=\"#FFFFFF\" align=\"center\" cellspacing=\"1\" cellpadding=\"3\"  style=\"color:#000000;text-align:left;\"|#FFE3EF|#F9CBDE');
REPLACE INTO `rvs_picture` (`picture_id`, `picture_name`) VALUES ('149', 'communication');
REPLACE INTO `rvs_head` (`project_id`, `project_page_id`, `head_tag_data`) VALUES ('a7ec09dce63b814be39611d58a2e3078', '0', '');
REPLACE INTO `rvs_project` (`project_id`, `project_info_id`, `rvs_usr_id`, `project_name`, `project_directory`, `utf8format`, `project_footer`) VALUES ('a7ec09dce63b814be39611d58a2e3078', 'c5ce23cb7f986698d9710a27d5368e2d', 'e966db2ccb35862561fc85127de800e5', 'koperat', '', '1', NULL);
REPLACE INTO `rvs_project_info` (`project_info_id`, `template_item_id`, `font_id`, `navigator_id`, `rvs_category_id`, `charset_id`, `project_company`, `project_slogan`, `project_logo`, `project_title`, `project_keyword`, `project_description`, `project_domain`, `check_step`, `effect_site_enter`, `duration_site_enter`, `last_update`, `layout_template_id`, `i_pathway`, `i_mail`, `i_print`, `i_favorite`, `no_slogan`, `no_company_name`, `navigator_name_id`, `is_member_page`) VALUES ('c5ce23cb7f986698d9710a27d5368e2d', '772367ea1fbd2f5e826c969d47dad299', '12', '5823dacfb9bf53cf804e2d12df8e3bf5', '11', '17', '<div><strong>KONSORTIUM PERUMAHAN RAKYAT TERENGGANU SDN. BHD.</strong></div>', '<div><strong>&quot; Kediaman Selesa Komuniti Bahagia &quot;</strong></div>', 'LOGO.jpg', 'Konsortium Perumahan Rakyat Terengganu Sdn. Bhd.', 'rumah murah, rumah murah terenggganu, rumah mampu milik, rumah mampu milik terengganu, koperat, konsortium', '', 'koperat.com.my', '4', NULL, '1', '1542871825', '9', '1', '1', '1', '1', '0', '0', '25', '0');
REPLACE INTO `rvs_project_layout_page` (`project_id`, `project_page_id`, `parent_project_page_id`, `priority`, `is_home`) VALUES ('a7ec09dce63b814be39611d58a2e3078', 'e98492290675a2966e2347ff6c669d4b', '0', '1', '1');
REPLACE INTO `rvs_project_layout_page` (`project_id`, `project_page_id`, `parent_project_page_id`, `priority`, `is_home`) VALUES ('a7ec09dce63b814be39611d58a2e3078', '36deaf868855b72ec5c2e891cec49f14', '0', '3', '0');
REPLACE INTO `rvs_project_layout_page` (`project_id`, `project_page_id`, `parent_project_page_id`, `priority`, `is_home`) VALUES ('a7ec09dce63b814be39611d58a2e3078', 'd8af1861fae2dad31263d20c70155c1f', '0', '4', '0');
REPLACE INTO `rvs_project_layout_page` (`project_id`, `project_page_id`, `parent_project_page_id`, `priority`, `is_home`) VALUES ('a7ec09dce63b814be39611d58a2e3078', 'fe1bccadb9c004ffdd04219a6897c8ae', '0', '6', '0');
REPLACE INTO `rvs_project_layout_page` (`project_id`, `project_page_id`, `parent_project_page_id`, `priority`, `is_home`) VALUES ('a7ec09dce63b814be39611d58a2e3078', '9644ac37ec50ae59f5f0f5aae45c9bef', '0', '5', '0');
REPLACE INTO `rvs_project_layout_page` (`project_id`, `project_page_id`, `parent_project_page_id`, `priority`, `is_home`) VALUES ('a7ec09dce63b814be39611d58a2e3078', 'cd200c72585312def6b9135ed7bf2b56', '0', '7', '0');
REPLACE INTO `rvs_project_layout_page` (`project_id`, `project_page_id`, `parent_project_page_id`, `priority`, `is_home`) VALUES ('a7ec09dce63b814be39611d58a2e3078', 'd056e900756dbaf4445915107453bf63', '0', '2', '0');
REPLACE INTO `rvs_project_layout_page` (`project_id`, `project_page_id`, `parent_project_page_id`, `priority`, `is_home`) VALUES ('a7ec09dce63b814be39611d58a2e3078', 'b4dd2c8f821962357c3090c091bb517f', 'd056e900756dbaf4445915107453bf63', '1', '0');
REPLACE INTO `rvs_project_layout_page` (`project_id`, `project_page_id`, `parent_project_page_id`, `priority`, `is_home`) VALUES ('a7ec09dce63b814be39611d58a2e3078', 'a0b92fa0d9b8af34f9f43de841e80146', 'd056e900756dbaf4445915107453bf63', '2', '0');
REPLACE INTO `rvs_project_layout_page` (`project_id`, `project_page_id`, `parent_project_page_id`, `priority`, `is_home`) VALUES ('a7ec09dce63b814be39611d58a2e3078', 'ff62bcbe0344d4ec7d7dbda9ff383186', 'd056e900756dbaf4445915107453bf63', '3', '0');
REPLACE INTO `rvs_project_layout_page` (`project_id`, `project_page_id`, `parent_project_page_id`, `priority`, `is_home`) VALUES ('a7ec09dce63b814be39611d58a2e3078', '41834e3e790908a10ff872a5b95234b4', 'd056e900756dbaf4445915107453bf63', '4', '0');
REPLACE INTO `rvs_project_layout_page` (`project_id`, `project_page_id`, `parent_project_page_id`, `priority`, `is_home`) VALUES ('a7ec09dce63b814be39611d58a2e3078', '3608b8584ea7cd8bdb044c229f85e392', 'd8af1861fae2dad31263d20c70155c1f', '1', '0');
REPLACE INTO `rvs_project_layout_page` (`project_id`, `project_page_id`, `parent_project_page_id`, `priority`, `is_home`) VALUES ('a7ec09dce63b814be39611d58a2e3078', 'b0db060f4bddb67c0408579382845f35', 'd8af1861fae2dad31263d20c70155c1f', '2', '0');
REPLACE INTO `rvs_project_layout_page` (`project_id`, `project_page_id`, `parent_project_page_id`, `priority`, `is_home`) VALUES ('a7ec09dce63b814be39611d58a2e3078', '26ce2785d7144e6eed0efa3a13d7f373', '0', '9', '0');
REPLACE INTO `rvs_project_page` (`project_page_id`, `rvs_usr_id`, `page_name`, `custom_page_name`, `rvs_component_id`, `page_data`, `page_data_zone_2`, `page_data_zone_3`, `page_data_zone_4`, `colume_width_1`, `colume_width_2`, `colume_width_3`, `rvs_layout_id`, `head`, `page_title`, `meta_keyword`, `meta_description`, `effect_page_enter`, `duration_page_enter`, `meta_page_effect`, `rvs_link_id`, `target`, `form_template_id`, `i_pathway`, `i_mail`, `i_print`, `i_favorite`, `last_modifier`, `link_active`, `page_type`, `blank_page`, `set_draft`, `is_member_page`) VALUES ('e98492290675a2966e2347ff6c669d4b', 'e966db2ccb35862561fc85127de800e5', 'LAMAN UTAMA', '', '0', '<div align=\"center\">\r\n<table class=\"rvFrame\" width=\"764\" height=\"350\" cellspacing=\"1\" cellpadding=\"1\">\r\n<tbody>\r\n<tr>\r\n<td class=\"tdSolid\" valign=\"top\" align=\"left\">\r\n<div class=\"dashView\">\r\n<table width=\"730\" height=\"325\" cellspacing=\"0\" cellpadding=\"8\" bgcolor=\"#f0f0f0\">\r\n<tbody>\r\n<tr align=\"center\">\r\n<td colspan=\"2\" style=\"padding: 5px 0\" valign=\"top\">\r\n<h2 style=\"margin: 2px; font-size: 1.3em\"><u>KONSORTIUM PERUMAHAN RAKYAT TERENGGANU SDN. BHD.</u></h2></td></tr>\r\n<tr>\r\n<td valign=\"top\">\r\n<div><a href=\"d8af1861fae2dad31263d20c70155c1f.php\" title=\"\"><object width=\"189\" height=\"149\" classid=\"clsid:D27CDB6E-AE6D-11cf-96B8-444553540000\" codebase=\"https://download.macromedia.com/pub/shockwave/cabs/flash/swflash.cab#version=4,0,0,0\" title=\"\" border=\"0\">\r\n<param name=\"scale\" value=\"showall\" />\r\n<param name=\"bgcolor\" value=\"\" />\r\n<param name=\"wmode\" value=\"opaque\" />\r\n<param name=\"flashvars\" value=\"\" />\r\n<param name=\"movie\" value=\"{MEDIA_URL}/gambarbaru.swf\" />\r\n<param name=\"quality\" value=\"high\" /><embed width=\"189\" height=\"149\" scale=\"showall\" wmode=\"transparent\" quality=\"high\" src=\"{MEDIA_URL}/gambarbaru.swf\" pluginspage=\"https://www.macromedia.com/go/getflashplayer\" type=\"application/x-shockwave-flash\"></embed></object></a></div></td>\r\n<td width=\"99%\" valign=\"top\" align=\"justify\">\r\n<div><span>Syarikat diberi tanggungjawab oleh\r\nKerajaan Negeri bagi mengatur beberapa strategi ke arah memenuhi\r\nkeperluan perumahan yang dianggarkan sebanyak 10,000 unit. Langkah ini\r\namat perlu diberi pertimbangan sewajarnya memandangkan keperluan\r\nterhadap kemudahan perumahan kian memuncak khususnya untuk memenuhi\r\nkeperluan golongan yang berpendapatan rendah.</span></div>\r\n<div><span>&nbsp;</span></div>\r\n<div><span>Namun demikian memandangkan program\r\nperumahan kos rendah ini merupakan projek yang tidak membawa pulangan\r\nyang tinggi, maka didapati penyertaan Pemaju dalam projek ini amatlah\r\nmengecewakan.</span><span> <br />\r\n</span></div></td></tr>\r\n<tr>\r\n<td colspan=\"2\" style=\"padding: 5px\" valign=\"top\" align=\"left\">\r\n<div>\r\n<div align=\"justify\"><span></span></div>\r\n<div align=\"justify\"><span>Jesturu itu pihak\r\nKerajaan Negeri telah mencadang penubuhan sebuah konsortium yang mana\r\nini merupakan salah satu strategi yang difikirkan dapat mempercepatkan\r\npelaksanaan program perumahan tersebut.</span></div>\r\n<div align=\"justify\"><font style=\"font-size: larger\">&nbsp;</font></div>\r\n<div align=\"justify\"><span>Ini adalah hasil\r\ndaripada gabungan segala keupayaan dan kepakaran yang ada dikalangan\r\nbeberapa Anak Syarikat Kerajaan Negeri yang akan mengendalikan\r\nkerja-kerja perlaksanaan tersebut.</span></div>\r\n<div align=\"justify\"><span>&nbsp;</span></div>\r\n<div align=\"justify\">\r\n<div><span>Oleh itu, tertubuhnya <strong>KONSORTIUM PERUMAHAN RAKYAT TERENGGANU SDN. BHD.</strong> atau lebih dikenali dengan nama <strong>KOPERAT</strong> pada 10hb Jun, 1996 di dalam usaha merealisasikan cadangan tersebut. </span></div></div></div></td></tr></tbody></table></div></td></tr>\r\n<tr>\r\n<td class=\"tdSolid\" valign=\"top\" align=\"left\">\r\n<div class=\"dashView\">&nbsp;</div></td></tr></tbody></table></div>', '<div align=\"center\">\r\n<table class=\"rvFrame\" width=\"757\" height=\"529\" cellspacing=\"1\" cellpadding=\"1\">\r\n<tbody>\r\n<tr align=\"center\">\r\n<td class=\"tdSolid\" valign=\"top\">\r\n<div class=\"dashView\">\r\n<h2 style=\"margin: 2px; font-size: 1.3em\"><font style=\"font-size: medium\">&nbsp;</font><u><strong><font style=\"font-size: medium\">PROJEK TERKINI</font></strong></u></h2></div></td></tr>\r\n<tr>\r\n<td class=\"tdSolid\" valign=\"top\" align=\"left\">\r\n<div class=\"dashView\">\r\n<div>\r\n<div>&nbsp;</div></div>\r\n<div>\r\n<div>&nbsp;</div></div>\r\n<div align=\"center\">\r\n<div><a href=\"33c36e690064123fde93b1fd664a6e07.php\" title=\"\"></a></div></div>\r\n<div>\r\n<div></div></div>\r\n<div>\r\n<div>&nbsp;</div></div>\r\n<div>\r\n<div></div></div>\r\n<div></div>\r\n<div><a></a></div>\r\n<div></div>\r\n<div></div>\r\n<table style=\"border-collapse: collapse\" width=\"729\" height=\"492\" cellspacing=\"0\" cellpadding=\"3\" bordercolor=\"#000000\" border=\"1\" bgcolor=\"#f0f0f0\">\r\n<tbody>\r\n<tr valign=\"top\">\r\n<td>\r\n<div>&nbsp;&nbsp;\r\n<div>\r\n<div><a href=\"e874d2ecc0b7869fb5d6da560e804256.php\" title=\"\"><img alt=\"\" title=\"\" src=\"{IMAGE_URL}/2LIGHT.jpg\" width=\"241\" height=\"164\" border=\"0\" /></a></div></div>\r\n<h2 style=\"margin: 2px; font-size: 1.3em\" align=\"center\"><a href=\"1a00c688585e0515533775146b1fb1ca.php\" title=\"\"><u></u></a></h2></div></td>\r\n<td>\r\n<div>&nbsp;</div></td>\r\n<td>\r\n<div>\r\n<div></div>\r\n<div>\r\n<div>&nbsp;\r\n<div>&nbsp;</div>\r\n<div><strong>TAMAN KOPERAT PERADONG, FASA 1D </strong></div>\r\n<div>&nbsp;</div>\r\n<div>&nbsp;LOKASI : <strong>BANGGOL PERADONG, MANIR</strong></div>\r\n<div>&nbsp;</div>\r\n<div>&nbsp;JENIS HARTANAH : <strong>RUMAH BERKEMBAR 1 LAPIS</strong></div>\r\n<div>&nbsp;</div>\r\n<div>&nbsp;STATUS : <strong><font style=\"font-size: larger\">DIBUKA JUALAN</font><br />\r\n</strong></div>\r\n<div>\r\n<div>&nbsp;</div></div>\r\n<div>\r\n<div>\r\n<div><font style=\"font-size: larger\" color=\"#ff0055\">&nbsp;<strong>&nbsp; &nbsp;&nbsp; 2 KEKOSONGAN</strong></font></div><strong>&nbsp;</strong><br />\r\n<h2 style=\"margin: 2px; font-size: 1.3em\">\r\n<div><span><a href=\"e874d2ecc0b7869fb5d6da560e804256.php\" title=\"\">KLIK di Sini</a> untuk keterangan.</span></div></h2></div></div>\r\n<h2 style=\"margin: 2px; font-size: 1.3em\">\r\n<div><span></span></div></h2></div></div>\r\n<div>\r\n<div>\r\n<div>\r\n<div>\r\n<h2 style=\"margin: 2px; font-size: 1.3em\">\r\n<div><span>&nbsp;</span></div></h2></div></div></div></div>\r\n<h2 style=\"margin: 2px; font-size: 1.3em\">\r\n<div><span></span></div></h2></div></td></tr>\r\n<tr valign=\"top\">\r\n<td align=\"center\">\r\n<div><a target=\"_blank\" href=\"298eaa7b2a0353cdcfd12f4be456c917.php\" title=\"\"><u><strong><span>ISI BORANG DALAM TALIAN</span></strong></u></a></div></td>\r\n<td>\r\n<div>&nbsp;</div></td>\r\n<td>\r\n<div>&nbsp;</div></td></tr>\r\n<tr valign=\"top\">\r\n<td align=\"center\">\r\n<div><strong>&nbsp;<strong><a href=\"http://more.sh/h2MQRk\" title=\"\" target=\"_blank\"><strong>MUAT TURUN BROSUR &amp; BORANG</strong></a></strong></strong> </div></td>\r\n<td>\r\n<div>&nbsp;</div></td>\r\n<td>\r\n<div>&nbsp;</div></td></tr>\r\n<tr valign=\"top\">\r\n<td align=\"center\">\r\n<div>\r\n<div><strong><a target=\"_blank\" href=\"http://www.ziddu.com/download/21780343/PermohonanBKuang3av3.pdf.html\" title=\"\"></a></strong></div></div><br />\r\n</td>\r\n<td>\r\n<div>&nbsp;</div></td>\r\n<td>\r\n<div align=\"right\">&nbsp;<u><font size=\"2\"><strong><a href=\"#\" class=\"btnlink\">Ke Atas</a></strong></font></u></div></td></tr>\r\n<tr valign=\"top\">\r\n<td>\r\n<div>\r\n<div style=\"margin: 2px; font-size: 1.3em\"><span></span></div>\r\n<div>\r\n<div>&nbsp;\r\n<div>\r\n<div>\r\n<div>&nbsp;<a href=\"f80074e43466efbc1d4d592607a9f5d7.php\" title=\"\"><img alt=\"\" title=\"\" src=\"{IMAGE_URL}/2LIGHT.jpg\" width=\"241\" height=\"164\" border=\"0\" /></a>\r\n<div>&nbsp;</div>\r\n<div>&nbsp;</div></div></div></div></div></div>\r\n<h2 style=\"margin: 2px; font-size: 1.3em\" align=\"center\"><a href=\"fc709fb0f54a5cf1582071e3376e7f09.php\" title=\"\"><u></u></a></h2></div></td>\r\n<td>\r\n<div>&nbsp;</div></td>\r\n<td>\r\n<div>\r\n<h2 style=\"margin: 2px; font-size: 1.3em\"></h2>\r\n<div></div>\r\n<div>&nbsp;</div>\r\n<div>\r\n<div>&nbsp;<strong>TAMAN KOPERAT PERADONG, FASA 1E </strong></div>\r\n<div>&nbsp;</div>\r\n<div>&nbsp;LOKASI : <strong>BANGGOL PERADONG, MANIR</strong></div>\r\n<div>&nbsp;</div>\r\n<div>&nbsp;JENIS HARTANAH : <strong>RUMAH BERKEMBAR 1 LAPIS</strong></div>\r\n<div>&nbsp;</div>\r\n<div>&nbsp;STATUS : <strong><font style=\"font-size: larger\">DIBUKA JUALAN</font><br />\r\n</strong></div>\r\n<div>\r\n<div>&nbsp;</div></div>\r\n<div>\r\n<div>\r\n<div><font style=\"font-size: larger\" color=\"#ff0055\">&nbsp;<strong>&nbsp; &nbsp;&nbsp; 14 KEKOSONGAN</strong></font></div><strong>&nbsp;</strong><br />\r\n<h2 style=\"margin: 2px; font-size: 1.3em\">\r\n<div><span><a href=\"f80074e43466efbc1d4d592607a9f5d7.php\" title=\"\">KLIK di Sini</a> untuk keterangan.</span></div></h2>\r\n<div>\r\n<div>\r\n<div>\r\n<div>\r\n<h2 style=\"margin: 2px; font-size: 1.3em\">\r\n<div><span>&nbsp;</span></div></h2></div></div></div></div></div></div></div>\r\n<div>\r\n<div>\r\n<h2 style=\"margin: 2px; font-size: 1.3em\">\r\n<div><span></span></div></h2></div></div></div></td></tr>\r\n<tr valign=\"top\">\r\n<td align=\"center\">\r\n<div><a target=\"_blank\" href=\"9b6785bbc1ef3e1e02083bbce4768958.php\" title=\"\"><u><strong><span>ISI BORANG DALAM TALIAN</span></strong></u></a></div></td>\r\n<td>\r\n<div>&nbsp;</div></td>\r\n<td align=\"right\">\r\n<div>&nbsp;</div></td></tr>\r\n<tr valign=\"top\">\r\n<td align=\"center\">\r\n<div><a href=\"http://more.sh/aFJGod\" title=\"\" target=\"_blank\"><strong>MUAT TURUN BROSUR &amp; BORANG</strong></a></div></td>\r\n<td>\r\n<div>&nbsp;</div></td>\r\n<td align=\"right\"><br />\r\n</td></tr>\r\n<tr valign=\"top\">\r\n<td>\r\n<div>&nbsp;</div></td>\r\n<td>\r\n<div>&nbsp;</div></td>\r\n<td align=\"right\">\r\n<div>&nbsp;<u><font size=\"2\"><strong><a href=\"#\" class=\"btnlink\">Ke Atas</a></strong></font></u></div></td></tr>\r\n<tr valign=\"top\">\r\n<td align=\"left\">\r\n<div>\r\n<div>&nbsp;<u><strong> </strong></u></div>\r\n<div>&nbsp;</div>\r\n<div>&nbsp;<a href=\"38a70ae64c54e4e43fa4f28f55505d6a.php\" title=\"\"><img alt=\"\" title=\"\" src=\"{IMAGE_URL}/2-SIAPPPPP2.jpg\" width=\"247\" height=\"151\" border=\"0\" /></a><br />\r\n</div><br />\r\n<a href=\"38a70ae64c54e4e43fa4f28f55505d6a.php\" title=\"\"><strong></strong></a></div></td>\r\n<td>\r\n<div>&nbsp;</div></td>\r\n<td align=\"left\">\r\n<div>\r\n<div>&nbsp;&nbsp;\r\n<div>\r\n<div>&nbsp;<strong>TAMAN RAKYAT BISTARI, FASA 3B </strong></div>\r\n<div><strong>&nbsp;</strong></div></div>\r\n<div>\r\n<div>&nbsp;LOKASI : <strong>BUKIT KUANG, KEMAMAN</strong></div>\r\n<div>&nbsp;</div>\r\n<div>&nbsp;JENIS HARTANAH : <strong>RUMAH TERES 1 TINGKAT</strong></div>\r\n<div>&nbsp;</div>\r\n<div>&nbsp;STATUS : <strong><font style=\"font-size: larger\">DIBUKA JUALAN</font><br />\r\n</strong>\r\n<div>\r\n<div>&nbsp;</div></div>\r\n<div>\r\n<div>\r\n<div><font style=\"font-size: larger\" color=\"#ff0055\">&nbsp;<strong>&nbsp; &nbsp;&nbsp; 6 KEKOSONGAN <br />\r\n</strong></font></div><strong>&nbsp;</strong><br />\r\n<h2 style=\"margin: 2px; font-size: 1.3em\">\r\n<div><span><a href=\"38a70ae64c54e4e43fa4f28f55505d6a.php\" title=\"\">KLIK di Sini</a> untuk keterangan.</span></div></h2>\r\n<div>\r\n<div>\r\n<div>\r\n<div>\r\n<h2 style=\"margin: 2px; font-size: 1.3em\">\r\n<div><span>&nbsp;</span></div></h2></div></div></div></div></div></div></div></div></div></div></td></tr>\r\n<tr valign=\"top\">\r\n<td align=\"center\">\r\n<div><a href=\"6f99b9e05c49214cd307806a76e9aab6.php\" title=\"\" target=\"_blank\"><font color=\"#9440bf\"><u><strong>ISI BORANG DALAM TALIAN</strong></u></font></a></div></td>\r\n<td>\r\n<div>&nbsp;</div></td>\r\n<td align=\"right\">\r\n<div>&nbsp;</div></td></tr>\r\n<tr valign=\"top\">\r\n<td align=\"center\">\r\n<div><a href=\"http://more.sh/dd4VS4\" title=\"\" target=\"_blank\"><strong><font color=\"#9440bf\">MUAT TURUN BROSUR &amp; BORANG</font></strong></a></div></td>\r\n<td>\r\n<div>&nbsp;</div></td>\r\n<td align=\"right\">\r\n<div>&nbsp;</div></td></tr>\r\n<tr valign=\"top\">\r\n<td>\r\n<div>&nbsp;</div></td>\r\n<td>\r\n<div>&nbsp;</div></td>\r\n<td align=\"right\">\r\n<div>&nbsp;<u><font size=\"2\"><strong><a href=\"#\" class=\"btnlink\">Ke Atas</a></strong></font></u></div></td></tr>\r\n<tr valign=\"top\">\r\n<td align=\"left\">\r\n<div>\r\n<div>\r\n<div>&nbsp; </div>\r\n<div>&nbsp;<a href=\"7e977f2cd2a6a2292d270dc55755987a.php\" title=\"\"><img alt=\"\" title=\"\" src=\"{IMAGE_URL}/SEMI-D4btrbkmn.jpg\" width=\"247\" height=\"165\" border=\"0\" /></a><br />\r\n</div>\r\n<div>\r\n<div>&nbsp;</div></div><a href=\"064b18139b76be58367afcee2adb6cdf.php\" title=\"\"><strong></strong></a> </div></div></td>\r\n<td>\r\n<div>&nbsp;</div></td>\r\n<td align=\"left\">\r\n<div>&nbsp;</div>\r\n<div>&nbsp;<strong>TAMAN RAKYAT BISTARI, FASA 4B-RB </strong></div>\r\n<div><strong>&nbsp;</strong></div>\r\n<div>\r\n<div>\r\n<div>&nbsp;LOKASI : <strong>BUKIT KUANG, KEMAMAN</strong></div>\r\n<div>&nbsp;</div>\r\n<div>&nbsp;JENIS HARTANAH : <strong>RUMAH BERKEMBAR 1 TINGKAT</strong></div>\r\n<div>&nbsp;</div>\r\n<div>&nbsp;STATUS :  <strong><font style=\"font-size: larger\">DIBUKA JUALAN</font><br />\r\n</strong>\r\n<div>\r\n<div>&nbsp;</div></div>\r\n<div>\r\n<div>\r\n<div><font style=\"font-size: larger\" color=\"#ff0055\">&nbsp;<strong>&nbsp;&nbsp;&nbsp;&nbsp; 22 KEKOSONGAN</strong></font></div><strong>&nbsp;</strong><br />\r\n<h2 style=\"margin: 2px; font-size: 1.3em\">\r\n<div><span><a href=\"7e977f2cd2a6a2292d270dc55755987a.php\" title=\"\">KLIK di Sini</a> untuk keterangan.</span></div></h2>\r\n<div>\r\n<div>\r\n<div>\r\n<div>\r\n<h2 style=\"margin: 2px; font-size: 1.3em\">\r\n<div><span>&nbsp;</span></div></h2></div></div></div></div></div></div></div></div></div></td></tr>\r\n<tr valign=\"top\">\r\n<td align=\"center\">\r\n<div><a target=\"_blank\" title=\"\" href=\"29c1898db5db626c3abfe60aebbf1fa5.php\"><strong>ISI BORANG DALAM TALIAN</strong></a></div></td>\r\n<td>\r\n<div>&nbsp;</div></td>\r\n<td align=\"left\">\r\n<div>&nbsp;</div></td></tr>\r\n<tr valign=\"top\">\r\n<td align=\"center\"><strong>MUAT TURUN BROSUR &amp; BORANG</strong><br />\r\n</td>\r\n<td>\r\n<div>&nbsp;</div></td>\r\n<td align=\"left\">\r\n<div>&nbsp;</div></td></tr>\r\n<tr valign=\"top\">\r\n<td align=\"center\"><br />\r\n</td>\r\n<td>\r\n<div>&nbsp;</div></td>\r\n<td align=\"left\">\r\n<div align=\"right\">&nbsp;<u><font size=\"2\"><strong><a href=\"#\" class=\"btnlink\">Ke Atas</a></strong></font></u></div></td></tr>\r\n<tr valign=\"top\">\r\n<td>\r\n<div>\r\n<div>&nbsp;</div></div>\r\n<div>\r\n<div><a title=\"\" href=\"76c1eefa62254a9b079431a71ded75e0.php\"><img alt=\"\" title=\"\" src=\"{IMAGE_URL}/BANGLO24btrbkmn.jpg\" width=\"247\" height=\"165\" border=\"0\" /></a><br />\r\n</div></div>\r\n<div>\r\n<div>&nbsp;</div></div></td>\r\n<td>\r\n<div>&nbsp;</div></td>\r\n<td align=\"right\">\r\n<div>\r\n<div></div>\r\n<div align=\"left\">&nbsp;</div>\r\n<div align=\"left\">&nbsp;<strong>TAMAN RAKYAT BISTARI, FASA 4B-B </strong></div>\r\n<div align=\"left\"><strong>&nbsp;</strong></div>\r\n<div align=\"left\">\r\n<div>\r\n<div>&nbsp;LOKASI : <strong>BUKIT KUANG, KEMAMAN</strong></div>\r\n<div>&nbsp;</div>\r\n<div>&nbsp;JENIS HARTANAH : <strong>RUMAH BANGLO 1 TINGKAT</strong></div>\r\n<div>&nbsp;</div>\r\n<div>&nbsp;STATUS :  <strong><font style=\"font-size: larger\">DIBUKA JUALAN</font><br />\r\n</strong>\r\n<div>\r\n<div>&nbsp;</div></div>\r\n<div>\r\n<div>\r\n<div><font style=\"font-size: larger\" color=\"#ff0055\">&nbsp;<strong>&nbsp; &nbsp; &nbsp;1 KEKOSONGAN</strong></font></div><strong>&nbsp;</strong><br />\r\n<h2 style=\"margin: 2px; font-size: 1.3em\">\r\n<div><span><a href=\"76c1eefa62254a9b079431a71ded75e0.php\" title=\"\">KLIK di Sini</a> untuk keterangan.</span></div>\r\n<div><span>&nbsp;</span></div></h2></div></div></div></div></div></div></td></tr>\r\n<tr valign=\"top\">\r\n<td align=\"center\">\r\n<div><a target=\"_blank\" title=\"\" href=\"318a4fdd25d7a551ac51d3b70997ffd1.php\"><strong>ISI BORANG DALAM TALIAN</strong></a></div></td>\r\n<td>\r\n<div>&nbsp;</div></td>\r\n<td align=\"right\">\r\n<div>&nbsp;</div></td></tr>\r\n<tr valign=\"top\">\r\n<td align=\"center\">\r\n<div><strong>MUAT TURUN BROSUR &amp; BORANG</strong></div></td>\r\n<td>\r\n<div>&nbsp;</div></td>\r\n<td align=\"right\">\r\n<div>&nbsp;</div></td></tr>\r\n<tr valign=\"top\">\r\n<td>\r\n<div>&nbsp;</div></td>\r\n<td>\r\n<div>&nbsp;</div></td>\r\n<td align=\"right\">\r\n<div>&nbsp;<u><font size=\"2\"><strong><a href=\"#\" class=\"btnlink\">Ke Atas</a></strong></font></u></div></td></tr>\r\n<tr valign=\"top\">\r\n<td>\r\n<div>\r\n<div></div></div>\r\n<div>\r\n<div>&nbsp;</div>\r\n<div>&nbsp;<a href=\"51da60d4d9a9e27c264564fc37f2754f.php\" title=\"\"><img alt=\"\" title=\"\" src=\"{IMAGE_URL}/k1.jpg\" width=\"247\" height=\"105\" border=\"0\" /></a><br />\r\n</div>\r\n<div>\r\n<div>&nbsp;</div></div><a href=\"1b3b3584ef0f755cb061a74cd03a2c3a.php\" title=\"\"><strong></strong></a> </div>\r\n<div>\r\n<div></div></div>\r\n<div>\r\n<div><a href=\"4cea5f385ab66f4e2702a6f86804ea0e.php\" title=\"\"></a></div></div></td>\r\n<td>\r\n<div>&nbsp;</div></td>\r\n<td align=\"left\">\r\n<div>\r\n<div></div>\r\n<div></div>\r\n<div>\r\n<div>&nbsp;</div></div>\r\n<div>\r\n<div>&nbsp;<strong>TAMAN RAKYAT BISTARI, FASA 5A-KP </strong></div>\r\n<div><strong>&nbsp;</strong></div></div>\r\n<div>\r\n<div>&nbsp;LOKASI : <strong>BUKIT KUANG, KEMAMAN</strong></div>\r\n<div>&nbsp;</div>\r\n<div>&nbsp;JENIS HARTANAH : <strong>6 KEDAI 1T &amp; 4 KEDAI PEJABAT 2T<br />\r\n</strong></div>\r\n<div>&nbsp;</div>\r\n<div>&nbsp;STATUS :  <strong><font style=\"font-size: larger\">DIBUKA JUALAN</font><br />\r\n</strong>\r\n<div>\r\n<div>&nbsp;</div></div>\r\n<div>\r\n<div>\r\n<div><font style=\"font-size: larger\" color=\"#ff0055\">&nbsp;<strong>&nbsp; &nbsp; &nbsp;8 KEKOSONGAN</strong></font></div><strong>&nbsp;</strong><br />\r\n<h2 style=\"margin: 2px; font-size: 1.3em\">\r\n<div><span><a href=\"51da60d4d9a9e27c264564fc37f2754f.php\" title=\"\">KLIK di Sini</a> untuk keterangan.</span></div></h2>\r\n<div>\r\n<div>\r\n<div>\r\n<div>\r\n<h2 style=\"margin: 2px; font-size: 1.3em\">\r\n<div><span>&nbsp;</span></div></h2></div></div></div></div></div></div></div></div>\r\n<div>\r\n<div>\r\n<h2 style=\"margin: 2px; font-size: 1.3em\">\r\n<div><span></span></div></h2></div></div></div></td></tr>\r\n<tr valign=\"top\">\r\n<td align=\"center\">\r\n<div><a target=\"_blank\" title=\"\" href=\"3958a412bab18fa9f153e4faf518045e.php\"><font color=\"#9440bf\"><u><strong>ISI BORANG DALAM TALIAN</strong></u></font></a></div></td>\r\n<td>\r\n<div>&nbsp;</div></td>\r\n<td align=\"right\">\r\n<div>&nbsp;</div></td></tr>\r\n<tr valign=\"top\">\r\n<td>\r\n<div align=\"center\"><strong><font color=\"#9440bf\">MUAT TURUN BROSUR &amp; BORANG</font></strong></div></td>\r\n<td>\r\n<div>&nbsp;</div></td>\r\n<td align=\"right\">\r\n<div>&nbsp;</div></td></tr>\r\n<tr valign=\"top\">\r\n<td>\r\n<div>\r\n<div></div></div>\r\n<div>\r\n<div>&nbsp;</div></div></td>\r\n<td>\r\n<div>&nbsp;</div></td>\r\n<td align=\"right\">\r\n<div>\r\n<div>\r\n<div align=\"left\"></div>\r\n<h2 style=\"margin: 2px; font-size: 1.3em\" align=\"left\">\r\n<div><span></span></div></h2></div>&nbsp;</div></td></tr>\r\n<tr valign=\"top\">\r\n<td>\r\n<div>&nbsp;</div></td>\r\n<td>\r\n<div>&nbsp;</div></td>\r\n<td align=\"right\">\r\n<div>&nbsp;<u><font size=\"2\"><strong><a href=\"#\" class=\"btnlink\">Ke Atas</a></strong></font></u></div></td></tr>\r\n<tr valign=\"top\">\r\n<td>\r\n<div>&nbsp;</div></td>\r\n<td>\r\n<div>&nbsp;</div></td>\r\n<td>\r\n<div>\r\n<h2 style=\"margin: 2px; font-size: 1.3em\">\r\n<div><a href=\"d8af1861fae2dad31263d20c70155c1f.php\" title=\"\"><span>KLIK di Sini untuk keseluruhan Projek.</span></a></div></h2></div></td></tr></tbody></table></div></td></tr></tbody></table></div>', '<div>\r\n<div align=\"center\">\r\n<table width=\"730\" height=\"300\" cellspacing=\"0\" cellpadding=\"0\">\r\n<tbody>\r\n<tr align=\"center\">\r\n<td valign=\"top\">\r\n<h2><u>PROJEK SEMASA</u></h2></td></tr>\r\n<tr>\r\n<td valign=\"top\" align=\"left\">\r\n<table width=\"741\" height=\"277\" cellspacing=\"0\" cellpadding=\"3\">\r\n<tbody>\r\n<tr>\r\n<td width=\"33%\" valign=\"top\" align=\"left\"><a href=\"428bff34d4142fdc8280092be5baff29.php\" title=\"\"><img title=\"\" src=\"{IMAGE_URL}/NEWTERES1NOV2011.jpg\" alt=\"\" width=\"228\" height=\"179\" border=\"0\" /></a>\r\n<div align=\"center\"><a href=\"428bff34d4142fdc8280092be5baff29.php\" title=\"\"><u>TAMAN KOPERAT PERADONG,</u></a></div><a href=\"186bf122d32241f3d41c9b8c3acfff38.php\" title=\"\"></a>\r\n<div align=\"center\"><a href=\"428bff34d4142fdc8280092be5baff29.php\" title=\"\"><u>BANGGOL PERADONG, MANIR,</u></a></div><a href=\"186bf122d32241f3d41c9b8c3acfff38.php\" title=\"\"></a>\r\n<div align=\"center\"><a href=\"428bff34d4142fdc8280092be5baff29.php\" title=\"\"><u>KUALA TERENGGANU</u></a></div></td>\r\n<td width=\"33%\" valign=\"top\" align=\"left\"><a href=\"84bbbdf82535d0b77e1e6ac249a40bc0.php\" title=\"\"><img title=\"\" src=\"{IMAGE_URL}/3A.png\" alt=\"\" width=\"228\" height=\"179\" border=\"0\" /></a>\r\n<div align=\"center\"><a href=\"84bbbdf82535d0b77e1e6ac249a40bc0.php\" title=\"\"><u>TAMAN RAKYAT BISTARI, </u></a></div><a href=\"84bbbdf82535d0b77e1e6ac249a40bc0.php\" title=\"\"></a>\r\n<div align=\"center\"><a href=\"84bbbdf82535d0b77e1e6ac249a40bc0.php\" title=\"\"><u>BUKIT KUANG, KEMAMAN</u></a></div></td>\r\n<td width=\"33%\" valign=\"top\" align=\"left\"><a href=\"1f57a4e8a81a2507530b50756e1fe057.php\" title=\"\"><img title=\"\" src=\"{IMAGE_URL}/kondo7asal.jpg\" alt=\"\" width=\"234\" height=\"181\" border=\"0\" /></a>\r\n<div align=\"center\"><a href=\"1f57a4e8a81a2507530b50756e1fe057.php\" title=\"\"><u>TAMAN PUNCAK KEMAJUAN,</u></a></div><a href=\"1f57a4e8a81a2507530b50756e1fe057.php\" title=\"\"></a>\r\n<div align=\"center\"><a href=\"1f57a4e8a81a2507530b50756e1fe057.php\" title=\"\"><u>PULAU KAMBING, KUALA TERENGGANU</u></a></div>\r\n<div align=\"center\"><span>&nbsp;</span></div>\r\n<div align=\"center\"><span>&nbsp;</span></div>\r\n<div align=\"right\">\r\n<h2 style=\"margin: 2px; font-size: 1.3em\"><u><font size=\"2\"><strong><a href=\"#\" class=\"btnlink\">Ke Atas</a></strong></font></u></h2></div></td></tr></tbody></table></td></tr></tbody></table></div></div>', NULL, '42', '58', NULL, '5', NULL, NULL, NULL, NULL, NULL, '1', NULL, '', '', '', '0', NULL, NULL, NULL, '1503388465', NULL, NULL, '0', '0', '0');
REPLACE INTO `rvs_project_page` (`project_page_id`, `rvs_usr_id`, `page_name`, `custom_page_name`, `rvs_component_id`, `page_data`, `page_data_zone_2`, `page_data_zone_3`, `page_data_zone_4`, `colume_width_1`, `colume_width_2`, `colume_width_3`, `rvs_layout_id`, `head`, `page_title`, `meta_keyword`, `meta_description`, `effect_page_enter`, `duration_page_enter`, `meta_page_effect`, `rvs_link_id`, `target`, `form_template_id`, `i_pathway`, `i_mail`, `i_print`, `i_favorite`, `last_modifier`, `link_active`, `page_type`, `blank_page`, `set_draft`, `is_member_page`) VALUES ('36deaf868855b72ec5c2e891cec49f14', 'e966db2ccb35862561fc85127de800e5', 'KONSEP', '', '0', '<div align=\"center\">\r\n<table class=\"rvFrame\" cellpadding=\"1\" cellspacing=\"1\" height=\"339\" width=\"749\">\r\n<tbody>\r\n<tr>\r\n<td class=\"tdSolid\" align=\"left\" valign=\"top\" width=\"100%\">\r\n<div class=\"dashView\">&nbsp;</div></td></tr>\r\n<tr>\r\n<td class=\"tdSolid\" align=\"left\" valign=\"top\" width=\"100%\">\r\n<div class=\"dashView\">\r\n<table bgcolor=\"#f0f0f0\" cellpadding=\"3\" cellspacing=\"0\" height=\"318\" width=\"759\">\r\n<tbody>\r\n<tr align=\"center\">\r\n<td colspan=\"2\" style=\"padding: 5px 0\" valign=\"top\">\r\n<h2 style=\"margin: 2px; font-size: 1.2em\"><u>KONSEP PEMBANGUNAN.</u></h2></td></tr>\r\n<tr>\r\n<td style=\"padding: 0 10px 0 0\" valign=\"top\"><a href=\"d8af1861fae2dad31263d20c70155c1f.php\" title=\"\"><img title=\"\" src=\"{IMAGE_URL}/Resizeof100_2422.jpg\" alt=\"\" border=\"0\" height=\"122\" vspace=\"5\" width=\"160\" /></a></td>\r\n<td align=\"left\" valign=\"top\" width=\"99%\">\r\n<div style=\"margin: 0pt 1px 10px; font-size: 1.1em\" align=\"justify\"><span>Konsep Perumahan Rumah Kos Rendah oleh <strong>KOPERAT</strong> adalah mengikut konsep Co-Developer, \'Design and Built\' dan Pemberian Kontrak. <strong>KOPERAT</strong> digalakkan menggunakan teknologi baru yang boleh mengurangkan kos pembinaan terutamanya kos pembangunan. Bagaimanapun, penggunaan teknologi baru tersebut hendaklah mematuhi piawaian yang ditetapkan dan mendapat kelulusan daripada Jabatan-jabatan Teknikal.</span></div>\r\n<div style=\"margin: 0pt 1px 10px; font-size: 1.1em\" align=\"justify\">Rumah Kos Rendah yang akan dibangunkan oleh <strong>KOPERAT</strong> adalah berdasarkan pelan bangunan piawai (Standard) iaitu mengandungi ciri-ciri seperti keluasan lantai 650 kaki persegi dan bilangan bilik tidur sebanyak 3 buah serta bilik air (mandi) dan tandas berasingan.</div>\r\n<div style=\"margin: 0pt 1px 10px; font-size: 1.1em\" align=\"justify\">Lain-lain rekabentuk adalah tertakluk kepada sebarang perubahan. </div>\r\n<div style=\"margin: 0pt 1px 10px; font-size: 1.1em\">\r\n<div align=\"justify\"><strong>KOPERAT</strong> juga diberi kebenaran untuk membina Rumah Bercampur (Komersial) bagi memenuhi permintaan pasaran daripada penduduk tempatan.</div><br />\r\n</div>\r\n<h2 style=\"margin: 2px; font-size: 1.3em\" align=\"right\"><strong><u><font size=\"2\"><a href=\"#\" class=\"btnlink\">Ke Atas</a></font></u></strong></h2></td></tr></tbody></table></div></td></tr>	</tbody></table></div>', '<div align=\"center\">\r\n<table class=\"rvFrame\" cellpadding=\"1\" cellspacing=\"1\" height=\"381\" width=\"760\">\r\n<tbody>\r\n<tr>\r\n<td class=\"tdSolid\" align=\"left\" valign=\"top\" width=\"100%\">\r\n<div class=\"dashView\">&nbsp;</div></td></tr>\r\n<tr>\r\n<td class=\"tdSolid\" align=\"left\" valign=\"top\" width=\"100%\">\r\n<div class=\"dashView\">\r\n<table bgcolor=\"#f0f0f0\" cellpadding=\"3\" cellspacing=\"0\" height=\"362\" width=\"756\">\r\n<tbody>\r\n<tr align=\"center\">\r\n<td colspan=\"2\" style=\"padding: 5px 0\" valign=\"top\">\r\n<h2 style=\"margin: 2px; font-size: 1.2em\"><u>KONSEP PERLAKSANAAN DAN PEMBIAYAAN.</u></h2></td></tr>\r\n<tr>\r\n<td style=\"padding: 0 10px 0 0\" valign=\"top\"><a href=\"d8af1861fae2dad31263d20c70155c1f.php\" title=\"\"><img title=\"\" src=\"{IMAGE_URL}/3A.png\" alt=\"\" border=\"0\" height=\"111\" vspace=\"5\" width=\"158\" /></a></td>\r\n<td align=\"left\" valign=\"top\" width=\"99%\">\r\n<div style=\"margin: 0pt 1px 10px; font-size: 1.1em\" align=\"justify\"><span>Pembinaan Rumah Kos Rendah sebanyak 10,000 unit dalam tempoh lima (5) tahun Kontrak dicadangkan kepada <strong>KOPERAT</strong> adalah secara Co-Developer, \'Design and Built\' dan Pemberian Kontrak.</span></div>\r\n<div style=\"margin: 0pt 1px 10px; font-size: 1.1em\" align=\"justify\"><strong>KOPERAT</strong> akan menjual rumah-rumah tersebut kepada mereka yang layak untuk mendapatkan Pinjaman daripada Kerajaan, Bank dan Secara Tunai dengan harga dari RM 30,000.00 hingga RM 68,000.00 seunit berdasarkan kepada senarai yang diluluskan oleh Kerajaan Negeri.</div>\r\n<div style=\"margin: 0pt 1px 10px; font-size: 1.1em\" align=\"justify\">Pembelian Rumah projek <strong>KOPERAT</strong> adalah digalakkan mendapat Pinjaman Bank bagi mendapat \'End Financing\' dari Institusi-institusi Kewangan secara Islam.</div>\r\n<div style=\"margin: 0pt 1px 10px; font-size: 1.1em\" align=\"justify\">Disamping itu, <strong>KOPERAT</strong> juga mengambil pendekatan dengan memajukan Tanah Kerajaan secara bercampur iaitu 30% dari pembangunan projek adalah Rumah Teres Kos Rendah dan selebihnya Rumah Bercampur (Komersial) bagi menjana pendapatan yang lebih menguntungkan. Ini memandangkan keperluan terhadap perumahan kian memuncak khususnya untuk memenuhi keperluan masyarakat setempat tidak kira golongan berpendapatan rendah, sederhana dan tinggi.</div>\r\n<div style=\"margin: 0pt 1px 10px; font-size: 1.1em\">&nbsp;</div>\r\n<h2 style=\"margin: 2px; font-size: 1.3em\" align=\"right\"><strong><u><font size=\"2\"><a href=\"#\" class=\"btnlink\">Ke Atas</a></font></u></strong></h2></td></tr></tbody></table></div></td></tr>	</tbody></table></div>', NULL, NULL, NULL, NULL, NULL, '4', NULL, NULL, NULL, NULL, NULL, NULL, NULL, '', '', '', '0', NULL, NULL, NULL, '1471317553', NULL, NULL, '0', '0', '0');
REPLACE INTO `rvs_project_page` (`project_page_id`, `rvs_usr_id`, `page_name`, `custom_page_name`, `rvs_component_id`, `page_data`, `page_data_zone_2`, `page_data_zone_3`, `page_data_zone_4`, `colume_width_1`, `colume_width_2`, `colume_width_3`, `rvs_layout_id`, `head`, `page_title`, `meta_keyword`, `meta_description`, `effect_page_enter`, `duration_page_enter`, `meta_page_effect`, `rvs_link_id`, `target`, `form_template_id`, `i_pathway`, `i_mail`, `i_print`, `i_favorite`, `last_modifier`, `link_active`, `page_type`, `blank_page`, `set_draft`, `is_member_page`) VALUES ('d8af1861fae2dad31263d20c70155c1f', 'e966db2ccb35862561fc85127de800e5', 'PROJEK', '', '0', '<div align=\"center\">\r\n<table class=\"rvFrame\" width=\"739\" height=\"1260\" cellspacing=\"1\" cellpadding=\"1\">\r\n<tbody>\r\n<tr>\r\n<td class=\"tdSolid\" colspan=\"1\" width=\"100%\">\r\n<div class=\"dashView\">\r\n<table style=\"width: 735px; height: 1422px\" cellspacing=\"0\" cellpadding=\"0\">\r\n<tbody>\r\n<tr>\r\n<td colspan=\"1\" style=\"padding: 5px 0\" valign=\"top\">\r\n<div style=\"margin: 0pt; font-size: 1.5em\" align=\"left\"><span></span>\r\n<table id=\"rv_template_layout\" width=\"192\" height=\"56\" cellspacing=\"0\" cellpadding=\"0\" align=\"left\">\r\n<tbody>\r\n<tr>\r\n<td valign=\"top\" align=\"left\">\r\n<div align=\"right\">\r\n<h2 style=\"margin: 2px; font-size: 1.3em\" align=\"left\"><u><font size=\"2\"><strong><a title=\"\" href=\"3608b8584ea7cd8bdb044c229f85e392.php\" class=\"btnlink\">PROJEK SEMASA</a></strong></font></u></h2>\r\n<div style=\"margin: 2px; font-size: 1.3em\"><font style=\"font-size: small\"><span>&nbsp;</span></font></div>\r\n<div style=\"margin: 2px; font-size: 1.3em\" align=\"left\"><u><font size=\"2\"><strong><a href=\"b0db060f4bddb67c0408579382845f35.php\" title=\"\">PROJEK AKAN DATANG </a><br />\r\n</strong></font></u></div></div></td></tr></tbody></table></div>\r\n<div style=\"margin: 0pt; font-size: 1.5em\" align=\"left\"><span>&nbsp;</span></div>\r\n<div style=\"margin: 0pt; font-size: 1.5em\" align=\"left\"><span>&nbsp;</span></div>\r\n<div style=\"margin: 0pt; font-size: 1.5em\" align=\"center\"><span>&nbsp;</span></div>\r\n<h2 style=\"margin: 0pt; font-size: 1.5em\" align=\"center\"><u>SENARAI PROJEK-PROJEK KOPERAT.</u></h2>\r\n<div style=\"margin: 0pt; font-size: 1.5em\">&nbsp;</div>\r\n<table style=\"border-collapse: collapse\" width=\"715\" height=\"1182\" cellspacing=\"0\" cellpadding=\"3\" bordercolor=\"#000000\" border=\"1\" bgcolor=\"#f0f0f0\">\r\n<tbody>\r\n<tr valign=\"top\">\r\n<th scope=\"col\" align=\"center\">\r\n<div>&nbsp;BIL</div></th>\r\n<th scope=\"col\" align=\"center\">\r\n<div>NAMA PROJEK </div></th>\r\n<th scope=\"col\" align=\"center\">\r\n<div>BIL. UNIT</div>\r\n<div>RUMAH &amp;</div>\r\n<div>KEDAI </div></th>\r\n<th scope=\"col\" align=\"center\">\r\n<div>STATUS </div></th></tr>\r\n<tr valign=\"top\">\r\n<td align=\"center\">\r\n<div>1. </div></td>\r\n<td>\r\n<div><strong><strong></strong></strong><strong><strong>\r\n<div><strong>&nbsp;</strong><strong><strong>TAMAN KOPERAT PERADONG, FASA 1E</strong></strong></div></strong></strong>\r\n<div>&nbsp;Cadangan Perumahan Bercampur\r\n<div>\r\n<div>&nbsp;di kampung Banggol Peradong, Mukim Belara,</div>\r\n<div>&nbsp;Kuala Terengganu, Terengganu Darul Iman.</div>\r\n<div>&nbsp;[ Rumah Berkembar 1 Lapis ]</div></div>\r\n<div>&nbsp;</div></div><br />\r\n<div>&nbsp;</div></div></td>\r\n<td align=\"center\">\r\n<div>\r\n<div>\r\n<div>&nbsp;</div></div>\r\n<div>18\r\n<div>&nbsp;</div></div></div></td>\r\n<td align=\"center\">\r\n<div>\r\n<div>\r\n<div>&nbsp;</div></div>\r\n<div><font style=\"font-size: larger\"><strong>DIBUKA JUALAN</strong></font></div>\r\n<div>\r\n<div>&nbsp;</div>\r\n<div><a href=\"4cea5f385ab66f4e2702a6f86804ea0e.php\" title=\"\"><strong><font color=\"#ff0000\">14 KEKOSONGAN </font></strong></a></div></div>\r\n<div><a href=\"4cea5f385ab66f4e2702a6f86804ea0e.php\" title=\"\"><img alt=\"\" title=\"\" src=\"{IMAGE_URL}/BARU.jpg\" width=\"62\" height=\"48\" border=\"0\" align=\"right\" /></a></div></div></td></tr>\r\n<tr valign=\"top\">\r\n<td align=\"center\">\r\n<div>2. </div></td>\r\n<td>\r\n<div>\r\n<div><strong><strong>\r\n<div><strong>&nbsp;</strong><strong><strong>TAMAN KOPERAT PERADONG, FASA 1D</strong></strong></div></strong></strong>\r\n<div>&nbsp;Cadangan Perumahan Bercampur\r\n<div>\r\n<div>&nbsp;di kampung Banggol Peradong, Mukim Belara,</div>\r\n<div>&nbsp;Kuala Terengganu, Terengganu Darul Iman.</div>\r\n<div>&nbsp;[ Rumah Berkembar 1 Lapis ]</div></div>\r\n<div>&nbsp;</div></div></div></div></td>\r\n<td align=\"center\">\r\n<div>\r\n<div>&nbsp;</div></div>\r\n<div>\r\n<div>\r\n<div>&nbsp;</div>\r\n<div>\r\n<div>28</div></div></div></div>\r\n<div></div>\r\n<div></div></td>\r\n<td align=\"center\">\r\n<div>\r\n<div>&nbsp;&nbsp;\r\n<div>\r\n<div>\r\n<div><font style=\"font-size: larger\"><strong>DIBUKA JUALAN</strong></font></div>\r\n<div>\r\n<div>&nbsp;</div>\r\n<div><strong><font color=\"#ff0000\"><font color=\"#ff0000\">2<a href=\"e874d2ecc0b7869fb5d6da560e804256.php\" title=\"\"> KEKOSONGAN</a></font> </font></strong></div></div>\r\n<div><a href=\"e874d2ecc0b7869fb5d6da560e804256.php\" title=\"\"><img alt=\"\" title=\"\" src=\"{IMAGE_URL}/BARU.jpg\" width=\"62\" height=\"48\" border=\"0\" align=\"right\" /></a></div></div></div>&nbsp;</div></div>\r\n<div></div>\r\n<div><strong></strong></div></td></tr>\r\n<tr valign=\"top\">\r\n<td align=\"center\">\r\n<div>3.</div></td>\r\n<td>\r\n<div>\r\n<div>&nbsp;<strong>TAMAN RAKYAT BISTARI, FASA 4B-B</strong></div>\r\n<div>&nbsp;Cadangan Perumahan Kos Rendah dan Bercampur</div>\r\n<div>\r\n<div>&nbsp;di kampung Bukit Kuang II, Mukim Teluk Kalung,</div>\r\n<div>&nbsp;Kemaman, Terengganu Darul Iman.</div>\r\n<div>&nbsp;[ Rumah Banglo 1 Tingkat ] </div>&nbsp;&nbsp;<strong></strong></div></div></td>\r\n<td align=\"center\">\r\n<div>\r\n<div>\r\n<div>&nbsp;</div></div>\r\n<div>\r\n<div>\r\n<div>&nbsp;</div>\r\n<div>\r\n<div>2</div></div></div></div></div></td>\r\n<td align=\"center\">\r\n<div>&nbsp;\r\n<div>\r\n<div>\r\n<div><font style=\"font-size: larger\"><strong>DIBUKA JUALAN</strong></font></div>\r\n<div>\r\n<div>&nbsp;</div>\r\n<div><strong><font color=\"#ff0000\"><font color=\"#ff0000\"><a href=\"d128a219654c00206c63f47126d897f1.php\" title=\"\">1 KEKOSONGAN</a></font> </font></strong></div></div>\r\n<div><a href=\"064b18139b76be58367afcee2adb6cdf.php\" title=\"\"><img alt=\"\" title=\"\" src=\"{IMAGE_URL}/BARU.jpg\" width=\"62\" height=\"48\" border=\"0\" align=\"right\" /></a></div></div></div>&nbsp;</div></td></tr>\r\n<tr valign=\"top\">\r\n<td align=\"center\">\r\n<div>4.</div></td>\r\n<td>\r\n<div>\r\n<div>\r\n<div>\r\n<div>&nbsp;<strong>TAMAN RAKYAT BISTARI, FASA 4B-RB</strong></div>\r\n<div>&nbsp;Cadangan Perumahan Kos Rendah dan Bercampur</div>\r\n<div>\r\n<div>&nbsp;di kampung Bukit Kuang II, Mukim Teluk Kalung,</div>\r\n<div>&nbsp;Kemaman, Terengganu Darul Iman.</div>\r\n<div>&nbsp;[ Rumah Berkembar 1 Tingkat ] </div>&nbsp;&nbsp;<strong><br />\r\n</strong></div></div></div></div></td>\r\n<td align=\"center\">\r\n<div></div>\r\n<div>\r\n<div>&nbsp;</div></div>\r\n<div>\r\n<div>\r\n<div>&nbsp;</div>\r\n<div>\r\n<div>24</div></div></div></div>\r\n<div>\r\n<div></div></div>\r\n<div>\r\n<div></div></div></td>\r\n<td align=\"center\">\r\n<div>\r\n<div>&nbsp;\r\n<div>\r\n<div>\r\n<div><font style=\"font-size: larger\"><strong>DIBUKA JUALAN</strong></font></div>\r\n<div>\r\n<div>&nbsp;</div>\r\n<div><strong><font color=\"#ff0000\"><font color=\"#ff0000\"><a href=\"d128a219654c00206c63f47126d897f1.php\" title=\"\">22 KEKOSONGAN</a></font> </font></strong></div></div>\r\n<div><a href=\"064b18139b76be58367afcee2adb6cdf.php\" title=\"\"><img alt=\"\" title=\"\" src=\"{IMAGE_URL}/BARU.jpg\" width=\"62\" height=\"48\" border=\"0\" align=\"right\" /></a></div></div></div>&nbsp;</div></div>\r\n<div></div>\r\n<div><strong> </strong></div></td></tr>\r\n<tr valign=\"top\">\r\n<td align=\"center\">\r\n<div>5.</div></td>\r\n<td>\r\n<div>&nbsp;<strong>TAMAN RAKYAT BISTARI, FASA 3B</strong>\r\n<div>\r\n<div>\r\n<div>\r\n<div>&nbsp;Cadangan Perumahan Kos Rendah dan Bercampur</div>\r\n<div>\r\n<div>&nbsp;di kampung Bukit Kuang II, Mukim Telok Kalong,</div>\r\n<div>&nbsp;Kemaman, Terengganu Darul Iman.</div>\r\n<div>&nbsp;[ Rumah Teres 1 Tingkat ]&nbsp;&nbsp;&nbsp;&nbsp;&nbsp;&nbsp;&nbsp;&nbsp;&nbsp;&nbsp;&nbsp;&nbsp;&nbsp;&nbsp;&nbsp;&nbsp;&nbsp;&nbsp;&nbsp;&nbsp; </div>&nbsp; <strong><br />\r\n</strong></div></div></div></div></div></td>\r\n<td align=\"center\">\r\n<div>\r\n<div>\r\n<div>&nbsp;</div></div>\r\n<div>\r\n<div>\r\n<div>&nbsp;</div>\r\n<div>\r\n<div>32</div></div></div></div></div></td>\r\n<td align=\"center\">\r\n<div>&nbsp;\r\n<div>\r\n<div>\r\n<div><font style=\"font-size: larger\"><strong>DIBUKA JUALAN</strong></font></div>\r\n<div>\r\n<div>&nbsp;</div>\r\n<div><strong><font color=\"#ff0000\"><font color=\"#ff0000\"><a href=\"38a70ae64c54e4e43fa4f28f55505d6a.php\" title=\"\">6 KEKOSONGAN</a></font> </font></strong></div></div>\r\n<div><a href=\"38a70ae64c54e4e43fa4f28f55505d6a.php\" title=\"\"><img alt=\"\" title=\"\" src=\"{IMAGE_URL}/BARU.jpg\" width=\"62\" height=\"48\" border=\"0\" align=\"right\" /></a></div></div></div></div></td></tr>\r\n<tr valign=\"top\">\r\n<td align=\"center\">\r\n<div>6.</div></td>\r\n<td>\r\n<div>\r\n<div>\r\n<div><strong><strong>\r\n<div><strong>&nbsp;TAMAN RAKYAT BISTARI, FASA 5A</strong></div></strong></strong>\r\n<div>&nbsp;Cadangan Perumahan Kos Rendah dan Bercampur</div>\r\n<div>\r\n<div>&nbsp;di kampung Bukit Kuang II, Mukim Teluk Kalung,</div>\r\n<div>&nbsp;Kemaman, Terengganu Darul Iman.</div>\r\n<div>&nbsp;[ 6 Unit Kedai 1 Tkt &amp; 4 Unit Kedai Pejabat 2 Tkt ] </div>\r\n<div>&nbsp;</div></div></div></div></div>\r\n<div>\r\n<div>&nbsp;</div></div></td>\r\n<td align=\"center\">\r\n<div>\r\n<div>&nbsp;</div></div>\r\n<div>\r\n<div>\r\n<div>&nbsp;</div>\r\n<div>\r\n<div>10</div></div></div></div></td>\r\n<td align=\"center\">\r\n<div>\r\n<div>&nbsp;</div></div>\r\n<div>\r\n<div>\r\n<div><font style=\"font-size: larger\"><strong>DIBUKA JUALAN</strong></font></div>\r\n<div>\r\n<div>&nbsp;</div>\r\n<div><strong><font color=\"#ff0000\"><font color=\"#ff0000\"><a href=\"1b3b3584ef0f755cb061a74cd03a2c3a.php\" title=\"\">8 KEKOSONGAN</a></font> </font></strong></div></div>\r\n<div><a href=\"1b3b3584ef0f755cb061a74cd03a2c3a.php\" title=\"\"><img alt=\"\" title=\"\" src=\"{IMAGE_URL}/BARU.jpg\" width=\"62\" height=\"48\" border=\"0\" align=\"right\" /></a></div></div></div></td></tr>\r\n<tr valign=\"top\">\r\n<td align=\"center\">\r\n<div>7.</div></td>\r\n<td>\r\n<div>\r\n<div><strong><strong>\r\n<div><strong>&nbsp;</strong><strong><strong>TAMAN KOPERAT PERADONG, FASA 1F</strong></strong></div></strong></strong>\r\n<div>&nbsp;Cadangan Perumahan Bercampur\r\n<div>\r\n<div>&nbsp;di kampung Banggol Peradong, Mukim Belara,</div>\r\n<div>&nbsp;Kuala Terengganu, Terengganu Darul Iman.</div>\r\n<div>&nbsp;[ Rumah Teres 1 Lapis ]</div></div></div></div></div>\r\n<div></div></td>\r\n<td align=\"center\">\r\n<div>\r\n<div>&nbsp;</div></div>\r\n<div>\r\n<div>\r\n<div>\r\n<div>26</div></div></div></div>\r\n<div></div></td>\r\n<td align=\"center\">\r\n<div>\r\n<div>&nbsp;</div></div>\r\n<div>\r\n<div>\r\n<div><font style=\"font-size: larger\"><strong>HABIS DIJUAL</strong></font></div>\r\n<div>\r\n<div>&nbsp;</div>\r\n<div><strong><font color=\"#ff0000\"><font color=\"#ff0000\"><a href=\"d128a219654c00206c63f47126d897f1.php\" title=\"\">0 KEKOSONGAN</a></font> </font></strong></div></div>\r\n<div><a href=\"d128a219654c00206c63f47126d897f1.php\" title=\"\"><img alt=\"\" title=\"\" src=\"{IMAGE_URL}/BARU.jpg\" width=\"62\" height=\"48\" border=\"0\" align=\"right\" /></a></div></div></div>\r\n<div></div>\r\n<div><strong></strong></div></td></tr>\r\n<tr valign=\"top\">\r\n<td align=\"center\">\r\n<div>8. </div></td>\r\n<td>\r\n<div>\r\n<div>&nbsp; <strong>TAMAN KOPERAT PERADONG, FASA 1B</strong>\r\n<div>\r\n<div>&nbsp;Cadangan Perumahan Bercampur</div>\r\n<div>\r\n<div>&nbsp;di kampung Banggol Peradong, Mukim Belara,</div>\r\n<div>&nbsp;Kuala Terengganu, Terengganu Darul Iman.</div>\r\n<div>&nbsp;[ Rumah Berkembar 1 Lapis ]</div></div></div></div></div>\r\n<div>\r\n<div></div></div></td>\r\n<td align=\"center\">\r\n<div>\r\n<div>&nbsp;</div></div>\r\n<div>\r\n<div>\r\n<div>\r\n<div>\r\n<div>\r\n<div>\r\n<div>\r\n<div>\r\n<div>\r\n<div>28 </div></div></div></div></div></div></div></div></div></div>\r\n<div></div>\r\n<div></div></td>\r\n<td align=\"center\">\r\n<div>\r\n<div>&nbsp;</div></div>\r\n<div>\r\n<div>\r\n<div><font style=\"font-size: larger\"><strong>DIBUKA JUALAN</strong></font></div>\r\n<div>\r\n<div>&nbsp;</div>\r\n<div><a href=\"e6cdb1002445fa344b7f1d8223ae5fa9.php\" title=\"\"><strong><font color=\"#ff0000\">0 KEKOSONGAN </font></strong></a></div></div><a href=\"e6cdb1002445fa344b7f1d8223ae5fa9.php\" title=\"\"><img alt=\"\" title=\"\" src=\"{IMAGE_URL}/BARU.jpg\" width=\"62\" height=\"48\" border=\"0\" align=\"right\" /></a></div></div>\r\n<div><strong></strong></div></td></tr>\r\n<tr valign=\"top\">\r\n<td align=\"center\">\r\n<div>&nbsp;9.</div></td>\r\n<td>\r\n<div><strong><strong>&nbsp;TAMAN KOPERAT PERADONG, FASA 1C</strong></strong>\r\n<div>&nbsp;Cadangan Perumahan Bercampur</div>\r\n<div>\r\n<div>&nbsp;di kampung Banggol Peradong, Mukim Belara,</div>\r\n<div>&nbsp;Kuala Terengganu, Terengganu Darul Iman.</div>\r\n<div>&nbsp;[ Rumah Teres 1 Lapis ]</div>\r\n<div>&nbsp;</div></div></div></td>\r\n<td align=\"center\">\r\n<div>\r\n<div>&nbsp;</div>\r\n<div>\r\n<div>28 </div></div></div></td>\r\n<td align=\"center\">\r\n<div>\r\n<div>&nbsp;</div>\r\n<div>\r\n<div><font style=\"font-size: small\"><strong>HABIS DIJUAL</strong></font></div>\r\n<div>\r\n<div>&nbsp;</div></div></div></div></td></tr>\r\n<tr valign=\"top\">\r\n<td align=\"center\">\r\n<div>10. </div></td>\r\n<td>\r\n<div>\r\n<div>\r\n<div>\r\n<div><strong>&nbsp;TAMAN KOPERAT PERADONG, FASA 1A</strong>\r\n<div>&nbsp;Cadangan Perumahan Bercampur\r\n<div>\r\n<div>&nbsp;di kampung Banggol Peradong, Mukim Belara,</div>\r\n<div>&nbsp;Kuala Terengganu, Terengganu Darul Iman.</div>\r\n<div>&nbsp;[ Rumah Teres 1 Lapis ]</div></div></div></div></div></div></div>\r\n<div><strong>&nbsp;</strong></div>\r\n<div></div></td>\r\n<td align=\"center\">\r\n<div>&nbsp;</div>\r\n<div>\r\n<div>27 </div></div>\r\n<div></div>\r\n<div></div></td>\r\n<td align=\"center\">\r\n<div>&nbsp;</div>\r\n<div></div>\r\n<div><font style=\"font-size: larger\"><strong><font style=\"font-size: small\"></font> </strong></font></div>\r\n<div>\r\n<div>\r\n<div><font style=\"font-size: small\"><strong>HABIS DIJUAL</strong></font></div>\r\n<div>&nbsp;</div></div>\r\n<div>&nbsp;</div></div>\r\n<div><a href=\"8e65f6ee065495fa2b4d5abd51002d6f.php\" title=\"\"><strong><font color=\"#ff0000\"> </font></strong></a></div></td></tr>\r\n<tr valign=\"top\">\r\n<td align=\"center\">\r\n<div>11.</div></td>\r\n<td>\r\n<div>&nbsp;<strong>TAMAN KOPERAT PERDANA, KELULUT</strong>\r\n<div>\r\n<div>\r\n<div>\r\n<div>\r\n<div>&nbsp;Cadangan Perumahan Bercampur\r\n<div>\r\n<div>&nbsp;di kampung Kelulut, Mukim Pulau Kerengga,</div>\r\n<div>&nbsp;Marang, Terengganu Darul Iman.</div>\r\n<div>&nbsp;[ Perumahan Bercampur ]</div></div></div></div></div></div></div>\r\n<div><strong>&nbsp;</strong></div></div></td>\r\n<td align=\"center\">\r\n<div>\r\n<div>\r\n<div>&nbsp;</div></div>\r\n<div>\r\n<div>\r\n<div>298 </div></div></div></div></td>\r\n<td align=\"center\">\r\n<div>\r\n<div><font style=\"font-size: small\"><strong><font style=\"font-size: larger\"><font style=\"font-size: small\">&nbsp;</font></font></strong></font></div>\r\n<div><font style=\"font-size: small\"><strong><font style=\"font-size: larger\"><font style=\"font-size: small\">HABIS DIJUAL</font></font></strong></font></div></div></td></tr>\r\n<tr valign=\"top\">\r\n<td align=\"center\">\r\n<div>12. </div></td>\r\n<td>\r\n<div><strong>\r\n<div><strong>&nbsp;RKR, GONG CENGAL, KEMAMAN</strong></div></strong>\r\n<div>&nbsp;Cadangan merekabentuk, membina dan menyiapkan</div>\r\n<div>&nbsp;466 unit Rumah Teres Kos Rendah (RKR) di kampung</div>\r\n<div>&nbsp;Gong Cengal, Mukim Kemasik, Daerah Kemaman,</div>\r\n<div>\r\n<div>&nbsp;Terengganu Darul Iman. </div></div>\r\n<div>&nbsp;[ Rumah Teres Kos Rendah / Mampu Milik ]</div></div>\r\n<div>&nbsp;</div>\r\n<div>\r\n<div></div></div></td>\r\n<td align=\"center\">\r\n<div>\r\n<div>&nbsp;</div></div>\r\n<div>\r\n<div>\r\n<div>466 </div></div></div>\r\n<div></div>\r\n<div></div></td>\r\n<td align=\"center\">\r\n<div>\r\n<div>&nbsp;</div></div>\r\n<div>\r\n<div>\r\n<div><a href=\"http://perumahan.terengganu.gov.my\" title=\"\" target=\"_blank\"><strong>Permohonan melalui</strong></a></div>\r\n<div><a href=\"http://perumahan.terengganu.gov.my\" title=\"\" target=\"_blank\"><strong>SUK Perumahan</strong></a></div>\r\n<div><strong><strong><a href=\"http://perumahan.terengganu.gov.my\" title=\"\" target=\"_blank\"><strong>Negeri Terengganu</strong></a></strong></strong></div></div></div>\r\n<div>\r\n<div>&nbsp;</div></div>\r\n<div><strong>\r\n<div><font style=\"font-size: small\"><strong></strong></font></div>\r\n<div><a href=\"9d50c6508fe40b916a2e6b54dbe2cb09.php\" title=\"\"><strong><font color=\"#ff0000\"></font></strong></a></div></strong></div></td></tr>\r\n<tr valign=\"top\">\r\n<td align=\"center\">\r\n<div>&nbsp;13.</div></td>\r\n<td>\r\n<div>\r\n<div>&nbsp;<strong>TAMAN RAKYAT BISTARI, FASA 2D</strong></div>\r\n<div>&nbsp;Cadangan Perumahan Kos Rendah dan Bercampur</div>\r\n<div>\r\n<div>&nbsp;di kampung Bukit Kuang II, Mukim Teluk Kalung,</div>\r\n<div>&nbsp;Kemaman, Terengganu Darul Iman.</div>\r\n<div>&nbsp;[ Rumah Teres 1 Tingkat ] </div>&nbsp;&nbsp;<strong></strong></div></div></td>\r\n<td align=\"center\">\r\n<div>\r\n<div>\r\n<div>&nbsp;</div></div>\r\n<div>\r\n<div>\r\n<div>&nbsp;</div>\r\n<div>\r\n<div>42</div></div></div></div></div></td>\r\n<td align=\"center\">\r\n<div>\r\n<div><font style=\"font-size: small\"><strong><font style=\"font-size: larger\"><font style=\"font-size: small\">&nbsp;</font></font></strong></font></div>\r\n<div><font style=\"font-size: small\"><strong><font style=\"font-size: larger\"><font style=\"font-size: small\">HABIS DIJUAL</font></font></strong></font></div>\r\n<div>&nbsp;</div></div></td></tr>\r\n<tr valign=\"top\">\r\n<td align=\"center\">\r\n<div>&nbsp;14.</div></td>\r\n<td>\r\n<div>\r\n<div>\r\n<div>\r\n<div><strong><strong>\r\n<div><strong>&nbsp;TAMAN RAKYAT BISTARI, FASA 2C</strong></div></strong></strong>\r\n<div>&nbsp;Cadangan Perumahan Kos Rendah dan Bercampur</div>\r\n<div>\r\n<div>&nbsp;di kampung Bukit Kuang II, Mukim Teluk Kalung,</div>\r\n<div>&nbsp;Kemaman, Terengganu Darul Iman.</div>\r\n<div>&nbsp;[ Rumah Teres 1 Tingkat ] </div>\r\n<div>&nbsp;</div></div></div></div></div>\r\n<div>\r\n<div>&nbsp;</div></div></div></td>\r\n<td align=\"center\">\r\n<div>\r\n<div>\r\n<div>&nbsp;</div></div>\r\n<div>\r\n<div>\r\n<div>&nbsp;</div>\r\n<div>\r\n<div>44</div></div></div></div></div></td>\r\n<td align=\"center\">\r\n<div>\r\n<div><font style=\"font-size: small\"><strong><font style=\"font-size: larger\"><font style=\"font-size: small\">&nbsp;</font></font></strong></font></div>\r\n<div><font style=\"font-size: small\"><strong><font style=\"font-size: larger\"><font style=\"font-size: small\">HABIS DIJUAL</font></font></strong></font></div>\r\n<div>&nbsp;</div></div></td></tr>\r\n<tr valign=\"top\">\r\n<td align=\"center\">\r\n<div>&nbsp;15.</div></td>\r\n<td>\r\n<div><strong><strong>\r\n<div><strong>TAMAN RAKYAT BISTARI, FASA 3A</strong></div></strong></strong>\r\n<div>&nbsp;Cadangan Perumahan Kos Rendah dan Bercampur</div>\r\n<div>\r\n<div>&nbsp;di kampung Bukit Kuang II, Mukim Teluk Kalung,</div>\r\n<div>&nbsp;Kemaman, Terengganu Darul Iman.</div>\r\n<div>&nbsp;[ Rumah Teres 2 Tingkat ]</div>\r\n<div>&nbsp;</div></div></div></td>\r\n<td align=\"center\">\r\n<div>\r\n<div>\r\n<div>&nbsp;</div></div>\r\n<div>\r\n<div>\r\n<div>29 </div></div></div></div></td>\r\n<td align=\"center\">\r\n<div>\r\n<div><font style=\"font-size: small\"><strong><font style=\"font-size: larger\"><font style=\"font-size: small\">&nbsp;</font></font></strong></font></div>\r\n<div><font style=\"font-size: small\"><strong><font style=\"font-size: larger\"><font style=\"font-size: small\">HABIS DIJUAL</font></font></strong></font></div>\r\n<div>&nbsp;</div></div></td></tr>\r\n<tr valign=\"top\">\r\n<td align=\"center\">\r\n<div>16. </div></td>\r\n<td>\r\n<div><strong><strong>\r\n<div><strong>&nbsp;TAMAN RAKYAT BISTARI, FASA 2B</strong></div></strong></strong>\r\n<div>&nbsp;Cadangan Perumahan Kos Rendah dan Bercampur</div>\r\n<div>\r\n<div>&nbsp;di kampung Bukit Kuang II, Mukim Teluk Kalung,</div>\r\n<div>&nbsp;Kemaman, Terengganu Darul Iman.</div>\r\n<div>&nbsp;[ Rumah Teres 1 Tingkat ] </div>\r\n<div>&nbsp;</div></div></div>\r\n<div></div></td>\r\n<td align=\"center\">\r\n<div>\r\n<div>&nbsp;</div></div>\r\n<div>\r\n<div>\r\n<div>41 </div></div></div>\r\n<div></div>\r\n<div></div></td>\r\n<td align=\"center\">\r\n<div>&nbsp;</div>\r\n<div><a href=\"http://perumahan.terengganu.gov.my\" title=\"\" target=\"_blank\"><strong></strong></a></div>\r\n<div><strong><strong><a href=\"http://perumahan.terengganu.gov.my\" title=\"\" target=\"_blank\"><strong></strong></a></strong> </strong></div>\r\n<div>\r\n<div><font style=\"font-size: small\"><strong>HABIS DIJUAL</strong></font></div>\r\n<div>&nbsp;</div><br />\r\n</div></td></tr>\r\n<tr valign=\"top\">\r\n<td align=\"center\">\r\n<div>17. </div></td>\r\n<td>\r\n<div><strong>\r\n<div><strong>&nbsp;TAMAN RAKYAT BISTARI, FASA 2A</strong></div></strong>\r\n<div>&nbsp;Cadangan Perumahan Kos Rendah dan Bercampur\r\n<div>&nbsp;di kampung Bukit Kuang II, Mukim Teluk Kalung,</div>\r\n<div>&nbsp;Kemaman, Terengganu Darul Iman.</div>\r\n<div>&nbsp;[ Rumah Teres Sederhana Rendah ] </div></div></div>\r\n<div><strong>&nbsp;</strong></div>\r\n<div>\r\n<div></div></div></td>\r\n<td align=\"center\">\r\n<div>&nbsp;</div>\r\n<div>\r\n<div>41 </div></div>\r\n<div></div>\r\n<div></div></td>\r\n<td align=\"center\">\r\n<div>&nbsp;</div>\r\n<div><font style=\"font-size: small\"><strong><font style=\"font-size: larger\"><font style=\"font-size: small\"></font></font></strong></font></div>\r\n<div>\r\n<div><a href=\"1a00c688585e0515533775146b1fb1ca.php\" title=\"\"></a></div></div>\r\n<div>\r\n<div>\r\n<div>\r\n<div></div>\r\n<div><strong>HABIS DIJUAL </strong></div></div></div></div></td></tr>\r\n<tr valign=\"top\">\r\n<td align=\"center\">\r\n<div>18.</div></td>\r\n<td>\r\n<div>\r\n<div>\r\n<div><strong>\r\n<div><strong>&nbsp;TAMAN RAKYAT BISTARI, FASA 1</strong></div></strong>\r\n<div>&nbsp;Cadangan Perumahan Kos Rendah dan Bercampur</div>\r\n<div>&nbsp;di kampung Bukit Kuang II, Mukim Teluk Kalung,</div>\r\n<div>&nbsp;Kemaman, Terengganu Darul Iman.</div>\r\n<div>&nbsp;[ Rumah Teres Kos Rendah ] </div>\r\n<div>&nbsp;</div></div></div></div>\r\n<div>\r\n<div></div></div></td>\r\n<td align=\"center\">\r\n<div>\r\n<div>&nbsp;</div></div>\r\n<div>\r\n<div>\r\n<div>461 </div></div></div>\r\n<div></div>\r\n<div></div></td>\r\n<td align=\"center\">\r\n<div>\r\n<div>&nbsp;</div></div>\r\n<div>\r\n<div><font style=\"font-size: small\"><strong></strong></font></div></div>\r\n<div>\r\n<div><strong>HABIS DIJUAL </strong></div></div></td></tr>\r\n<tr valign=\"top\">\r\n<td align=\"center\">\r\n<div>19.</div></td>\r\n<td>\r\n<div><strong>\r\n<div><strong>&nbsp;TAMAN PUNCAK KEMAJUAN</strong></div></strong>\r\n<div>&nbsp;Cadangan Perumahan Bercampur</div>\r\n<div>&nbsp;di kampung Pulau Kambing,</div>\r\n<div>&nbsp;Mukim Chabang Tiga, Daerah Kuala Terengganu,</div>\r\n<div>&nbsp;Terengganu Darul Iman.</div>\r\n<div>&nbsp;[ Perumahan Bercampur ] </div>\r\n<div>&nbsp;</div></div>\r\n<div>\r\n<div>\r\n<div></div></div></div></td>\r\n<td align=\"center\">\r\n<div>\r\n<div>\r\n<div>&nbsp;</div></div>\r\n<div>\r\n<div>&nbsp;144 </div></div>\r\n<div></div>\r\n<div></div></div></td>\r\n<td align=\"center\">\r\n<div>\r\n<div>\r\n<div>&nbsp;</div></div>\r\n<div>\r\n<div>\r\n<div><font style=\"font-size: larger\"><strong><font style=\"font-size: small\">HABIS DIJUAL</font></strong></font></div></div></div>\r\n<div><font style=\"font-size: larger\"><strong></strong></font></div><a href=\"33c36e690064123fde93b1fd664a6e07.php\" title=\"\"></a></div></td></tr>\r\n<tr valign=\"top\">\r\n<td align=\"center\">\r\n<div>&nbsp;20.</div></td>\r\n<td>\r\n<div>&nbsp;<strong><strong>&nbsp;TAMAN RAKYAT HARMONI, FASA III</strong></strong>\r\n<div>&nbsp;Cadangan Perumahan Kos Rendah dan Bercampur</div>\r\n<div>&nbsp;di atas tanah Kerajaan seluas 9 ekar di Pekan Jabi,</div>\r\n<div>&nbsp;Daerah Besut, Terengganu Darul Iman.</div>\r\n<div>&nbsp;[ Rumah Kedai 2 Tingkat ] </div>\r\n<div>&nbsp;</div>\r\n<div>&nbsp;</div></div></td>\r\n<td align=\"center\">\r\n<div>\r\n<div>\r\n<div>&nbsp;</div></div>\r\n<div>3\r\n<div>&nbsp;</div></div></div></td>\r\n<td align=\"center\">\r\n<div>\r\n<div>\r\n<div></div></div>\r\n<div>&nbsp;</div>\r\n<div>\r\n<div><font style=\"font-size: larger\"><strong></strong></font></div>\r\n<div>\r\n<div><strong>HABIS DIJUAL </strong></div><br />\r\n</div>&nbsp;</div>\r\n<div><a href=\"4cea5f385ab66f4e2702a6f86804ea0e.php\" title=\"\"></a></div></div></td></tr>\r\n<tr valign=\"top\">\r\n<td align=\"center\">\r\n<div>21.</div></td>\r\n<td>\r\n<div>\r\n<div><strong>&nbsp;TAMAN RAKYAT HARMONI, FASA II</strong></div>\r\n<div>&nbsp;Cadangan Perumahan Kos Rendah dan Bercampur</div>\r\n<div>&nbsp;di atas tanah Kerajaan seluas 9 ekar di Pekan Jabi,</div>\r\n<div>&nbsp;Daerah Besut, Terengganu Darul Iman.</div>\r\n<div>&nbsp;[ Perumahan Bercampur ] </div>\r\n<div>&nbsp;</div></div>\r\n<div>\r\n<div></div></div></td>\r\n<td align=\"center\">\r\n<div>\r\n<div>&nbsp;</div></div>\r\n<div>\r\n<div>\r\n<div></div>\r\n<div>91 </div></div></div>\r\n<div></div></td>\r\n<td align=\"center\">\r\n<div>&nbsp;</div>\r\n<div>\r\n<div><font style=\"font-size: larger\"><strong></strong></font></div>\r\n<div>\r\n<div><strong>HABIS DIJUAL </strong></div><br />\r\n</div>&nbsp;</div></td></tr>\r\n<tr valign=\"top\">\r\n<td align=\"center\">\r\n<div>22. </div></td>\r\n<td>\r\n<div>&nbsp;<strong>TAMAN RAKYAT HARMONI, FASA I</strong>\r\n<div>&nbsp;Cadangan Perumahan Kos Rendah dan Bercampur</div>\r\n<div>&nbsp;di atas tanah kerajaan seluas 9 ekar,</div>\r\n<div>&nbsp;di Pekan Jabi, Daerah Besut,</div>\r\n<div>&nbsp;Terengganu Darul Iman</div>\r\n<div>&nbsp;[ Kedai 1 Tingkat ] </div>\r\n<div>&nbsp;</div></div></td>\r\n<td align=\"center\">\r\n<div>\r\n<div>\r\n<div>\r\n<div>&nbsp;</div></div>\r\n<div>\r\n<div>12</div></div></div></div></td>\r\n<td align=\"center\">\r\n<div>\r\n<div>&nbsp;</div>\r\n<div><strong>HABIS DIJUAL</strong></div>&nbsp;</div></td></tr>\r\n<tr valign=\"top\">\r\n<td align=\"center\">\r\n<div>23. </div></td>\r\n<td>\r\n<div><strong><strong>\r\n<div><strong>&nbsp;TAMAN RAKYAT JAYA</strong></div></strong></strong>\r\n<div>&nbsp;Cadangan Perumahan Kos Rendah dan Bercampur</div>\r\n<div>&nbsp;di Kampung Balai Besar, Mukim Kuala Dungun,</div>\r\n<div>&nbsp;Dungun, Terengganu Darul Iman.</div>\r\n<div>&nbsp;[ Perumahan Bercampur ] </div></div>\r\n<div>&nbsp;</div>\r\n<div>\r\n<div>\r\n<div></div></div></div></td>\r\n<td align=\"center\">\r\n<div>\r\n<div>&nbsp;</div>\r\n<div>\r\n<div>\r\n<div>\r\n<div>698 </div></div></div></div>\r\n<div></div></div></td>\r\n<td align=\"center\">\r\n<div>\r\n<div>\r\n<div><br />\r\n<div>\r\n<div><strong>HABIS DIJUAL </strong></div></div></div></div>\r\n<div><font style=\"font-size: larger\"><strong></strong></font></div><a href=\"33c36e690064123fde93b1fd664a6e07.php\" title=\"\"></a></div></td></tr>\r\n<tr valign=\"top\">\r\n<td align=\"center\"><br />\r\n</td>\r\n<td>\r\n<div>\r\n<div>&nbsp;</div></div>\r\n<div>\r\n<div><strong>&nbsp;JUMLAH UNIT DI BINA</strong><br />\r\n</div></div></td>\r\n<td align=\"center\">\r\n<div>&nbsp;</div>\r\n<div><strong>2,593</strong> </div></td>\r\n<td align=\"center\">\r\n<div>&nbsp;</div></td></tr></tbody></table></td></tr>\r\n<tr>\r\n<td style=\"padding: 0 10px 0 0\" valign=\"top\"><br />\r\n</td></tr></tbody></table></div></td></tr>\r\n<tr>\r\n<td class=\"tdSolid\" width=\"100%\" valign=\"top\">\r\n<div class=\"dashView\">\r\n<table width=\"729\" height=\"20\" cellspacing=\"0\" cellpadding=\"3\">\r\n<tbody>\r\n<tr>\r\n<td style=\"padding: 0 10px 0 0\" valign=\"top\">\r\n<h2 style=\"margin: 2px; font-size: 1.3em\" align=\"right\"><strong><u><font size=\"2\"><a href=\"#\" class=\"btnlink\">Ke Atas</a></font></u></strong></h2></td></tr></tbody></table></div></td></tr></tbody></table></div>', NULL, NULL, NULL, NULL, NULL, NULL, '1', NULL, NULL, NULL, NULL, NULL, NULL, NULL, '', '', '', '0', NULL, NULL, NULL, '1503388502', NULL, NULL, '0', '0', '0');
REPLACE INTO `rvs_project_page` (`project_page_id`, `rvs_usr_id`, `page_name`, `custom_page_name`, `rvs_component_id`, `page_data`, `page_data_zone_2`, `page_data_zone_3`, `page_data_zone_4`, `colume_width_1`, `colume_width_2`, `colume_width_3`, `rvs_layout_id`, `head`, `page_title`, `meta_keyword`, `meta_description`, `effect_page_enter`, `duration_page_enter`, `meta_page_effect`, `rvs_link_id`, `target`, `form_template_id`, `i_pathway`, `i_mail`, `i_print`, `i_favorite`, `last_modifier`, `link_active`, `page_type`, `blank_page`, `set_draft`, `is_member_page`) VALUES ('fe1bccadb9c004ffdd04219a6897c8ae', 'e966db2ccb35862561fc85127de800e5', 'PERTANYAAN', '', '4a60683c1fd1e6c5ee8edd8f1e86673b', '<div align=\"left\"><img alt=\"\" class=\"jotForm\" id=\"DragAndDropForm_fdde1a6556aa9dab9c76993f6869f7a7\" name=\"DragAndDropForm_fdde1a6556aa9dab9c76993f6869f7a7\" src=\"{IMAGE_URL}/layouttemplate/68de2d4c36e9c8523d671ac530f1c153/spacer.gif\" frmid=\"fdde1a6556aa9dab9c76993f6869f7a7\" formtype=\"jotform\" align=\"middle\" border=\"1\" height=\"626\" width=\"608\" /><br />\r\n</div>\r\n<div>&nbsp;</div>\r\n<div>&nbsp;</div>\r\n<div>&nbsp;</div>\r\n<div>&nbsp;</div>', NULL, NULL, NULL, NULL, NULL, NULL, '1', NULL, NULL, NULL, NULL, NULL, NULL, NULL, '', '', '', '0', NULL, NULL, NULL, '1413442682', NULL, NULL, '0', '0', '0');
REPLACE INTO `rvs_project_page` (`project_page_id`, `rvs_usr_id`, `page_name`, `custom_page_name`, `rvs_component_id`, `page_data`, `page_data_zone_2`, `page_data_zone_3`, `page_data_zone_4`, `colume_width_1`, `colume_width_2`, `colume_width_3`, `rvs_layout_id`, `head`, `page_title`, `meta_keyword`, `meta_description`, `effect_page_enter`, `duration_page_enter`, `meta_page_effect`, `rvs_link_id`, `target`, `form_template_id`, `i_pathway`, `i_mail`, `i_print`, `i_favorite`, `last_modifier`, `link_active`, `page_type`, `blank_page`, `set_draft`, `is_member_page`) VALUES ('9644ac37ec50ae59f5f0f5aae45c9bef', 'e966db2ccb35862561fc85127de800e5', 'SOALAN LAZIM', '', '0', '<div></div>\r\n<div></div>', '<div><style              type=\"text/css\">\r\n/* ####### LAYOUT CSS: MODIFY COLOR, FONT AND BOX SIZE HERE BUT DO NOT DELETE. ####### */\r\n.rvblock47 .title{\r\n background-color:#000000;\r\n   color:#FFFFFF; \r\n padding-top:1px; \r\n   padding-bottom:1px;\r\n padding-left:4px;\r\n   padding-right:4px;\r\n}\r\n.rvblock47 .border{ \r\n border-top:#000000 dashed 1px;\r\n  padding-top:15px; \r\n  padding-bottom:10px; \r\n}\r\n.rvblock47 a.btnlink, .rvblock47 a.btnlink:visited{ \r\n  display:block; \r\n border:1px solid #848585;\r\n   padding:1px; \r\n   background-color:#9F9E9E; \r\n  color:#FFFFFF; \r\n width:80px; \r\n    text-align:center; \r\n text-decoration:none; \r\n  font-weight:normal; \r\n    font-size:11px;     \r\n}\r\n.rvblock47 a.btnlink:hover, .rvblock47 a.btnlink:active{\r\n   background-color:#B5B6B6;\r\n   color:#FFFFFF;  \r\n}\r\n/* ########################### END CSS LAYOUT ########################### */\r\n</style>\r\n\r\n   &nbsp;&nbsp;\r\n<div align=\"center\">\r\n<table class=\"rvblock47\" cellpadding=\"0\" cellspacing=\"0\" height=\"1074\" width=\"675\">\r\n<tbody>\r\n<tr align=\"center\">\r\n<td valign=\"top\">\r\n<div><u><strong><font style=\"font-size: large\"><span>MENGENALI PROJEK PERUMAHAN KOPERAT</span></font></strong></u></div></td></tr>\r\n<tr>\r\n<td class=\"border\" align=\"left\" valign=\"top\">\r\n<table bgcolor=\"#f0f0f0\" cellpadding=\"5\" cellspacing=\"0\" height=\"171\" width=\"734\">\r\n<tbody>\r\n<tr align=\"justify\">\r\n<td valign=\"top\">\r\n<p><strong>1. Apakah Konsep binaan Rumah Bercampur / Mampu Milik yang dibangunkan oleh KOPERAT.</strong></p></td></tr>\r\n<tr align=\"justify\">\r\n<td valign=\"top\">\r\n<p>Rumah-rumah Bercampur (Komersial) yang di bina oleh <strong>KOPERAT</strong> adalah berkonsepkan design terkini bagi memenuhi keperluan terhadap masyarakat setempat tidak kira golongan berpendapatan rendah, sederhana dan tinggi. </p>\r\n<div>Rumah-rumah Mampu Milik yang di bina oleh <strong>KOPERAT</strong> adalah rumah kediaman tiga bilik\r\ntidur dan dilengkapi kemudahan dua bilik air berkonsep mesra keluarga\r\ndan selesa dan dijual pada kadar harga serendah</div>\r\n<div>RM30,000.00 - RM68,000.00.</div></td></tr>\r\n<tr>\r\n<td align=\"right\" valign=\"top\"><a href=\"#\" class=\"btnlink\">&gt;&gt; Ke Atas</a></td></tr></tbody></table></td></tr>\r\n<tr>\r\n<td class=\"border\" align=\"left\" valign=\"top\">\r\n<table bgcolor=\"#f0f0f0\" cellpadding=\"5\" cellspacing=\"0\" height=\"323\" width=\"732\">\r\n<tbody>\r\n<tr align=\"justify\">\r\n<td valign=\"top\">\r\n<div><strong><span>2. Bagaimana untuk memiliki atau membeli Rumah Bercampur / Mampu Milik yang dimajukan oleh KOPERAT.</span></strong></div></td></tr>\r\n<tr align=\"justify\">\r\n<td valign=\"top\">\r\n<div><u>RB/KOMERSIAL</u> </div>\r\n<div>Rumah-rumah Bercampur (Komersial); lain-lain jenis rumah, rumah kedai atau kedai adalah terbuka kepada\r\n semua dan boleh dibeli terus melalui pejabat <a title=\"\" href=\"http://koperat.com.my/HUBUNGI-KAMI.php\">KOPERAT</a>.</div>\r\n<div>&nbsp;</div>\r\n<div>&nbsp;</div>\r\n<div><u>RTKR/RPMM/RKR/RMM/RMR/RR/RM </u><br />\r\n</div>\r\n<div>Bagi mana-mana pembelian Rumah Mampu Milik tertakluk kepada syarat-syarat Kerajaan Negeri Terengganu.</div>\r\n<div>&nbsp;</div>\r\n<div>Untuk\r\n memiliki atau membeli Rumah Kos Rendah / Mampu Milik, pembeli haruslah\r\nberdaftar dengan Pejabat Setiausaha Kerajaan Negeri (<strong><a href=\"http://perumahan.terengganu.gov.my/index.php/hubungi-kami\" title=\"\" target=\"_blank\">Tingkat Bawah No. 28, Pusat Niaga Paya Keladi, 20000 Kuala Terengganu. Tel : 09-626 7999 / 631 7999</a></strong>) atau datang terus ke Pejabat Setiausaha Kerajaan Negeri atau\r\nPejabat Daerah yang berdekatan untuk pembelian borang sebelum 31 Disember 2014.</div>\r\n<div>&nbsp;</div>\r\n<div>Berdaftar dengan sistem ePerumahan&nbsp; <strong><a href=\"http://eperumahan.terengganu.gov.my/eperumahan/\" title=\"\" target=\"_blank\">Sistem Pendaftaran Terbuka Perumahan Terengganu (SPT)</a>. </strong>bermula Januari 2015<strong><br />\r\n</strong></div>\r\n<div>&nbsp;</div>\r\n<div>Urusan pemanggilan temuduga kepada pemohon yang memenuhi syarat-syarat kelayakan yang dikehendaki akan diuruskan oleh Jawatankuasa Pemilihan Pembeli yang ditubuhkan oleh Kerajaan.</div>\r\n<div>&nbsp;</div>\r\n<div>Surat Tawaran dan pembahagian kunci rumah akan diserahkan oleh <strong>KOPERAT</strong> kepada pemohon yang berjaya setelah urusan pembiayaan selesai. </div>                                                                    </td></tr>\r\n<tr align=\"right\">\r\n<td valign=\"top\"><a href=\"#\" class=\"btnlink\">&gt;&gt; Ke Atas</a></td></tr></tbody></table></td></tr>\r\n<tr>\r\n<td class=\"border\" align=\"left\" valign=\"top\">\r\n<table bgcolor=\"#f0f0f0\" cellpadding=\"5\" cellspacing=\"0\" height=\"469\" width=\"730\">\r\n<tbody>\r\n<tr align=\"justify\">\r\n<td valign=\"top\">\r\n<div><strong><span>3. Apakah syarat-syarat untuk mendaftar sebagai pembeli Rumah Bercampur / Mampu Milik yang dibangunkan oleh KOPERAT. </span></strong></div></td></tr>\r\n<tr>\r\n<td align=\"justify\" valign=\"top\">\r\n<div><u>RB/KOMERSIAL</u> </div>\r\n<div><strong>KOPERAT</strong> tidak mensyaratkan pembelian bagi Rumah Bercampur(Komersial) tertakluk kepada pembiayaan Institusi Kewangan tempatan. <strong>KOPERAT</strong> juga menggalakkan pembeli mendapatkan \'End Financing\' dari Institusi-institusi Kewangan secara Islam.</div>\r\n<div>\r\n<div>&nbsp;</div></div>\r\n<div>\r\n<div>Rumah-rumah Bercampur (Komersial); lain-lain jenis rumah, rumah kedai atau kedai adalah terbuka kepada\r\n semua dan boleh dibeli terus melalui pejabat <strong><a title=\"\" href=\"http://koperat.com.my/HUBUNGI-KAMI.php\">KOPERAT</a></strong>. </div>\r\n<div>&nbsp;</div></div>\r\n<div></div>\r\n<div>\r\n<div><u>RTKR/RPMM/RKR/RMM/RMR/RR/RM </u></div></div>\r\n<div>Syarat untuk mendaftar sebagai pembeli Rumah Kos Rendah / Mampu Milik yang dimajukan oleh <strong>KOPERAT</strong> adalah tertakluk kepada SUK Negeri\r\nTerengganu. Sila rujuk ke SUK negeri di mana projek itu dimajukan.</div>\r\n<p><strong>KOPERAT</strong> menggunapakai kelayakan yang disyaratkan oleh Kerajaan\r\nNegeri dan menggariskan sepuluh (10) syarat penting yang harus dipenuhi oleh\r\n para pembeli Rumah Kos Rendah / Mampu Milik iaitu:</p>\r\n<div><img alt=\"\" src=\"{IMAGE_URL}/arrow_blue.jpg\" height=\"16\" hspace=\"5\" width=\"16\" /> a) Warganegara MALAYSIA ( Keutamaan diberikan kepada anak tempatan ).</div>\r\n<div>&nbsp;</div>\r\n<div><img alt=\"\" src=\"{IMAGE_URL}/arrow_blue.jpg\" height=\"16\" hspace=\"5\" width=\"16\" /> b) 18 tahun - 50 tahun sahaja layak memohon.</div>\r\n<div>&nbsp;</div>\r\n<div><img alt=\"\" src=\"{IMAGE_URL}/arrow_blue.jpg\" height=\"16\" hspace=\"5\" width=\"16\" /> c) Pemohon berumur 50 tahun ke atas boleh dipertimbangkan dengan syarat ;</div>\r\n<div>&nbsp; &nbsp; &nbsp; &nbsp; &nbsp;&nbsp; i) Jaminan bayaran daripada ahli keluarga terdekat atau</div>\r\n<div>&nbsp; &nbsp; &nbsp; &nbsp; &nbsp;&nbsp; ii) Dengan menyediakan cagaran.</div>\r\n<div>&nbsp; &nbsp; &nbsp; &nbsp; &nbsp;&nbsp; iii) Bencana alam seperti kebakaran atau pengambilan balik tanah. </div>\r\n<div>&nbsp;</div>\r\n<div><img alt=\"\" src=\"{IMAGE_URL}/arrow_blue.jpg\" height=\"16\" hspace=\"5\" width=\"16\" /> d) Sudah Berkahwin. </div>\r\n<div>\r\n<div>&nbsp;</div></div>\r\n<div>\r\n<div><img alt=\"\" src=\"{IMAGE_URL}/arrow_blue.jpg\" height=\"16\" hspace=\"5\" width=\"16\" /> e) Wanita yang belum berkahwin tetapi telah mencapai umur 35 tahun ke atas layak memohon ).</div></div>\r\n<div>\r\n<div>\r\n<div>&nbsp;</div></div></div>\r\n<div>\r\n<div><img alt=\"\" src=\"{IMAGE_URL}/arrow_blue.jpg\" height=\"16\" hspace=\"5\" width=\"16\" /> f) Pemohon atau pasangan belum mempunyai rumah atau *belum pernah mengambil Pinjaman Perumahan Perbendaharaan ( *Bagi Kakitangan Kerajaan ).</div></div>\r\n<div>\r\n<div><br />\r\n<img alt=\"\" src=\"{IMAGE_URL}/arrow_blue.jpg\" height=\"16\" hspace=\"5\" width=\"16\" /> g) Pemohon atau pasangan dari penjawat awam gred 1 sehingga 22 sahaja layak memohon. ( Bagi Kakitangan Kerajaan ).</div>\r\n<div>&nbsp;</div>\r\n<div><img alt=\"\" src=\"{IMAGE_URL}/arrow_blue.jpg\" height=\"16\" hspace=\"5\" width=\"16\" /> h) Anggota beruniform bertugas di luar kawasan (luar Terengganu) boleh dipertimbangkan.</div>\r\n<div>&nbsp;</div>\r\n<div></div>\r\n<div>\r\n<div><img alt=\"\" src=\"{IMAGE_URL}/arrow_blue.jpg\" height=\"16\" hspace=\"5\" width=\"16\" /> i) Isteri kedua/ketiga/keempat layak dipertimbangkan sekiranya mempunyai pendapatan sendiri.</div></div></div>\r\n<div>\r\n<div>\r\n<div><br />\r\n<img alt=\"\" src=\"{IMAGE_URL}/arrow_blue.jpg\" height=\"16\" hspace=\"5\" width=\"16\" /> j) Pendapatan kasar seisi rumah tidak melebihi RM 3,000.00 sebulan.</div></div></div></td>\r\n<td align=\"left\" valign=\"top\"><br />\r\n</td></tr>\r\n<tr>\r\n<td align=\"right\" valign=\"top\"><a href=\"#\" class=\"btnlink\">&gt;&gt; Ke Atas</a></td></tr></tbody></table></td></tr></tbody></table></div></div>\r\n<div></div>\r\n<div>\r\n<div>&nbsp; </div></div>\r\n<div>\r\n<div align=\"center\">\r\n<table bgcolor=\"#f0f0f0\" cellpadding=\"5\" cellspacing=\"0\" height=\"469\" width=\"730\">\r\n<tbody>\r\n<tr align=\"justify\">\r\n<td valign=\"top\">\r\n<div><strong><span>4. Apakah dokumen-dokumen yang diperlukan semasa pendaftaran dan permohonan pinjaman daripada Institusi Kewangan bagi pembelian Rumah Bercampur / Mampu Milik yang dibangunkan oleh KOPERAT. </span></strong></div></td></tr>\r\n<tr>\r\n<td align=\"justify\" valign=\"top\">\r\n<div><span style=\"font-weight: bold\"></span>Tertakluk kepada kehendak Institusi Kewangan semasa, <strong>KOPERAT</strong> menghendaki pembeli baru sertakan bersama dokumen-dokumen berikut semasa pendaftaran iaitu:</div>\r\n<div>&nbsp;</div>\r\n<div>Sila bawa bersama dokumen asal dengan 2 salinan potostat ;</div>\r\n<div>&nbsp;</div>\r\n<div><img alt=\"\" src=\"{IMAGE_URL}/arrow_blue.jpg\" height=\"16\" hspace=\"5\" width=\"16\" /> a) Salinan Kad Pengenalan.</div>\r\n<div>&nbsp;</div>\r\n<div><img alt=\"\" src=\"{IMAGE_URL}/arrow_blue.jpg\" height=\"16\" hspace=\"5\" width=\"16\" /> b) Slip Gaji 6 bulan terkini ( pinjaman Bank / Kerajaan ).</div>\r\n<div>&nbsp;</div>\r\n<div><img alt=\"\" src=\"{IMAGE_URL}/arrow_blue.jpg\" height=\"16\" hspace=\"5\" width=\"16\" /> c) Surat Pengesahan Jawatan ( pinjaman Bank )</div>\r\n<div>&nbsp;</div>\r\n<div><img alt=\"\" src=\"{IMAGE_URL}/arrow_blue.jpg\" height=\"16\" hspace=\"5\" width=\"16\" /> d) Surat Pengesahan Perkhidmatan ( pinjaman Kerajaan ).</div>\r\n<div>&nbsp;</div>\r\n<div>\r\n<div><img alt=\"\" src=\"{IMAGE_URL}/arrow_blue.jpg\" height=\"16\" hspace=\"5\" width=\"16\" /> e) Surat Pengesahan Lantikan ( pinjaman Kerajaan ).</div></div>\r\n<div>\r\n<div><br />\r\n<img alt=\"\" src=\"{IMAGE_URL}/arrow_blue.jpg\" height=\"16\" hspace=\"5\" width=\"16\" /> f) Surat Iringan - mengikut format ( pinjaman Kerajaan ).</div>\r\n<div>\r\n<div>&nbsp;</div></div>\r\n<div><img alt=\"\" src=\"{IMAGE_URL}/arrow_blue.jpg\" height=\"16\" hspace=\"5\" width=\"16\" /> g) Borang EA/Cukai Pendapatan LHDN beserta resit bayaran ( pinjaman Bank / Berniaga ).</div>\r\n<div>&nbsp;</div>\r\n<div><img alt=\"\" src=\"{IMAGE_URL}/arrow_blue.jpg\" height=\"16\" hspace=\"5\" width=\"16\" /> h) Salinan Penyata Akaun Bank 6 bulan terkini ( pinjaman Bank / Kerajaan / Berniaga ).</div>\r\n<div>&nbsp;</div>\r\n<div><img alt=\"\" src=\"{IMAGE_URL}/arrow_blue.jpg\" height=\"16\" hspace=\"5\" width=\"16\" /> i) Pendaftaran Perniagaan ( pinjaman Bank / Berniaga ).</div>\r\n<div>&nbsp;</div>\r\n<div><img alt=\"\" src=\"{IMAGE_URL}/arrow_blue.jpg\" height=\"16\" hspace=\"5\" width=\"16\" /> j) Penyata Bank Syarikat 6 bulan terkini ( pinjaman Bank / Berniaga ).</div>\r\n<div>&nbsp;</div>\r\n<div><img alt=\"\" src=\"{IMAGE_URL}/arrow_blue.jpg\" height=\"16\" hspace=\"5\" width=\"16\" /> k) Penyata KWSP terkini ( pinjaman Bank ). </div>\r\n<div>\r\n<div><br />\r\n<img alt=\"\" src=\"{IMAGE_URL}/arrow_blue.jpg\" height=\"16\" hspace=\"5\" width=\"16\" /> l) Lain-lain dokumen, jika berkaitan.</div>\r\n<div>&nbsp;</div>\r\n<div>&nbsp;</div>\r\n<div>**<strong>PENTING</strong> : Bagi permohonan Pinjaman Kerajaan, setiap dokumen hendaklah dicop pengesahan daripada Ketua Jabatan.</div>\r\n<div>&nbsp;</div></div></div></td></tr>\r\n<tr>\r\n<td align=\"right\" valign=\"top\"><a href=\"#\" class=\"btnlink\">&gt;&gt; Ke Atas</a></td></tr></tbody></table></div></div>\r\n<div>\r\n<div>&nbsp;</div></div>\r\n<div>\r\n<div>&nbsp;</div></div>\r\n<div><strong><a target=\"_blank\" href=\"cd200c72585312def6b9135ed7bf2b56.php\" title=\"\">HUBUNGI KAMI SEKARANG UNTUK TEMPAHAN</a> @ <a target=\"_blank\" href=\"fe1bccadb9c004ffdd04219a6897c8ae.php\" title=\"\">PERTANYAAN</a></strong></div>', NULL, NULL, NULL, NULL, NULL, '4', NULL, NULL, NULL, NULL, NULL, NULL, NULL, '', '', '', '0', NULL, NULL, NULL, '1471318501', NULL, NULL, '0', '0', '0');
REPLACE INTO `rvs_project_page` (`project_page_id`, `rvs_usr_id`, `page_name`, `custom_page_name`, `rvs_component_id`, `page_data`, `page_data_zone_2`, `page_data_zone_3`, `page_data_zone_4`, `colume_width_1`, `colume_width_2`, `colume_width_3`, `rvs_layout_id`, `head`, `page_title`, `meta_keyword`, `meta_description`, `effect_page_enter`, `duration_page_enter`, `meta_page_effect`, `rvs_link_id`, `target`, `form_template_id`, `i_pathway`, `i_mail`, `i_print`, `i_favorite`, `last_modifier`, `link_active`, `page_type`, `blank_page`, `set_draft`, `is_member_page`) VALUES ('cd200c72585312def6b9135ed7bf2b56', 'e966db2ccb35862561fc85127de800e5', 'HUBUNGI KAMI', '', '0', '<div align=\"center\">\r\n<table class=\"rvFrame\" height=\"1088\" width=\"722\" cellpadding=\"1\" cellspacing=\"1\">\r\n<tbody>\r\n<tr>\r\n<td class=\"tdSolid\" colspan=\"1\" valign=\"top\" width=\"100%\">\r\n<div class=\"dashView\">\r\n<div></div>\r\n<div>\r\n<div>&nbsp;</div></div>\r\n<div>\r\n<div></div></div>\r\n<div align=\"center\">\r\n<div>&nbsp;\r\n<h2 style=\"margin: 0pt 1px 10px; font-size: 1.4em\" align=\"center\"><u><img alt=\"\" title=\"\" src=\"{IMAGE_URL}/hubungi11.jpg\" height=\"160\" width=\"500\" border=\"0\" /></u></h2><strong>Ibu Pejab</strong><strong>at di Kuala</strong><strong> Terengganu</strong><br />\r\n<h2 style=\"margin: 0pt 1px 10px; font-size: 1.4em\" align=\"center\"><img style=\"width: 270px; height: 180px\" title=\"\" src=\"{IMAGE_URL}/ResizeofDSC_0079.jpg\" alt=\"\" height=\"180\" width=\"270\" border=\"0\" /></h2>\r\n<h2 style=\"margin: 0pt 1px 10px; font-size: 1.4em\" align=\"center\"><img alt=\"\" title=\"\" src=\"{IMAGE_URL}/IMG20160403151517v1.jpg\" height=\"203\" width=\"270\" border=\"0\" /></h2></div></div>\r\n<div>\r\n<div>\r\n<div align=\"center\">\r\n<div>&nbsp;<strong>Cawangan di Kemaman</strong><br />\r\n</div></div></div></div>\r\n<div>\r\n<div>&nbsp;</div></div>\r\n<div>\r\n<div>&nbsp;</div></div>\r\n<div>\r\n<div>\r\n<div>\r\n<div>\r\n<div>\r\n<div>\r\n<div>\r\n<div>\r\n<div>\r\n<div>\r\n<div>\r\n<div>\r\n<div>\r\n<div>\r\n<div>\r\n<div>\r\n<div>\r\n<div>\r\n<div>\r\n<div>\r\n<div>\r\n<div>\r\n<div></div></div></div></div></div></div></div></div></div></div></div></div></div></div></div></div></div></div></div></div></div></div></div>\r\n<table height=\"420\" width=\"710\" bgcolor=\"#f0f0f0\" cellpadding=\"5\" cellspacing=\"0\">\r\n<tbody>\r\n<tr>\r\n<td style=\"padding: 0pt 10px 0pt 0pt\" valign=\"top\">&nbsp;</td>\r\n<td style=\"padding: 0pt 10px 0pt 0pt\" valign=\"top\">&nbsp;</td>\r\n<td style=\"padding: 0pt 10px 0pt 0pt\" valign=\"top\">&nbsp;<br />\r\n<h2 style=\"margin: 0pt 1px 10px; font-size: 1.4em\" align=\"center\"></h2>\r\n<h2 style=\"margin: 0pt 1px 10px; font-size: 1.4em\" align=\"center\"><strong>&nbsp; </strong><u>KONSORTIUM PERUMAHAN RAKYAT</u></h2>\r\n<h2 style=\"margin: 0pt 1px 10px; font-size: 1.4em\" align=\"center\">&nbsp; <u>TERENGGANU SDN. BHD.</u></h2>\r\n<div align=\"center\">&nbsp;</div>\r\n<div align=\"center\">&nbsp;<strong>WISMA GPQ</strong></div><strong></strong>\r\n<div align=\"center\"><strong>LOT 4564, TINGKAT 1 &amp; 2, DESA MPKT</strong></div><strong></strong>\r\n<div align=\"center\"><strong>CHENDERING</strong></div><strong></strong>\r\n<div align=\"center\"><strong>21080 KUALA TERENGGANU</strong></div><strong></strong>\r\n<div align=\"center\"><strong>TEL : 09-617 3405 / 09-617 6405</strong></div><strong></strong>\r\n<div align=\"center\"><strong>FAX : 09-617 7404 </strong></div>\r\n<div align=\"center\"><strong>[ Ibu Pejabat ] <br />\r\n</strong></div>\r\n<div align=\"center\">&nbsp;</div>\r\n<div align=\"center\">&nbsp;</div>\r\n<div align=\"center\">LOT 10706</div>\r\n<div align=\"center\">TAMAN CHUKAI UTAMA, FASA 4</div>\r\n<div align=\"center\">JALAN KUBANG KURUS</div>\r\n<div align=\"center\">24000 KEMAMAN</div>\r\n<div align=\"center\">TEL/FAKS : 09-858 3205</div>\r\n<div align=\"center\">[ Cawangan Kemaman ] </div>\r\n<div align=\"center\">&nbsp;</div>\r\n<div align=\"center\">&nbsp;</div>\r\n<div align=\"center\">&nbsp;&nbsp; WEBSITE : <a href=\"http://www.koperat.com.my/\" title=\"\"><strong>http://www.koperat.com.my</strong></a></div>\r\n<div align=\"center\">&nbsp;</div>\r\n<div align=\"center\">&nbsp;&nbsp; EMAIL 1 : koperat@hotmail.com</div>\r\n<div align=\"center\">&nbsp;&nbsp; EMAIL 2 : koperat96@gmail.com</div>\r\n<div align=\"center\">&nbsp;</div>\r\n<div align=\"center\"><strong><a href=\"fe1bccadb9c004ffdd04219a6897c8ae.php\" title=\"\">Pertanyaan </a></strong><br />\r\n</div>\r\n<div align=\"center\">&nbsp;</div>\r\n<div align=\"center\">&nbsp;&nbsp; FB : <strong><a target=\"_blank\" href=\"http://www.facebook.com/pages/Koperat/197111670306770\" title=\"\">Facebook / koperat </a></strong></div>\r\n<div align=\"right\">\r\n<h2 style=\"margin: 2px; font-size: 1.3em\"><u><font size=\"2\"><strong><a href=\"#\" class=\"btnlink\">Ke Atas</a></strong></font></u></h2></div></td></tr></tbody></table>		</div></td></tr>\r\n<tr>\r\n<td class=\"tdSolid\" valign=\"top\" width=\"60%\">\r\n<div class=\"dashView\"></div>\r\n<div class=\"dashView\">\r\n<div class=\"dashView\"><img alt=\"\" title=\"\" src=\"{IMAGE_URL}/pejabatv1.jpg\" height=\"590\" width=\"711\" border=\"0\" /></div></div>\r\n<div class=\"dashView\">\r\n<div class=\"dashView\">&nbsp;</div></div>\r\n<div class=\"dashView\">\r\n<div class=\"dashView\">&nbsp;</div></div>\r\n<div class=\"dashView\" align=\"left\">\r\n<div class=\"dashView\">\r\n<div class=\"dashView\">\r\n<div>\r\n<table id=\"rv_template_layout\" height=\"20\" width=\"712\" cellpadding=\"0\" cellspacing=\"0\">\r\n<tbody>\r\n<tr>\r\n<td valign=\"top\" align=\"left\">\r\n<div align=\"right\">\r\n<h2 style=\"margin: 2px; font-size: 1.3em\"><u><font size=\"2\"><strong><a href=\"#\" class=\"btnlink\">Ke Atas</a></strong></font></u></h2></div></td></tr></tbody></table></div></div></div></div></td></tr></tbody></table></div>', NULL, NULL, NULL, NULL, NULL, NULL, '1', NULL, NULL, NULL, NULL, NULL, NULL, NULL, '', '', '', '0', NULL, NULL, NULL, '1471318592', NULL, NULL, '0', '0', '0');
REPLACE INTO `rvs_project_page` (`project_page_id`, `rvs_usr_id`, `page_name`, `custom_page_name`, `rvs_component_id`, `page_data`, `page_data_zone_2`, `page_data_zone_3`, `page_data_zone_4`, `colume_width_1`, `colume_width_2`, `colume_width_3`, `rvs_layout_id`, `head`, `page_title`, `meta_keyword`, `meta_description`, `effect_page_enter`, `duration_page_enter`, `meta_page_effect`, `rvs_link_id`, `target`, `form_template_id`, `i_pathway`, `i_mail`, `i_print`, `i_favorite`, `last_modifier`, `link_active`, `page_type`, `blank_page`, `set_draft`, `is_member_page`) VALUES ('d056e900756dbaf4445915107453bf63', 'e966db2ccb35862561fc85127de800e5', 'PROFIL', '', '0', '', NULL, NULL, NULL, NULL, NULL, NULL, '4', NULL, NULL, NULL, NULL, NULL, NULL, NULL, '', '', '', '0', NULL, NULL, NULL, NULL, '1', NULL, '0', '0', '0');
REPLACE INTO `rvs_project_page` (`project_page_id`, `rvs_usr_id`, `page_name`, `custom_page_name`, `rvs_component_id`, `page_data`, `page_data_zone_2`, `page_data_zone_3`, `page_data_zone_4`, `colume_width_1`, `colume_width_2`, `colume_width_3`, `rvs_layout_id`, `head`, `page_title`, `meta_keyword`, `meta_description`, `effect_page_enter`, `duration_page_enter`, `meta_page_effect`, `rvs_link_id`, `target`, `form_template_id`, `i_pathway`, `i_mail`, `i_print`, `i_favorite`, `last_modifier`, `link_active`, `page_type`, `blank_page`, `set_draft`, `is_member_page`) VALUES ('b4dd2c8f821962357c3090c091bb517f', 'e966db2ccb35862561fc85127de800e5', 'VISI, MISI & MOTO', 'VISI, MISI & MOTO', '0', '<div align=\"center\">\r\n<table class=\"rvFrame\" cellpadding=\"1\" cellspacing=\"1\" height=\"106\" width=\"741\">\r\n<tbody>\r\n<tr>\r\n<td class=\"tdSolid\" align=\"left\" valign=\"top\" width=\"50%\">\r\n<div class=\"dashView\">\r\n<table bgcolor=\"#f0f0f0\" cellpadding=\"5\" cellspacing=\"0\" height=\"102\" width=\"690\">\r\n<tbody>\r\n<tr>\r\n<td valign=\"top\" width=\"99%\">\r\n<h2 style=\"margin: 0 1px 10px 1px; font-size: 1.4em\" align=\"center\"><font style=\"font-size: medium\"><u>MISI.</u></font></h2>\r\n<div align=\"center\"><span>Menjadi pemaju hartanah terkemuka sebagaimana hasrat Kerajaan Negeri untuk membantu pembangunan sosial masyarakat dan meningkatkan ekonomi Anak Syarikat.</span></div>\r\n<p align=\"right\"><br />\r\n<strong></strong></p></td></tr></tbody></table></div></td></tr>	</tbody></table></div>', '<div align=\"center\">\r\n<table class=\"rvFrame\" cellpadding=\"1\" cellspacing=\"1\" height=\"102\" width=\"741\">\r\n<tbody>\r\n<tr>\r\n<td class=\"tdSolid\" align=\"left\" valign=\"top\" width=\"50%\">\r\n<div class=\"dashView\">\r\n<table bgcolor=\"#f0f0f0\" cellpadding=\"5\" cellspacing=\"0\" height=\"98\" width=\"690\">\r\n<tbody>\r\n<tr>\r\n<td valign=\"top\" width=\"99%\">\r\n<h2 style=\"margin: 0 1px 10px 1px; font-size: 1.4em\" align=\"center\"><font style=\"font-size: medium\"><u>VISI.</u></font></h2>\r\n<div align=\"center\"><span><strong>KOPERAT</strong> bertanggungjawab membina rumah yang bermutu dan terbaik kepada pembeli ke arah merealisasikan Syarikat sebagai Pemaju Hartanah yang terkemuka.</span></div>\r\n<p align=\"right\"><br />\r\n<strong></strong></p></td></tr></tbody></table></div></td></tr>	</tbody></table></div>', '<div align=\"center\">\r\n<table class=\"rvFrame\" cellpadding=\"1\" cellspacing=\"1\" height=\"86\" width=\"740\">\r\n<tbody>\r\n<tr>\r\n<td class=\"tdSolid\" align=\"left\" valign=\"top\" width=\"50%\">\r\n<div class=\"dashView\">\r\n<table bgcolor=\"#f0f0f0\" cellpadding=\"5\" cellspacing=\"0\" height=\"82\" width=\"689\">\r\n<tbody>\r\n<tr>\r\n<td valign=\"top\" width=\"99%\">\r\n<h2 style=\"margin: 0 1px 10px 1px; font-size: 1.4em\" align=\"center\"><font style=\"font-size: medium\"><u>MOTTO.</u></font></h2>\r\n<div align=\"center\"><span>Kediaman Selesa Komuniti Bahagia.</span></div>\r\n<p align=\"right\"><br />\r\n<strong></strong></p></td></tr></tbody></table></div></td></tr>	</tbody></table></div>\r\n<h2 style=\"margin: 2px; font-size: 1.3em\" align=\"left\"><u><font size=\"2\"><strong><a href=\"#\" class=\"btnlink\"><br />\r\n</a></strong></font></u></h2>\r\n<div style=\"margin: 2px; font-size: 1.3em\" align=\"left\">\r\n<table id=\"rv_template_layout\" cellpadding=\"0\" cellspacing=\"0\" height=\"20\" width=\"689\">\r\n<tbody>\r\n<tr>\r\n<td align=\"left\" valign=\"top\">\r\n<div align=\"right\">\r\n<h2 style=\"margin: 2px; font-size: 1.3em\"><u><font size=\"2\"><strong><a href=\"#\" class=\"btnlink\">Ke Atas</a></strong></font></u></h2></div></td></tr></tbody></table></div>', NULL, NULL, NULL, NULL, '5', NULL, NULL, NULL, NULL, NULL, NULL, NULL, '', '', '', '0', NULL, NULL, NULL, '1471317404', NULL, NULL, '0', '0', '0');
REPLACE INTO `rvs_project_page` (`project_page_id`, `rvs_usr_id`, `page_name`, `custom_page_name`, `rvs_component_id`, `page_data`, `page_data_zone_2`, `page_data_zone_3`, `page_data_zone_4`, `colume_width_1`, `colume_width_2`, `colume_width_3`, `rvs_layout_id`, `head`, `page_title`, `meta_keyword`, `meta_description`, `effect_page_enter`, `duration_page_enter`, `meta_page_effect`, `rvs_link_id`, `target`, `form_template_id`, `i_pathway`, `i_mail`, `i_print`, `i_favorite`, `last_modifier`, `link_active`, `page_type`, `blank_page`, `set_draft`, `is_member_page`) VALUES ('a0b92fa0d9b8af34f9f43de841e80146', 'e966db2ccb35862561fc85127de800e5', 'MAKLUMAT KORPORAT', 'MAKLUMAT KORPORAT', '0', '<div align=\"center\">\r\n<table class=\"rvFrame\" width=\"757\" height=\"971\" cellspacing=\"1\" cellpadding=\"1\">\r\n<tbody>\r\n<tr>\r\n<td class=\"tdSolid\" width=\"100%\" valign=\"top\" align=\"left\">\r\n<div class=\"dashView\">\r\n<table width=\"753\" height=\"520\" cellspacing=\"0\" cellpadding=\"3\">\r\n<tbody>\r\n<tr align=\"center\">\r\n<td width=\"99%\" valign=\"top\">\r\n<h2 style=\"margin: 2px; font-size: 1.2em\"><u>&nbsp;SYARIKAT.</u></h2></td></tr>\r\n<tr>\r\n<td width=\"99%\" valign=\"top\" align=\"left\">\r\n<div style=\"padding-bottom: 15px\">\r\n<h2 style=\"margin: 5px 0 8px 3px; font-size: 1.1em\"></h2>\r\n<table style=\"border-collapse: collapse\" width=\"695\" height=\"463\" cellspacing=\"0\" cellpadding=\"3\" bordercolor=\"#000000\" border=\"1\" bgcolor=\"#f0f0f0\">\r\n<tbody>\r\n<tr valign=\"top\">\r\n<th scope=\"row\" align=\"left\">\r\n<div>&nbsp;</div>\r\n<div>&nbsp;NAMA SYARIKAT</div>\r\n<div>&nbsp;</div></th>\r\n<td>\r\n<div>\r\n<div>&nbsp;</div></div>\r\n<div>&nbsp;<span>KONSORTIUM PERUMAHAN RAKYAT TERENGGANU SDN. BHD.</span></div>\r\n<div><span>&nbsp;( Anak Syarikat GPQ Sdn. Bhd. )</span></div></td></tr>\r\n<tr valign=\"top\">\r\n<th scope=\"row\" align=\"left\">\r\n<div>&nbsp;</div>\r\n<div>\r\n<div>&nbsp;NEGARA DIPERBADANKAN</div></div>\r\n<div></div></th>\r\n<td>\r\n<div>&nbsp;</div>\r\n<div>&nbsp;MALAYSIA</div></td></tr>\r\n<tr valign=\"top\">\r\n<th scope=\"row\" align=\"left\">\r\n<div>\r\n<div>&nbsp;</div>\r\n<div>&nbsp;TARIKH DITUBUHKAN</div></div></th>\r\n<td>\r\n<div>&nbsp;</div>\r\n<div>&nbsp;10HB JUN 1996 </div></td></tr>\r\n<tr valign=\"top\">\r\n<th scope=\"row\" align=\"left\">\r\n<div>&nbsp;</div>\r\n<div>&nbsp;NO. PENDAFTARAN SYARIKAT</div></th>\r\n<td>\r\n<div>&nbsp;</div>\r\n<div>&nbsp;389922 - T </div></td></tr>\r\n<tr valign=\"top\">\r\n<th scope=\"row\" align=\"left\">\r\n<div>\r\n<div>&nbsp;</div></div>\r\n<div>&nbsp;ALAMAT BERDAFTAR</div>\r\n<div>&nbsp;</div>\r\n<div>\r\n<div>&nbsp;</div></div></th>\r\n<td>\r\n<div>&nbsp;</div>\r\n<div>&nbsp;LOT PT 3071, KAWASAN PERINDUSTRIAN</div>\r\n<div>&nbsp;CHENDERING </div>\r\n<div>&nbsp;21080 KUALA TERENGGANU</div>\r\n<div>&nbsp;TERENGGANU DARUL IMAN</div></td></tr>\r\n<tr valign=\"top\">\r\n<th scope=\"row\" align=\"left\">\r\n<div>&nbsp;</div>\r\n<div>&nbsp;ALAMAT IBUPEJABAT</div>\r\n<div>&nbsp;</div></th>\r\n<td>\r\n<div>&nbsp;</div>\r\n<div>&nbsp;WISMA GPQ</div>\r\n<div>&nbsp;LOT 4564, TINGKAT 1 &amp; 2</div>\r\n<div>&nbsp;DESA MPKT, CHENDERING</div>\r\n<div>&nbsp;21080 KUALA TERENGGANU</div>\r\n<div>\r\n<div>&nbsp;TERENGGANU DARUL IMAN </div></div></td></tr>\r\n<tr valign=\"top\">\r\n<th scope=\"row\" align=\"left\">\r\n<div>&nbsp;</div>\r\n<div>&nbsp;NO. TELEFON</div></th>\r\n<td>\r\n<div>\r\n<div>&nbsp;</div></div>\r\n<div>&nbsp;09 - 617 3405 / 09 - 617 6405</div></td></tr>\r\n<tr valign=\"top\">\r\n<th scope=\"row\" align=\"left\">\r\n<div>\r\n<div>&nbsp;</div></div>\r\n<div>&nbsp;NO. FAX</div></th>\r\n<td>\r\n<div>\r\n<div>&nbsp;</div></div>\r\n<div>&nbsp;09 - 617 7404</div></td></tr>\r\n<tr valign=\"top\">\r\n<th scope=\"row\" align=\"left\">\r\n<div>&nbsp;</div>\r\n<div>&nbsp;JENIS PERNIAGAAN</div></th>\r\n<td>\r\n<div>\r\n<div>&nbsp;</div></div>\r\n<div>&nbsp;PEMAJU PERUMAHAN&nbsp; </div></td></tr>\r\n<tr valign=\"top\">\r\n<th scope=\"row\" align=\"left\">\r\n<div>\r\n<div>&nbsp;</div></div>\r\n<div>\r\n<div>&nbsp;ALAMAT WEBSITE&nbsp; </div></div></th>\r\n<td>\r\n<div>\r\n<div>&nbsp;</div></div>\r\n<div>\r\n<div>&nbsp;<a href=\"http://www.koperat.com.my/\" title=\"\"><strong>http://www.koperat.com.my</strong></a>&nbsp; </div></div></td></tr>\r\n<tr valign=\"top\">\r\n<th scope=\"row\" align=\"left\">\r\n<div>\r\n<div>&nbsp;</div></div>\r\n<div>\r\n<div>&nbsp;EMAIL</div></div></th>\r\n<td>\r\n<div>\r\n<div>&nbsp;</div>\r\n<div>&nbsp;<strong>koperat@hotmail.com</strong></div>\r\n<div><strong>&nbsp;</strong></div>\r\n<div><strong>&nbsp;koperat96@gmail.com&nbsp;</strong> </div></div></td></tr>\r\n<tr valign=\"top\">\r\n<th scope=\"row\" align=\"left\">\r\n<div>&nbsp;</div>\r\n<div>&nbsp;FACEBOOK </div></th>\r\n<td>\r\n<div>\r\n<div>&nbsp;</div>\r\n<div>&nbsp;<strong><a href=\"https://www.facebook.com/pages/Koperat/197111670306770\" title=\"\">facebook / koperat </a></strong> </div></div></td></tr></tbody></table></div></td></tr></tbody></table></div></td></tr>\r\n<tr>\r\n<td class=\"tdSolid\" width=\"100%\" valign=\"top\" align=\"left\">\r\n<div class=\"dashView\">\r\n<table width=\"704\" height=\"404\" cellspacing=\"0\" cellpadding=\"3\">\r\n<tbody>\r\n<tr align=\"center\">\r\n<td colspan=\"1\" style=\"padding: 5px 0\" valign=\"top\">\r\n<h2 style=\"margin: 2px; font-size: 1.2em\">&nbsp;<u>KEWANGAN</u>.</h2></td></tr>\r\n<tr>\r\n<td width=\"99%\" valign=\"top\" align=\"left\">\r\n<h2 style=\"margin: 0 1px 10px 1px; font-size: 1.1em\"></h2>\r\n<table style=\"border-collapse: collapse\" width=\"697\" height=\"316\" cellspacing=\"0\" cellpadding=\"3\" bordercolor=\"#000000\" border=\"1\" bgcolor=\"#f0f0f0\">\r\n<tbody>\r\n<tr valign=\"top\">\r\n<th scope=\"row\" align=\"left\">\r\n<div>&nbsp;</div>\r\n<div>&nbsp;STRUKTUR MODAL</div>\r\n<div>&nbsp;</div></th>\r\n<td align=\"left\">\r\n<div>&nbsp;</div>\r\n<div>&nbsp;MODAL BERBAYAR&nbsp;&nbsp;&nbsp;&nbsp;&nbsp; : RM 1,500,002.00</div>\r\n<div>\r\n<div>&nbsp;MODAL DIBENARKAN&nbsp; : RM 5,000,000.00</div></div>\r\n<div></div></td></tr>\r\n<tr valign=\"top\">\r\n<th scope=\"row\" align=\"left\">\r\n<div>&nbsp;</div>\r\n<div>&nbsp;JURU AUDIT</div>\r\n<div>&nbsp;</div></th>\r\n<td align=\"left\">\r\n<div>&nbsp;</div>\r\n<div>&nbsp;HANAFIAH RASLAN &amp; MOHAMAD</div>\r\n<div>&nbsp;Tingkat 9, Menara Permint</div>\r\n<div>&nbsp;Jalan Sultan Ismail</div>\r\n<div>&nbsp;20200 Kuala Terengganu</div>\r\n<div>&nbsp;Terengganu Darul Iman</div></td></tr>\r\n<tr valign=\"top\">\r\n<th scope=\"row\" align=\"left\">\r\n<div>&nbsp;</div>\r\n<div>&nbsp;BANK &amp; FASILITI (KEMUDAHAN) </div></th>\r\n<td align=\"left\">\r\n<div>&nbsp;</div>\r\n<div>&nbsp;AFFIN BANK BERHAD (CAW. KUALA TERENGGANU)</div>\r\n<div>&nbsp;JENIS AKAUN : AKAUN SEMASA &amp; AKAUN HDA</div>\r\n<div>&nbsp;</div>\r\n<div>&nbsp;CIMB BANK BERHAD ( CAW. KUALA TERENGGANU)</div>\r\n<div>&nbsp;JENIS AKAUN : AKAUN SEMASA &amp; AKAUN HDA)</div>\r\n<div>&nbsp;</div>\r\n<div>&nbsp;PUBLIC BANK BERHAD (CAW. KUALA TERENGGANU)</div>\r\n<div>&nbsp;JENIS AKAUN : AKAUN SEMASA</div></td></tr></tbody></table>\r\n<h2 style=\"margin: 2px; font-size: 1.3em\" align=\"right\"><u><strong><font size=\"2\"><a href=\"#\" class=\"btnlink\">Ke Atas</a></font></strong></u></h2></td></tr></tbody></table></div></td></tr>	</tbody></table></div>', '<div align=\"center\">\r\n<table class=\"rvFrame\" width=\"755\" height=\"765\" cellspacing=\"1\" cellpadding=\"1\">\r\n<tbody>\r\n<tr>\r\n<td class=\"tdSolid\" width=\"100%\" valign=\"top\" align=\"left\">\r\n<div class=\"dashView\">\r\n<table width=\"729\" height=\"744\" cellspacing=\"0\" cellpadding=\"3\">\r\n<tbody>\r\n<tr align=\"center\">\r\n<td width=\"99%\" valign=\"top\">\r\n<h2 style=\"margin: 2px; font-size: 1.2em\"><u>LESEN &amp; PERMIT.</u></h2></td></tr>\r\n<tr>\r\n<td width=\"99%\" valign=\"top\" align=\"left\">\r\n<div style=\"padding-bottom: 15px\">\r\n<h2 style=\"margin: 5px 0 8px 3px; font-size: 1.1em\"></h2>\r\n<table style=\"border-collapse: collapse\" width=\"697\" height=\"687\" cellspacing=\"0\" cellpadding=\"3\" bordercolor=\"#000000\" border=\"1\" bgcolor=\"#f0f0f0\">\r\n<tbody>\r\n<tr valign=\"top\">\r\n<th scope=\"row\" align=\"left\">\r\n<div>&nbsp;</div>\r\n<div>&nbsp;LESEN PEMAJU PERUMAHAN</div>\r\n<div>&nbsp;</div></th>\r\n<td align=\"left\">\r\n<div>&nbsp;</div>\r\n<div>&nbsp;NAMA TAMAN : TAMAN RAKYAT BISTARI</div>\r\n<div>&nbsp;LOKASI : TELUK KALUNG, BUKIT KUANG, KEMAMAN, TERENGGANU</div>\r\n<div>&nbsp;NO. LOT : PT 5561 - PT 5756</div>\r\n<div>&nbsp;NO. LESEN : 7538-6/06-2018/01617(L)</div>\r\n<div>&nbsp;TARIKH TAMAT : 14/06/2018</div>\r\n<div>&nbsp;</div>\r\n<div>&nbsp;NAMA TAMAN : TAMAN RAKYAT BISTARI</div>\r\n<div>&nbsp;LOKASI : TELUK KALUNG, BUKIT KUANG, KEMAMAN, TERENGGANU</div>\r\n<div>&nbsp;NO. LOT : PT 5700 - PT 5727, PT 5757 - PT 5964</div>\r\n<div>&nbsp;NO. LESEN : 7538-7/01-2018/01183 (L)</div>\r\n<div>\r\n<div>&nbsp;TARIKH TAMAT : 24/01/2018 </div></div>\r\n<div>\r\n<div>&nbsp;</div></div>\r\n<div>\r\n<div>\r\n<div>&nbsp;NAMA TAMAN : TAMAN KOPERAT PERADONG</div>\r\n<div>&nbsp;LOKASI : BANGGOL PERADONG, MANIR, KUALA TERENGANU</div>\r\n<div>&nbsp;NO. LOT : PT 5864 - PT 6028</div>\r\n<div>&nbsp;NO. LESEN : 7538-8/03-2018/09201 (L)</div>\r\n<div>&nbsp;TARIKH TAMAT : 23/03/2018 </div></div></div></td></tr>\r\n<tr valign=\"top\">\r\n<th scope=\"row\" align=\"left\">\r\n<div>&nbsp;</div>\r\n<div>&nbsp;PERMIT IKLAN &amp; JUALAN</div>\r\n<div>&nbsp;</div></th>\r\n<td align=\"left\">\r\n<div>\r\n<div>&nbsp;</div></div>\r\n<div>&nbsp;NAMA TAMAN : TAMAN RAKYAT BISTARI</div>\r\n<div>&nbsp;LOKASI : TELUK KALUNG, BUKIT KUANG, KEMAMAN, TERENGGANU</div>\r\n<div>&nbsp;NO. LOT : PT 5561 - PT 5756</div>\r\n<div>&nbsp;NO. LESEN : 7538-6/06-2018/01617(P)</div>\r\n<div>&nbsp;TARIKH TAMAT : 14/06/2018</div>\r\n<div>&nbsp;</div>\r\n<div>&nbsp;NAMA TAMAN : TAMAN RAKYAT BISTARI</div>\r\n<div>&nbsp;LOKASI : TELUK KALUNG, BUKIT KUANG, KEMAMAN, TERENGGANU</div>\r\n<div>&nbsp;NO. LOT : PT 5700 - PT 5727, PT 5757 - PT 5964</div>\r\n<div>\r\n<div>&nbsp;NO. LESEN : 7538-7/01-2018/01183(P)</div>\r\n<div>&nbsp;TARIKH TAMAT : 24/01/2018 </div></div>\r\n<div>\r\n<div>&nbsp;</div></div>\r\n<div>&nbsp;NAMA TAMAN :TAMAN KOPERAT PERADONG</div>\r\n<div>&nbsp;LOKASI : BANGGOL PERADONG, MANIR, KUALA TERENGGANU</div>\r\n<div>&nbsp;NO. LOT : PT 5864 - PT 6028</div>\r\n<div>&nbsp;NO. LESEN : 7538-8/03-2018/09201 (P)</div>\r\n<div>&nbsp;TARIKH TAMAT : 23/03/2018</div></td></tr></tbody></table></div></td></tr></tbody></table></div></td></tr>\r\n<tr>\r\n<td class=\"tdSolid\" width=\"100%\" valign=\"top\" align=\"left\">\r\n<div class=\"dashView\">\r\n<table width=\"712\" height=\"20\" cellspacing=\"0\" cellpadding=\"3\">\r\n<tbody>\r\n<tr>\r\n<td style=\"padding: 0 10px 0 0\" valign=\"top\">\r\n<h2 style=\"margin: 2px; font-size: 1.3em\" align=\"right\"><strong><u><font size=\"2\"><a href=\"#\" class=\"btnlink\">Ke Atas</a></font></u></strong></h2></td></tr></tbody></table></div></td></tr>	</tbody></table></div>', NULL, NULL, NULL, NULL, NULL, '4', NULL, NULL, NULL, NULL, NULL, NULL, NULL, '', '', '', '0', NULL, NULL, NULL, '1499586891', NULL, NULL, '0', '0', '0');
REPLACE INTO `rvs_project_page` (`project_page_id`, `rvs_usr_id`, `page_name`, `custom_page_name`, `rvs_component_id`, `page_data`, `page_data_zone_2`, `page_data_zone_3`, `page_data_zone_4`, `colume_width_1`, `colume_width_2`, `colume_width_3`, `rvs_layout_id`, `head`, `page_title`, `meta_keyword`, `meta_description`, `effect_page_enter`, `duration_page_enter`, `meta_page_effect`, `rvs_link_id`, `target`, `form_template_id`, `i_pathway`, `i_mail`, `i_print`, `i_favorite`, `last_modifier`, `link_active`, `page_type`, `blank_page`, `set_draft`, `is_member_page`) VALUES ('ff62bcbe0344d4ec7d7dbda9ff383186', 'e966db2ccb35862561fc85127de800e5', 'STRUKTUR ORGANISASI', 'STRUKTUR ORGANISASI', '0', '<div align=\"center\">\r\n<div align=\"center\">&nbsp;</div></div>\r\n<div align=\"center\"><img alt=\"\" title=\"\" src=\"{IMAGE_URL}/organisasi6.jpg\" width=\"645\" border=\"0\" height=\"716\" />\r\n<div>&nbsp;</div></div>\r\n<table class=\"rvFrame\" width=\"693\" cellspacing=\"1\" cellpadding=\"1\" height=\"39\">\r\n<tbody>\r\n<tr>\r\n<td class=\"tdSolid\" width=\"70%\" valign=\"top\">\r\n<div class=\"dashView\"></div><br />\r\n<h2 style=\"margin: 2px; font-size: 1.3em\" align=\"right\"><strong><u><font size=\"2\"><a href=\"#\" class=\"btnlink\">Ke Atas</a></font></u></strong></h2></td></tr>\r\n<tr></tr></tbody></table>', NULL, NULL, NULL, NULL, NULL, NULL, '1', NULL, NULL, NULL, NULL, NULL, NULL, NULL, '', '', '', '0', NULL, NULL, NULL, '1494139090', NULL, NULL, '0', '0', '0');
REPLACE INTO `rvs_project_page` (`project_page_id`, `rvs_usr_id`, `page_name`, `custom_page_name`, `rvs_component_id`, `page_data`, `page_data_zone_2`, `page_data_zone_3`, `page_data_zone_4`, `colume_width_1`, `colume_width_2`, `colume_width_3`, `rvs_layout_id`, `head`, `page_title`, `meta_keyword`, `meta_description`, `effect_page_enter`, `duration_page_enter`, `meta_page_effect`, `rvs_link_id`, `target`, `form_template_id`, `i_pathway`, `i_mail`, `i_print`, `i_favorite`, `last_modifier`, `link_active`, `page_type`, `blank_page`, `set_draft`, `is_member_page`) VALUES ('41834e3e790908a10ff872a5b95234b4', 'e966db2ccb35862561fc85127de800e5', 'LEMBAGA PENGARAH', 'LEMBAGA PENGARAH', '0', '<p>&nbsp;</p>\r\n<div>\r\n<div>\r\n<div>\r\n<div align=\"center\">\r\n<table class=\"rvFrame\" width=\"740\" cellspacing=\"1\" cellpadding=\"1\" height=\"86\">\r\n<tbody>\r\n<tr>\r\n<td class=\"tdSolid\" width=\"50%\" valign=\"top\" align=\"left\">\r\n<div class=\"dashView\">\r\n<table width=\"689\" cellspacing=\"0\" cellpadding=\"5\" bgcolor=\"#f0f0f0\" height=\"82\">\r\n<tbody>\r\n<tr>\r\n<td width=\"99%\" valign=\"top\">\r\n<div align=\"center\"><font style=\"font-size: medium\"><u><strong><span>PEMEGANG SAHAM</span></strong></u></font></div>\r\n<div align=\"center\"><span>&nbsp;</span></div>\r\n<div align=\"center\"><span>1. GPQ SDN BHD&nbsp;&nbsp;&nbsp;&nbsp;&nbsp;&nbsp;&nbsp;&nbsp;&nbsp;&nbsp; &nbsp; &nbsp; &nbsp; &nbsp;&nbsp;&nbsp;&nbsp;&nbsp;&nbsp;&nbsp;&nbsp;&nbsp;&nbsp;&nbsp;&nbsp;&nbsp;&nbsp;&nbsp;&nbsp;&nbsp;&nbsp;&nbsp;&nbsp;&nbsp;&nbsp;&nbsp;&nbsp;&nbsp;&nbsp;&nbsp; &nbsp;&nbsp;&nbsp;&nbsp;&nbsp;&nbsp; : 65%</span></div>\r\n<div align=\"center\"><span>&nbsp;</span></div>\r\n<div align=\"center\">\r\n<div><span>2. PESAMA TIMBER CORPORATION SDN. BHD. &nbsp; &nbsp; &nbsp;&nbsp; : 35% </span></div></div>\r\n<div align=\"center\">\r\n<div><span>&nbsp;</span></div></div></td></tr></tbody></table></div></td></tr>	</tbody></table></div></div>\r\n<div>\r\n<div>&nbsp;</div></div>\r\n<div>\r\n<div><br />\r\n<div>\r\n<div align=\"center\">\r\n<table class=\"rvFrame\" width=\"740\" cellspacing=\"1\" cellpadding=\"1\" height=\"86\">\r\n<tbody>\r\n<tr>\r\n<td class=\"tdSolid\" width=\"50%\" valign=\"top\" align=\"left\">\r\n<div class=\"dashView\" align=\"center\">\r\n<table style=\"width: 689px; height: 295px\" cellspacing=\"0\" cellpadding=\"5\" bgcolor=\"#f0f0f0\">\r\n<tbody>\r\n<tr>\r\n<td width=\"99%\" valign=\"top\">\r\n<div align=\"center\"><font style=\"font-size: medium\"><u><strong><span>LEMBAGA PENGARAH</span></strong></u></font></div>\r\n<div align=\"center\"><span>&nbsp;</span></div>\r\n<div align=\"center\"><span>&nbsp;</span></div>\r\n<div align=\"center\"><font style=\"font-size: larger\"><span>PENGERUSI</span></font></div>\r\n<div align=\"center\"><span>&nbsp;</span></div>\r\n<div align=\"center\"><span>Y.B. DATO\' HAJI MUHAMMAD PEHIMI BIN YUSOF</span></div>\r\n<div align=\"center\"><span>&nbsp;</span></div>\r\n<div align=\"center\"><span>&nbsp;</span></div>\r\n<div align=\"center\"><font style=\"font-size: larger\"><span>PENGARAH</span></font></div>\r\n<div align=\"center\"><span>&nbsp;</span></div>\r\n<div align=\"center\"><span>ENCIK MOHAMED NASIR BIN AWANG</span></div>\r\n<div align=\"center\"><span>ENCIK&nbsp; HILMI BIN AWANG</span></div>\r\n<div align=\"center\"><span>ENCIK MOHD ZAMZAINI BIN ZOLKEFFI</span></div>\r\n<div align=\"center\"><span>&nbsp;</span></div>\r\n<div align=\"center\"><span>&nbsp;</span></div>\r\n<div align=\"center\"><font style=\"font-size: larger\"><span>SETIAUSAHA SYARIKAT</span></font></div>\r\n<div align=\"center\"><span>&nbsp;</span></div>\r\n<div align=\"center\"><span>PUAN SALIZA BINTI ABDUL RAHMAN </span></div></td></tr></tbody></table></div></td></tr>	</tbody></table></div></div></div></div></div></div>\r\n<div>\r\n<table id=\"rv_template_layout\" width=\"689\" cellspacing=\"0\" cellpadding=\"0\" height=\"20\">\r\n<tbody>\r\n<tr>\r\n<td valign=\"top\" align=\"left\">\r\n<div align=\"right\">\r\n<h2 style=\"margin: 2px; font-size: 1.3em\"><u><font size=\"2\"><strong><a href=\"#\" class=\"btnlink\">Ke Atas</a></strong></font></u></h2></div></td></tr></tbody></table>&nbsp;</div>', NULL, NULL, NULL, NULL, NULL, NULL, '1', NULL, NULL, NULL, NULL, NULL, NULL, NULL, '', '', '', '0', NULL, NULL, NULL, '1494139222', NULL, NULL, '0', '0', '0');
REPLACE INTO `rvs_project_page` (`project_page_id`, `rvs_usr_id`, `page_name`, `custom_page_name`, `rvs_component_id`, `page_data`, `page_data_zone_2`, `page_data_zone_3`, `page_data_zone_4`, `colume_width_1`, `colume_width_2`, `colume_width_3`, `rvs_layout_id`, `head`, `page_title`, `meta_keyword`, `meta_description`, `effect_page_enter`, `duration_page_enter`, `meta_page_effect`, `rvs_link_id`, `target`, `form_template_id`, `i_pathway`, `i_mail`, `i_print`, `i_favorite`, `last_modifier`, `link_active`, `page_type`, `blank_page`, `set_draft`, `is_member_page`) VALUES ('3608b8584ea7cd8bdb044c229f85e392', 'e966db2ccb35862561fc85127de800e5', 'PROJEK SEMASA', 'PROJEK SEMASA', '0', '<div align=\"center\">\r\n<table class=\"rvFrame\" cellpadding=\"1\" cellspacing=\"1\" height=\"389\" width=\"751\">\r\n<tbody>\r\n<tr>\r\n<td class=\"tdSolid\" align=\"left\" valign=\"top\" width=\"100%\">\r\n<div class=\"dashView\">\r\n<table bgcolor=\"#f0f0f0\" cellpadding=\"3\" cellspacing=\"0\" height=\"191\" width=\"741\">\r\n<tbody>\r\n<tr>\r\n<td colspan=\"2\" style=\"padding: 5px 0\" valign=\"top\">\r\n<h2 style=\"margin: 2px; font-size: 1.3em\" align=\"center\"><u>TAMAN RAKYAT BISTARI, BUKIT KUANG.</u></h2>\r\n<div style=\"margin: 2px; font-size: 1.3em\" align=\"center\">&nbsp;<a href=\"84bbbdf82535d0b77e1e6ac249a40bc0.php\" title=\"\"><img title=\"\" src=\"{IMAGE_URL}/banertrb.jpg\" alt=\"\" border=\"0\" height=\"76\" vspace=\"5\" width=\"600\" /></a></div></td></tr>\r\n<tr>\r\n<td style=\"padding: 0 10px 0 0\" valign=\"top\"><br />\r\n</td>\r\n<td valign=\"top\" width=\"99%\">\r\n<div align=\"center\">CADANGAN PERUMAHAN KOS RENDAH DAN BERCAMPUR DI ATAS TANAH KERAJAAN SELUAS 70.29 EKAR</div>\r\n<div align=\"center\">DI KAMPUNG BUKIT KUANG II, MUKIM TELOK KALONG, DAERAH KEMAMAN,</div>\r\n<div align=\"center\">TERENGGANU DARUL IMAN.</div>\r\n<h2 style=\"margin: 2px; font-size: 1.3em\" align=\"right\"><u><font size=\"2\"><strong><a href=\"#\" class=\"btnlink\">Ke Atas</a></strong></font></u></h2></td></tr></tbody></table></div></td></tr>\r\n<tr>\r\n<td class=\"tdSolid\" align=\"left\" valign=\"top\" width=\"100%\">\r\n<div class=\"dashView\">\r\n<table bgcolor=\"#f0f0f0\" cellpadding=\"3\" cellspacing=\"0\" height=\"191\" width=\"739\">\r\n<tbody>\r\n<tr>\r\n<td colspan=\"2\" style=\"padding: 5px 0\" valign=\"top\">\r\n<h2 style=\"margin: 2px; font-size: 1.3em\" align=\"center\"><u>TAMAN PUNCAK KEMAJUAN, PULAU KAMBING.</u></h2>\r\n<div style=\"margin: 2px; font-size: 1.3em\" align=\"center\">&nbsp;<a href=\"1f57a4e8a81a2507530b50756e1fe057.php\" title=\"\"><img title=\"\" src=\"{IMAGE_URL}/banertpk.jpg\" alt=\"\" border=\"0\" height=\"76\" vspace=\"5\" width=\"600\" /></a></div></td></tr>\r\n<tr>\r\n<td style=\"padding: 0 10px 0 0\" valign=\"top\"><br />\r\n</td>\r\n<td valign=\"top\" width=\"99%\">\r\n<div align=\"center\">CADANGAN PEMBANGUNAN BERCAMPUR DI ATAS TANAH KERAJAAN SELUAS 6.916 EKAR</div>\r\n<div align=\"center\">DI KAMPUNG PULAU KAMBING, MUKIM CHABANG TIGA, DAERAH KUALA TERENGGANU,</div>\r\n<div align=\"center\">TERENGGANU DARUL IMAN </div>\r\n<h2 style=\"margin: 2px; font-size: 1.3em\" align=\"right\"><u><font size=\"2\"><strong><a href=\"#\" class=\"btnlink\">Ke Atas</a></strong></font></u></h2></td></tr></tbody></table></div></td></tr>	</tbody></table></div>', '<div align=\"center\">\r\n<table class=\"rvFrame\" cellpadding=\"1\" cellspacing=\"1\" height=\"389\" width=\"753\">\r\n<tbody>\r\n<tr>\r\n<td class=\"tdSolid\" align=\"left\" valign=\"top\" width=\"100%\">\r\n<div class=\"dashView\">\r\n<table bgcolor=\"#f0f0f0\" cellpadding=\"3\" cellspacing=\"0\" height=\"191\" width=\"744\">\r\n<tbody>\r\n<tr>\r\n<td colspan=\"2\" style=\"padding: 5px 0\" valign=\"top\">\r\n<h2 style=\"margin: 2px; font-size: 1.3em\" align=\"center\"><u>TAMAN RAKYAT HARMONI, JABI.</u></h2>\r\n<div style=\"margin: 2px; font-size: 1.3em\" align=\"center\">&nbsp;<a href=\"186bf122d32241f3d41c9b8c3acfff38.php\" title=\"\"><img title=\"\" src=\"{IMAGE_URL}/banertrh.jpg\" alt=\"\" border=\"0\" height=\"76\" vspace=\"5\" width=\"600\" /></a></div></td></tr>\r\n<tr>\r\n<td style=\"padding: 0 10px 0 0\" valign=\"top\"><br />\r\n</td>\r\n<td valign=\"top\" width=\"99%\">\r\n<div align=\"center\">CADANGAN PERUMAHAN KOS RENDAH DAN BERCAMPUR DI ATAS TANAH KERAJAAN SELUAS 9 EKAR</div>\r\n<div align=\"center\">DI PEKAN JABI, DAERAH BESUT,</div>\r\n<div align=\"center\">TERENGGANU DARUL IMAN.</div>\r\n<h2 style=\"margin: 2px; font-size: 1.3em\" align=\"right\"><u><font size=\"2\"><strong><a href=\"#\" class=\"btnlink\">Ke Atas</a></strong></font></u></h2></td></tr></tbody></table></div></td></tr>\r\n<tr>\r\n<td class=\"tdSolid\" align=\"left\" valign=\"top\" width=\"100%\">\r\n<div class=\"dashView\">\r\n<table bgcolor=\"#f0f0f0\" cellpadding=\"3\" cellspacing=\"0\" height=\"191\" width=\"745\">\r\n<tbody>\r\n<tr>\r\n<td colspan=\"2\" style=\"padding: 5px 0\" valign=\"top\">\r\n<h2 style=\"margin: 2px; font-size: 1.3em\" align=\"center\"><u>TAMAN KOPERAT PERADONG, MANIR.</u></h2>\r\n<div style=\"margin: 2px; font-size: 1.3em\" align=\"center\">&nbsp;<a href=\"428bff34d4142fdc8280092be5baff29.php\" title=\"\"><img title=\"\" src=\"{IMAGE_URL}/banertkp.jpg\" alt=\"\" border=\"0\" height=\"76\" vspace=\"5\" width=\"600\" /></a></div></td></tr>\r\n<tr>\r\n<td style=\"padding: 0 10px 0 0\" valign=\"top\"><br />\r\n</td>\r\n<td valign=\"top\" width=\"99%\">\r\n<div align=\"center\">CADANGAN PERUMAHAN BERCAMPUR DI ATAS TANAH KERAJAAN SELUAS 9.8978 HEKTAR</div>\r\n<div align=\"center\">DI KAMPUNG BANGGOL PERADONG, MUKIM BELARA, KUALA TERENGGANU,</div>\r\n<div align=\"center\">TERENGGANU DARUL IMAN, </div>\r\n<h2 style=\"margin: 2px; font-size: 1.3em\" align=\"right\"><u><font size=\"2\"><strong><a href=\"#\" class=\"btnlink\">Ke Atas</a></strong></font></u></h2></td></tr></tbody></table></div></td></tr>	</tbody></table></div>', '<div align=\"center\">\r\n<table id=\"rv_template_layout\" align=\"left\" cellpadding=\"0\" cellspacing=\"0\" height=\"20\" width=\"175\">\r\n<tbody>\r\n<tr>\r\n<td align=\"left\" valign=\"top\">\r\n<div align=\"right\">\r\n<h2 style=\"margin: 2px; font-size: 1.3em\" align=\"center\"><a href=\"b0db060f4bddb67c0408579382845f35.php\" title=\"\"><u><font size=\"2\"><strong></strong></font></u></a><u><font size=\"2\"><strong><a title=\"\" href=\"b0db060f4bddb67c0408579382845f35.php\" class=\"btnlink\">PROJEK AKAN DATANG</a></strong></font></u></h2></div></td></tr></tbody></table></div>', NULL, NULL, NULL, NULL, '5', NULL, NULL, NULL, NULL, NULL, NULL, NULL, '', '', '', '0', NULL, NULL, NULL, '1471317982', NULL, NULL, '0', '0', '0');
REPLACE INTO `rvs_project_page` (`project_page_id`, `rvs_usr_id`, `page_name`, `custom_page_name`, `rvs_component_id`, `page_data`, `page_data_zone_2`, `page_data_zone_3`, `page_data_zone_4`, `colume_width_1`, `colume_width_2`, `colume_width_3`, `rvs_layout_id`, `head`, `page_title`, `meta_keyword`, `meta_description`, `effect_page_enter`, `duration_page_enter`, `meta_page_effect`, `rvs_link_id`, `target`, `form_template_id`, `i_pathway`, `i_mail`, `i_print`, `i_favorite`, `last_modifier`, `link_active`, `page_type`, `blank_page`, `set_draft`, `is_member_page`) VALUES ('b0db060f4bddb67c0408579382845f35', 'e966db2ccb35862561fc85127de800e5', 'PROJEK AKAN DATANG', 'PROJEK AKAN DATANG', '0', '<div>\r\n<div>&nbsp;</div></div>\r\n<div>\r\n<div align=\"center\">\r\n<table style=\"border-collapse: collapse\" width=\"716\" height=\"929\" cellspacing=\"0\" cellpadding=\"3\" border=\"5\" bgcolor=\"#f0f0f0\">\r\n<tbody>\r\n<tr valign=\"top\" align=\"center\">\r\n<td>\r\n<div>&nbsp;</div></td>\r\n<td colspan=\"3\">\r\n<div>&nbsp;</div>\r\n<div><font color=\"#aa00ff\"><u><font style=\"font-size: medium\"><strong>PROJEK AKAN DATANG</strong></font></u></font><br />\r\n</div>\r\n<p>&nbsp;</p></td></tr>\r\n<tr valign=\"top\">\r\n<td>\r\n<div>&nbsp;</div></td>\r\n<td>\r\n<div>&nbsp;</div></td>\r\n<td>\r\n<div>&nbsp;</div></td>\r\n<td>\r\n<div>&nbsp;</div></td></tr>\r\n<tr valign=\"top\">\r\n<td>\r\n<div>&nbsp;</div></td>\r\n<td colspan=\"3\" align=\"center\">\r\n<div><strong> CADANGAN PERUMAHAN KOS RENDAH DAN BERCAMPUR DI PEKAN JABI,</strong>\r\n<div><strong>&nbsp; DAERAH BESUT, TERENGGANU DARUL IMAN.</strong></div>\r\n<div><strong>&nbsp;</strong></div></div></td></tr>\r\n<tr valign=\"top\">\r\n<td>\r\n<div>&nbsp;</div></td>\r\n<td>\r\n<div>\r\n<div>\r\n<div>&nbsp;<strong><u>TAMAN RAKYAT HARMONI, FASA IV</u><br />\r\n</strong></div>\r\n<div>&nbsp;</div>\r\n<div>&nbsp;</div>\r\n<div>\r\n<div>&nbsp;</div></div><strong>&nbsp;</strong><strong>Baca Seterusnya</strong></div></div>\r\n<div>\r\n<div>&nbsp;</div></div></td>\r\n<td>\r\n<div>&nbsp;</div></td>\r\n<td>\r\n<div>\r\n<div>\r\n<div>&nbsp;</div></div>\r\n<div>\r\n<div>&nbsp;</div></div>\r\n<div>&nbsp;</div>\r\n\r\n&nbsp;LOKASI : <strong>JABI, DAERAH BESUT</strong>\r\n<div>&nbsp;</div>\r\n<div>&nbsp;JENIS HARTANAH : <strong>RUMAH TERES 1 TINGKAT</strong></div>\r\n<div>&nbsp;</div>\r\n<div>&nbsp;STATUS : <strong><font style=\"font-size: larger\">DIBUKA PENDAFTARAN</font></strong><font style=\"font-size: larger\"><strong></strong></font></div>\r\n<div>&nbsp;</div>\r\n<div>&nbsp;</div>\r\n<div align=\"center\"><font style=\"font-size: medium\" color=\"#ff0000\"><strong>&nbsp;</strong></font><a href=\"4451b16299785bd46c11d09e51394e2c.php\" title=\"\" target=\"_blank\"><u><strong><span>ISI BORANG DALAM TALIAN</span></strong></u></a></div>\r\n<div><font style=\"font-size: medium\" color=\"#ff0000\"><strong>&nbsp;</strong></font></div>\r\n<div align=\"center\"><strong><strong>MUAT TURUN BROSUR &amp; BORANG</strong></strong></div>\r\n<div align=\"center\"><strong><strong>&nbsp;</strong></strong></div></div></td></tr>\r\n<tr valign=\"top\">\r\n<td>\r\n<div>&nbsp;</div></td>\r\n<td>\r\n<div>\r\n<div>&nbsp;</div></div>\r\n<div>\r\n<div>&nbsp;</div></div></td>\r\n<td>\r\n<div>&nbsp;</div></td>\r\n<td>\r\n<div>&nbsp;</div></td></tr>\r\n<tr valign=\"top\">\r\n<td>\r\n<div>&nbsp;</div></td>\r\n<td>\r\n<div>\r\n<div>&nbsp;</div></div>\r\n<div>\r\n<div>&nbsp;</div></div></td>\r\n<td>\r\n<div>&nbsp;</div></td>\r\n<td>\r\n<div>&nbsp;</div></td></tr>\r\n<tr valign=\"top\">\r\n<td>\r\n<div>&nbsp;</div></td>\r\n<td colspan=\"3\">\r\n<div>\r\n<div align=\"center\">&nbsp;<strong>CADANGAN PERUMAHAN KOS RENDAH DAN BERCAMPUR DI KAMPUNG BUKIT KUANG II,</strong></div>\r\n<div align=\"center\">\r\n<div><strong>&nbsp;MUKIM TELOK KALONG, DAERAH KEMAMAN, TERENGGANU DARUL IMAN.</strong></div></div>\r\n<div align=\"center\">&nbsp; </div></div></td></tr>\r\n<tr valign=\"top\">\r\n<td>\r\n<div>&nbsp;</div></td>\r\n<td>\r\n<div><strong>&nbsp;<u>TAMAN RAKYAT BISTARI, FASA 3C</u></strong></div>\r\n<div>&nbsp;</div>\r\n<div>&nbsp;<img title=\"\" src=\"{IMAGE_URL}/2-SIAPPPPP2.jpg\" alt=\"\" width=\"241\" height=\"148\" border=\"0\" /> </div>\r\n<div>&nbsp;</div><a href=\"38a70ae64c54e4e43fa4f28f55505d6a.php\" title=\"\"></a>\r\n<div><a href=\"38a70ae64c54e4e43fa4f28f55505d6a.php\" title=\"\"></a><strong>Baca Seterusnya</strong></div>\r\n<div>&nbsp;</div></td>\r\n<td>\r\n<div>&nbsp;</div></td>\r\n<td>\r\n<div>\r\n<div>&nbsp;</div></div>\r\n<div>\r\n<div>&nbsp;</div></div>\r\n<div>&nbsp;</div>\r\n<div>\r\n<div>&nbsp;LOKASI : <strong>BUKIT KUANG, KEMAMAN</strong></div>\r\n<div>&nbsp;</div>\r\n<div>&nbsp;JENIS HARTANAH : <strong>RUMAH TERES 1 TINGKAT</strong></div>\r\n<div>&nbsp;</div>\r\n<div>&nbsp;STATUS : <strong><font style=\"font-size: larger\">BELUM DIBUKA </font><br />\r\n</strong></div>\r\n<div>&nbsp;</div>&nbsp; <br />\r\n<div>\r\n<div align=\"center\">&nbsp;<u><strong><span>ISI BORANG DALAM TALIAN</span></strong></u></div></div>\r\n<div><font style=\"font-size: medium\">&nbsp;</font></div>\r\n<div>\r\n<div align=\"center\"><a href=\"http://more.sh/VHfYFR\" title=\"\" target=\"_blank\"><strong></strong></a><strong><strong>MUAT TURUN BROSUR &amp; BORANG</strong></strong></div>\r\n<div align=\"center\"><strong>&nbsp;</strong></div></div>\r\n<div>&nbsp;</div></div></td></tr>\r\n<tr valign=\"top\">\r\n<td>\r\n<div>&nbsp;</div></td>\r\n<td colspan=\"3\" align=\"center\">\r\n<div>\r\n<div>&nbsp;<strong>CADANGAN PERUMAHAN KOS RENDAH DAN BERCAMPUR DI KAMPUNG BUKIT KUANG II,</strong>\r\n<div><strong>&nbsp;MUKIM TELOK KALONG, DAERAH KEMAMAN, TERENGGANU DARUL IMAN.</strong></div></div>\r\n<div>&nbsp; </div></div></td></tr>\r\n<tr valign=\"top\">\r\n<td>\r\n<div>&nbsp;</div></td>\r\n<td>\r\n<div><strong><u>TAMAN RAKYAT BISTARI, FASA 3D</u></strong>\r\n<div>&nbsp;</div>\r\n<div>&nbsp;<img title=\"\" src=\"{IMAGE_URL}/2-SIAPPPPP2.jpg\" alt=\"\" width=\"241\" height=\"148\" border=\"0\" /></div>\r\n<div>&nbsp;</div>\r\n<div><a href=\"1b3b3584ef0f755cb061a74cd03a2c3a.php\" title=\"\"></a><strong>Baca Seterusnya</strong></div>\r\n<div>&nbsp;</div></div></td>\r\n<td>\r\n<div>&nbsp;</div></td>\r\n<td>\r\n<div>\r\n<div>&nbsp;</div></div>\r\n<div>\r\n<div>\r\n<div>&nbsp;</div></div>\r\n<div>&nbsp;</div>\r\n<div>\r\n<div>&nbsp;LOKASI : <strong>BUKIT KUANG, KEMAMAN</strong></div>\r\n<div>&nbsp;</div>\r\n<div>&nbsp;JENIS HARTANAH : <strong>RUMAH TERES 1 TINGKAT</strong></div>\r\n<div>&nbsp;</div>\r\n<div>&nbsp;STATUS : <strong><font style=\"font-size: larger\">BELUM DIBUKA</font><br />\r\n</strong></div>\r\n<div>\r\n<div>&nbsp;</div></div>\r\n<div>\r\n<div>&nbsp;</div>\r\n<div align=\"center\">&nbsp;<u><strong><span>ISI BORANG DALAM TALIAN</span></strong></u></div></div><font style=\"font-size: medium\">&nbsp;</font></div>\r\n<div>\r\n<div align=\"center\"><strong><strong>MUAT TURUN BROSUR &amp; BORANG</strong></strong></div>\r\n<div align=\"center\"><strong>&nbsp;</strong></div></div></div></td></tr>\r\n<tr valign=\"top\" align=\"center\">\r\n<td>\r\n<div>&nbsp;</div></td>\r\n<td colspan=\"3\">\r\n<div><strong>&nbsp;</strong><strong>CADANGAN PERUMAHAN KOS RENDAH DAN BERCAMPUR DI KAMPUNG BUKIT KUANG II,</strong>\r\n<div><strong>&nbsp;MUKIM TELOK KALONG, DAERAH KEMAMAN, TERENGGANU DARUL IMAN.</strong></div></div>\r\n<div><strong>&nbsp;</strong></div></td></tr>\r\n<tr valign=\"top\">\r\n<td>\r\n<div>&nbsp;</div></td>\r\n<td>\r\n<div><strong><u>TAMAN RAKYAT BISTARI, FASA 4B</u></strong>\r\n<div>&nbsp;</div>\r\n<div>&nbsp;<img src=\"{IMAGE_URL}/SEMI-D4btrbkmn.jpg\" title=\"\" alt=\"\" width=\"241\" height=\"161\" border=\"0\" /></div>\r\n<div>&nbsp;</div>\r\n<div><strong>Baca Seterusnya</strong></div>&nbsp;</div></td>\r\n<td>\r\n<div>&nbsp;</div></td>\r\n<td>\r\n<div>\r\n<div>\r\n<div>&nbsp;</div></div>\r\n<div>\r\n<div>&nbsp;</div></div>\r\n<div>&nbsp;</div>\r\n<div>\r\n<div>&nbsp;LOKASI : <strong>BUKIT KUANG, KEMAMAN</strong></div>\r\n<div>&nbsp;</div>\r\n<div>&nbsp;JENIS HARTANAH : <strong>RUMAH BERKEMBAR 1 TINGKAT</strong></div>\r\n<div>&nbsp;</div>\r\n<div>&nbsp;STATUS : <strong><font style=\"font-size: larger\">DIBUKA JUALAN</font><br />\r\n</strong></div>\r\n<div>\r\n<div>&nbsp;</div></div>\r\n<div>\r\n<div>&nbsp;</div>\r\n<div align=\"center\">&nbsp;<a href=\"29c1898db5db626c3abfe60aebbf1fa5.php\" title=\"\" target=\"_blank\"><u><strong><span>ISI BORANG DALAM TALIAN</span></strong></u></a></div></div><font style=\"font-size: medium\">&nbsp;</font></div>\r\n<div align=\"center\"><strong><strong>MUAT TURUN BROSUR &amp; BORANG</strong></strong></div>&nbsp;\r\n<div></div></div></td></tr>\r\n<tr valign=\"top\">\r\n<td>\r\n<div>&nbsp;</div></td>\r\n<td colspan=\"3\">\r\n<div>\r\n<div align=\"center\"><strong></strong><strong>CADANGAN PERUMAHAN KOS RENDAH DAN BERCAMPUR DI KAMPUNG BUKIT KUANG II,</strong>\r\n<div><strong>&nbsp;MUKIM TELOK KALONG, DAERAH KEMAMAN, TERENGGANU DARUL IMAN.</strong></div>\r\n<div><strong>&nbsp;</strong></div></div>\r\n<div><strong></strong></div></div></td></tr>\r\n<tr valign=\"top\">\r\n<td>\r\n<div>&nbsp;</div></td>\r\n<td>\r\n<div><strong><u>TAMAN RAKYAT BISTARI, FASA 4B</u></strong>\r\n<div>&nbsp;</div>\r\n<div>&nbsp;<img src=\"{IMAGE_URL}/BANGLO24btrbkmn.jpg\" title=\"\" alt=\"\" width=\"241\" height=\"161\" border=\"0\" /></div>\r\n<div>&nbsp;</div>\r\n<div><strong>Baca Seterusnya</strong></div>&nbsp;</div></td>\r\n<td>\r\n<div>&nbsp;</div></td>\r\n<td>\r\n<div>\r\n<div>\r\n<div>&nbsp;</div></div>\r\n<div>&nbsp;</div>\r\n<div>\r\n<div>&nbsp;LOKASI : <strong>BUKIT KUANG, KEMAMAN</strong></div>\r\n<div>&nbsp;</div>\r\n<div>&nbsp;JENIS HARTANAH : <strong>RUMAH BANGLO 1 TINGKAT</strong></div>\r\n<div>&nbsp;</div>\r\n<div>&nbsp;STATUS : <strong><font style=\"font-size: larger\">DIBUKA JUALAN</font><br />\r\n</strong></div>\r\n<div>\r\n<div>&nbsp;</div></div>\r\n<div>\r\n<div>&nbsp;</div>\r\n<div align=\"center\">&nbsp;<a href=\"318a4fdd25d7a551ac51d3b70997ffd1.php\" title=\"\" target=\"_blank\"><u><strong><span>ISI BORANG DALAM TALIAN</span></strong></u></a></div></div><font style=\"font-size: medium\">&nbsp;</font></div>\r\n<div align=\"center\"><strong><strong>MUAT TURUN BROSUR &amp; BORANG</strong></strong></div>&nbsp;</div></td></tr>\r\n<tr valign=\"top\">\r\n<td>\r\n<div>&nbsp;</div></td>\r\n<td colspan=\"3\">\r\n<div align=\"center\">\r\n<div>\r\n<div><strong>&nbsp;</strong><strong>CADANGAN PERUMAHAN KOS RENDAH DAN BERCAMPUR DI KAMPUNG BUKIT KUANG II,</strong>\r\n<div><strong>&nbsp;MUKIM TELOK KALONG, DAERAH KEMAMAN, TERENGGANU DARUL IMAN.</strong></div></div></div></div>\r\n<div>\r\n<div>&nbsp;</div></div></td></tr>\r\n<tr valign=\"top\">\r\n<td>\r\n<div>&nbsp;</div></td>\r\n<td>\r\n<div>\r\n<div><strong><u>TAMAN RAKYAT BISTARI, FASA 5A</u></strong>\r\n<div>&nbsp;</div>\r\n<div>&nbsp;<img src=\"{IMAGE_URL}/k1.jpg\" title=\"\" alt=\"\" width=\"241\" height=\"103\" border=\"0\" /></div>\r\n<div>&nbsp;</div>\r\n<div><strong>Baca Seterusnya</strong></div>&nbsp;</div></div>\r\n<div>\r\n<div>&nbsp;</div></div></td>\r\n<td>\r\n<div>&nbsp;</div></td>\r\n<td>\r\n<div>\r\n<div>&nbsp;</div></div>\r\n<div>\r\n<div>\r\n<div>\r\n<div>&nbsp;</div></div>\r\n<div>&nbsp;</div>\r\n<div>\r\n<div>&nbsp;LOKASI : <strong>BUKIT KUANG, KEMAMAN</strong></div>\r\n<div>&nbsp;</div>\r\n<div>&nbsp;JENIS HARTANAH : <strong>KEDAI 1 TINGKAT</strong></div>\r\n<div>&nbsp;</div>\r\n<div>&nbsp;STATUS : <strong><font style=\"font-size: larger\">DIBUKA JUALAN</font><br />\r\n</strong></div>\r\n<div>\r\n<div>&nbsp;</div></div>\r\n<div>\r\n<div>&nbsp;</div>\r\n<div align=\"center\">&nbsp;<a href=\"6f126a8522a2b1ee3e8b3798dbff2cb5.php\" title=\"\" target=\"_blank\"><u><strong><span>ISI BORANG DALAM TALIAN</span></strong></u></a></div></div><font style=\"font-size: medium\">&nbsp;</font></div>\r\n<div align=\"center\"><strong><strong>MUAT TURUN BROSUR &amp; BORANG</strong></strong></div>\r\n<div align=\"center\"><strong><strong>&nbsp;</strong></strong></div></div></div></td></tr>\r\n<tr valign=\"top\">\r\n<td>\r\n<div>&nbsp;</div></td>\r\n<td colspan=\"3\">\r\n<div>\r\n<div align=\"center\">\r\n<div>\r\n<div><strong>&nbsp;</strong><strong>CADANGAN PERUMAHAN KOS RENDAH DAN BERCAMPUR DI KAMPUNG BUKIT KUANG II,</strong>\r\n<div><strong>&nbsp;MUKIM TELOK KALONG, DAERAH KEMAMAN, TERENGGANU DARUL IMAN.</strong></div>\r\n<div><strong>&nbsp;</strong></div></div></div></div></div></td></tr>\r\n<tr valign=\"top\">\r\n<td>\r\n<div>&nbsp;</div></td>\r\n<td>\r\n<div><strong><u>TAMAN RAKYAT BISTARI, FASA 5A</u></strong>\r\n<div>&nbsp;</div>\r\n<div>&nbsp;<img src=\"{IMAGE_URL}/k1.jpg\" title=\"\" alt=\"\" width=\"241\" height=\"103\" border=\"0\" /></div>\r\n<div>&nbsp;</div>\r\n<div><strong>Baca Seterusnya</strong></div>&nbsp;</div></td>\r\n<td>\r\n<div>&nbsp;</div></td>\r\n<td>\r\n<div>\r\n<div>\r\n<div>&nbsp;</div></div>\r\n<div>\r\n<div>\r\n<div>&nbsp;</div></div></div>\r\n<div>\r\n<div>&nbsp;LOKASI : <strong>BUKIT KUANG, KEMAMAN</strong></div>\r\n<div>&nbsp;</div>\r\n<div>&nbsp;JENIS HARTANAH : <strong>KEDAI PEJABAT 2 TINGKAT</strong></div>\r\n<div>&nbsp;</div>\r\n<div>&nbsp;STATUS : <strong><font style=\"font-size: larger\">DIBUKA JUALAN</font><br />\r\n</strong></div>\r\n<div>\r\n<div>&nbsp;</div></div>\r\n<div>\r\n<div>&nbsp;</div>\r\n<div align=\"center\">&nbsp;<a href=\"3958a412bab18fa9f153e4faf518045e.php\" title=\"\" target=\"_blank\"><u><strong><span>ISI BORANG DALAM TALIAN</span></strong></u></a></div></div><font style=\"font-size: medium\">&nbsp;</font></div>\r\n<div align=\"center\"><strong><strong>MUAT TURUN BROSUR &amp; BORANG</strong></strong></div>\r\n<div align=\"center\"><strong><strong>&nbsp;</strong></strong></div></div></td></tr>\r\n<tr valign=\"top\">\r\n<td>\r\n<div>&nbsp;</div></td>\r\n<td>\r\n<div>\r\n<div>&nbsp;</div></div>\r\n<div>\r\n<div>&nbsp;</div></div></td>\r\n<td>\r\n<div>&nbsp;</div></td>\r\n<td>\r\n<div>&nbsp;</div></td></tr>\r\n<tr valign=\"top\">\r\n<td>\r\n<div>&nbsp;</div></td>\r\n<td>\r\n<div>\r\n<div>&nbsp;</div></div>\r\n<div>\r\n<div>&nbsp;</div></div></td>\r\n<td>\r\n<div>&nbsp;</div></td>\r\n<td>\r\n<div>&nbsp;</div></td></tr>\r\n<tr valign=\"top\">\r\n<td>\r\n<div>&nbsp;</div></td>\r\n<td colspan=\"3\" align=\"center\">\r\n<div><strong>CADANGAN PERUMAHAN BERCAMPUR DI KAMPUNG BANGGOL PERADONG, MUKIM BELARA, MANIR,</strong>\r\n<div>\r\n<div><strong>\r\n<div>\r\n<div><strong>&nbsp;DAERAH KUALA TERENGGANU, TERENGGANU DARUL IMAN.</strong></div></div></strong></div></div>\r\n<div><strong>&nbsp;</strong></div></div></td></tr>\r\n<tr valign=\"top\">\r\n<td>\r\n<div>&nbsp;</div></td>\r\n<td>\r\n<div>\r\n<div><strong><u>TAMAN KOPERAT PERADONG, FASA 1E</u></strong>\r\n<div>&nbsp;</div>\r\n<div>&nbsp;<img alt=\"\" title=\"\" src=\"{IMAGE_URL}/2LIGHT.jpg\" width=\"241\" height=\"164\" border=\"0\" /></div>\r\n<div>&nbsp;</div>\r\n<div>&nbsp;Baca Seterusnya</div>\r\n<div>&nbsp;</div></div></div>\r\n<div>\r\n<div>&nbsp;</div></div></td>\r\n<td>\r\n<div>&nbsp;</div></td>\r\n<td>\r\n<div>\r\n<div>&nbsp;</div></div>\r\n<div>\r\n<div>\r\n<div></div>\r\n<div>\r\n<div>&nbsp;LOKASI : <strong>BANGGOL PERADONG, MANIR</strong></div>\r\n<div>&nbsp;</div>\r\n<div>&nbsp;JENIS HARTANAH : <strong>RUMAH BERKEMBAR 1 LAPIS</strong></div>\r\n<div>&nbsp;</div>\r\n<div>&nbsp;STATUS : <strong><font style=\"font-size: larger\">DIBUKA JUALAN</font><br />\r\n</strong></div>\r\n<div>\r\n<div>&nbsp;</div></div>\r\n<div>\r\n<div>&nbsp;</div>\r\n<div align=\"center\">&nbsp;<u><strong><span>ISI BORANG DALAM TALIAN</span></strong></u></div></div></div>\r\n<div><font style=\"font-size: medium\">&nbsp;</font></div>\r\n<div>\r\n<div align=\"center\"><strong><strong>MUAT TURUN BROSUR &amp; BORANG</strong></strong></div>\r\n<div align=\"center\"><strong><strong>&nbsp;</strong></strong></div></div></div></div></td></tr>\r\n<tr valign=\"top\">\r\n<td>\r\n<div>&nbsp;</div></td>\r\n<td colspan=\"3\" align=\"center\">\r\n<div><strong>CADANGAN PERUMAHAN BERCAMPUR DI KAMPUNG BANGGOL PERADONG, MUKIM BELARA, MANIR,</strong>\r\n<div>\r\n<div><strong>\r\n<div>\r\n<div><strong>&nbsp;DAERAH KUALA TERENGGANU, TERENGGANU DARUL IMAN.</strong></div></div></strong></div></div>\r\n<div><strong>&nbsp;</strong></div></div></td></tr>\r\n<tr valign=\"top\">\r\n<td>\r\n<div>&nbsp;</div></td>\r\n<td>\r\n<div>\r\n<div>\r\n<div>\r\n<div><strong><u>TAMAN KOPERAT PERADONG, FASA 1G</u></strong>\r\n<div>&nbsp;</div>\r\n<div>\r\n<div>&nbsp;</div></div>\r\n<div>\r\n<div><br />\r\n&nbsp;</div></div>\r\n<div>&nbsp;</div>\r\n<div>&nbsp;Baca Seterusnya</div>\r\n<div>&nbsp;</div></div></div></div></div></td>\r\n<td>\r\n<div>&nbsp;</div></td>\r\n<td>\r\n<div>&nbsp;</div>\r\n<div>LOKASI : <strong>BANGGOL PERADONG, MANIR</strong>\r\n<div>&nbsp;</div>\r\n<div>&nbsp;JENIS HARTANAH : <strong>RUMAH KEDAI 2 LAPIS</strong></div>\r\n<div>&nbsp;</div>\r\n<div>&nbsp;STATUS : <strong><font style=\"font-size: larger\">DIBUKA PENDAFTARAN</font><br />\r\n</strong></div>\r\n<div>\r\n<div>&nbsp;</div></div>\r\n<div>\r\n<div>&nbsp;</div>\r\n<div align=\"center\">&nbsp;<a href=\"89d2698459187d705203bece1a892fa3.php\" title=\"\" target=\"_blank\"><u><strong><span>ISI BORANG DALAM TALIAN</span></strong></u></a></div></div>\r\n<div><font style=\"font-size: medium\">&nbsp;</font></div>\r\n<div>\r\n<div align=\"center\"><strong><strong>MUAT TURUN BROSUR &amp; BORANG</strong></strong></div>\r\n<div align=\"center\"><strong><strong>&nbsp;</strong></strong></div></div>\r\n<div>&nbsp;</div>&nbsp;</div></td></tr>\r\n<tr valign=\"top\">\r\n<td>\r\n<div>&nbsp;</div></td>\r\n<td>\r\n<div>\r\n<div>&nbsp;</div></div>\r\n<div>\r\n<div>&nbsp;</div></div></td>\r\n<td>\r\n<div>&nbsp;</div></td>\r\n<td>\r\n<div>&nbsp;</div></td></tr>\r\n<tr valign=\"top\">\r\n<td>\r\n<div>&nbsp;</div></td>\r\n<td>\r\n<div>\r\n<div>&nbsp;</div></div>\r\n<div>\r\n<div>&nbsp;</div></div></td>\r\n<td>\r\n<div>&nbsp;</div></td>\r\n<td>\r\n<div>&nbsp;</div></td></tr>\r\n<tr valign=\"top\">\r\n<td>\r\n<div>&nbsp;</div></td>\r\n<td colspan=\"3\">\r\n<div>\r\n<div align=\"center\"><strong>CADANGAN PERUMAHAN BERCAMPUR DI KAMPUNG BUKIT KELUANG,</strong>\r\n<div><strong>&nbsp;DAERAH BESUT, TERENGGANU DARUL IMAN.</strong></div></div>\r\n<div><strong>&nbsp;</strong></div></div></td></tr>\r\n<tr valign=\"top\">\r\n<td>\r\n<div>&nbsp;</div></td>\r\n<td>\r\n<div>\r\n<div>\r\n<div><strong><u>TAMAN KOPERAT PUTERA, FASA 1</u></strong>\r\n<div>&nbsp;</div>\r\n<div>&nbsp;<img alt=\"\" title=\"\" src=\"{IMAGE_URL}/rt.A.jpg\" width=\"241\" height=\"167\" border=\"0\" /></div>\r\n<div>&nbsp;</div>\r\n<div>&nbsp;Baca Seterusnya</div>\r\n<div>&nbsp;</div></div>\r\n<div></div></div></div></td>\r\n<td>\r\n<div>&nbsp;</div></td>\r\n<td>\r\n<div>\r\n<div>\r\n<div></div></div>\r\n<div>&nbsp;\r\n<div>&nbsp;</div>\r\n<div>\r\n<div>&nbsp;LOKASI : <strong>BUKIT KELUANG, BESUT</strong></div>\r\n<div>&nbsp;</div>\r\n<div>&nbsp;JENIS HARTANAH : <strong>RUMAH TERES 1 TINGKAT</strong></div>\r\n<div>&nbsp;</div>\r\n<div>&nbsp;STATUS : <strong><font style=\"font-size: larger\" color=\"#ff0000\">HUBUNGI 09-619 3336</font><br />\r\n</strong></div>\r\n<div>\r\n<div>&nbsp;</div></div>\r\n<div>\r\n<div>&nbsp;</div>\r\n<div align=\"center\">&nbsp;<u><strong><span>ISI BORANG DALAM TALIAN</span></strong></u></div></div></div>\r\n<div><font style=\"font-size: medium\">&nbsp;</font></div>\r\n<div>\r\n<div align=\"center\"><strong><strong>MUAT TURUN BROSUR &amp; BORANG</strong></strong></div>\r\n<div align=\"center\"><strong>&nbsp;</strong></div></div>\r\n<div align=\"center\"><strong>&nbsp;</strong></div></div></div></td></tr>\r\n<tr valign=\"top\">\r\n<td>\r\n<div>&nbsp;</div></td>\r\n<td colspan=\"3\" align=\"center\">\r\n<div>\r\n<div>\r\n<div align=\"center\"><strong>CADANGAN PERUMAHAN BERCAMPUR DI KAMPUNG BUKIT KELUANG,</strong>\r\n<div><strong>&nbsp;DAERAH BESUT, TERENGGANU DARUL IMAN.</strong></div></div></div><strong>&nbsp;</strong></div></td></tr>\r\n<tr valign=\"top\">\r\n<td>\r\n<div>&nbsp;</div></td>\r\n<td>\r\n<div><strong>&nbsp;</strong>\r\n<div>\r\n<div><strong><u>TAMAN KOPERAT PUTERA, FASA 1</u></strong>\r\n<div>&nbsp;</div>\r\n<div>&nbsp;<img alt=\"\" title=\"\" src=\"{IMAGE_URL}/rb.jpg\" width=\"241\" height=\"163\" border=\"0\" /></div>\r\n<div>&nbsp;</div>\r\n<div>&nbsp;Baca Seterusnya</div>\r\n<div>&nbsp;</div></div></div></div></td>\r\n<td>\r\n<div>&nbsp;</div></td>\r\n<td>\r\n<div>\r\n<div>&nbsp;</div></div>\r\n<div>\r\n<div>&nbsp;LOKASI : <strong>BUKIT KELUANG, BESUT</strong></div>\r\n<div>&nbsp;</div>\r\n<div>&nbsp;JENIS HARTANAH : <strong>RUMAH BERKEMBAR 1 TINGKAT</strong></div>\r\n<div>&nbsp;</div>\r\n<div>&nbsp;STATUS : <strong><font style=\"font-size: larger\" color=\"#ff0000\">HUBUNGI 09-619 3336</font></strong></div>\r\n<div>\r\n<div>&nbsp;</div></div>\r\n<div>\r\n<div>&nbsp;</div>\r\n<div align=\"center\">&nbsp;<u><strong><span>ISI BORANG DALAM TALIAN</span></strong></u></div></div></div>\r\n<div><font style=\"font-size: medium\">&nbsp;</font></div>\r\n<div align=\"center\"><strong><strong>MUAT TURUN BROSUR &amp; BORANG</strong></strong></div>\r\n<div>\r\n<div>\r\n<div align=\"center\"><strong>&nbsp;</strong></div></div><strong><font style=\"font-size: medium\"> </font></strong></div></td></tr>\r\n<tr valign=\"top\" align=\"center\">\r\n<td>\r\n<div>&nbsp;</div></td>\r\n<td colspan=\"3\">\r\n<div><strong></strong>\r\n<div>\r\n<div align=\"center\"><strong>CADANGAN PERUMAHAN BERCAMPUR DI KAMPUNG BUKIT KELUANG,</strong>\r\n<div><strong>&nbsp;DAERAH BESUT, TERENGGANU DARUL IMAN.</strong></div></div></div><strong>&nbsp;</strong></div></td></tr>\r\n<tr valign=\"top\">\r\n<td>\r\n<div>&nbsp;</div></td>\r\n<td><br />\r\n<div>\r\n<div>\r\n<div><strong><u>TAMAN KOPERAT PUTERA, FASA 1</u></strong>\r\n<div>&nbsp;</div>\r\n<div>&nbsp;<img alt=\"\" title=\"\" src=\"{IMAGE_URL}/bnglo.jpg\" width=\"241\" height=\"156\" border=\"0\" /></div>\r\n<div>&nbsp;</div>\r\n<div>&nbsp;Baca Seterusnya</div></div></div></div>\r\n<div>&nbsp;</div></td>\r\n<td>\r\n<div>&nbsp;</div></td>\r\n<td>\r\n<div>&nbsp;\r\n<div>\r\n<div>LOKASI : <strong>BUKIT KELUANG, BESUT</strong></div>\r\n<div>&nbsp;</div>\r\n<div>&nbsp;JENIS HARTANAH : <strong>RUMAH BANGLO 1 TINGKAT</strong></div>\r\n<div>&nbsp;</div>\r\n<div>&nbsp;STATUS : <strong><font style=\"font-size: larger\" color=\"#ff0000\">HUBUNGI 09-619 3336</font></strong></div>\r\n<div>\r\n<div>&nbsp;</div></div>\r\n<div>\r\n<div>&nbsp;</div>\r\n<div align=\"center\">&nbsp;<u><strong><span>ISI BORANG DALAM TALIAN</span></strong></u></div></div></div>\r\n<div><font style=\"font-size: medium\">&nbsp;</font></div>\r\n<div align=\"center\"><strong><strong>MUAT TURUN BROSUR &amp; BORANG</strong></strong></div>\r\n<div>\r\n<div>\r\n<div align=\"center\"><strong>&nbsp;</strong></div></div></div></div>\r\n<div>&nbsp;</div></td></tr>\r\n<tr valign=\"top\" align=\"center\">\r\n<td>\r\n<div>&nbsp;</div></td>\r\n<td colspan=\"3\">\r\n<div><font color=\"#aa00ff\">&nbsp;</font></div>\r\n<div><font color=\"#aa00ff\"><strong>NANTIKAN PROJEK PERUMAHAN MAMPU MILIK &amp; BERCAMPUR DI TERENGGANU</strong></font></div>\r\n<div><strong><font color=\"#aa00ff\">&nbsp;AKAN DATANG ! ! !</font><br />\r\n</strong></div>\r\n<div><strong>&nbsp;</strong></div></td></tr>\r\n<tr valign=\"top\">\r\n<td>\r\n<div>&nbsp;</div></td>\r\n<td>\r\n<div>&nbsp;</div></td>\r\n<td>\r\n<div>&nbsp;</div></td>\r\n<td>\r\n<div>&nbsp;</div></td></tr>\r\n<tr valign=\"top\">\r\n<td>\r\n<div>&nbsp;</div></td>\r\n<td>\r\n<div>&nbsp;</div></td>\r\n<td>\r\n<div>&nbsp;</div></td>\r\n<td>\r\n<div>&nbsp;</div></td></tr></tbody></table>&nbsp;</div></div>\r\n<div align=\"left\">\r\n<h2 style=\"margin: 2px; font-size: 1.3em\" align=\"left\"><u><font size=\"2\"><strong><a title=\"\" href=\"3608b8584ea7cd8bdb044c229f85e392.php\" class=\"btnlink\"><strong>PROJEK SEMASA</strong></a></strong></font></u></h2></div>\r\n<table id=\"rv_template_layout\" width=\"712\" height=\"20\" cellspacing=\"0\" cellpadding=\"0\">\r\n<tbody>\r\n<tr>\r\n<td valign=\"top\" align=\"left\">\r\n<div align=\"right\">\r\n<h2 style=\"margin: 2px; font-size: 1.3em\"><u><font size=\"2\"><strong><a href=\"#\" class=\"btnlink\">Ke Atas</a></strong></font></u></h2></div></td></tr></tbody></table><br />\r\n<div><strong><strong><a target=\"_blank\" href=\"cd200c72585312def6b9135ed7bf2b56.php\" title=\"\"><strong>HUBUNGI KAMI SEKARANG UNTUK TEMPAHAN</strong></a></strong> @ <strong><a target=\"_blank\" href=\"fe1bccadb9c004ffdd04219a6897c8ae.php\" title=\"\"><strong>PERTANYAAN</strong></a></strong></strong></div>', NULL, NULL, NULL, NULL, NULL, NULL, '1', NULL, NULL, NULL, NULL, NULL, NULL, NULL, '', '', '', '0', NULL, NULL, NULL, '1486873805', NULL, NULL, '0', '0', '0');
REPLACE INTO `rvs_project_page` (`project_page_id`, `rvs_usr_id`, `page_name`, `custom_page_name`, `rvs_component_id`, `page_data`, `page_data_zone_2`, `page_data_zone_3`, `page_data_zone_4`, `colume_width_1`, `colume_width_2`, `colume_width_3`, `rvs_layout_id`, `head`, `page_title`, `meta_keyword`, `meta_description`, `effect_page_enter`, `duration_page_enter`, `meta_page_effect`, `rvs_link_id`, `target`, `form_template_id`, `i_pathway`, `i_mail`, `i_print`, `i_favorite`, `last_modifier`, `link_active`, `page_type`, `blank_page`, `set_draft`, `is_member_page`) VALUES ('26ce2785d7144e6eed0efa3a13d7f373', 'e966db2ccb35862561fc85127de800e5', 'ComponentAndUserFramework', '', '44216f06c0b1096ec740a04f3f6a512d', '', NULL, NULL, NULL, NULL, NULL, NULL, '0', NULL, NULL, NULL, NULL, NULL, NULL, NULL, '', '_self', '', NULL, NULL, NULL, NULL, NULL, NULL, NULL, '0', '0', '0');
REPLACE INTO `rvs_project_page` (`project_page_id`, `rvs_usr_id`, `page_name`, `custom_page_name`, `rvs_component_id`, `page_data`, `page_data_zone_2`, `page_data_zone_3`, `page_data_zone_4`, `colume_width_1`, `colume_width_2`, `colume_width_3`, `rvs_layout_id`, `head`, `page_title`, `meta_keyword`, `meta_description`, `effect_page_enter`, `duration_page_enter`, `meta_page_effect`, `rvs_link_id`, `target`, `form_template_id`, `i_pathway`, `i_mail`, `i_print`, `i_favorite`, `last_modifier`, `link_active`, `page_type`, `blank_page`, `set_draft`, `is_member_page`) VALUES ('e831ef54675ab8358c96828d6c51971d', 'e966db2ccb35862561fc85127de800e5', 'BORANG TKP FASA 1A', '', '4a60683c1fd1e6c5ee8edd8f1e86673b', '<img alt=\"\" class=\"jotForm\" id=\"DragAndDropForm_adf7f9325c97e4b87623237590c6af20\" name=\"DragAndDropForm_adf7f9325c97e4b87623237590c6af20\" src=\"{IMAGE_URL}/spacer.gif\" frmid=\"adf7f9325c97e4b87623237590c6af20\" formtype=\"jotform\" align=\"middle\" border=\"1\" height=\"600\" width=\"600\" /><br />\r\n<div>&nbsp;</div>\r\n<div>&nbsp;</div>\r\n<div>&nbsp;</div>\r\n<div>&nbsp;</div>', NULL, NULL, NULL, NULL, NULL, NULL, '1', NULL, NULL, NULL, NULL, NULL, NULL, NULL, '', '_self', '', NULL, NULL, NULL, NULL, '1450592754', NULL, NULL, '0', '0', '0');
REPLACE INTO `rvs_project_page` (`project_page_id`, `rvs_usr_id`, `page_name`, `custom_page_name`, `rvs_component_id`, `page_data`, `page_data_zone_2`, `page_data_zone_3`, `page_data_zone_4`, `colume_width_1`, `colume_width_2`, `colume_width_3`, `rvs_layout_id`, `head`, `page_title`, `meta_keyword`, `meta_description`, `effect_page_enter`, `duration_page_enter`, `meta_page_effect`, `rvs_link_id`, `target`, `form_template_id`, `i_pathway`, `i_mail`, `i_print`, `i_favorite`, `last_modifier`, `link_active`, `page_type`, `blank_page`, `set_draft`, `is_member_page`) VALUES ('428bff34d4142fdc8280092be5baff29', 'e966db2ccb35862561fc85127de800e5', 'TAMAN KOPERAT PERADONG, MANIR', '', '', '<span></span><!-- ####### LAYOUT CSS: MODIFY COLOR, FONT AND BOX SIZE HERE BUT DO NOT DELETE. ####### --> <span></span> <span></span>\r\n<div align=\"center\"><span></span><strong>&nbsp; CADANGAN PERUMAHAN BERCAMPUR DI KAMPUNG BANGGOL PERADONG, MUKIM BELARA, MANIR,</strong></div>\r\n<div align=\"center\"><strong>&nbsp; DAERAH KUALA TERENGGANU, TERENGGANU DARUL IMAN.</strong></div>\r\n<div>\r\n<div>&nbsp;</div></div>\r\n<div>\r\n<div align=\"center\">\r\n<table style=\"border-collapse: collapse\" width=\"717\" height=\"281\" cellspacing=\"0\" cellpadding=\"3\" border=\"5\" bgcolor=\"#f0f0f0\">\r\n<tbody>\r\n<tr valign=\"top\">\r\n<td>\r\n<div>&nbsp;<strong><u>TAMAN KOPERAT PERADONG, FASA 1E</u></strong>\r\n<div>&nbsp;</div>\r\n<div>&nbsp;<a href=\"f80074e43466efbc1d4d592607a9f5d7.php\" title=\"\"><img alt=\"\" title=\"\" src=\"{IMAGE_URL}/2LIGHT.jpg\" width=\"241\" height=\"164\" border=\"0\" /></a></div>\r\n<div>&nbsp;</div>\r\n<div>&nbsp;<a title=\"\" href=\"f80074e43466efbc1d4d592607a9f5d7.php\"><strong></strong></a><strong><a href=\"e874d2ecc0b7869fb5d6da560e804256.php\" title=\"\">Baca Seterusnya</a></strong></div>\r\n<div>&nbsp;</div></div></td>\r\n<td>\r\n<div>&nbsp;</div></td>\r\n<td>\r\n<div>\r\n<div>\r\n<div>&nbsp;</div>\r\n<div>&nbsp;</div>\r\n<div>&nbsp;LOKASI : <strong>BANGGOL PERADONG, MANIR</strong></div>\r\n<div>&nbsp;</div>\r\n<div>&nbsp;JENIS HARTANAH : <strong>RUMAH BERKEMBAR 1 LAPIS</strong></div>\r\n<div>&nbsp;</div>\r\n<div>&nbsp;STATUS : <strong><font style=\"font-size: larger\">DIBUKA JUALAN</font><br />\r\n</strong></div>\r\n<div></div>\r\n<div>\r\n<div>&nbsp;</div></div>\r\n<div>\r\n<div>\r\n<div>&nbsp;</div>\r\n<div><strong><font style=\"font-size: medium\">&nbsp;&nbsp;&nbsp;&nbsp;&nbsp; <font color=\"#ff0000\">14 KEKOSONGAN</font> </font></strong></div>\r\n<div><strong><font style=\"font-size: medium\">&nbsp;</font></strong></div></div></div>\r\n<div>\r\n<div>&nbsp;</div>\r\n<div align=\"center\">&nbsp;<a href=\"9b6785bbc1ef3e1e02083bbce4768958.php\" title=\"\" target=\"_blank\"><u><strong><span>ISI BORANG DALAM TALIAN</span></strong></u></a></div></div></div>\r\n<div><font style=\"font-size: medium\">&nbsp;</font></div>\r\n<div>\r\n<div align=\"center\"><a href=\"http://more.sh/aFJGod\" title=\"\" target=\"_blank\"><strong><strong>MUAT TURUN BROSUR &amp; BORANG</strong></strong></a></div>\r\n<div align=\"center\"><strong><strong>&nbsp;</strong></strong></div></div></div></td></tr>\r\n<tr valign=\"top\">\r\n<td>\r\n<div>\r\n<div>\r\n<div><strong><u>TAMAN KOPERAT PERADONG, FASA 1D</u></strong>\r\n<div>&nbsp;</div>\r\n<div>&nbsp;<a href=\"e874d2ecc0b7869fb5d6da560e804256.php\" title=\"\"><img alt=\"\" title=\"\" src=\"{IMAGE_URL}/2LIGHT.jpg\" width=\"241\" height=\"164\" border=\"0\" /></a></div>\r\n<div>&nbsp;</div>\r\n<div>&nbsp;<strong><a href=\"e874d2ecc0b7869fb5d6da560e804256.php\" title=\"\">Baca Seterusnya</a></strong></div>\r\n<div>&nbsp;</div></div></div></div></td>\r\n<td>\r\n<div>&nbsp;</div></td>\r\n<td>\r\n<div>\r\n<div>\r\n<div>\r\n<div>\r\n<div>&nbsp;</div>\r\n<div>&nbsp;</div>\r\n<div>&nbsp;LOKASI : <strong>BANGGOL PERADONG, MANIR</strong></div>\r\n<div>&nbsp;</div>\r\n<div>&nbsp;JENIS HARTANAH : <strong>RUMAH BERKEMBAR 1 LAPIS</strong></div>\r\n<div>&nbsp;</div>\r\n<div>&nbsp;STATUS : <strong><font style=\"font-size: larger\">DIBUKA JUALAN</font><br />\r\n</strong></div>\r\n<div></div>\r\n<div>\r\n<div>&nbsp;</div></div>\r\n<div>\r\n<div>\r\n<div>&nbsp;</div>\r\n<div><strong><font style=\"font-size: medium\">&nbsp; &nbsp;&nbsp; <font color=\"#ff0000\">2 KEKOSONGAN</font> </font></strong></div>\r\n<div><strong><font style=\"font-size: medium\">&nbsp;</font></strong></div></div></div>\r\n<div>\r\n<div>&nbsp;</div>\r\n<div align=\"center\">&nbsp;<a href=\"298eaa7b2a0353cdcfd12f4be456c917.php\" title=\"\" target=\"_blank\"><u><strong><span>ISI BORANG DALAM TALIAN</span></strong></u></a></div></div></div>\r\n<div><font style=\"font-size: medium\">&nbsp;</font></div>\r\n<div>\r\n<div align=\"center\"><a href=\"http://more.sh/aFJGod\" title=\"\" target=\"_blank\"><strong><strong>MUAT TURUN BROSUR &amp; BORANG</strong></strong></a></div>\r\n<div align=\"center\"><strong><strong>&nbsp;</strong></strong></div></div></div></div></div></td></tr>\r\n<tr valign=\"top\">\r\n<td>\r\n<div>&nbsp;<strong>TAMAN KOPERAT PERADONG, FASA 1B<br />\r\n</strong></div>\r\n<div>&nbsp;</div>\r\n<div>&nbsp;<a href=\"e6cdb1002445fa344b7f1d8223ae5fa9.php\" title=\"\"><img title=\"\" src=\"{IMAGE_URL}/SEMI-DTYPE1BKORPERAT.jpg\" alt=\"\" width=\"241\" height=\"116\" border=\"0\" /></a> </div>\r\n<div>&nbsp; </div>\r\n<div><a href=\"e6cdb1002445fa344b7f1d8223ae5fa9.php\" title=\"\"></a><a href=\"fc709fb0f54a5cf1582071e3376e7f09.php\" title=\"\"><strong>Baca Seterusnya</strong></a></div>\r\n<div>&nbsp;</div></td>\r\n<td>\r\n<div>&nbsp;</div></td>\r\n<td>\r\n<div>&nbsp;<br />\r\n&nbsp;</div>\r\n<div>\r\n<div>&nbsp;LOKASI : <strong>BANGGOL PERADONG, MANIR</strong></div>\r\n<div>&nbsp;</div>\r\n<div>&nbsp;JENIS HARTANAH : <strong>RUMAH BERKEMBAR 1 LAPIS</strong></div>\r\n<div>&nbsp;</div>\r\n<div>&nbsp;STATUS : <font style=\"font-size: larger\"><strong>HABIS DIJUAL</strong></font></div>\r\n<div>&nbsp;</div>\r\n<div>&nbsp;</div>\r\n<div><strong><font style=\"font-size: medium\">&nbsp; <br />\r\n</font></strong></div>\r\n<div><strong><font style=\"font-size: medium\">&nbsp;</font></strong></div>\r\n<div align=\"center\"><strong><font style=\"font-size: medium\">&nbsp;</font></strong><u><strong><span>ISI BORANG DALAM TALIAN</span></strong></u></div>\r\n<div align=\"center\"><a href=\"5ee55ffa7860222db6e921d88ab641ed.php\" title=\"\" target=\"_blank\"><u><strong><span></span></strong></u></a></div>\r\n<div><strong><font style=\"font-size: medium\">&nbsp; <br />\r\n</font></strong></div>\r\n<div align=\"center\"><strong><strong>MUAT TURUN BROSUR &amp; BORANG</strong></strong></div>\r\n<div>&nbsp;</div></div>\r\n<div align=\"center\">\r\n<div><strong></strong></div><strong><font style=\"font-size: medium\"></font></strong></div></td></tr>\r\n<tr valign=\"top\">\r\n<td>\r\n<div>&nbsp;\r\n<div>\r\n<div>&nbsp;<strong>TAMAN KOPERAT PERADONG, FASA 1F<br />\r\n</strong></div>\r\n<div>&nbsp;</div>\r\n<div><a href=\"d128a219654c00206c63f47126d897f1.php\" title=\"\"><img title=\"\" src=\"{IMAGE_URL}/NEWTERES1NOV2011.jpg\" alt=\"\" width=\"241\" height=\"180\" border=\"0\" /></a> </div>\r\n<div>&nbsp; </div>\r\n<div><a href=\"d128a219654c00206c63f47126d897f1.php\" title=\"\">&nbsp;<strong>Baca Seterusnya</strong></a></div>\r\n<div><strong>&nbsp;</strong></div></div></div></td>\r\n<td>\r\n<div>&nbsp;</div></td>\r\n<td align=\"left\">\r\n<div><br />\r\n&nbsp;\r\n<div>\r\n<div>&nbsp;LOKASI : <strong>BANGGOL PERADONG, MANIR</strong></div>\r\n<div>&nbsp;</div>\r\n<div>&nbsp;JENIS HARTANAH : <strong>RUMAH TERES 1 LAPIS</strong></div>\r\n<div>&nbsp;</div>\r\n<div>&nbsp;STATUS : <font style=\"font-size: larger\"><strong>HABIS DIJUAL</strong></font></div>\r\n<div>&nbsp;</div>\r\n<div>&nbsp;</div>\r\n<div><strong><font style=\"font-size: medium\">&nbsp; <br />\r\n</font></strong></div>\r\n<div><strong><font style=\"font-size: medium\">&nbsp;</font></strong></div>\r\n<div align=\"center\"><strong><font style=\"font-size: medium\">&nbsp;</font></strong><u><strong><span>ISI BORANG DALAM TALIAN</span></strong></u></div>\r\n<div align=\"center\"><u><strong><span></span></strong></u></div>\r\n<div><strong><font style=\"font-size: medium\">&nbsp; <br />\r\n</font></strong></div>\r\n<div align=\"center\"><strong><strong>MUAT TURUN BROSUR &amp; BORANG</strong></strong></div>\r\n<div>&nbsp;</div></div></div></td></tr>\r\n<tr valign=\"top\">\r\n<td>\r\n<div>\r\n<div>&nbsp;</div>\r\n<div>&nbsp;<strong>TAMAN KOPERAT PERADONG, FASA 1C<br />\r\n</strong></div>\r\n<div>&nbsp;</div>\r\n<div><a href=\"fc709fb0f54a5cf1582071e3376e7f09.php\" title=\"\"></a><a href=\"33c36e690064123fde93b1fd664a6e07.php\" title=\"\"><img title=\"\" src=\"{IMAGE_URL}/NEWTERES1NOV2011.jpg\" alt=\"\" width=\"241\" height=\"180\" border=\"0\" /></a> </div>\r\n<div>&nbsp; </div>\r\n<div><a href=\"33c36e690064123fde93b1fd664a6e07.php\" title=\"\">&nbsp;<strong>Baca Seterusnya</strong></a></div>\r\n<div><strong>&nbsp;</strong></div></div></td>\r\n<td>\r\n<div>&nbsp;</div></td>\r\n<td align=\"left\">\r\n<div>\r\n<div>&nbsp;</div></div>\r\n<div>\r\n<div>&nbsp;</div>\r\n<div>&nbsp;LOKASI : <strong>BANGGOL PERADONG, MANIR</strong></div>\r\n<div>&nbsp;</div>\r\n<div>&nbsp;JENIS HARTANAH : <strong>RUMAH TERES 1 LAPIS</strong></div>\r\n<div>&nbsp;</div>\r\n<div>&nbsp;STATUS : <font style=\"font-size: larger\"><strong>HABIS DIJUAL</strong></font></div>\r\n<div>&nbsp;</div>\r\n<div>&nbsp;</div>\r\n<div><strong><font style=\"font-size: medium\">&nbsp; <br />\r\n</font></strong></div>\r\n<div><strong><font style=\"font-size: medium\">&nbsp;</font></strong></div>\r\n<div align=\"center\"><strong><font style=\"font-size: medium\">&nbsp;</font></strong><u><strong><span>ISI BORANG DALAM TALIAN</span></strong></u></div>\r\n<div><strong><font style=\"font-size: medium\">&nbsp; <br />\r\n</font></strong></div>\r\n<div align=\"center\"><strong><strong>MUAT TURUN BROSUR &amp; BORANG</strong></strong></div>\r\n<div>&nbsp;</div></div></td></tr>\r\n<tr valign=\"top\">\r\n<td>\r\n<div>\r\n<div>&nbsp;</div>\r\n<div>&nbsp;<strong>TAMAN KOPERAT PERADONG, FASA 1A<br />\r\n</strong></div></div>\r\n<div>\r\n<div>&nbsp;</div></div>\r\n<div>\r\n<div><a href=\"fc709fb0f54a5cf1582071e3376e7f09.php\" title=\"\"><img title=\"\" src=\"{IMAGE_URL}/NEWTERES1NOV2011.jpg\" alt=\"\" width=\"241\" height=\"180\" border=\"0\" /></a></div></div>\r\n<div>\r\n<div>\r\n<div>&nbsp; </div><a href=\"fc709fb0f54a5cf1582071e3376e7f09.php\" title=\"\"></a>\r\n<div><a href=\"fc709fb0f54a5cf1582071e3376e7f09.php\" title=\"\"></a><a href=\"fc709fb0f54a5cf1582071e3376e7f09.php\" title=\"\"><strong>Baca Seterusnya</strong></a></div></div></div>\r\n<div>\r\n<div>\r\n<div>\r\n<div>&nbsp;</div></div></div></div></td>\r\n<td>\r\n<div>&nbsp;</div></td>\r\n<td align=\"left\">\r\n<div>\r\n<div>\r\n<div>&nbsp;</div></div>\r\n<div>\r\n<div></div>\r\n<div>\r\n<div></div></div>\r\n<div>\r\n<div><br />\r\n&nbsp;</div>\r\n<div>&nbsp;LOKASI : <strong>BANGGOL PERADONG, MANIR</strong></div>\r\n<div>&nbsp;</div>\r\n<div>&nbsp;JENIS HARTANAH : <strong>RUMAH TERES 1 LAPIS</strong></div>\r\n<div>&nbsp;</div>\r\n<div>&nbsp;STATUS : <font style=\"font-size: larger\"><strong>HABIS DIJUAL</strong></font></div>\r\n<div>&nbsp;</div>\r\n<div>&nbsp;</div>\r\n<div><strong><font style=\"font-size: medium\">&nbsp;&nbsp;&nbsp;&nbsp;&nbsp; <br />\r\n</font></strong></div>\r\n<div align=\"center\"><strong><font style=\"font-size: medium\">&nbsp;</font></strong><u><strong><span>ISI BORANG DALAM TALIAN</span></strong></u></div>\r\n<div><strong><font style=\"font-size: medium\">&nbsp; <br />\r\n</font></strong></div>\r\n<div align=\"center\"><strong><strong>MUAT TURUN BROSUR &amp; BORANG</strong></strong></div>\r\n<div>&nbsp;</div></div>\r\n<div></div></div></div></td></tr>\r\n<tr valign=\"top\">\r\n<td>\r\n<div>&nbsp;</div></td>\r\n<td>\r\n<div>&nbsp;</div></td>\r\n<td align=\"left\">\r\n<div>\r\n<div>&nbsp;</div></div></td></tr></tbody></table>\r\n<div>&nbsp;</div>\r\n<div>\r\n<table id=\"rv_template_layout\" width=\"712\" height=\"20\" cellspacing=\"0\" cellpadding=\"0\">\r\n<tbody>\r\n<tr>\r\n<td valign=\"top\" align=\"left\">\r\n<div align=\"right\">\r\n<h2 style=\"margin: 2px; font-size: 1.3em\"><u><font size=\"2\"><strong><a href=\"#\" class=\"btnlink\">Ke Atas</a></strong></font></u></h2></div></td></tr></tbody></table></div></div></div>\r\n<div></div><!-- ########################### END CSS LAYOUT ###########################  -->', NULL, NULL, NULL, NULL, NULL, NULL, '1', NULL, NULL, NULL, NULL, NULL, NULL, NULL, '', '', '', '0', NULL, NULL, NULL, '1503388685', NULL, NULL, '0', '0', '0');
REPLACE INTO `rvs_project_page` (`project_page_id`, `rvs_usr_id`, `page_name`, `custom_page_name`, `rvs_component_id`, `page_data`, `page_data_zone_2`, `page_data_zone_3`, `page_data_zone_4`, `colume_width_1`, `colume_width_2`, `colume_width_3`, `rvs_layout_id`, `head`, `page_title`, `meta_keyword`, `meta_description`, `effect_page_enter`, `duration_page_enter`, `meta_page_effect`, `rvs_link_id`, `target`, `form_template_id`, `i_pathway`, `i_mail`, `i_print`, `i_favorite`, `last_modifier`, `link_active`, `page_type`, `blank_page`, `set_draft`, `is_member_page`) VALUES ('fc709fb0f54a5cf1582071e3376e7f09', 'e966db2ccb35862561fc85127de800e5', 'TAMAN KOPERAT PERADONG, FASA 1A', '', '', '<div>\r\n<p><span></span> <span></span> <span></span></p>\r\n<div align=\"center\"><span></span><strong>CADANGAN PERUMAHAN BERCAMPUR DI KAMPUNG BANGGOL PERADONG, MUKIM BELARA, MANIR,</strong></div>\r\n<div align=\"center\"><strong>DAERAH KUALA TERENGGANU, TERENGGANU DARUL IMAN.</strong></div>\r\n<div>\r\n<div>&nbsp;</div></div>\r\n<div>\r\n<div align=\"center\">\r\n<table style=\"border-collapse: collapse\" width=\"714\" height=\"259\" cellspacing=\"0\" cellpadding=\"3\" bordercolor=\"#000000\" border=\"5\" bgcolor=\"#f0f0f0\">\r\n<tbody>\r\n<tr valign=\"top\">\r\n<td>\r\n<div>&nbsp;<strong>TAMAN KOPERAT PERADONG, FASA 1A<br />\r\n</strong></div>\r\n<div>&nbsp;</div>\r\n<div align=\"left\">&nbsp;<img title=\"\" src=\"{IMAGE_URL}/NEWTERES1NOV2011.jpg\" alt=\"\" width=\"242\" height=\"180\" /> </div>\r\n<div>&nbsp;</div>\r\n<div>&nbsp;Baca Seterusnya</div></td>\r\n<td>\r\n<div>&nbsp;</div></td>\r\n<td>\r\n<div><br />\r\n&nbsp;</div>\r\n<div>&nbsp;</div>\r\n<div>&nbsp;LOKASI : <strong>BANGGOL PERADONG, MANIR</strong></div>\r\n<div>&nbsp;</div>\r\n<div>&nbsp;JENIS HARTANAH : <strong>RUMAH TERES 1 LAPIS</strong></div>\r\n<div>&nbsp;</div>\r\n<div>&nbsp;STATUS :&nbsp;</div>\r\n<div>&nbsp;</div>\r\n<div>&nbsp;</div>\r\n<div>&nbsp;&nbsp;&nbsp;&nbsp;&nbsp;&nbsp; <font style=\"font-size: medium\" color=\"#ff0000\"><strong>HABIS DIJUAL</strong></font></div>\r\n<div><font style=\"font-size: medium\" color=\"#ff0000\"><strong>&nbsp;</strong></font></div>\r\n<div><font style=\"font-size: medium\" color=\"#ff0000\"><strong>&nbsp;</strong></font></div>\r\n<div align=\"center\"><u><strong><span>ISI BORANG DALAM TALIAN</span></strong></u></div>\r\n<div><font style=\"font-size: medium\" color=\"#ff0000\"><strong>&nbsp;</strong></font></div>\r\n<div><font style=\"font-size: medium\" color=\"#ff0000\"><strong></strong></font>\r\n<div align=\"center\"><strong><strong>MUAT TURUN BROSUR &amp; BORANG</strong></strong></div>\r\n<div align=\"center\"><strong>&nbsp;</strong></div>\r\n<div align=\"center\"><font style=\"font-size: medium\" color=\"#ff0000\"><strong> </strong></font></div></div></td></tr></tbody></table>&nbsp;</div></div>\r\n<div>\r\n<div>\r\n<div align=\"center\">\r\n<table style=\"border-collapse: collapse\" width=\"714\" height=\"232\" cellspacing=\"0\" cellpadding=\"3\" bordercolor=\"#000000\" border=\"1\" bgcolor=\"#e2e2e2\">\r\n<tbody>\r\n<tr valign=\"top\">\r\n<td>\r\n<div>&nbsp;NAMA </div></td>\r\n<td>\r\n<div><strong>&nbsp;TAMAN KOPERAT PERADONG </strong></div></td></tr>\r\n<tr valign=\"top\">\r\n<td>\r\n<div>&nbsp;LOKASI </div></td>\r\n<td>\r\n<div><strong>&nbsp;BANGGOL PERADONG, MUKIM BELARA, MANIR,</strong></div>\r\n<div><strong>&nbsp;KUALA TERENGGANU </strong></div></td></tr>\r\n<tr valign=\"top\">\r\n<td>\r\n<div>&nbsp;JENIS HARTANAH </div></td>\r\n<td>\r\n<div><strong>&nbsp;RUMAH TERES 1 LAPIS </strong></div></td></tr>\r\n<tr valign=\"top\">\r\n<td>\r\n<div>&nbsp;KELUASAN </div></td>\r\n<td>\r\n<div><strong>&nbsp;24\' X 70\'</strong></div></td></tr>\r\n<tr valign=\"top\">\r\n<td>\r\n<div>&nbsp;UNIT BILIK </div></td>\r\n<td>\r\n<div><strong>&nbsp;3</strong></div></td></tr>\r\n<tr valign=\"top\">\r\n<td>\r\n<div>&nbsp;UNIT TANDAS </div></td>\r\n<td>\r\n<div><strong>&nbsp;2</strong></div></td></tr>\r\n<tr valign=\"top\">\r\n<td>\r\n<div>&nbsp;HARGA </div></td>\r\n<td>\r\n<div><strong>&nbsp;RM 173,000.00 - RM 223,200.00</strong></div></td></tr>\r\n<tr valign=\"top\">\r\n<td>\r\n<div>&nbsp;KESELURUHAN UNIT </div></td>\r\n<td>\r\n<div><strong>&nbsp;27</strong></div></td></tr>\r\n<tr valign=\"top\">\r\n<td>&nbsp;STATUS</td>\r\n<td>\r\n<div><strong>&nbsp;SERAHAN KUNCI DNGN CCC 30.12.2014<br />\r\n</strong></div></td></tr>\r\n<tr valign=\"top\">\r\n<td>\r\n<div>&nbsp;KEKOSONGAN</div></td>\r\n<td>\r\n<div><strong>&nbsp;<font color=\"#ff0000\">0</font></strong><strong> <br />\r\n</strong></div></td></tr>\r\n<tr valign=\"top\">\r\n<td>\r\n<div>&nbsp;</div></td>\r\n<td align=\"center\">\r\n<div><u><strong><span>ISI BORANG DALAM TALIAN</span></strong></u></div></td></tr>\r\n<tr valign=\"top\">\r\n<td>\r\n<div>&nbsp;</div></td>\r\n<td align=\"center\">\r\n<div>\r\n<div><strong><strong>MUAT TURUN BROSUR &amp; BORANG</strong></strong></div></div></td></tr></tbody></table>&nbsp;</div>\r\n<div>\r\n<table id=\"rv_template_layout\" width=\"712\" height=\"20\" cellspacing=\"0\" cellpadding=\"0\">\r\n<tbody>\r\n<tr>\r\n<td valign=\"top\" align=\"left\">\r\n<div align=\"right\">\r\n<h2 style=\"margin: 2px; font-size: 1.3em\"><u><font size=\"2\"><strong><a href=\"#\" class=\"btnlink\">Ke Atas</a></strong></font></u></h2></div></td></tr></tbody></table>&nbsp;</div>\r\n<div>\r\n<div align=\"center\">\r\n<table style=\"border-collapse: collapse\" width=\"713\" height=\"2008\" cellspacing=\"0\" cellpadding=\"3\" bordercolor=\"#ffffff\" border=\"1\">\r\n<tbody>\r\n<tr valign=\"top\" align=\"center\">\r\n<td>\r\n<div>&nbsp;<img alt=\"\" title=\"\" src=\"{IMAGE_URL}/ResizeofA3frontkoperatpradong.png\" width=\"690\" height=\"1000\" /></div></td></tr>\r\n<tr valign=\"top\" align=\"center\">\r\n<td>\r\n<div>&nbsp;<img alt=\"\" title=\"\" src=\"{IMAGE_URL}/A3peradongback.png\" width=\"692\" height=\"988\" /></div></td></tr></tbody></table></div></div>\r\n<div>\r\n<div>&nbsp;</div></div>\r\n<div>\r\n<div>\r\n<div align=\"center\"><img alt=\"\" title=\"\" src=\"{IMAGE_URL}/pelanbaru1926x1280.jpg\" width=\"700\" height=\"968\" border=\"0\" /></div></div>\r\n<div>\r\n<div>&nbsp;</div></div></div>\r\n<div align=\"center\">\r\n<table style=\"border-collapse: collapse\" width=\"712\" height=\"221\" cellspacing=\"0\" cellpadding=\"3\" bordercolor=\"#ffffff\" border=\"1\">\r\n<tbody>\r\n<tr valign=\"top\">\r\n<td align=\"center\">\r\n<div>&nbsp;<img alt=\"\" title=\"\" src=\"{IMAGE_URL}/NEWTERES1NOV2011.jpg\" width=\"277\" height=\"207\" /></div></td>\r\n<td align=\"center\">\r\n<div>&nbsp;<a href=\"576b90475a2c47f5a42f6de8059d9011.php\" title=\"\" target=\"_self\"><img alt=\"\" title=\"\" src=\"{IMAGE_URL}/DSC_0416.jpg\" width=\"311\" height=\"207\" border=\"0\" /></a></div></td></tr>\r\n<tr valign=\"top\">\r\n<td align=\"center\">\r\n<div>&nbsp;<strong>ILUSTRASI</strong></div></td>\r\n<td align=\"center\">\r\n<div>&nbsp;<a href=\"576b90475a2c47f5a42f6de8059d9011.php\" title=\"\" target=\"_self\"><strong>STATUS TERKINI</strong></a></div></td></tr></tbody></table></div>\r\n<div>&nbsp;</div>\r\n<div>&nbsp;PERINGKAT KERJA : <strong><font style=\"font-size: medium\">100% ( Serahan dengan CCC)<br />\r\n</font></strong></div>\r\n<div>&nbsp;</div>\r\n<div>\r\n<div><strong>&nbsp;TONTON VIDEO 1<br />\r\n</strong></div></div>\r\n<div><strong>&nbsp;</strong></div>\r\n<div><strong>&nbsp;</strong></div>\r\n<div><span>&nbsp;</span><strong><u><strong><span>ISI BORANG DALAM TALIAN</span></strong></u></strong></div>\r\n<div><strong> <br />\r\n</strong></div>\r\n<div><strong>&nbsp;MUAT TURUN BROSUR &amp; BORANG @ TINGGALKAN E-MEL UNTUK BORANG </strong></div>\r\n<div>&nbsp;</div>\r\n<div><strong>&nbsp;** HUBUNGI KAMI SEKARANG UNTUK TEMPAHAN </strong></div>\r\n<div>\r\n<table id=\"rv_template_layout\" width=\"712\" height=\"20\" cellspacing=\"0\" cellpadding=\"0\">\r\n<tbody>\r\n<tr>\r\n<td valign=\"top\" align=\"left\">\r\n<div align=\"right\">\r\n<h2 style=\"margin: 2px; font-size: 1.3em\"><u><font size=\"2\"><strong><a href=\"#\" class=\"btnlink\">Ke Atas</a></strong></font></u></h2></div></td></tr></tbody></table>&nbsp;</div></div></div></div><!-- ####### LAYOUT CSS: MODIFY COLOR, FONT AND BOX SIZE HERE BUT DO NOT DELETE. ####### -->', NULL, NULL, NULL, NULL, NULL, NULL, '1', NULL, NULL, NULL, NULL, NULL, NULL, NULL, '', '', '', '0', NULL, NULL, NULL, '1499761089', NULL, NULL, '0', '0', '0');
REPLACE INTO `rvs_project_page` (`project_page_id`, `rvs_usr_id`, `page_name`, `custom_page_name`, `rvs_component_id`, `page_data`, `page_data_zone_2`, `page_data_zone_3`, `page_data_zone_4`, `colume_width_1`, `colume_width_2`, `colume_width_3`, `rvs_layout_id`, `head`, `page_title`, `meta_keyword`, `meta_description`, `effect_page_enter`, `duration_page_enter`, `meta_page_effect`, `rvs_link_id`, `target`, `form_template_id`, `i_pathway`, `i_mail`, `i_print`, `i_favorite`, `last_modifier`, `link_active`, `page_type`, `blank_page`, `set_draft`, `is_member_page`) VALUES ('186bf122d32241f3d41c9b8c3acfff38', 'e966db2ccb35862561fc85127de800e5', 'TAMAN RAKYAT HARMONI, JABI', '', '', '<span></span><!-- ####### LAYOUT CSS: MODIFY COLOR, FONT AND BOX SIZE HERE BUT DO NOT DELETE. ####### --> <span></span> <span></span>\r\n<div align=\"center\"><span></span><strong>&nbsp; CADANGAN PERUMAHAN KOS RENDAH DAN BERCAMPUR DI PEKAN JABI,</strong></div>\r\n<div align=\"center\"><strong>&nbsp; DAERAH BESUT, TERENGGANU DARUL IMAN.</strong></div>\r\n<div>\r\n<div>&nbsp;</div></div>\r\n<div>\r\n<div>\r\n<table style=\"border-collapse: collapse\" width=\"713\" cellspacing=\"0\" cellpadding=\"3\" bordercolor=\"#000000\" border=\"5\" bgcolor=\"#f0f0f0\" height=\"1264\">\r\n<tbody>\r\n<tr valign=\"top\">\r\n<td><br />\r\n</td>\r\n<td>\r\n<div>&nbsp;</div></td>\r\n<td>\r\n<div>\r\n<div>&nbsp;</div></div></td></tr>\r\n<tr valign=\"top\">\r\n<td>\r\n<div>\r\n<div>\r\n<div>\r\n<div><u>&nbsp;<strong>TAMAN RAKYAT HARMONI, FASA III</strong></u></div></div></div>\r\n<div>\r\n<div>&nbsp;</div>\r\n<div>&nbsp;<a href=\"4cea5f385ab66f4e2702a6f86804ea0e.php\" title=\"\"><img title=\"\" src=\"{IMAGE_URL}/rk.jabi1.jpg\" alt=\"\" width=\"247\" border=\"0\" height=\"141\" /></a> </div></div>\r\n<div>\r\n<div>\r\n<div>\r\n<div>\r\n<div>&nbsp;</div></div>\r\n<div><strong>&nbsp;<strong><a href=\"4cea5f385ab66f4e2702a6f86804ea0e.php\" title=\"\"><strong>Baca Seterusnya</strong></a></strong></strong><br />\r\n<div>&nbsp;</div></div></div></div></div></div>\r\n<div>&nbsp;</div></td>\r\n<td>\r\n<div>&nbsp;</div></td>\r\n<td>\r\n<div>&nbsp;\r\n<div>&nbsp;LOKASI : <strong>JABI, DAERAH BESUT</strong></div>\r\n<div>&nbsp;</div>\r\n<div>&nbsp;JENIS HARTANAH : <strong>RUMAH KEDAI 2 TINGKAT</strong></div>\r\n<div>&nbsp;</div>\r\n<div>&nbsp;STATUS : <font style=\"font-size: larger\"><strong>HABIS DI JUAL<br />\r\n</strong></font></div>\r\n<div>&nbsp;</div>\r\n<div>&nbsp;</div>\r\n<div><strong><font style=\"font-size: medium\">&nbsp; &nbsp; &nbsp;&nbsp;</font></strong></div>\r\n<div><strong><font style=\"font-size: medium\">&nbsp;</font></strong></div>\r\n<div><strong><font style=\"font-size: medium\">&nbsp;</font></strong></div>\r\n<div align=\"center\"><strong><u><strong><a href=\"bdaeb9319e5482b1804fd5a36eddfd08.php\" title=\"\" target=\"_blank\"><strong>ISI BORANG DALAM TALIAN</strong></a></strong></u><font style=\"font-size: medium\"> <br />\r\n</font></strong></div><strong><font style=\"font-size: medium\">&nbsp; </font></strong>&nbsp; &nbsp; &nbsp;&nbsp;&nbsp;\r\n<div align=\"center\"><a href=\"http://more.sh/h2MQRk\" title=\"\" target=\"_blank\"><strong>MUAT TURUN BROSUR &amp; BORANG</strong></a></div></div></td></tr>\r\n<tr valign=\"top\">\r\n<td>\r\n<div><strong>&nbsp;<u>TAMAN RAKYAT HARMONI, FASA II</u></strong></div>\r\n<div>&nbsp;</div>\r\n<div>&nbsp;<img src=\"{IMAGE_URL}/0605614c40a939e66f3fcc07e4865b27.jpg\" alt=\"\" /> </div>\r\n<div>&nbsp;</div>\r\n<div>&nbsp;Baca Seterusnya</div>\r\n<div>&nbsp;</div></td>\r\n<td>\r\n<div>&nbsp;</div></td>\r\n<td>\r\n<div>&nbsp;\r\n<div>&nbsp;</div>\r\n<div>\r\n<div>&nbsp;LOKASI : <strong>JABI, DAERAH BESUT</strong></div>\r\n<div>&nbsp;</div>\r\n<div>&nbsp;JENIS HARTANAH : <strong>KEDAI 2 TINGKAT</strong></div>\r\n<div>&nbsp;</div>\r\n<div>&nbsp;STATUS : <font style=\"font-size: larger\"><strong>HABIS DIJUAL</strong></font></div>\r\n<div>&nbsp;</div>&nbsp;</div></div></td></tr>\r\n<tr valign=\"top\">\r\n<td>\r\n<div><u>&nbsp;<strong>TAMAN RAKYAT HARMONI, FASA II</strong></u></div>\r\n<div>&nbsp;</div>\r\n<div>&nbsp;<img title=\"\" src=\"{IMAGE_URL}/Resizeof100_2432.jpg\" alt=\"\" width=\"247\" height=\"185\" /> </div>\r\n<div>\r\n<div>&nbsp;</div></div>\r\n<div>&nbsp;Baca Seterusnya<br />\r\n<div>&nbsp;</div></div></td>\r\n<td>\r\n<div>&nbsp;</div></td>\r\n<td>\r\n<div>&nbsp;</div>\r\n<div>&nbsp;</div>\r\n<div>\r\n<div>&nbsp;LOKASI : <strong>JABI, DAERAH BESUT</strong></div>\r\n<div>&nbsp;</div>\r\n<div>&nbsp;JENIS HARTANAH : <strong>RUMAH BERKEMBAR 1 TINGKAT</strong></div>\r\n<div>&nbsp;</div>\r\n<div>&nbsp;STATUS : <font style=\"font-size: larger\"><strong>HABIS DIJUAL</strong></font></div>\r\n<div>&nbsp;</div>&nbsp; &nbsp; &nbsp;&nbsp;&nbsp; </div></td></tr>\r\n<tr valign=\"top\">\r\n<td>\r\n<div>\r\n<div>\r\n<div><u>&nbsp;<strong>TAMAN RAKYAT HARMONI, FASA II</strong></u></div></div></div>\r\n<div>\r\n<div>&nbsp;</div>\r\n<div>&nbsp;<img title=\"\" src=\"{IMAGE_URL}/Resizeof100_2438.jpg\" alt=\"\" width=\"246\" height=\"184\" /> </div></div>\r\n<div>\r\n<div>\r\n<div>\r\n<div>\r\n<div>&nbsp;</div></div>\r\n<div>&nbsp;Baca Seterusnya<br />\r\n<div>&nbsp;</div></div></div></div></div></td>\r\n<td>\r\n<div>&nbsp;</div></td>\r\n<td>\r\n<div>\r\n<div>&nbsp;</div></div>\r\n<div>\r\n<div>&nbsp;</div></div>\r\n<div>\r\n<div>&nbsp;LOKASI : <strong>JABI, DAERAH BESUT</strong></div>\r\n<div>&nbsp;</div>\r\n<div>&nbsp;JENIS HARTANAH : <strong>RUMAH BANGLO 1 TINGKAT</strong></div>\r\n<div>&nbsp;</div>\r\n<div>&nbsp;STATUS : <font style=\"font-size: larger\"><strong>HABIS DIJUAL</strong></font></div>\r\n<div>&nbsp;</div>&nbsp; &nbsp; &nbsp;&nbsp;&nbsp;\r\n<div>\r\n<div>&nbsp;</div></div></div></td></tr>\r\n<tr valign=\"top\">\r\n<td>\r\n<div>\r\n<div><strong>&nbsp;<u>TAMAN RAKYAT HARMONI, FASA II</u><br />\r\n</strong></div>\r\n<div>&nbsp;</div>\r\n<div>&nbsp;<img title=\"\" src=\"{IMAGE_URL}/Resizeof100_2422.jpg\" alt=\"\" width=\"251\" height=\"187\" /> </div>\r\n<div>&nbsp;</div>\r\n<div>&nbsp;Baca Seterusnya</div>\r\n<div>&nbsp;</div></div></td>\r\n<td>\r\n<div>&nbsp;</div></td>\r\n<td>\r\n<div>\r\n<div>\r\n<div>&nbsp;</div></div>\r\n<div>\r\n<div>&nbsp;\r\n<div>&nbsp;</div>\r\n<div>\r\n<div>&nbsp;LOKASI : <strong>JABI, DAERAH BESUT</strong></div>\r\n<div>&nbsp;</div>\r\n<div>&nbsp;JENIS HARTANAH : <strong>RUMAH TERES KOS RENDAH</strong></div>\r\n<div>&nbsp;</div>\r\n<div>&nbsp;STATUS : <font style=\"font-size: larger\"><strong>HABIS DIJUAL</strong></font></div>\r\n<div>&nbsp;</div></div>\r\n<div>&nbsp;</div>\r\n<div>&nbsp;&nbsp; <font style=\"font-size: medium\"><strong>Permohohan Melalui SUK</strong></font></div>\r\n<div><font style=\"font-size: medium\"><strong><a>&nbsp;&nbsp; </a></strong></font><font style=\"font-size: medium\"><strong>Perumahan Negeri Terengganu </strong></font></div>\r\n<div align=\"center\"><strong>&nbsp;</strong></div></div></div></div></td></tr>\r\n<tr valign=\"top\">\r\n<td>\r\n<div>\r\n<div>&nbsp;<u><strong>TAMAN RAKYAT HARMONI, FASA I</strong></u></div>\r\n<div>&nbsp;</div>\r\n<div>&nbsp;<img src=\"{IMAGE_URL}/4721ac3ec4aa123a6cb3c235563a609e.jpg\" alt=\"\" /> </div>\r\n<div>&nbsp;</div>\r\n<div>&nbsp;Baca Seterusnya</div>\r\n<div>&nbsp;</div></div></td>\r\n<td>\r\n<div>&nbsp;</div></td>\r\n<td>\r\n<div>\r\n<div><br />\r\n&nbsp;</div>\r\n<div>&nbsp;</div>\r\n<div>&nbsp;LOKASI : <strong>JABI, DAERAH BESUT</strong></div>\r\n<div>&nbsp;</div>\r\n<div>&nbsp;JENIS HARTANAH : <strong>KEDAI 1 TINGKAT</strong></div>\r\n<div>&nbsp;</div>\r\n<div>&nbsp;STATUS : <font style=\"font-size: larger\"><strong>HABIS DIJUAL</strong></font></div>\r\n<div>\r\n<div>&nbsp;</div></div>\r\n<div>\r\n<div>&nbsp;</div></div></div></td></tr>\r\n<tr valign=\"top\">\r\n<td>\r\n<div>&nbsp;</div></td>\r\n<td>\r\n<div>&nbsp;</div></td>\r\n<td>\r\n<div>&nbsp;</div></td></tr></tbody></table>&nbsp;</div></div><!-- ########################### END CSS LAYOUT ###########################  -->\r\n<table id=\"rv_template_layout\" width=\"712\" cellspacing=\"0\" cellpadding=\"0\" height=\"20\">\r\n<tbody>\r\n<tr>\r\n<td valign=\"top\" align=\"left\">\r\n<div align=\"right\">\r\n<h2 style=\"margin: 2px; font-size: 1.3em\"><u><font size=\"2\"><strong><a href=\"#\" class=\"btnlink\">Ke Atas</a></strong></font></u></h2></div></td></tr></tbody></table>', NULL, NULL, NULL, NULL, NULL, NULL, '1', NULL, NULL, NULL, NULL, NULL, NULL, NULL, '', '', '', '0', NULL, NULL, NULL, '1486536166', NULL, NULL, '0', '0', '0');
REPLACE INTO `rvs_project_page` (`project_page_id`, `rvs_usr_id`, `page_name`, `custom_page_name`, `rvs_component_id`, `page_data`, `page_data_zone_2`, `page_data_zone_3`, `page_data_zone_4`, `colume_width_1`, `colume_width_2`, `colume_width_3`, `rvs_layout_id`, `head`, `page_title`, `meta_keyword`, `meta_description`, `effect_page_enter`, `duration_page_enter`, `meta_page_effect`, `rvs_link_id`, `target`, `form_template_id`, `i_pathway`, `i_mail`, `i_print`, `i_favorite`, `last_modifier`, `link_active`, `page_type`, `blank_page`, `set_draft`, `is_member_page`) VALUES ('1f57a4e8a81a2507530b50756e1fe057', 'e966db2ccb35862561fc85127de800e5', 'TAMAN PUNCAK KEMAJUAN, PULAU KAMBING', '', '', '<span></span><!-- ####### LAYOUT CSS: MODIFY COLOR, FONT AND BOX SIZE HERE BUT DO NOT DELETE. ####### --> <span></span>\r\n<div align=\"center\"><span></span><strong>&nbsp; CADANGAN PEMBANGUNAN BERCAMPUR DI KAMPUNG PULAU KAMBING, MUKIM CHABANG TIGA,</strong></div>\r\n<div align=\"center\"><strong>&nbsp; DAERAH KUALA TERENGGANU, TERENGGANU DARUL IMAN.</strong></div>\r\n<div>\r\n<div>&nbsp;</div></div>\r\n<div>\r\n<div align=\"center\">\r\n<table style=\"border-collapse: collapse\" bgcolor=\"#f0f0f0\" border=\"5\" bordercolor=\"#000000\" height=\"1384\" width=\"716\" cellpadding=\"3\" cellspacing=\"0\">\r\n<tbody>\r\n<tr valign=\"top\">\r\n<td>\r\n<div>&nbsp;<u><strong>TAMAN PUNCAK KEMAJUAN,</strong></u></div>\r\n<div>&nbsp;</div>\r\n<div>&nbsp;<img title=\"\" src=\"{IMAGE_URL}/TPK-Banglo-2-Tingkat.jpg\" alt=\"\" height=\"150\" width=\"250\" /> </div>\r\n<div>&nbsp;</div>\r\n<div>&nbsp;Baca Seterusnya</div>\r\n<div>&nbsp;</div></td>\r\n<td>\r\n<div>&nbsp;</div></td>\r\n<td>\r\n<div>\r\n<div>&nbsp;</div></div>\r\n<div>\r\n<div>&nbsp;</div>\r\n<div>&nbsp;</div></div>\r\n<div>&nbsp;LOKASI : <strong>PULAU KAMBING, TERENGGANU</strong></div>\r\n<div>&nbsp;</div>\r\n<div>&nbsp;JENIS HARTANAH : <strong>BANGLO 2 TINGKAT</strong></div>\r\n<div>&nbsp;</div>\r\n<div>&nbsp;STATUS : <font style=\"font-size: larger\"><strong>HABIS DIJUAL</strong></font></div>\r\n<div>&nbsp;</div></td></tr>\r\n<tr valign=\"top\">\r\n<td>\r\n<div><strong>&nbsp;<u>TAMAN PUNCAK KEMAJUAN,</u></strong></div>\r\n<div>&nbsp;</div>\r\n<div>&nbsp;<img title=\"\" src=\"{IMAGE_URL}/TPK-Rumah-Berkembar-2-Tingkat.jpg\" alt=\"\" height=\"150\" width=\"250\" /> </div>\r\n<div>&nbsp;</div>\r\n<div>&nbsp;Baca Seterusnya</div>\r\n<div>&nbsp;</div></td>\r\n<td>\r\n<div>&nbsp;</div></td>\r\n<td>\r\n<div>\r\n<div>&nbsp;</div></div>\r\n<div>\r\n<div>&nbsp;</div></div>\r\n<div>&nbsp;</div>\r\n<div>\r\n<div>&nbsp;LOKASI : <strong>PULAU KAMBING, TERENGGANU</strong></div>\r\n<div>&nbsp;</div>\r\n<div>&nbsp;JENIS HARTANAH : <strong>RUMAH BERKEMBAR 2 TINGKAT</strong></div>\r\n<div>&nbsp;</div>\r\n<div>&nbsp;STATUS : <font style=\"font-size: larger\"><strong>HABIS DIJUAL</strong></font></div>\r\n<div>&nbsp;</div>&nbsp;</div></td></tr>\r\n<tr valign=\"top\">\r\n<td>\r\n<div><strong>&nbsp;<u>TAMAN PUNCAK KEMAJUAN,&nbsp; </u></strong></div>\r\n<div>&nbsp;</div>\r\n<div><img title=\"\" src=\"{IMAGE_URL}/TPK-Rumah-Teres-2-Tingkat.jpg\" alt=\"\" height=\"153\" width=\"255\" /> </div>\r\n<div>&nbsp;</div>\r\n<div>&nbsp;Baca Seterusnya</div>\r\n<div>&nbsp;</div></td>\r\n<td>\r\n<div>&nbsp;</div></td>\r\n<td>\r\n<div>\r\n<div>&nbsp;</div></div>\r\n<div>\r\n<div>&nbsp;</div></div>\r\n<div>&nbsp;</div>\r\n<div>\r\n<div>&nbsp;LOKASI : <strong>PULAU KAMBING, TERENGGANU</strong></div>\r\n<div>&nbsp;</div>\r\n<div>&nbsp;JENIS HARTANAH : <strong>RUMAH TERES 2 TINGKAT</strong></div>\r\n<div>&nbsp;</div>\r\n<div>&nbsp;STATUS : <strong><font style=\"font-size: larger\">HABIS DIJUAL</font></strong></div>\r\n<div>&nbsp;</div>&nbsp;</div></td></tr>\r\n<tr valign=\"top\">\r\n<td>\r\n<div>&nbsp;<u><strong>TAMAN PUNCAK KEMAJUAN, KAPAS</strong></u></div>\r\n<div>&nbsp;</div>\r\n<div>&nbsp;<img title=\"\" src=\"{IMAGE_URL}/TPK-Pangsa-4-Tingkat-Tanpa-Lift.jpg\" alt=\"\" height=\"150\" width=\"250\" /> </div>\r\n<div>\r\n<div>&nbsp;</div></div>\r\n<div>&nbsp;Baca Seterusnya<br />\r\n<div>&nbsp;</div></div></td>\r\n<td>\r\n<div>&nbsp;</div></td>\r\n<td>\r\n<div>\r\n<div>&nbsp;</div></div>\r\n<div>\r\n<div>&nbsp;</div></div>\r\n<div>&nbsp;</div>\r\n<div>\r\n<div>&nbsp;LOKASI : <strong>PULAU KAMBING, TERENGGANU</strong></div>\r\n<div>&nbsp;</div>\r\n<div>&nbsp;JENIS HARTANAH : <strong>PANGSA 4 TINGKAT TANPA LIF</strong></div>\r\n<div>&nbsp;</div>\r\n<div>&nbsp;STATUS : <font style=\"font-size: larger\"><strong>HABIS DIJUAL</strong></font></div>\r\n<div>&nbsp;</div>&nbsp; &nbsp; &nbsp;&nbsp;&nbsp; </div></td></tr>\r\n<tr valign=\"top\">\r\n<td>\r\n<div>\r\n<div>&nbsp;<u><strong>TAMAN PUNCAK KEMAJUAN, REDANG</strong></u></div>\r\n<div>&nbsp;</div>\r\n<div><img title=\"\" src=\"{IMAGE_URL}/TPK-Pangsa-7-tingkat-dengan-lift.jpg\" alt=\"\" height=\"150\" width=\"250\" /> </div>\r\n<div>&nbsp;</div>\r\n<div>\r\n<div>&nbsp;Baca Seterusnya<br />\r\n<div>&nbsp;</div></div></div></div></td>\r\n<td>\r\n<div>&nbsp;</div></td>\r\n<td>\r\n<div>\r\n<div>&nbsp;</div></div>\r\n<div></div>\r\n<div>\r\n<div>&nbsp;</div></div>\r\n<div>\r\n<div>&nbsp;</div></div>\r\n<div>\r\n<div>&nbsp;LOKASI : <strong>PULAU KAMBING, TERENGGANU</strong></div>\r\n<div><strong>&nbsp;</strong></div>\r\n<div>&nbsp;JENIS HARTANAH : <strong>PANGSA 7 TINGKAT DENGAN LIF</strong></div>\r\n<div>&nbsp;</div>\r\n<div>&nbsp;STATUS : <strong><font style=\"font-size: larger\">HABIS DIJUAL </font></strong></div>\r\n<div>&nbsp;</div>&nbsp; &nbsp; &nbsp;&nbsp; &nbsp;\r\n<div>\r\n<div>&nbsp;</div></div></div></td></tr>\r\n<tr valign=\"top\">\r\n<td>\r\n<div>\r\n<div>&nbsp;<strong><u>TAMAN PUNCAK KEMAJUAN, PERHENTIAN</u><br />\r\n</strong></div>\r\n<div>&nbsp; </div>\r\n<div><img title=\"\" src=\"{IMAGE_URL}/kondo7asal.jpg\" alt=\"\" height=\"177\" width=\"251\" /> </div>\r\n<div>&nbsp;</div>\r\n<div>\r\n<div>&nbsp;<strong>Baca Seterusnya</strong><br />\r\n<div>&nbsp;</div></div></div></div></td>\r\n<td>\r\n<div>&nbsp;</div></td>\r\n<td>\r\n<div>\r\n<div>&nbsp;</div>\r\n<div>&nbsp;</div></div>\r\n<div>\r\n<div>&nbsp;</div></div>\r\n<div>\r\n<div>&nbsp;LOKASI : <strong>PULAU KAMBING, TERENGGANU</strong></div>\r\n<div>&nbsp;</div>\r\n<div>&nbsp;JENIS HARTANAH : <strong>KONDOMINIUM 7 TINGKAT DENGAN LIF</strong></div>\r\n<div>&nbsp;</div>\r\n<div>&nbsp;STATUS : <strong><font style=\"font-size: larger\">HABIS DIJUAL</font></strong><strong><font style=\"font-size: larger\"> </font></strong></div>\r\n<div>&nbsp;</div>\r\n<div>&nbsp;</div>\r\n<div><strong><font style=\"font-size: medium\">&nbsp;&nbsp;&nbsp;&nbsp;&nbsp; </font></strong><br />\r\n</div>\r\n<div></div>\r\n<div>\r\n<div>&nbsp;</div></div></div>\r\n<div>\r\n<div>&nbsp;</div></div>\r\n<div></div>\r\n<div>\r\n<div>&nbsp;</div></div>\r\n<div>\r\n<div>&nbsp;</div></div>\r\n<div>\r\n<div align=\"center\"><strong>MUAT TURUN BROSUR &amp; BORANG</strong></div>\r\n<div>\r\n<div>\r\n<div>&nbsp;</div></div></div></div></td></tr>\r\n<tr valign=\"top\">\r\n<td align=\"left\">\r\n<div>\r\n<h2 style=\"margin: 2px; font-size: 1.3em\">&nbsp;</h2></div></td>\r\n<td>\r\n<div>&nbsp;</div></td>\r\n<td align=\"left\"><br />\r\n</td></tr></tbody></table>\r\n<div>&nbsp;</div>\r\n<div>\r\n<table id=\"rv_template_layout\" height=\"20\" width=\"712\" cellpadding=\"0\" cellspacing=\"0\">\r\n<tbody>\r\n<tr>\r\n<td align=\"left\" valign=\"top\">\r\n<div align=\"right\">\r\n<h2 style=\"margin: 2px; font-size: 1.3em\"><u><font size=\"2\"><strong><a href=\"#\" class=\"btnlink\">Ke Atas</a></strong></font></u></h2></div></td></tr></tbody></table></div></div></div>\r\n<div></div><!-- ########################### END CSS LAYOUT ###########################  -->', NULL, NULL, NULL, NULL, NULL, NULL, '1', NULL, NULL, NULL, NULL, NULL, NULL, NULL, '', '', '', '0', NULL, NULL, NULL, '1471480229', NULL, NULL, '0', '0', '0');
REPLACE INTO `rvs_project_page` (`project_page_id`, `rvs_usr_id`, `page_name`, `custom_page_name`, `rvs_component_id`, `page_data`, `page_data_zone_2`, `page_data_zone_3`, `page_data_zone_4`, `colume_width_1`, `colume_width_2`, `colume_width_3`, `rvs_layout_id`, `head`, `page_title`, `meta_keyword`, `meta_description`, `effect_page_enter`, `duration_page_enter`, `meta_page_effect`, `rvs_link_id`, `target`, `form_template_id`, `i_pathway`, `i_mail`, `i_print`, `i_favorite`, `last_modifier`, `link_active`, `page_type`, `blank_page`, `set_draft`, `is_member_page`) VALUES ('84bbbdf82535d0b77e1e6ac249a40bc0', 'e966db2ccb35862561fc85127de800e5', 'TAMAN RAKYAT BISTARI, BUKIT KUANG', '', '', '&nbsp;<a title=\"\" href=\"3958a412bab18fa9f153e4faf518045e.php\">BORANG TRB FASA 5A-KP</a>&nbsp;<span></span><!-- ####### LAYOUT CSS: MODIFY COLOR, FONT AND BOX SIZE HERE BUT DO NOT DELETE. ####### --> <span></span>\r\n<div align=\"center\"><span></span><strong>&nbsp; CADANGAN PERUMAHAN KOS RENDAH DAN BERCAMPUR DI KAMPUNG BUKIT KUANG II,</strong></div>\r\n<div align=\"center\"><strong>&nbsp; MUKIM TELUK KALUNG, DAERAH KEMAMAN, TERENGGANU DARUL IMAN.</strong></div>\r\n<div>\r\n<div>&nbsp;</div></div>\r\n<div>\r\n<div align=\"center\">\r\n<div></div>\r\n<div>\r\n<div>&nbsp;</div></div>\r\n<div>\r\n<div></div></div>\r\n<table style=\"border-collapse: collapse\" width=\"716\" height=\"934\" cellspacing=\"0\" cellpadding=\"3\" bordercolor=\"#000000\" border=\"5\" bgcolor=\"#f0f0f0\">\r\n<tbody>\r\n<tr valign=\"top\">\r\n<td>\r\n<div>&nbsp;</div></td>\r\n<td>\r\n<div>&nbsp;</div></td>\r\n<td>\r\n<div>&nbsp;</div></td></tr>\r\n<tr valign=\"top\">\r\n<td>\r\n<div>\r\n<div>&nbsp;<u><strong>TAMAN RAKYAT BISTARI, FASA 5A-KP</strong></u></div>\r\n<div>&nbsp;</div>\r\n<div>&nbsp;<a href=\"51da60d4d9a9e27c264564fc37f2754f.php\" title=\"\"><img alt=\"\" title=\"\" src=\"{IMAGE_URL}/k1.jpg\" width=\"242\" height=\"103\" border=\"0\" /></a><br />\r\n</div>\r\n<div>\r\n<div>&nbsp;</div></div>\r\n&nbsp;<a href=\"51da60d4d9a9e27c264564fc37f2754f.php\" title=\"\"><strong>Baca Seterusnya</strong></a></div></td>\r\n<td>\r\n<div>&nbsp;</div></td>\r\n<td>\r\n<div>&nbsp;</div>\r\n<div>\r\n<div>\r\n<div>&nbsp;</div></div>\r\n<div>\r\n<div>&nbsp;LOKASI : <strong>BUKIT KUANG, KEMAMAN</strong></div>\r\n<div>&nbsp;</div>\r\n<div>&nbsp;JENIS HARTANAH : <strong>6 KEDAI 1T &amp; 4 KEDAI PEJABAT 2T </strong></div>\r\n<div>&nbsp;</div>\r\n<div>&nbsp;STATUS : <strong><font style=\"font-size: larger\">DIBUKA JUALAN</font></strong><strong><font style=\"font-size: larger\"> </font></strong></div>\r\n<div>&nbsp;</div></div>\r\n<div>&nbsp;</div>\r\n<div>&nbsp;&nbsp;&nbsp;&nbsp;&nbsp; <font color=\"#ff0000\"><strong><font style=\"font-size: medium\">8 KEKOSONGAN </font></strong></font></div>\r\n<div><strong><font style=\"font-size: medium\">&nbsp;</font></strong></div>\r\n<div><strong>&nbsp;</strong></div>\r\n<div align=\"center\"><strong>&nbsp;</strong><a target=\"_blank\" href=\"3958a412bab18fa9f153e4faf518045e.php\" title=\"\"><u><strong><span>ISI BORANG DALAM TALIAN</span></strong></u></a></div>\r\n<div align=\"center\"><strong>&nbsp;</strong></div>\r\n<div align=\"center\"><strong>&nbsp;<a href=\"http://more.sh/dd4VS4\" title=\"\" target=\"_blank\"><strong>MUAT TURUN BROSUR &amp; BORANG</strong></a></strong>&nbsp;</div></div></td></tr>\r\n<tr valign=\"top\">\r\n<td>\r\n<div>\r\n<div>&nbsp;<u><strong>TAMAN RAKYAT BISTARI, FASA 4B-RB</strong></u></div>\r\n<div>&nbsp;</div>\r\n<div>&nbsp;<a href=\"7e977f2cd2a6a2292d270dc55755987a.php\" title=\"\"><img alt=\"\" title=\"\" src=\"{IMAGE_URL}/SEMI-D4btrbkmn.jpg\" width=\"242\" height=\"161\" border=\"0\" /></a><br />\r\n</div>\r\n<div>\r\n<div>&nbsp;</div></div>\r\n&nbsp;<a href=\"7e977f2cd2a6a2292d270dc55755987a.php\" title=\"\"><strong>Baca Seterusnya</strong></a></div></td>\r\n<td>\r\n<div>&nbsp;</div></td>\r\n<td>\r\n<div>\r\n<div>&nbsp;</div></div>\r\n<div>\r\n<div>\r\n<div>&nbsp;</div></div>\r\n<div>\r\n<div>&nbsp;LOKASI : <strong>BUKIT KUANG, KEMAMAN</strong></div>\r\n<div>&nbsp;</div>\r\n<div>&nbsp;JENIS HARTANAH : <strong>RUMAH BERKEMBAR 1 TINGKAT</strong></div>\r\n<div>&nbsp;</div>\r\n<div>&nbsp;STATUS : <strong><font style=\"font-size: larger\">DIBUKA JUALAN</font></strong><strong><font style=\"font-size: larger\"> </font></strong></div>\r\n<div>&nbsp;</div></div>\r\n<div>&nbsp;</div>\r\n<div>&nbsp;&nbsp;&nbsp;&nbsp;&nbsp; <font color=\"#ff0000\"><strong><font style=\"font-size: medium\">22 KEKOSONGAN </font></strong></font></div>\r\n<div><strong><font style=\"font-size: medium\">&nbsp;</font></strong></div>\r\n<div><strong>&nbsp;</strong></div>\r\n<div align=\"center\"><strong>&nbsp;</strong><a target=\"_blank\" href=\"29c1898db5db626c3abfe60aebbf1fa5.php\" title=\"\"><u><strong><span>ISI BORANG DALAM TALIAN</span></strong></u></a></div>\r\n<div align=\"center\"><strong>&nbsp;</strong></div>\r\n<div align=\"center\"><strong>&nbsp;<a href=\"http://more.sh/dd4VS4\" title=\"\" target=\"_blank\"><strong>MUAT TURUN BROSUR &amp; BORANG</strong></a></strong></div></div></td></tr>\r\n<tr valign=\"top\">\r\n<td>\r\n<div>\r\n<div>&nbsp;<u><strong>TAMAN RAKYAT BISTARI, FASA 4B-B</strong></u></div>\r\n<div>&nbsp;</div>\r\n<div>&nbsp;<a href=\"76c1eefa62254a9b079431a71ded75e0.php\" title=\"\"><img alt=\"\" title=\"\" src=\"{IMAGE_URL}/BANGLO24btrbkmn.jpg\" width=\"242\" height=\"161\" border=\"0\" /></a><br />\r\n</div>\r\n<div>\r\n<div>&nbsp;</div></div>\r\n&nbsp;<a href=\"76c1eefa62254a9b079431a71ded75e0.php\" title=\"\"><strong>Baca Seterusnya</strong></a></div></td>\r\n<td>\r\n<div>&nbsp;</div></td>\r\n<td>\r\n<div>&nbsp;</div>\r\n<div>\r\n<div>\r\n<div>&nbsp;</div></div>\r\n<div>\r\n<div>&nbsp;LOKASI : <strong>BUKIT KUANG, KEMAMAN</strong></div>\r\n<div>&nbsp;</div>\r\n<div>&nbsp;JENIS HARTANAH : <strong>RUMAH BANGLO 1 TINGKAT</strong></div>\r\n<div>&nbsp;</div>\r\n<div>&nbsp;STATUS : <strong><font style=\"font-size: larger\">DIBUKA JUALAN</font></strong><strong><font style=\"font-size: larger\"> </font></strong></div>\r\n<div>&nbsp;</div></div>\r\n<div>&nbsp;</div>\r\n<div>&nbsp;&nbsp;&nbsp;&nbsp;&nbsp; <font color=\"#ff0000\"><strong><font style=\"font-size: medium\">1 KEKOSONGAN </font></strong></font></div>\r\n<div><strong><font style=\"font-size: medium\">&nbsp;</font></strong></div>\r\n<div><strong>&nbsp;</strong></div>\r\n<div align=\"center\"><strong>&nbsp;</strong><a target=\"_blank\" href=\"7ca04a94e596eda223ffc024bc483146.php\" title=\"\"><u><strong><span>ISI BORANG DALAM TALIAN</span></strong></u></a></div>\r\n<div align=\"center\"><strong>&nbsp;</strong></div>\r\n<div align=\"center\"><strong>&nbsp;<a href=\"http://more.sh/dd4VS4\" title=\"\" target=\"_blank\"><strong>MUAT TURUN BROSUR &amp; BORANG</strong></a></strong></div></div></td></tr>\r\n<tr valign=\"top\">\r\n<td>\r\n<div>\r\n<div>&nbsp;<u><strong>TAMAN RAKYAT BISTARI, FASA 3B</strong></u></div>\r\n<div>&nbsp;</div>\r\n<div>&nbsp;<a href=\"38a70ae64c54e4e43fa4f28f55505d6a.php\" title=\"\"><img alt=\"\" title=\"\" src=\"{IMAGE_URL}/2-SIAPPPPP2.jpg\" width=\"242\" height=\"148\" border=\"0\" /></a><br />\r\n</div>\r\n<div>\r\n<div>&nbsp;</div></div>\r\n&nbsp;<a href=\"38a70ae64c54e4e43fa4f28f55505d6a.php\" title=\"\"><strong>Baca Seterusnya</strong></a></div></td>\r\n<td>\r\n<div>&nbsp;</div></td>\r\n<td>\r\n<div>&nbsp;\r\n<div>\r\n<div>&nbsp;</div></div>\r\n<div>\r\n<div>&nbsp;LOKASI : <strong>BUKIT KUANG, KEMAMAN</strong></div>\r\n<div>&nbsp;</div>\r\n<div>&nbsp;JENIS HARTANAH : <strong>RUMAH TERES 1 TINGKAT</strong></div>\r\n<div>&nbsp;</div>\r\n<div>&nbsp;STATUS : <strong><font style=\"font-size: larger\">DIBUKA JUALAN</font></strong><strong><font style=\"font-size: larger\"> </font></strong></div>\r\n<div>&nbsp;</div></div>\r\n<div>&nbsp;</div>\r\n<div>&nbsp;&nbsp;&nbsp;&nbsp;&nbsp; <font color=\"#ff0000\"><strong><font style=\"font-size: medium\">6 KEKOSONGAN </font></strong></font></div>\r\n<div><strong><font style=\"font-size: medium\">&nbsp;</font></strong></div>\r\n<div><strong>&nbsp;</strong></div>\r\n<div align=\"center\"><strong>&nbsp;</strong><a target=\"_blank\" href=\"6f99b9e05c49214cd307806a76e9aab6.php\" title=\"\"><u><strong><span>ISI BORANG DALAM TALIAN</span></strong></u></a></div>\r\n<div align=\"center\"><strong>&nbsp;</strong></div>\r\n<div align=\"center\"><strong>&nbsp;<a href=\"http://more.sh/dd4VS4\" title=\"\" target=\"_blank\"><strong>MUAT TURUN BROSUR &amp; BORANG</strong></a></strong></div></div></td></tr>\r\n<tr valign=\"top\">\r\n<td>\r\n<div>\r\n<div>\r\n<div>&nbsp;<u><strong>TAMAN RAKYAT BISTARI, FASA 2D</strong></u></div>\r\n<div>&nbsp;</div>\r\n<div>&nbsp;<a href=\"064b18139b76be58367afcee2adb6cdf.php\" title=\"\"><img alt=\"\" title=\"\" src=\"{IMAGE_URL}/2-SIAPPPPP2.jpg\" width=\"247\" height=\"151\" border=\"0\" /></a><br />\r\n</div>\r\n<div>\r\n<div>&nbsp;</div></div>\r\n&nbsp;<a href=\"064b18139b76be58367afcee2adb6cdf.php\" title=\"\"><strong>Baca Seterusnya</strong></a> </div></div></td>\r\n<td>\r\n<div>&nbsp;</div></td>\r\n<td>\r\n<div>\r\n<div></div>\r\n<div>\r\n<div>&nbsp;</div></div>\r\n<div>\r\n<div>&nbsp;</div></div>\r\n<div>\r\n<div>&nbsp;LOKASI : <strong>BUKIT KUANG, KEMAMAN</strong></div>\r\n<div>&nbsp;</div>\r\n<div>&nbsp;JENIS HARTANAH : <strong>RUMAH TERES 1 TINGKAT</strong></div>\r\n<div>&nbsp;</div>\r\n<div>&nbsp;STATUS : <strong><font style=\"font-size: larger\">HABIS DIJUAL</font></strong><strong><font style=\"font-size: larger\"> </font></strong></div>\r\n<div>&nbsp;</div></div>\r\n<div>&nbsp;</div>\r\n<div>&nbsp;&nbsp;&nbsp;&nbsp;&nbsp; </div>\r\n<div><strong><font style=\"font-size: medium\">&nbsp;</font></strong></div>\r\n<div><strong>&nbsp;</strong></div>\r\n<div align=\"center\"><strong>&nbsp;</strong><u><strong><span>ISI BORANG DALAM TALIAN</span></strong></u></div>\r\n<div align=\"center\"><strong>&nbsp;</strong></div>\r\n<div align=\"center\"><strong>&nbsp;<a href=\"http://more.sh/M2ZzRu\" title=\"\" target=\"_blank\"><strong>MUAT TURUN BROSUR &amp; BORANG</strong></a> </strong></div></div></td></tr>\r\n<tr valign=\"top\">\r\n<td>\r\n<div>\r\n<div>&nbsp;<u><strong>TAMAN RAKYAT BISTARI, FASA 2C</strong></u></div>\r\n<div>&nbsp;</div>\r\n<div>&nbsp;<a href=\"1b3b3584ef0f755cb061a74cd03a2c3a.php\" title=\"\"><img alt=\"\" title=\"\" src=\"{IMAGE_URL}/2-SIAPPPPP2.jpg\" width=\"247\" height=\"151\" border=\"0\" /></a><br />\r\n</div>\r\n<div>\r\n<div>&nbsp;</div></div>\r\n&nbsp;<a href=\"1b3b3584ef0f755cb061a74cd03a2c3a.php\" title=\"\"><strong>Baca Seterusnya</strong></a> </div></td>\r\n<td>\r\n<div>&nbsp;</div></td>\r\n<td>&nbsp;\r\n<div>\r\n<div>&nbsp;</div></div>\r\n<div>\r\n<div>&nbsp;LOKASI : <strong>BUKIT KUANG, KEMAMAN</strong></div>\r\n<div>&nbsp;</div>\r\n<div>&nbsp;JENIS HARTANAH : <strong>RUMAH TERES 1 TINGKAT</strong></div>\r\n<div>&nbsp;</div>\r\n<div>&nbsp;STATUS : <strong><font style=\"font-size: larger\">HABIS DIJUAL</font></strong><strong><font style=\"font-size: larger\"> </font></strong></div>\r\n<div>&nbsp;</div></div>\r\n<div>&nbsp;</div>\r\n<div>&nbsp;&nbsp;&nbsp;&nbsp; </div>\r\n<div><strong><font style=\"font-size: medium\">&nbsp;</font></strong></div>\r\n<div><strong>&nbsp;</strong></div>\r\n<div align=\"center\"><strong>&nbsp;</strong><u><strong><span>ISI BORANG DALAM TALIAN</span></strong></u></div>\r\n<div align=\"center\"><strong>&nbsp;</strong></div>\r\n<div align=\"center\"><strong>&nbsp;<a href=\"http://more.sh/cKg6p1\" title=\"\" target=\"_blank\"><strong>MUAT TURUN BROSUR &amp; BORANG</strong></a> </strong></div></td></tr>\r\n<tr valign=\"top\">\r\n<td>\r\n<div>&nbsp;<u><strong>TAMAN RAKYAT BISTARI, FASA 3A</strong></u></div>\r\n<div>&nbsp;</div>\r\n<div>&nbsp;<a href=\"1a00c688585e0515533775146b1fb1ca.php\" title=\"\"><img title=\"\" src=\"{IMAGE_URL}/3A.png\" alt=\"\" width=\"247\" height=\"176\" border=\"0\" /></a> </div>\r\n<div>\r\n<div>&nbsp;</div></div>\r\n<div>&nbsp;<a href=\"1a00c688585e0515533775146b1fb1ca.php\" title=\"\"><strong>Baca Seterusnya</strong></a><br />\r\n<div>&nbsp;</div></div></td>\r\n<td>\r\n<div>&nbsp;</div></td>\r\n<td>\r\n<div>&nbsp;\r\n<div>\r\n<div>&nbsp;</div></div>\r\n<div>\r\n<div>&nbsp;LOKASI : <strong>BUKIT KUANG, KEMAMAN</strong></div>\r\n<div>&nbsp;</div>\r\n<div>&nbsp;JENIS HARTANAH : <strong>RUMAH TERES 2 TINGKAT</strong></div>\r\n<div>&nbsp;</div>\r\n<div>&nbsp;STATUS : <strong><font style=\"font-size: larger\">HABIS DIJUAL</font></strong><strong><font style=\"font-size: larger\"> </font></strong></div>\r\n<div>&nbsp;</div></div>\r\n<div>&nbsp;</div>\r\n<div>&nbsp;&nbsp;&nbsp;&nbsp;&nbsp;&nbsp;<font color=\"#ff0000\"><strong><font style=\"font-size: medium\"> </font></strong></font></div>\r\n<div><strong><font style=\"font-size: medium\">&nbsp;</font></strong></div>\r\n<div><strong>&nbsp;</strong></div>\r\n<div align=\"center\"><strong>&nbsp;</strong><u><strong><span>ISI BORANG DALAM TALIAN</span></strong></u></div>\r\n<div align=\"center\"><strong>&nbsp;</strong></div>\r\n<div align=\"center\"><strong>&nbsp;<strong>MUAT TURUN BROSUR &amp; BORANG</strong> </strong></div></div></td></tr>\r\n<tr valign=\"top\">\r\n<td>\r\n<div><strong>&nbsp;<u>TAMAN RAKYAT BISTARI, FASA 2B</u></strong></div>\r\n<div>&nbsp;</div>\r\n<div>&nbsp;<a href=\"9d50c6508fe40b916a2e6b54dbe2cb09.php\" title=\"\"><img title=\"\" src=\"{IMAGE_URL}/Tmn-Rakyat-BIstari-Fasa-2B.jpg\" alt=\"\" width=\"250\" height=\"150\" border=\"0\" /></a> </div>\r\n<div>&nbsp;</div>\r\n<div>&nbsp;<strong><a href=\"9d50c6508fe40b916a2e6b54dbe2cb09.php\" title=\"\"><strong>Baca Seterusnya</strong></a></strong></div>\r\n<div>&nbsp;</div></td>\r\n<td>\r\n<div>&nbsp;</div></td>\r\n<td>\r\n<div>&nbsp;</div>\r\n<div>\r\n<div>&nbsp;</div></div>\r\n<div>\r\n<div>&nbsp;</div></div>\r\n<div>\r\n<div>&nbsp;LOKASI : <strong>BUKIT KUANG, KEMAMAN</strong></div>\r\n<div>&nbsp;</div>\r\n<div>&nbsp;JENIS HARTANAH : <strong>RUMAH TERES SETINGKAT</strong></div>\r\n<div>&nbsp;</div>\r\n<div>&nbsp;STATUS :<strong><font style=\"font-size: larger\"> HABIS DIJUAL</font></strong></div>\r\n<div>\r\n<div>&nbsp;</div></div>\r\n<div>&nbsp;</div>\r\n<div>&nbsp;&nbsp;&nbsp;&nbsp;&nbsp;&nbsp;<font color=\"#ff0000\"><strong><font style=\"font-size: medium\"> </font></strong></font></div>\r\n<div><strong><font style=\"font-size: medium\">&nbsp;</font></strong></div><br />\r\n</div></td></tr>\r\n<tr valign=\"top\">\r\n<td>\r\n<div><strong>&nbsp;<u>TAMAN RAKYAT BISTARI, FASA 2A</u></strong></div>\r\n<div>&nbsp;</div>\r\n<div>&nbsp;<img title=\"\" src=\"{IMAGE_URL}/Tmn-Rakyat-BIstari-Fasa-2A.jpg\" alt=\"\" width=\"250\" height=\"150\" /> </div>\r\n<div>&nbsp;</div>\r\n<div>&nbsp;Baca Seterusnya</div></td>\r\n<td>\r\n<div>&nbsp;</div></td>\r\n<td>\r\n<div>&nbsp;\r\n<div>&nbsp;</div>\r\n<div>&nbsp;</div>\r\n<div>\r\n<div>&nbsp;LOKASI : <strong>BUKIT KUANG, KEMAMAN</strong></div>\r\n<div>&nbsp;</div>\r\n<div>&nbsp;JENIS HARTANAH : <strong>RUMAH TERES SEDERHANA RENDAH</strong></div>\r\n<div>&nbsp;</div>\r\n<div>&nbsp;STATUS : <font style=\"font-size: larger\"><strong>HABIS DIJUAL</strong></font></div>\r\n<div>&nbsp;</div>&nbsp;</div></div>\r\n<div><strong><font style=\"font-size: medium\"> </font></strong></div></td></tr>\r\n<tr valign=\"top\">\r\n<td>\r\n<div>\r\n<div>&nbsp;<u><strong>TAMAN RAKYAT BISTARI, FASA I</strong></u></div>\r\n<div>&nbsp;</div>\r\n<div>&nbsp;<img title=\"\" src=\"{IMAGE_URL}/Tmn-Rakyat-BIstari-Fasa-1.jpg\" alt=\"\" width=\"250\" height=\"150\" /> </div>\r\n<div>&nbsp;</div>\r\n<div>&nbsp;Baca Seterusnya</div>\r\n<div>&nbsp;</div></div></td>\r\n<td>\r\n<div>&nbsp;</div></td>\r\n<td>\r\n<div>\r\n<div><br />\r\n&nbsp;</div>\r\n<div>&nbsp;</div>\r\n<div>&nbsp;LOKASI : <strong>BUKIT KUANG, KEMAMAN</strong></div>\r\n<div>&nbsp;</div>\r\n<div>&nbsp;JENIS HARTANAH : <strong>RUMAH TERES KOS RENDAH</strong></div>\r\n<div>&nbsp;</div>\r\n<div>&nbsp;STATUS : <font style=\"font-size: larger\"><strong>HABIS DIJUAL</strong></font></div>\r\n<div>\r\n<div>&nbsp;</div></div>\r\n<div>\r\n<div>&nbsp;</div>\r\n<div>&nbsp;&nbsp; <font style=\"font-size: medium\"><strong>Permohohan Melalui SUK</strong></font></div>\r\n<div><font style=\"font-size: medium\"><strong>&nbsp;&nbsp; </strong></font><font style=\"font-size: medium\"><strong>Perumahan Negeri Terengganu </strong></font></div>\r\n<div>&nbsp;</div></div></div></td></tr>\r\n<tr valign=\"top\">\r\n<td>\r\n<div>&nbsp;</div></td>\r\n<td>\r\n<div>&nbsp;</div></td>\r\n<td>\r\n<div>&nbsp;</div></td></tr></tbody></table></div>\r\n<div>&nbsp;</div>\r\n<div align=\"center\">\r\n<table id=\"rv_template_layout\" width=\"712\" height=\"20\" cellspacing=\"0\" cellpadding=\"0\">\r\n<tbody>\r\n<tr>\r\n<td valign=\"top\" align=\"left\">\r\n<div align=\"right\">\r\n<h2 style=\"margin: 2px; font-size: 1.3em\"><u><font size=\"2\"><strong><a href=\"#\" class=\"btnlink\">Ke Atas</a></strong></font></u></h2></div></td></tr></tbody></table></div></div><!-- ########################### END CSS LAYOUT ###########################  -->\r\n<table id=\"rv_template_layout\" cellspacing=\"0\" cellpadding=\"0\">\r\n<tbody>\r\n<tr>\r\n<td valign=\"top\" align=\"left\"><br />\r\n</td></tr></tbody></table>', NULL, NULL, NULL, NULL, NULL, NULL, '1', NULL, NULL, NULL, NULL, NULL, NULL, NULL, '', '', '', '0', NULL, NULL, NULL, '1499236696', NULL, NULL, '0', '0', '0');
REPLACE INTO `rvs_project_page` (`project_page_id`, `rvs_usr_id`, `page_name`, `custom_page_name`, `rvs_component_id`, `page_data`, `page_data_zone_2`, `page_data_zone_3`, `page_data_zone_4`, `colume_width_1`, `colume_width_2`, `colume_width_3`, `rvs_layout_id`, `head`, `page_title`, `meta_keyword`, `meta_description`, `effect_page_enter`, `duration_page_enter`, `meta_page_effect`, `rvs_link_id`, `target`, `form_template_id`, `i_pathway`, `i_mail`, `i_print`, `i_favorite`, `last_modifier`, `link_active`, `page_type`, `blank_page`, `set_draft`, `is_member_page`) VALUES ('1a00c688585e0515533775146b1fb1ca', 'e966db2ccb35862561fc85127de800e5', 'TAMAN RAKYAT BISTARI, FASA 3A', '', '', '<span></span><!-- ####### LAYOUT CSS: MODIFY COLOR, FONT AND BOX SIZE HERE BUT DO NOT DELETE. ####### -->\r\n<div>\r\n<p><span></span> <span></span> <span></span></p>\r\n<div align=\"center\"><span></span><strong>&nbsp; CADANGAN PERUMAHAN KOS RENDAH DAN BERCAMPUR DI KAMPUNG BUKIT KUANG II,</strong>\r\n<div><strong>&nbsp; MUKIM TELOK KALONG, DAERAH KEMAMAN, TERENGGANU DARUL IMAN.</strong></div></div>\r\n<div>\r\n<div>&nbsp;</div></div>\r\n<div>\r\n<div align=\"center\">\r\n<table style=\"border-collapse: collapse\" border=\"5\" bordercolor=\"#000000\" cellpadding=\"3\" cellspacing=\"0\" bgcolor=\"#f0f0f0\" height=\"248\" width=\"713\">\r\n<tbody>\r\n<tr valign=\"top\">\r\n<td>\r\n<div>&nbsp;<strong>TAMAN RAKYAT BISTARI, FASA 3A</strong>\r\n<div>&nbsp;</div>\r\n<div>&nbsp;<img title=\"\" src=\"{IMAGE_URL}/3A.png\" alt=\"\" height=\"163\" width=\"230\" /> </div>\r\n<div>\r\n<div>&nbsp;</div></div></div>\r\n<div>\r\n&nbsp;Baca Seterusnya</div>\r\n<div>&nbsp;</div></td>\r\n<td>\r\n<div>&nbsp;</div></td>\r\n<td>\r\n<div><br />\r\n&nbsp;</div>\r\n<div>&nbsp;</div>\r\n<div>\r\n<div>&nbsp;LOKASI : <strong>BUKIT KUANG, KEMAMAN</strong></div>\r\n<div>&nbsp;</div>\r\n<div>&nbsp;JENIS HARTANAH : <strong>RUMAH TERES 2 TINGKAT</strong></div>\r\n<div>&nbsp;</div>\r\n<div>&nbsp;STATUS : <strong><font style=\"font-size: larger\">HABIS DIJUAL</font></strong><strong><font style=\"font-size: larger\"> </font></strong></div>\r\n<div>&nbsp;</div></div>\r\n<div>&nbsp;</div>\r\n<div>&nbsp;&nbsp;&nbsp;&nbsp;&nbsp;&nbsp;<strong><font style=\"font-size: medium\"><font color=\"#ff0000\"> </font></font></strong></div>\r\n<div><strong><font style=\"font-size: medium\"><font color=\"#ff0000\">&nbsp;</font></font></strong></div>\r\n<div>\r\n<div><strong>&nbsp;</strong></div>\r\n<div align=\"center\"><strong>&nbsp;</strong><u><strong><span>ISI BORANG DALAM TALIAN</span></strong></u></div>\r\n<div><strong>&nbsp;</strong></div>\r\n<div align=\"center\"><strong>&nbsp;<strong>MUAT TURUN BROSUR &amp; BORANG</strong></strong><strong><font style=\"font-size: medium\"> </font></strong></div>\r\n<div align=\"center\"><span></span><br />\r\n</div></div></td></tr></tbody></table>&nbsp;</div></div>\r\n<div>\r\n<div>\r\n<div align=\"center\">\r\n<table style=\"border-collapse: collapse\" border=\"1\" cellpadding=\"3\" cellspacing=\"0\" bgcolor=\"#e2e2e2\" height=\"232\" width=\"714\">\r\n<tbody>\r\n<tr valign=\"top\">\r\n<td>\r\n<div>&nbsp;NAMA </div></td>\r\n<td>\r\n<div><strong>&nbsp;TAMAN RAKYAT BISTARI, FASA 3A ~ DIAMOND</strong></div></td></tr>\r\n<tr valign=\"top\">\r\n<td>\r\n<div>&nbsp;LOKASI </div></td>\r\n<td>\r\n<div><strong>&nbsp;BUKIT KUANG, TELOK KALONG, KEMAMAN <br />\r\n</strong></div></td></tr>\r\n<tr valign=\"top\">\r\n<td>\r\n<div>&nbsp;JENIS HARTANAH </div></td>\r\n<td>\r\n<div><strong>&nbsp;RUMAH TERES 2 TINGKAT </strong></div></td></tr>\r\n<tr valign=\"top\">\r\n<td>\r\n<div>&nbsp;KELUASAN </div></td>\r\n<td>\r\n<div><strong>&nbsp;22\' X 70\'</strong></div></td></tr>\r\n<tr valign=\"top\">\r\n<td>\r\n<div>&nbsp;UNIT BILIK </div></td>\r\n<td>\r\n<div><strong>&nbsp;4</strong></div></td></tr>\r\n<tr valign=\"top\">\r\n<td>\r\n<div>&nbsp;UNIT TANDAS </div></td>\r\n<td>\r\n<div><strong>&nbsp;3</strong></div></td></tr>\r\n<tr valign=\"top\">\r\n<td>\r\n<div>&nbsp;HARGA </div></td>\r\n<td>\r\n<div><strong>&nbsp;RM 240,000.00 - RM 287,000.00</strong></div></td></tr>\r\n<tr valign=\"top\">\r\n<td>\r\n<div>&nbsp;KESELURUHAN UNIT </div></td>\r\n<td>\r\n<div><strong>&nbsp;29</strong></div></td></tr>\r\n<tr valign=\"top\">\r\n<td>&nbsp;STATUS</td>\r\n<td>\r\n<div><strong>&nbsp;HABIS DIJUAL</strong></div></td></tr>\r\n<tr valign=\"top\">\r\n<td>\r\n<div>&nbsp;KEKOSONGAN</div></td>\r\n<td>\r\n<div><strong>&nbsp;<font color=\"#ff0000\">0</font></strong><strong><font color=\"#ff0000\"> </font><br />\r\n</strong></div></td></tr>\r\n<tr valign=\"top\">\r\n<td>\r\n<div>&nbsp;</div></td>\r\n<td align=\"center\">\r\n<div><u><strong><span>ISI BORANG DALAM TALIAN</span></strong></u></div></td></tr>\r\n<tr valign=\"top\">\r\n<td>\r\n<div>&nbsp;</div></td>\r\n<td align=\"center\">\r\n<div><strong><strong>&nbsp;<strong>MUAT TURUN BROSUR &amp; BORANG </strong></strong></strong></div></td></tr></tbody></table></div>\r\n<div>\r\n<div>&nbsp;</div></div>\r\n<div>\r\n<div align=\"center\">\r\n<table id=\"rv_template_layout\" cellpadding=\"0\" cellspacing=\"0\" height=\"20\" width=\"712\">\r\n<tbody>\r\n<tr>\r\n<td align=\"left\" valign=\"top\">\r\n<div align=\"right\">\r\n<h2 style=\"margin: 2px; font-size: 1.3em\"><u><font size=\"2\"><strong><a href=\"#\" class=\"btnlink\">Ke Atas</a></strong></font></u></h2></div></td></tr></tbody></table></div></div>\r\n<div>\r\n<div align=\"center\">\r\n<table style=\"border-collapse: collapse\" border=\"1\" bordercolor=\"#ffffff\" cellpadding=\"3\" cellspacing=\"0\" height=\"2031\" width=\"713\">\r\n<tbody>\r\n<tr align=\"center\" valign=\"top\">\r\n<td>\r\n<div>&nbsp;<img alt=\"\" title=\"\" src=\"{IMAGE_URL}/brosur1.jpg\" border=\"0\" height=\"981\" width=\"707\" /></div></td></tr>\r\n<tr align=\"center\" valign=\"top\">\r\n<td>\r\n<div>&nbsp;<img alt=\"\" title=\"\" src=\"{IMAGE_URL}/3avblkg.jpg\" border=\"0\" height=\"978\" width=\"705\" /></div></td></tr></tbody></table></div></div>\r\n<div>\r\n<div align=\"center\">&nbsp;<img alt=\"\" title=\"\" src=\"{IMAGE_URL}/ResizeofRotationofpelanv2.jpg\" border=\"0\" height=\"609\" width=\"700\" /></div></div>\r\n<div>\r\n<div>&nbsp;</div></div>\r\n<div align=\"center\">\r\n<table style=\"border-collapse: collapse\" border=\"1\" bordercolor=\"#ffffff\" cellpadding=\"3\" cellspacing=\"0\" height=\"221\" width=\"712\">\r\n<tbody>\r\n<tr valign=\"top\">\r\n<td align=\"center\">\r\n<div>&nbsp;<img alt=\"\" title=\"\" src=\"{IMAGE_URL}/3A.png\" height=\"206\" width=\"287\" /></div></td>\r\n<td align=\"center\">\r\n<div align=\"center\">&nbsp;<a href=\"63f7ca66f65f58fcdb6b291bfb8a6f0a.php\" title=\"\" target=\"_self\"><img alt=\"\" title=\"\" src=\"{IMAGE_URL}/SUNP0017.jpg\" border=\"0\" height=\"209\" width=\"278\" /></a></div></td></tr>\r\n<tr valign=\"top\">\r\n<td align=\"center\">\r\n<div>&nbsp;<strong>ILUSTRASI</strong></div></td>\r\n<td align=\"center\">\r\n<div>&nbsp;<a href=\"63f7ca66f65f58fcdb6b291bfb8a6f0a.php\" title=\"\" target=\"_self\"><strong>STATUS TERKINI</strong></a></div></td></tr></tbody></table></div>\r\n<div>&nbsp;</div>\r\n<div>&nbsp;PERINGKAT KERJA : <strong><font style=\"font-size: medium\">100% (on site Julai, 2014)<br />\r\n</font></strong></div>\r\n<div>&nbsp;</div>\r\n<div><strong>&nbsp;<a target=\"_blank\" href=\"http://youtu.be/mVwBc6Z7RAI\" title=\"\">TONTON VIDEO 1</a></strong><br />\r\n</div>\r\n<div>&nbsp;</div>\r\n<div><strong>&nbsp;<a target=\"_blank\" href=\"http://youtu.be/ylYyqYXtfiw\" title=\"\">TONTON VIDEO 2</a></strong></div>\r\n<div>\r\n<div>&nbsp;</div></div>\r\n<div>\r\n<div>&nbsp;</div></div>\r\n<div>\r\n<div><strong><span>&nbsp;</span></strong><u><strong><span>ISI BORANG DALAM TALIAN</span></strong></u></div></div>\r\n<div>\r\n<div>&nbsp;</div></div>\r\n<div><strong>&nbsp;MUAT TURUN BROSUR &amp; BORANG <strong> @ </strong><a target=\"_blank\" href=\"http://goo.gl/IiyQa\" title=\"\"><strong></strong></a><strong>TINGGALKAN E-MEL UNTUK BORANG</strong></strong></div>\r\n<div>&nbsp;</div>\r\n<div><strong>&nbsp;** <a href=\"cd200c72585312def6b9135ed7bf2b56.php\" title=\"\">HUBUNGI KAMI SEKARANG UNTUK TEMPAHAN </a></strong></div>\r\n<div><strong>&nbsp;</strong></div>\r\n<div align=\"center\">\r\n<table id=\"rv_template_layout\" cellpadding=\"0\" cellspacing=\"0\" height=\"20\" width=\"712\">\r\n<tbody>\r\n<tr>\r\n<td align=\"left\" valign=\"top\">\r\n<div align=\"right\">\r\n<h2 style=\"margin: 2px; font-size: 1.3em\"><u><font size=\"2\"><strong><a href=\"#\" class=\"btnlink\">Ke Atas</a></strong></font></u></h2></div></td></tr></tbody></table><strong></strong></div></div></div></div><!-- ########################### END CSS LAYOUT ###########################  -->\r\n<table id=\"rv_template_layout\" cellpadding=\"0\" cellspacing=\"0\">\r\n<tbody>\r\n<tr>\r\n<td align=\"left\" valign=\"top\"><br />\r\n</td></tr></tbody></table>', NULL, NULL, NULL, NULL, NULL, NULL, '1', NULL, NULL, NULL, NULL, NULL, NULL, NULL, '', '', '', '0', NULL, NULL, NULL, '1471480457', NULL, NULL, '0', '0', '0');
REPLACE INTO `rvs_project_page` (`project_page_id`, `rvs_usr_id`, `page_name`, `custom_page_name`, `rvs_component_id`, `page_data`, `page_data_zone_2`, `page_data_zone_3`, `page_data_zone_4`, `colume_width_1`, `colume_width_2`, `colume_width_3`, `rvs_layout_id`, `head`, `page_title`, `meta_keyword`, `meta_description`, `effect_page_enter`, `duration_page_enter`, `meta_page_effect`, `rvs_link_id`, `target`, `form_template_id`, `i_pathway`, `i_mail`, `i_print`, `i_favorite`, `last_modifier`, `link_active`, `page_type`, `blank_page`, `set_draft`, `is_member_page`) VALUES ('33c36e690064123fde93b1fd664a6e07', 'e966db2ccb35862561fc85127de800e5', 'TAMAN KOPERAT PERADONG, FASA 1C', '', '', '<div>\r\n<p><span></span> <span></span> <span></span></p>\r\n<div align=\"center\"><span></span><strong>CADANGAN PERUMAHAN BERCAMPUR DI KAMPUNG BANGGOL PERADONG, MUKIM BELARA, MANIR,</strong></div>\r\n<div align=\"center\"><strong>DAERAH KUALA TERENGGANU, TERENGGANU DARUL IMAN.</strong></div>\r\n<div>\r\n<div>&nbsp;</div></div>\r\n<div>\r\n<div align=\"center\">\r\n<table style=\"border-collapse: collapse\" width=\"714\" height=\"259\" cellspacing=\"0\" cellpadding=\"3\" border=\"5\" bgcolor=\"#f0f0f0\">\r\n<tbody>\r\n<tr valign=\"top\">\r\n<td>\r\n<div>&nbsp;<strong>TAMAN KOPERAT PERADONG, FASA 1C</strong></div>\r\n<div>&nbsp;</div>\r\n<div align=\"left\">&nbsp;<img title=\"\" src=\"{IMAGE_URL}/NEWTERES1NOV2011.jpg\" alt=\"\" width=\"242\" height=\"180\" /> </div>\r\n<div>&nbsp;</div>\r\n<div>&nbsp;Baca Seterusnya</div></td>\r\n<td>\r\n<div>&nbsp;</div></td>\r\n<td>\r\n<div><br />\r\n&nbsp;</div>\r\n<div>&nbsp;</div>\r\n<div>&nbsp;LOKASI : <strong>BANGGOL PERADONG, MANIR</strong></div>\r\n<div>&nbsp;</div>\r\n<div>&nbsp;JENIS HARTANAH : <strong>RUMAH TERES 1 LAPIS</strong></div>\r\n<div>&nbsp;</div>\r\n<div>&nbsp;STATUS :&nbsp;</div>\r\n<div>&nbsp;</div>\r\n<div>&nbsp;</div>\r\n<div>&nbsp;&nbsp;&nbsp;&nbsp;&nbsp;&nbsp; <font style=\"font-size: medium\" color=\"#ff0000\"><strong>HABIS DIJUAL</strong></font></div>\r\n<div><font style=\"font-size: medium\" color=\"#ff0000\"><strong>&nbsp;</strong></font></div>\r\n<div><font style=\"font-size: medium\" color=\"#ff0000\"><strong>&nbsp;</strong></font></div>\r\n<div>\r\n<div align=\"center\"><u><strong><span>ISI BORANG DALAM TALIAN</span></strong></u></div></div>\r\n<div><font style=\"font-size: medium\" color=\"#ff0000\"><strong>&nbsp;</strong></font></div>\r\n<div>\r\n<div align=\"center\"><strong><strong>MUAT TURUN BROSUR &amp; BORANG</strong></strong></div>\r\n<div align=\"center\"><strong>&nbsp;</strong></div>\r\n<div align=\"center\"><font style=\"font-size: medium\" color=\"#ff0000\"><strong> </strong></font></div></div></td></tr></tbody></table>&nbsp;</div></div>\r\n<div>\r\n<div>\r\n<div align=\"center\">\r\n<table style=\"border-collapse: collapse\" width=\"714\" height=\"232\" cellspacing=\"0\" cellpadding=\"3\" border=\"1\" bgcolor=\"#e2e2e2\">\r\n<tbody>\r\n<tr valign=\"top\">\r\n<td>\r\n<div>&nbsp;NAMA </div></td>\r\n<td>\r\n<div><strong>&nbsp;TAMAN KOPERAT PERADONG </strong></div></td></tr>\r\n<tr valign=\"top\">\r\n<td>\r\n<div>&nbsp;LOKASI </div></td>\r\n<td>\r\n<div><strong>&nbsp;BANGGOL PERADONG, MUKIM BELARA, MANIR,</strong></div>\r\n<div><strong>&nbsp;KUALA TERENGGANU </strong></div></td></tr>\r\n<tr valign=\"top\">\r\n<td>\r\n<div>&nbsp;JENIS HARTANAH </div></td>\r\n<td>\r\n<div><strong>&nbsp;RUMAH TERES 1 LAPIS </strong></div></td></tr>\r\n<tr valign=\"top\">\r\n<td>\r\n<div>&nbsp;KELUASAN </div></td>\r\n<td>\r\n<div><strong>&nbsp;24\' X 70\'</strong></div></td></tr>\r\n<tr valign=\"top\">\r\n<td>\r\n<div>&nbsp;UNIT BILIK </div></td>\r\n<td>\r\n<div><strong>&nbsp;3</strong></div></td></tr>\r\n<tr valign=\"top\">\r\n<td>\r\n<div>&nbsp;UNIT TANDAS </div></td>\r\n<td>\r\n<div><strong>&nbsp;2</strong></div></td></tr>\r\n<tr valign=\"top\">\r\n<td>\r\n<div>&nbsp;HARGA </div></td>\r\n<td>\r\n<div><strong>&nbsp;RM 175,000.00 - RM 237,900.00</strong></div></td></tr>\r\n<tr valign=\"top\">\r\n<td>\r\n<div>&nbsp;KESELURUHAN UNIT </div></td>\r\n<td>\r\n<div><strong>&nbsp;28</strong></div></td></tr>\r\n<tr valign=\"top\">\r\n<td>&nbsp;STATUS</td>\r\n<td>\r\n<div><strong>&nbsp;SERAHAN KUNCI DNGN CCC 25.05.2015<br />\r\n</strong></div></td></tr>\r\n<tr valign=\"top\">\r\n<td>\r\n<div>&nbsp;KEKOSONGAN</div></td>\r\n<td>\r\n<div><strong>&nbsp;</strong><strong><font color=\"#ff0000\">0 UNIT </font><br />\r\n</strong></div></td></tr>\r\n<tr valign=\"top\">\r\n<td>\r\n<div>&nbsp;</div></td>\r\n<td align=\"center\">\r\n<div>\r\n<div align=\"center\"><u><strong><span>ISI BORANG DALAM TALIAN</span></strong></u></div></div></td></tr>\r\n<tr valign=\"top\">\r\n<td>\r\n<div>&nbsp;</div></td>\r\n<td align=\"center\">\r\n<div>\r\n<div><strong><strong>MUAT TURUN BROSUR &amp; BORANG</strong></strong></div></div></td></tr></tbody></table>&nbsp;</div>\r\n<div>\r\n<table id=\"rv_template_layout\" width=\"712\" height=\"20\" cellspacing=\"0\" cellpadding=\"0\">\r\n<tbody>\r\n<tr>\r\n<td valign=\"top\" align=\"left\">\r\n<div align=\"right\">\r\n<h2 style=\"margin: 2px; font-size: 1.3em\"><u><font size=\"2\"><strong><a href=\"#\" class=\"btnlink\">Ke Atas</a></strong></font></u></h2></div></td></tr></tbody></table>&nbsp;</div>\r\n<div>\r\n<div align=\"center\">\r\n<table style=\"border-collapse: collapse\" width=\"713\" height=\"2008\" cellspacing=\"0\" cellpadding=\"3\" bordercolor=\"#ffffff\" border=\"1\">\r\n<tbody>\r\n<tr valign=\"top\" align=\"center\">\r\n<td>\r\n<div>&nbsp;<img alt=\"\" title=\"\" src=\"{IMAGE_URL}/dpnrsz1c.jpg\" width=\"705\" height=\"1000\" border=\"0\" /></div></td></tr>\r\n<tr valign=\"top\" align=\"center\">\r\n<td>\r\n<div>\r\n<div>&nbsp;<img alt=\"\" title=\"\" src=\"{IMAGE_URL}/blkgrsz1c.jpg\" width=\"690\" height=\"979\" border=\"0\" /></div></div>\r\n<div>\r\n<div>&nbsp;</div></div></td></tr></tbody></table></div></div>\r\n<div>\r\n<div align=\"center\"><img alt=\"\" title=\"\" src=\"{IMAGE_URL}/pelanbaru1926x1280.jpg\" width=\"700\" height=\"968\" border=\"0\" />&nbsp;</div></div>\r\n<div>\r\n<div>\r\n<div>&nbsp;</div></div></div>\r\n<div align=\"center\">\r\n<table style=\"border-collapse: collapse\" width=\"712\" height=\"221\" cellspacing=\"0\" cellpadding=\"3\" bordercolor=\"#ffffff\" border=\"1\">\r\n<tbody>\r\n<tr valign=\"top\">\r\n<td align=\"center\">\r\n<div>&nbsp;<img alt=\"\" title=\"\" src=\"{IMAGE_URL}/NEWTERES1NOV2011.jpg\" width=\"277\" height=\"207\" /></div></td>\r\n<td align=\"center\">\r\n<div>&nbsp;<a href=\"010f533e93c4dc887cbc9507a4ddcf37.php\" title=\"\"><img alt=\"\" title=\"\" src=\"{IMAGE_URL}/IMG-20160114-WA0012.jpg\" width=\"300\" height=\"169\" border=\"0\" /></a></div></td></tr>\r\n<tr valign=\"top\">\r\n<td align=\"center\">\r\n<div>&nbsp;<strong>ILUSTRASI</strong></div></td>\r\n<td align=\"center\">\r\n<div>&nbsp;<a href=\"010f533e93c4dc887cbc9507a4ddcf37.php\" title=\"\"><strong>STATUS TERKINI</strong></a></div></td></tr></tbody></table></div>\r\n<div>&nbsp;</div>\r\n<div>&nbsp;PERINGKAT KERJA : <strong><font style=\"font-size: medium\">100.00% (Serahan dengan CCC)<br />\r\n</font></strong></div>\r\n<div>&nbsp;</div>\r\n<div>\r\n<div><strong>&nbsp;TONTON VIDEO 1<br />\r\n</strong></div></div>\r\n<div><strong>&nbsp;</strong></div>\r\n<div><strong>&nbsp;</strong>\r\n<div align=\"left\"><span>&nbsp;</span><strong><span></span></strong><strong><span></span></strong><strong><span></span></strong><strong><span></span></strong><strong><span></span></strong><strong><span></span></strong><strong><span></span></strong><strong><span></span></strong><u><strong><span>ISI BORANG DALAM TALIAN</span></strong></u></div><strong> </strong></div>\r\n<div><strong><br />\r\n</strong></div>\r\n<div><strong>&nbsp;MUAT TURUN BROSUR &amp; BORANG<strong> @ </strong><a target=\"_blank\" href=\"http://goo.gl/bBYoX\" title=\"\"><strong></strong></a><strong>TINGGALKAN E-MEL UNTUK BORANG</strong></strong></div>\r\n<div>&nbsp;</div>\r\n<div><strong>&nbsp;** HUBUNGI KAMI SEKARANG UNTUK TEMPAHAN </strong></div>\r\n<div>\r\n<table id=\"rv_template_layout\" width=\"712\" height=\"20\" cellspacing=\"0\" cellpadding=\"0\">\r\n<tbody>\r\n<tr>\r\n<td valign=\"top\" align=\"left\">\r\n<div align=\"right\">\r\n<h2 style=\"margin: 2px; font-size: 1.3em\"><u><font size=\"2\"><strong><a href=\"#\" class=\"btnlink\">Ke Atas</a></strong></font></u></h2></div></td></tr></tbody></table>&nbsp;</div></div></div></div><!-- ####### LAYOUT CSS: MODIFY COLOR, FONT AND BOX SIZE HERE BUT DO NOT DELETE. ####### --><!-- ########################### END CSS LAYOUT ###########################  -->', NULL, NULL, NULL, NULL, NULL, NULL, '1', NULL, NULL, NULL, NULL, NULL, NULL, NULL, '', '', '', '0', NULL, NULL, NULL, '1499761344', NULL, NULL, '0', '0', '0');
REPLACE INTO `rvs_project_page` (`project_page_id`, `rvs_usr_id`, `page_name`, `custom_page_name`, `rvs_component_id`, `page_data`, `page_data_zone_2`, `page_data_zone_3`, `page_data_zone_4`, `colume_width_1`, `colume_width_2`, `colume_width_3`, `rvs_layout_id`, `head`, `page_title`, `meta_keyword`, `meta_description`, `effect_page_enter`, `duration_page_enter`, `meta_page_effect`, `rvs_link_id`, `target`, `form_template_id`, `i_pathway`, `i_mail`, `i_print`, `i_favorite`, `last_modifier`, `link_active`, `page_type`, `blank_page`, `set_draft`, `is_member_page`) VALUES ('4cea5f385ab66f4e2702a6f86804ea0e', 'e966db2ccb35862561fc85127de800e5', 'TAMAN RAKYAT HARMONI, FASA III', '', '', '<div><span></span>\r\n<div>\r\n<div align=\"center\"><strong>CADANGAN PERUMAHAN KOS RENDAH DAN BERCAMPUR DI PEKAN JABI,</strong>\r\n<div><strong>DAERAH BESUT, TERENGGANU DARUL IMAN.</strong></div></div>\r\n<div>\r\n<div>&nbsp;</div></div>\r\n<div>\r\n<div align=\"center\">\r\n<table style=\"border-collapse: collapse\" width=\"714\" height=\"259\" cellspacing=\"0\" cellpadding=\"3\" border=\"5\" bgcolor=\"#f0f0f0\">\r\n<tbody>\r\n<tr valign=\"top\">\r\n<td>\r\n<div>\r\n<div>\r\n<div>\r\n<div><u>&nbsp;<strong>TAMAN RAKYAT HARMONI, FASA III</strong></u></div></div></div>\r\n<div>\r\n<div>&nbsp;</div>\r\n<div>&nbsp;<img title=\"\" src=\"{IMAGE_URL}/rk.jabi1.jpg\" alt=\"\" width=\"247\" height=\"141\" border=\"0\" /> </div></div>\r\n<div>\r\n<div>\r\n<div>\r\n<div>\r\n<div>&nbsp;</div></div>\r\n<div>&nbsp;Baca Seterusnya<br />\r\n<div>&nbsp;</div></div></div></div></div></div></td>\r\n<td>\r\n<div>&nbsp;</div></td>\r\n<td>\r\n<div></div>\r\n<div>\r\n<div>&nbsp;</div></div>\r\n<div>\r\n<div>&nbsp;</div></div>\r\n<div>\r\n<div>\r\n<div>&nbsp;LOKASI : <strong>JABI, DAERAH BESUT</strong></div>\r\n<div>&nbsp;</div>\r\n<div>&nbsp;JENIS HARTANAH : <strong>RUMAH KEDAI 2 TINGKAT</strong></div>\r\n<div>&nbsp;</div>\r\n<div>&nbsp;STATUS : <font style=\"font-size: larger\"><strong>HABIS DI JUAL<br />\r\n</strong></font></div>\r\n<div>&nbsp;</div>\r\n<div>&nbsp;</div>\r\n<div><strong><font style=\"font-size: medium\">&nbsp;&nbsp;&nbsp;&nbsp;&nbsp;&nbsp; <font color=\"#ff0000\">0 KEKOSONGAN</font> </font></strong></div>\r\n<div><strong><font style=\"font-size: medium\">&nbsp;</font></strong></div></div></div>\r\n<div>\r\n<div>&nbsp;</div></div>\r\n<div>\r\n<div align=\"center\"><a href=\"bdaeb9319e5482b1804fd5a36eddfd08.php\" title=\"\" target=\"_blank\"><u><strong><span>ISI BORANG DALAM TALIAN</span></strong></u></a></div></div>\r\n<div><font style=\"font-size: medium\" color=\"#ff0000\"><strong>&nbsp;</strong></font></div>\r\n<div>\r\n<div align=\"center\"><a href=\"http://more.sh/h2MQRk\" title=\"\" target=\"_blank\"><strong>MUAT TURUN BROSUR &amp; BORANG</strong></a></div>\r\n<div align=\"center\"><font style=\"font-size: medium\" color=\"#ff0000\"><strong> </strong></font></div></div></td></tr></tbody></table>&nbsp;</div></div>\r\n<div>\r\n<div>\r\n<div align=\"center\">\r\n<table style=\"border-collapse: collapse\" width=\"714\" height=\"232\" cellspacing=\"0\" cellpadding=\"3\" border=\"1\" bgcolor=\"#e2e2e2\">\r\n<tbody>\r\n<tr valign=\"top\">\r\n<td>\r\n<div>&nbsp;NAMA </div></td>\r\n<td>\r\n<div><strong>&nbsp;TAMAN RAKYAT HARMONI </strong></div></td></tr>\r\n<tr valign=\"top\">\r\n<td>\r\n<div>&nbsp;LOKASI </div></td>\r\n<td>\r\n<div><strong>&nbsp;PEKAN JABI, DAERAH BESUT, TERENGGANU </strong></div></td></tr>\r\n<tr valign=\"top\">\r\n<td>\r\n<div>&nbsp;JENIS HARTANAH </div></td>\r\n<td>\r\n<div><strong>&nbsp;RUMAH KEDAI 2 TINGKAT </strong></div></td></tr>\r\n<tr valign=\"top\">\r\n<td>\r\n<div>&nbsp;KELUASAN KASAR</div></td>\r\n<td>\r\n<div><strong>&nbsp;20\' x 85\'<br />\r\n</strong></div></td></tr>\r\n<tr valign=\"top\">\r\n<td align=\"center\">\r\n<div>&nbsp;TEPI (PT 10352)</div></td>\r\n<td>\r\n<div><strong>&nbsp;BAWAH-</strong>100.24m2<strong>/ATAS-</strong>96.32m2<strong> = 196.56m2<br />\r\n</strong></div></td></tr>\r\n<tr valign=\"top\">\r\n<td align=\"center\">\r\n<div>&nbsp;TENGAH (PT 10353)</div></td>\r\n<td>\r\n<div><strong>&nbsp;BAWAH-</strong>103.46m2<strong>/ATAS-</strong>100.65m2<strong> = 204.11m2<br />\r\n</strong></div></td></tr>\r\n<tr valign=\"top\">\r\n<td align=\"center\">\r\n<div>HUJUNG (PT 10354)</div></td>\r\n<td>\r\n<div>&nbsp;<strong>BAWAH-</strong>103.85m2<strong>/ATAS-</strong>101.02m2<strong> = 204.87m2</strong></div></td></tr>\r\n<tr valign=\"top\">\r\n<td>\r\n<div>&nbsp;HARGA </div></td>\r\n<td>\r\n<div><strong>&nbsp;</strong></div></td></tr>\r\n<tr valign=\"top\">\r\n<td align=\"center\">\r\n<div>TEPI (PT 10352) </div></td>\r\n<td>\r\n<div>&nbsp;<strong><strike>RM 349,250.00(BUMI) / RM 368,000.00(NON BUMI)</strike><br />\r\n</strong></div></td></tr>\r\n<tr valign=\"top\">\r\n<td align=\"center\">\r\n<div>TENGAH (PT 10353) </div></td>\r\n<td>\r\n<div><strong>&nbsp;<strike>RM 345,400.00(BUMI) / RM 364,000.00(NON BUMI)</strike><br />\r\n</strong></div></td></tr>\r\n<tr valign=\"top\">\r\n<td align=\"center\">\r\n<div>HUJUNG (PT 10354)</div></td>\r\n<td>\r\n<div><strong>&nbsp;<strike>RM 350,350.00(BUMI) / RM 369,000.00(NON BUMI)</strike><br />\r\n</strong></div></td></tr>\r\n<tr valign=\"top\">\r\n<td>\r\n<div>&nbsp;POTONGAN</div></td>\r\n<td align=\"left\">\r\n<div><font color=\"#0000ff\">&nbsp;</font><strong><font color=\"#0000ff\">HARGA TIDAK TERMASUK GST</font><br />\r\n</strong></div></td></tr>\r\n<tr valign=\"top\">\r\n<td>\r\n<div>&nbsp;KESELURUHAN UNIT </div></td>\r\n<td>\r\n<div><strong>&nbsp;3</strong></div></td></tr>\r\n<tr valign=\"top\">\r\n<td>&nbsp;STATUS</td>\r\n<td>\r\n<div><strong>&nbsp;DI BUKA JUALAN</strong></div></td></tr>\r\n<tr valign=\"top\">\r\n<td>\r\n<div>&nbsp;KEKOSONGAN</div></td>\r\n<td>\r\n<div><strong>&nbsp;<font color=\"#ff0000\">0</font></strong><strong><font color=\"#ff0000\"> UNIT</font><br />\r\n</strong></div></td></tr>\r\n<tr valign=\"top\">\r\n<td>\r\n<div>&nbsp;</div></td>\r\n<td align=\"center\">\r\n<div><a href=\"bdaeb9319e5482b1804fd5a36eddfd08.php\" title=\"\" target=\"_blank\"><u><strong><span>ISI BORANG DALAM TALIAN</span></strong></u></a></div></td></tr>\r\n<tr valign=\"top\">\r\n<td>\r\n<div>&nbsp;</div></td>\r\n<td align=\"center\">\r\n<div>\r\n<div><a href=\"http://more.sh/h2MQRk\" title=\"\" target=\"_blank\"><strong>MUAT TURUN BROSUR &amp; BORANG</strong></a></div></div></td></tr></tbody></table>&nbsp;</div>\r\n<div align=\"center\">\r\n<table id=\"rv_template_layout\" width=\"712\" height=\"20\" cellspacing=\"0\" cellpadding=\"0\">\r\n<tbody>\r\n<tr>\r\n<td valign=\"top\" align=\"left\">\r\n<div align=\"right\">\r\n<h2 style=\"margin: 2px; font-size: 1.3em\"><u><font size=\"2\"><strong><a href=\"#\" class=\"btnlink\">Ke Atas</a></strong></font></u></h2></div></td></tr></tbody></table>&nbsp;</div>\r\n<div align=\"center\">\r\n<table style=\"border-collapse: collapse\" width=\"713\" height=\"509\" cellspacing=\"0\" cellpadding=\"3\" bordercolor=\"#ffffff\" border=\"1\">\r\n<tbody>\r\n<tr valign=\"top\" align=\"center\">\r\n<td>\r\n<div>&nbsp;<img alt=\"\" title=\"\" src=\"{IMAGE_URL}/trhkdaidpnv6.jpg\" width=\"700\" height=\"495\" border=\"0\" /></div></td></tr>\r\n<tr valign=\"top\" align=\"center\">\r\n<td>\r\n<div>&nbsp;<img alt=\"\" title=\"\" src=\"{IMAGE_URL}/trhkdaiblkgv6.jpg\" width=\"700\" height=\"495\" border=\"0\" /></div></td></tr></tbody></table><br />\r\n</div>\r\n<div align=\"center\">\r\n<table style=\"border-collapse: collapse\" width=\"712\" height=\"221\" cellspacing=\"0\" cellpadding=\"3\" bordercolor=\"#ffffff\" border=\"1\">\r\n<tbody>\r\n<tr valign=\"top\">\r\n<td align=\"center\">\r\n<div>&nbsp;<img alt=\"\" title=\"\" src=\"{IMAGE_URL}/rk.jabi1.jpg\" width=\"280\" height=\"203\" border=\"0\" /></div></td>\r\n<td align=\"center\">\r\n<div>&nbsp;<a href=\"1e2cb1c4685fc6849e59d87b383ae9d0.php\" title=\"\"><img alt=\"\" title=\"\" src=\"{IMAGE_URL}/01.11.16v3.jpg\" width=\"338\" height=\"254\" border=\"0\" /></a></div></td></tr>\r\n<tr valign=\"top\">\r\n<td align=\"center\">\r\n<div>&nbsp;<strong>ILUSTRASI</strong></div></td>\r\n<td align=\"center\">\r\n<div><a href=\"1e2cb1c4685fc6849e59d87b383ae9d0.php\" title=\"\">&nbsp;<strong>STATUS TERKINI</strong></a></div></td></tr></tbody></table></div>\r\n<div>&nbsp;</div>\r\n<div>&nbsp;PERINGKAT KERJA : <strong><font style=\"font-size: medium\">100.0%</font></strong></div>\r\n<div>&nbsp;</div>\r\n<div>\r\n<div><strong>&nbsp;TONTON VIDEO 1<br />\r\n</strong></div></div>\r\n<div><strong>&nbsp;</strong></div>\r\n<div><strong>&nbsp;</strong></div>\r\n<div><strong>&nbsp;</strong><a href=\"bdaeb9319e5482b1804fd5a36eddfd08.php\" title=\"\" target=\"_blank\"><u><strong><span>ISI BORANG DALAM TALIAN</span></strong></u></a></div>\r\n<div><strong> <br />\r\n</strong></div>\r\n<div><strong>&nbsp;<a href=\"http://more.sh/h2MQRk\" title=\"\" target=\"_blank\">MUAT TURUN BROSUR &amp; BORANG</a> <strong> @ <a href=\"http://www.koperat.com.my/PERTANYAAN.php\" title=\"\" target=\"_blank\">TINGGALKAN E-MEL UNTUK BORANG</a></strong></strong></div>\r\n<div>&nbsp;</div>\r\n<div><strong>&nbsp;** <a href=\"cd200c72585312def6b9135ed7bf2b56.php\" title=\"\">HUBUNGI KAMI SEKARANG UNTUK TEMPAHAN </a></strong></div>\r\n<div align=\"center\">\r\n<table id=\"rv_template_layout\" width=\"712\" height=\"20\" cellspacing=\"0\" cellpadding=\"0\">\r\n<tbody>\r\n<tr>\r\n<td valign=\"top\" align=\"left\">\r\n<div align=\"right\">\r\n<h2 style=\"margin: 2px; font-size: 1.3em\"><u><font size=\"2\"><strong><a href=\"#\" class=\"btnlink\">Ke Atas</a></strong></font></u></h2></div></td></tr></tbody></table>&nbsp;</div></div></div></div></div><!-- ####### LAYOUT CSS: MODIFY COLOR, FONT AND BOX SIZE HERE BUT DO NOT DELETE. ####### --><!-- ########################### END CSS LAYOUT ###########################  -->', NULL, NULL, NULL, NULL, NULL, NULL, '1', NULL, NULL, NULL, NULL, NULL, NULL, NULL, '', '', '', '0', NULL, NULL, NULL, '1499236785', NULL, NULL, '0', '0', '0');
REPLACE INTO `rvs_project_page` (`project_page_id`, `rvs_usr_id`, `page_name`, `custom_page_name`, `rvs_component_id`, `page_data`, `page_data_zone_2`, `page_data_zone_3`, `page_data_zone_4`, `colume_width_1`, `colume_width_2`, `colume_width_3`, `rvs_layout_id`, `head`, `page_title`, `meta_keyword`, `meta_description`, `effect_page_enter`, `duration_page_enter`, `meta_page_effect`, `rvs_link_id`, `target`, `form_template_id`, `i_pathway`, `i_mail`, `i_print`, `i_favorite`, `last_modifier`, `link_active`, `page_type`, `blank_page`, `set_draft`, `is_member_page`) VALUES ('8e65f6ee065495fa2b4d5abd51002d6f', 'e966db2ccb35862561fc85127de800e5', 'TAMAN PUNCAK KEMAJUAN, PERHENTIAN', '', '', '<div>\r\n<div align=\"center\"><span></span><strong>CADANGAN PEMBANGUNAN BERCAMPUR DI KAMPUNG PULAU KAMBING, MUKIM CHABANG TIGA,</strong></div>\r\n<div align=\"center\"><strong>&nbsp; DAERAH KUALA TERENGGANU, TERENGGANU DARUL IMAN.</strong></div>\r\n<div>\r\n<div>\r\n<div>\r\n<div>&nbsp;</div></div>\r\n<div>\r\n<div align=\"center\">\r\n<table style=\"border-collapse: collapse\" border=\"5\" cellpadding=\"3\" cellspacing=\"0\" bgcolor=\"#f0f0f0\" height=\"249\" width=\"714\">\r\n<tbody>\r\n<tr valign=\"top\">\r\n<td>\r\n<div>\r\n<div>\r\n<div>&nbsp;<strong><u>TAMAN PUNCAK KEMAJUAN, PERHENTIAN</u><br />\r\n</strong></div>\r\n<div>&nbsp; </div>\r\n<div><img title=\"\" src=\"{IMAGE_URL}/TPK-Kondominium-7-tingkat-dengan-lift1.jpg\" alt=\"\" height=\"160\" width=\"250\" /> </div>\r\n<div>\r\n<div>&nbsp; </div></div>\r\n<div>\r\n<div>&nbsp;Baca Seterusnya<br />\r\n<div>&nbsp;</div></div></div></div></div></td>\r\n<td><br />\r\n</td>\r\n<td>\r\n<div>\r\n<div>&nbsp;</div></div>\r\n<div>\r\n<div>&nbsp;</div>\r\n<div>&nbsp;</div></div>\r\n<div>\r\n<div>&nbsp;LOKASI : <strong>PULAU KAMBING, TERENGGANU</strong></div>\r\n<div>&nbsp;</div>\r\n<div>&nbsp;JENIS HARTANAH : <strong>KONDOMINIUM 7 TINGKAT DENGAN LIF</strong></div>\r\n<div>&nbsp;</div>\r\n<div>&nbsp;STATUS : <strong><font style=\"font-size: larger\">HABIS DIJUAL</font></strong><strong><font style=\"font-size: larger\"> </font></strong></div>\r\n<div>&nbsp;</div>\r\n<div>&nbsp;</div>\r\n<div><strong><font style=\"font-size: medium\">&nbsp;&nbsp;&nbsp;&nbsp;&nbsp; </font></strong><br />\r\n</div>\r\n<div>\r\n<div>&nbsp;</div></div></div>\r\n<div>\r\n<div>&nbsp;</div>\r\n<div align=\"center\"><br />\r\n<strong>MUAT TURUN BROSUR &amp; BORANG</strong></div></div></td></tr></tbody></table>&nbsp;</div></div>\r\n<div>\r\n<div>\r\n<div align=\"center\">\r\n<table style=\"border-collapse: collapse\" border=\"1\" cellpadding=\"3\" cellspacing=\"0\" bgcolor=\"#e2e2e2\" height=\"232\" width=\"714\">\r\n<tbody>\r\n<tr valign=\"top\">\r\n<td>\r\n<div>&nbsp;NAMA </div></td>\r\n<td>\r\n<div><strong>&nbsp;TAMAN PUNCAK KEMAJUAN </strong></div></td></tr>\r\n<tr valign=\"top\">\r\n<td>\r\n<div>&nbsp;LOKASI </div></td>\r\n<td>\r\n<div><strong>&nbsp;PULAU KAMBING, KUALA TERENGGANU </strong></div></td></tr>\r\n<tr valign=\"top\">\r\n<td>\r\n<div>&nbsp;JENIS HARTANAH </div></td>\r\n<td>\r\n<div><strong>&nbsp;KONDOMINIUM 7 TINGKAT DENGAN LIFT </strong></div></td></tr>\r\n<tr valign=\"top\">\r\n<td>\r\n<div>&nbsp;KELUASAN </div></td>\r\n<td>\r\n<div><strong>&nbsp;1,320sq.ft(kp)</strong></div></td></tr>\r\n<tr valign=\"top\">\r\n<td align=\"left\">\r\n<div>&nbsp;UNIT BILIK </div></td>\r\n<td>\r\n<div><strong>&nbsp;3</strong><strong><br />\r\n</strong></div></td></tr>\r\n<tr valign=\"top\">\r\n<td align=\"left\">\r\n<div>&nbsp;UNIT TANDAS</div></td>\r\n<td>\r\n<div>&nbsp;<strong>2</strong><strong></strong></div></td></tr>\r\n<tr valign=\"top\">\r\n<td>\r\n<div>&nbsp;HARGA </div></td>\r\n<td>\r\n<div><strong>&nbsp;RM360,000.00 Ke Atas<br />\r\n</strong></div></td></tr>\r\n<tr valign=\"top\">\r\n<td>\r\n<div>&nbsp;KESELURUHAN UNIT </div></td>\r\n<td>\r\n<div><strong>&nbsp;40</strong></div></td></tr>\r\n<tr valign=\"top\">\r\n<td>&nbsp;STATUS</td>\r\n<td>\r\n<div><strong>&nbsp;HABIS DIJUAL</strong></div></td></tr>\r\n<tr valign=\"top\">\r\n<td>\r\n<div>&nbsp;KEKOSONGAN</div></td>\r\n<td>\r\n<div><strong>&nbsp;</strong><strong><font color=\"#ff0000\">0 UNIT</font><br />\r\n</strong></div></td></tr>\r\n<tr valign=\"top\">\r\n<td>\r\n<div>&nbsp;</div></td>\r\n<td align=\"center\">\r\n<div>\r\n<div><strong>MUAT TURUN BROSUR &amp; BORANG</strong></div></div></td></tr></tbody></table>&nbsp;</div>\r\n<div>\r\n<table id=\"rv_template_layout\" cellpadding=\"0\" cellspacing=\"0\" height=\"20\" width=\"712\">\r\n<tbody>\r\n<tr>\r\n<td align=\"left\" valign=\"top\">\r\n<div align=\"right\">\r\n<h2 style=\"margin: 2px; font-size: 1.3em\"><u><font size=\"2\"><strong><a href=\"#\" class=\"btnlink\">Ke Atas</a></strong></font></u></h2></div></td></tr></tbody></table>&nbsp;</div>\r\n<div align=\"center\">\r\n<table style=\"border-collapse: collapse\" border=\"1\" bordercolor=\"#ffffff\" cellpadding=\"3\" cellspacing=\"0\" height=\"509\" width=\"713\">\r\n<tbody>\r\n<tr align=\"center\" valign=\"top\">\r\n<td>\r\n<div>&nbsp;<img alt=\"\" title=\"\" src=\"{IMAGE_URL}/Flyers-Puncak-Kemajuan-Kondo.jpg\" height=\"699\" width=\"699\" /></div></td></tr>\r\n<tr align=\"center\" valign=\"top\">\r\n<td>\r\n<div>&nbsp;</div></td></tr></tbody></table><br />\r\n</div>\r\n<div align=\"center\">\r\n<table style=\"border-collapse: collapse\" border=\"1\" bordercolor=\"#ffffff\" cellpadding=\"3\" cellspacing=\"0\" height=\"221\" width=\"712\">\r\n<tbody>\r\n<tr valign=\"top\">\r\n<td align=\"center\">\r\n<div>&nbsp;<img title=\"\" src=\"{IMAGE_URL}/kondo7asal.jpg\" alt=\"\" height=\"196\" width=\"276\" /></div></td>\r\n<td align=\"center\">\r\n<div>&nbsp;<img alt=\"\" title=\"\" src=\"{IMAGE_URL}/kondo765.jpg\" height=\"199\" width=\"251\" /></div></td></tr>\r\n<tr valign=\"top\">\r\n<td align=\"center\">\r\n<div>&nbsp;<strong>ILUSTRASI</strong></div></td>\r\n<td align=\"center\">\r\n<div>&nbsp;<strong>STATUS TERKINI</strong></div></td></tr></tbody></table></div>\r\n<div>&nbsp;</div>\r\n<div align=\"left\">&nbsp;PERINGKAT KERJA : <strong><font style=\"font-size: medium\">100%</font></strong></div>\r\n<div>&nbsp;</div>\r\n<div>\r\n<div><strong>&nbsp;TONTON VIDEO 1<br />\r\n</strong></div><strong>&nbsp; <br />\r\n</strong></div>\r\n<div><strong>&nbsp;MUAT TURUN BROSUR &amp; BORANG </strong></div>\r\n<div>&nbsp;</div>\r\n<div><strong>&nbsp;** HUBUNGI ( GUHD : 09-6301380 / 09-6224115 ) SEKARANG UNTUK TEMPAHAN </strong></div>\r\n<div align=\"center\">\r\n<table id=\"rv_template_layout\" cellpadding=\"0\" cellspacing=\"0\" height=\"20\" width=\"712\">\r\n<tbody>\r\n<tr>\r\n<td align=\"left\" valign=\"top\">\r\n<div align=\"right\">\r\n<h2 style=\"margin: 2px; font-size: 1.3em\"><u><font size=\"2\"><strong><a href=\"#\" class=\"btnlink\">Ke Atas</a></strong></font></u></h2></div></td></tr></tbody></table>&nbsp;</div></div></div></div></div></div><!-- ####### LAYOUT CSS: MODIFY COLOR, FONT AND BOX SIZE HERE BUT DO NOT DELETE. ####### --><!-- ########################### END CSS LAYOUT ###########################  -->', NULL, NULL, NULL, NULL, NULL, NULL, '1', NULL, NULL, NULL, NULL, NULL, NULL, NULL, '', '', '', '0', NULL, NULL, NULL, '1471397544', NULL, NULL, '0', '0', '0');
REPLACE INTO `rvs_project_page` (`project_page_id`, `rvs_usr_id`, `page_name`, `custom_page_name`, `rvs_component_id`, `page_data`, `page_data_zone_2`, `page_data_zone_3`, `page_data_zone_4`, `colume_width_1`, `colume_width_2`, `colume_width_3`, `rvs_layout_id`, `head`, `page_title`, `meta_keyword`, `meta_description`, `effect_page_enter`, `duration_page_enter`, `meta_page_effect`, `rvs_link_id`, `target`, `form_template_id`, `i_pathway`, `i_mail`, `i_print`, `i_favorite`, `last_modifier`, `link_active`, `page_type`, `blank_page`, `set_draft`, `is_member_page`) VALUES ('010f533e93c4dc887cbc9507a4ddcf37', 'e966db2ccb35862561fc85127de800e5', 'GAMBAR TKP FASA 1C', 'Copied GAMBAR TKP FASA 1A', '', '<br />\r\n<style type=\"text/css\">.type9margin {\r\n	padding: 5px;\r\n}\r\n.type9border {\r\n	border:1px solid #AFAFAF;\r\n	padding-left:5px;\r\n	padding-right:5px;\r\n	padding-top:3px;\r\n	padding-bottom:7px;\r\n	background-color:#EFEFEF;\r\n}\r\n--></style>\r\n<table id=\"rv_template_layout\" width=\"100%\" cellspacing=\"0\" cellpadding=\"0\">\r\n<tbody>\r\n<tr>\r\n<td class=\"type9margin\" valign=\"top\">\r\n<div>\r\n<div>&nbsp;</div></div>\r\n<div>\r\n<div>\r\n<div>\r\n<table width=\"100%\" cellspacing=\"0\" cellpadding=\"0\">\r\n<tbody>\r\n<tr>\r\n<td valign=\"top\" align=\"left\">\r\n<div><strong><font style=\"font-size: large\"><span>Taman Koperat Peradong, Banggol Peradong, Manir</span></font></strong></div><strong><font style=\"font-size: medium\"></font></strong>\r\n<div><strong><font style=\"font-size: medium\"><span>Fasa 1C (28 unit) <br />\r\n</span></font></strong></div><strong><font style=\"font-size: medium\"></font></strong>\r\n<div><strong><font style=\"font-size: medium\"><span>Rumah Teres 1 lapis </span></font></strong></div><strong><font style=\"font-size: medium\"></font></strong>\r\n<div><strong><font style=\"font-size: medium\"><span>Tarikh : Januari, 2016 <br />\r\n</span></font></strong></div><strong><font style=\"font-size: medium\"></font></strong>\r\n<div><font style=\"font-size: large\"><span><strong><font style=\"font-size: medium\">Kesiapan : </font></strong></span></font><font style=\"font-size: large\"><span></span></font><font style=\"font-size: large\"><span><strong><font style=\"font-size: medium\">100.00% on site (Serah dengan CCC)</font></strong></span></font><font style=\"font-size: large\"><span> </span></font></div>\r\n<div><font style=\"font-size: large\"><span>&nbsp;</span><br />\r\n</font></div></td></tr>\r\n<tr>\r\n<td valign=\"top\" align=\"left\">\r\n<table width=\"100%\" cellspacing=\"0\" cellpadding=\"3\">\r\n<tbody>\r\n<tr>\r\n<td width=\"33%\" valign=\"top\" align=\"center\"><img title=\"\" src=\"{IMAGE_URL}/IMG-20160111-WA0006.jpg\" alt=\"\" width=\"338\" height=\"190\" border=\"0\" />\r\n<p><u>Pandangan depan<br />\r\n</u></p></td>\r\n<td width=\"33%\" valign=\"top\" align=\"center\"><img title=\"\" src=\"{IMAGE_URL}/IMG-20160111-WA0005.jpg\" alt=\"\" width=\"338\" height=\"190\" border=\"0\" />\r\n<p><u>Pandangan tepi/belakang</u></p></td></tr></tbody></table></td></tr></tbody></table></div>&nbsp;</div></div>\r\n<div>\r\n<div>\r\n<div>\r\n<table id=\"rv_template_layout\" width=\"100%\" cellspacing=\"0\" cellpadding=\"0\">\r\n<tbody>\r\n<tr>\r\n<td class=\"type9margin\" valign=\"top\">\r\n<div>\r\n<div>\r\n<div>\r\n<table width=\"100%\" cellspacing=\"0\" cellpadding=\"0\">\r\n<tbody>\r\n<tr>\r\n<td valign=\"top\" align=\"left\">\r\n<table width=\"100%\" cellspacing=\"0\" cellpadding=\"3\">\r\n<tbody>\r\n<tr>\r\n<td width=\"33%\" valign=\"top\" align=\"center\"><img title=\"\" src=\"{IMAGE_URL}/IMG-20160111-WA0007.jpg\" alt=\"\" width=\"338\" height=\"190\" border=\"0\" />\r\n<p><u>Pandangan depan<br />\r\n</u></p></td>\r\n<td width=\"33%\" valign=\"top\" align=\"center\"><img title=\"\" src=\"{IMAGE_URL}/IMG-20160111-WA0008.jpg\" alt=\"\" width=\"338\" height=\"190\" border=\"0\" />\r\n<p><u>Pandangan belakang<br />\r\n</u></p></td></tr></tbody></table></td></tr></tbody></table></div>&nbsp;</div></div>\r\n<div>\r\n<div>\r\n<div>\r\n<table width=\"100%\" cellspacing=\"0\" cellpadding=\"3\">\r\n<tbody>\r\n<tr>\r\n<td width=\"33%\" valign=\"top\" align=\"center\"><img alt=\"\" title=\"\" src=\"{IMAGE_URL}/IMG-20160114-WA0012.jpg\" width=\"338\" height=\"190\" border=\"0\" /><br />\r\n<p><u>Pandangan depan<br />\r\n</u></p></td>\r\n<td width=\"33%\" valign=\"top\" align=\"center\"><img alt=\"\" title=\"\" src=\"{IMAGE_URL}/PDGNBLKANGBLOKB.jpg\" width=\"338\" height=\"224\" border=\"0\" /><br />\r\n<p><u>Pandangan belakang<br />\r\n</u></p></td></tr></tbody></table></div></div></div>\r\n<div>\r\n<div>&nbsp;&nbsp; </div></div> </td></tr></tbody></table></div></div></div>\r\n<div>\r\n<div>&nbsp;&nbsp; <br />\r\n<div>&nbsp;<strong>KETERANGAN PROJEK<font style=\"font-size: medium\"></font></strong></div>\r\n<div>&nbsp;</div>\r\n<div>\r\n<div><strong>&nbsp;TONTON VIDEO 1<br />\r\n</strong></div></div>\r\n<div><strong>&nbsp;</strong></div>\r\n<div><strong>&nbsp;</strong></div>\r\n<div><span>&nbsp;</span><strong><u><strong><span>ISI BORANG DALAM TALIAN</span></strong></u></strong></div>\r\n<div><strong> <br />\r\n</strong></div>\r\n<div><strong>&nbsp;MUAT TURUN BROSUR &amp; BORANG @ TINGGALKAN E-MEL UNTUK BORANG </strong></div>\r\n<div>&nbsp;</div>\r\n<div><strong>&nbsp;** HUBUNGI KAMI SEKARANG UNTUK TEMPAHAN<a href=\"cd200c72585312def6b9135ed7bf2b56.php\" title=\"\"> </a></strong></div>\r\n<div align=\"right\">\r\n<h2 style=\"margin: 2px; font-size: 1.3em\"><u><font size=\"2\"><strong><a href=\"#\" class=\"btnlink\">Ke Atas</a></strong></font></u></h2></div></div></div> </td></tr>\r\n<tr>\r\n<td><br />\r\n</td></tr></tbody></table>', NULL, NULL, NULL, NULL, NULL, NULL, '1', NULL, NULL, NULL, NULL, NULL, NULL, NULL, '', '_self', '', NULL, NULL, NULL, NULL, '1499759193', NULL, NULL, '0', '0', '0');
REPLACE INTO `rvs_project_page` (`project_page_id`, `rvs_usr_id`, `page_name`, `custom_page_name`, `rvs_component_id`, `page_data`, `page_data_zone_2`, `page_data_zone_3`, `page_data_zone_4`, `colume_width_1`, `colume_width_2`, `colume_width_3`, `rvs_layout_id`, `head`, `page_title`, `meta_keyword`, `meta_description`, `effect_page_enter`, `duration_page_enter`, `meta_page_effect`, `rvs_link_id`, `target`, `form_template_id`, `i_pathway`, `i_mail`, `i_print`, `i_favorite`, `last_modifier`, `link_active`, `page_type`, `blank_page`, `set_draft`, `is_member_page`) VALUES ('5f601eb34c394fbf815b478985f824d7', 'e966db2ccb35862561fc85127de800e5', 'BORANG TKP FASA 1F', 'Copied BORANG TKP FASA 1C', '4a60683c1fd1e6c5ee8edd8f1e86673b', '<img alt=\"\" class=\"jotForm\" id=\"DragAndDropForm_a52f505206389e542e3f408a05bef050\" name=\"DragAndDropForm_a52f505206389e542e3f408a05bef050\" src=\"{IMAGE_URL}/spacer.gif\" frmid=\"a52f505206389e542e3f408a05bef050\" formtype=\"jotform\" align=\"middle\" border=\"1\" height=\"600\" width=\"600\" /><br />\r\n<div>&nbsp;</div>\r\n<div>&nbsp;</div>\r\n<div>&nbsp;</div>\r\n<div>&nbsp;</div>', NULL, NULL, NULL, NULL, NULL, NULL, '1', NULL, NULL, NULL, NULL, NULL, NULL, NULL, '', '_self', '', NULL, NULL, NULL, NULL, '1450588870', NULL, NULL, '0', '0', '0');
REPLACE INTO `rvs_project_page` (`project_page_id`, `rvs_usr_id`, `page_name`, `custom_page_name`, `rvs_component_id`, `page_data`, `page_data_zone_2`, `page_data_zone_3`, `page_data_zone_4`, `colume_width_1`, `colume_width_2`, `colume_width_3`, `rvs_layout_id`, `head`, `page_title`, `meta_keyword`, `meta_description`, `effect_page_enter`, `duration_page_enter`, `meta_page_effect`, `rvs_link_id`, `target`, `form_template_id`, `i_pathway`, `i_mail`, `i_print`, `i_favorite`, `last_modifier`, `link_active`, `page_type`, `blank_page`, `set_draft`, `is_member_page`) VALUES ('4e5ca5d8aade5022f653e974f855db98', 'e966db2ccb35862561fc85127de800e5', 'GAMBAR TKP FASA 1B', 'Copied GAMBAR TKP FASA 1A', '', '<br />\r\n<style type=\"text/css\">.type9margin {\r\n	padding: 5px;\r\n}\r\n.type9border {\r\n	border:1px solid #AFAFAF;\r\n	padding-left:5px;\r\n	padding-right:5px;\r\n	padding-top:3px;\r\n	padding-bottom:7px;\r\n	background-color:#EFEFEF;\r\n}\r\n--></style>\r\n<table id=\"rv_template_layout\" width=\"100%\" cellspacing=\"0\" cellpadding=\"0\">\r\n<tbody>\r\n<tr>\r\n<td class=\"type9margin\" valign=\"top\">\r\n<div>\r\n<div>&nbsp;</div></div>\r\n<div>\r\n<div>\r\n<div>\r\n<table width=\"100%\" cellspacing=\"0\" cellpadding=\"0\">\r\n<tbody>\r\n<tr>\r\n<td valign=\"top\" align=\"left\">\r\n<div><strong><font style=\"font-size: large\"><span>Taman Koperat Peradong, Banggol Peradong, Manir</span></font></strong></div><strong><font style=\"font-size: medium\"></font></strong>\r\n<div><strong><font style=\"font-size: medium\"><span>Fasa 1B (28 unit) <br />\r\n</span></font></strong></div><strong><font style=\"font-size: medium\"></font></strong>\r\n<div><strong><font style=\"font-size: medium\"><span>Rumah Berkembar 1 lapis </span></font></strong></div><strong><font style=\"font-size: medium\"></font></strong>\r\n<div><strong><font style=\"font-size: medium\"><span>Tarikh : September, 2015 <br />\r\n</span></font></strong></div><strong><font style=\"font-size: medium\"></font></strong>\r\n<div><font style=\"font-size: large\"><span><strong><font style=\"font-size: medium\">Kesiapan : </font></strong></span></font><font style=\"font-size: large\"><span></span></font><font style=\"font-size: large\"><span><strong><font style=\"font-size: medium\">100.00% on site (Serah dengan CCC)&nbsp;</font></strong></span></font><font style=\"font-size: large\"><span> </span></font></div>\r\n<div><font style=\"font-size: large\"><span>&nbsp;</span><br />\r\n</font></div></td></tr>\r\n<tr>\r\n<td valign=\"top\" align=\"left\">\r\n<table width=\"100%\" cellspacing=\"0\" cellpadding=\"3\">\r\n<tbody>\r\n<tr>\r\n<td width=\"33%\" valign=\"top\" align=\"center\"><img title=\"\" src=\"{IMAGE_URL}/IMG-20150902-WA0055.jpg\" alt=\"\" width=\"338\" height=\"190\" border=\"0\" />\r\n<p><u>Pandangan depan<br />\r\n</u></p></td>\r\n<td width=\"33%\" valign=\"top\" align=\"center\"><img title=\"\" src=\"{IMAGE_URL}/IMG-20150902-WA0057.jpg\" alt=\"\" width=\"338\" height=\"190\" border=\"0\" />\r\n<p><u>Pandangan depan</u></p></td></tr></tbody></table></td></tr></tbody></table></div>&nbsp;</div></div>\r\n<div>\r\n<div>\r\n<div>\r\n<table id=\"rv_template_layout\" width=\"100%\" cellspacing=\"0\" cellpadding=\"0\">\r\n<tbody>\r\n<tr>\r\n<td class=\"type9margin\" valign=\"top\">\r\n<div>\r\n<div>\r\n<div>\r\n<table width=\"100%\" cellspacing=\"0\" cellpadding=\"0\">\r\n<tbody>\r\n<tr>\r\n<td valign=\"top\" align=\"left\">\r\n<table width=\"100%\" cellspacing=\"0\" cellpadding=\"3\">\r\n<tbody>\r\n<tr>\r\n<td width=\"33%\" valign=\"top\" align=\"center\"><img title=\"\" src=\"{IMAGE_URL}/IMG-20150902-WA0058.jpg\" alt=\"\" width=\"338\" height=\"190\" border=\"0\" />\r\n<p><u>Pandangan depan<br />\r\n</u></p></td>\r\n<td width=\"33%\" valign=\"top\" align=\"center\"><img title=\"\" src=\"{IMAGE_URL}/IMG-20150902-WA0059.jpg\" alt=\"\" width=\"338\" height=\"190\" border=\"0\" />\r\n<p><u>Pandangan depan<br />\r\n</u></p></td></tr></tbody></table></td></tr></tbody></table></div>&nbsp;</div></div>\r\n<div>\r\n<div>\r\n<div>\r\n<table width=\"100%\" cellspacing=\"0\" cellpadding=\"3\">\r\n<tbody>\r\n<tr>\r\n<td width=\"33%\" valign=\"top\" align=\"center\"><img alt=\"\" title=\"\" src=\"{IMAGE_URL}/IMG-20150902-WA0062.jpg\" width=\"338\" height=\"190\" border=\"0\" /><br />\r\n<p><u>Pandangan depan<br />\r\n</u></p></td>\r\n<td width=\"33%\" valign=\"top\" align=\"center\"><img alt=\"\" title=\"\" src=\"{IMAGE_URL}/IMG-20150902-WA0064.jpg\" width=\"338\" height=\"190\" border=\"0\" /><br />\r\n<p><u>Pandangan depan<br />\r\n</u></p></td></tr></tbody></table></div></div></div>\r\n<div>\r\n<div>&nbsp;&nbsp; </div></div> </td></tr></tbody></table></div></div></div>\r\n<div>\r\n<div>&nbsp;&nbsp; <br />\r\n<div><a href=\"e6cdb1002445fa344b7f1d8223ae5fa9.php\" title=\"\">&nbsp;<strong></strong></a><strong>KETERANGAN PROJEK</strong></div>\r\n<div>&nbsp;</div>\r\n<div>\r\n<div><strong>&nbsp;TONTON VIDEO 1<br />\r\n</strong></div></div>\r\n<div><strong>&nbsp;</strong></div>\r\n<div><strong>&nbsp;</strong></div><a href=\"5ee55ffa7860222db6e921d88ab641ed.php\" title=\"\" target=\"_blank\"></a>\r\n<div><a href=\"5ee55ffa7860222db6e921d88ab641ed.php\" title=\"\" target=\"_blank\"><span>&nbsp;</span></a><strong><u><strong><span>ISI BORANG DALAM TALIAN</span></strong></u></strong></div>\r\n<div><strong> <br />\r\n</strong></div>\r\n<div><strong>&nbsp;MUAT TURUN BROSUR &amp; BORANG @ TINGGALKAN E-MEL UNTUK BORANG </strong></div>\r\n<div>&nbsp;</div>\r\n<div><strong>&nbsp;** HUBUNGI KAMI SEKARANG UNTUK TEMPAHAN </strong></div>\r\n<div align=\"right\">\r\n<h2 style=\"margin: 2px; font-size: 1.3em\"><u><font size=\"2\"><strong><a href=\"#\" class=\"btnlink\">Ke Atas</a></strong></font></u></h2></div></div></div> </td></tr>\r\n<tr>\r\n<td><br />\r\n</td></tr></tbody></table>', NULL, NULL, NULL, NULL, NULL, NULL, '1', NULL, NULL, NULL, NULL, NULL, NULL, NULL, '', '_self', '', NULL, NULL, NULL, NULL, '1499759768', NULL, NULL, '0', '0', '0');
REPLACE INTO `rvs_project_page` (`project_page_id`, `rvs_usr_id`, `page_name`, `custom_page_name`, `rvs_component_id`, `page_data`, `page_data_zone_2`, `page_data_zone_3`, `page_data_zone_4`, `colume_width_1`, `colume_width_2`, `colume_width_3`, `rvs_layout_id`, `head`, `page_title`, `meta_keyword`, `meta_description`, `effect_page_enter`, `duration_page_enter`, `meta_page_effect`, `rvs_link_id`, `target`, `form_template_id`, `i_pathway`, `i_mail`, `i_print`, `i_favorite`, `last_modifier`, `link_active`, `page_type`, `blank_page`, `set_draft`, `is_member_page`) VALUES ('9d50c6508fe40b916a2e6b54dbe2cb09', 'e966db2ccb35862561fc85127de800e5', 'TAMAN RAKYAT BISTARI, FASA 2B', 'Copied TAMAN RAKYAT BISTARI, FASA 3A', '', '<span></span><!-- ####### LAYOUT CSS: MODIFY COLOR, FONT AND BOX SIZE HERE BUT DO NOT DELETE. ####### -->\r\n<div>\r\n<p><span></span> <span></span> <span></span></p>\r\n<div align=\"center\"><span></span><strong>&nbsp; CADANGAN PERUMAHAN KOS RENDAH DAN BERCAMPUR DI KAMPUNG BUKIT KUANG II,</strong>\r\n<div><strong>&nbsp; MUKIM TELOK KALONG, DAERAH KEMAMAN, TERENGGANU DARUL IMAN.</strong></div></div>\r\n<div>\r\n<div>&nbsp;</div></div>\r\n<div>\r\n<div align=\"center\">\r\n<table style=\"border-collapse: collapse\" border=\"5\" bordercolor=\"#000000\" cellpadding=\"3\" cellspacing=\"0\" bgcolor=\"#f0f0f0\" height=\"248\" width=\"713\">\r\n<tbody>\r\n<tr valign=\"top\">\r\n<td>\r\n<div>&nbsp;<strong>TAMAN RAKYAT BISTARI, FASA 2B</strong>\r\n<div>&nbsp;</div>\r\n<div>&nbsp;<img title=\"\" src=\"{IMAGE_URL}/Tmn-Rakyat-BIstari-Fasa-2B.jpg\" alt=\"\" height=\"150\" width=\"250\" /> </div>\r\n<div>\r\n<div>&nbsp;</div></div></div>\r\n<div>\r\n&nbsp;Baca Seterusnya</div>\r\n<div>&nbsp;</div></td>\r\n<td>\r\n<div>&nbsp;</div></td>\r\n<td>\r\n<div><br />\r\n&nbsp;</div>\r\n<div>&nbsp;</div>\r\n<div>\r\n<div>&nbsp;LOKASI : <strong>BUKIT KUANG, KEMAMAN</strong></div>\r\n<div>&nbsp;</div>\r\n<div>&nbsp;JENIS HARTANAH : <strong>RUMAH TERES SETINGKAT</strong></div>\r\n<div>&nbsp;</div>\r\n<div>&nbsp;STATUS : <strong><font style=\"font-size: larger\">HABIS DIJUAL</font></strong></div>\r\n<div>&nbsp;</div></div>\r\n<div>&nbsp;</div>\r\n<div>&nbsp;&nbsp;&nbsp;&nbsp;&nbsp;&nbsp;<strong><font style=\"font-size: medium\"><font color=\"#ff0000\"> </font></font></strong></div>\r\n<div><strong><font style=\"font-size: medium\"><font color=\"#ff0000\">&nbsp;</font></font></strong></div>\r\n<div>\r\n<div><strong>&nbsp;</strong></div>\r\n<div><strong>&nbsp;</strong></div>\r\n<div align=\"center\"><strong>&nbsp;MUAT TURUN BROSUR &amp; BORANG</strong><strong><font style=\"font-size: medium\"> </font></strong></div>\r\n<div align=\"center\"><span></span><br />\r\n</div></div></td></tr></tbody></table>&nbsp;</div></div>\r\n<div>\r\n<div>\r\n<div align=\"center\">\r\n<table style=\"border-collapse: collapse\" border=\"1\" cellpadding=\"3\" cellspacing=\"0\" bgcolor=\"#e2e2e2\" height=\"232\" width=\"714\">\r\n<tbody>\r\n<tr valign=\"top\">\r\n<td>\r\n<div>&nbsp;NAMA </div></td>\r\n<td>\r\n<div><strong>&nbsp;TAMAN RAKYAT BISTARI, FASA 2B</strong></div></td></tr>\r\n<tr valign=\"top\">\r\n<td>\r\n<div>&nbsp;LOKASI </div></td>\r\n<td>\r\n<div><strong>&nbsp;BUKIT KUANG, TELOK KALONG, KEMAMAN <br />\r\n</strong></div></td></tr>\r\n<tr valign=\"top\">\r\n<td>\r\n<div>&nbsp;JENIS HARTANAH </div></td>\r\n<td>\r\n<div><strong>&nbsp;RUMAH TERES SETINGKAT </strong></div></td></tr>\r\n<tr valign=\"top\">\r\n<td>\r\n<div>&nbsp;KATEGORI</div></td>\r\n<td>\r\n<div>&nbsp;</div></td></tr>\r\n<tr valign=\"top\">\r\n<td>\r\n<div>&nbsp;KELUASAN </div></td>\r\n<td>\r\n<div><strong>&nbsp;22\' X 70\'</strong></div></td></tr>\r\n<tr valign=\"top\">\r\n<td>\r\n<div>&nbsp;UNIT BILIK </div></td>\r\n<td>\r\n<div><strong>&nbsp;3</strong></div></td></tr>\r\n<tr valign=\"top\">\r\n<td>\r\n<div>&nbsp;UNIT TANDAS </div></td>\r\n<td>\r\n<div><strong>&nbsp;2</strong></div></td></tr>\r\n<tr valign=\"top\">\r\n<td>\r\n<div>&nbsp;HARGA </div></td>\r\n<td>\r\n<div><strong>&nbsp;RM 130,000.00 - RM 220,000.00<br />\r\n</strong></div></td></tr>\r\n<tr valign=\"top\">\r\n<td>\r\n<div>&nbsp;KESELURUHAN UNIT </div></td>\r\n<td>\r\n<div><strong>&nbsp;41</strong></div></td></tr>\r\n<tr valign=\"top\">\r\n<td>&nbsp;STATUS</td>\r\n<td>\r\n<div><strong>&nbsp;HABIS DIJUAL</strong></div></td></tr>\r\n<tr valign=\"top\">\r\n<td>\r\n<div>&nbsp;KEKOSONGAN</div></td>\r\n<td>\r\n<div><strong>&nbsp;</strong><strong><br />\r\n</strong></div></td></tr>\r\n<tr valign=\"top\">\r\n<td>\r\n<div>&nbsp;</div></td>\r\n<td align=\"center\">\r\n<div><strong><strong>&nbsp;MUAT TURUN BROSUR &amp; BORANG </strong></strong></div></td></tr></tbody></table></div>\r\n<div>\r\n<div>&nbsp;</div></div>\r\n<div>\r\n<div align=\"center\">\r\n<table id=\"rv_template_layout\" cellpadding=\"0\" cellspacing=\"0\" height=\"20\" width=\"712\">\r\n<tbody>\r\n<tr>\r\n<td align=\"left\" valign=\"top\">\r\n<div align=\"right\">\r\n<h2 style=\"margin: 2px; font-size: 1.3em\"><u><font size=\"2\"><strong><a href=\"#\" class=\"btnlink\">Ke Atas</a></strong></font></u></h2></div></td></tr></tbody></table></div></div>\r\n<div align=\"center\">\r\n<table style=\"border-collapse: collapse\" border=\"1\" bordercolor=\"#ffffff\" cellpadding=\"3\" cellspacing=\"0\" height=\"2031\" width=\"713\">\r\n<tbody>\r\n<tr align=\"center\" valign=\"top\">\r\n<td>\r\n<div>&nbsp;</div></td></tr>\r\n<tr align=\"center\" valign=\"top\">\r\n<td>\r\n<div>\r\n<div>&nbsp;<img alt=\"\" title=\"\" src=\"{IMAGE_URL}/dpnv1.jpg\" height=\"1000\" width=\"711\" /></div></div>\r\n<div>\r\n<div><img alt=\"\" title=\"\" src=\"{IMAGE_URL}/brosur2.jpg\" height=\"928\" width=\"700\" /></div></div></td></tr></tbody></table><br />\r\n</div>\r\n<div align=\"center\">\r\n<table style=\"border-collapse: collapse\" border=\"1\" bordercolor=\"#ffffff\" cellpadding=\"3\" cellspacing=\"0\" height=\"221\" width=\"712\">\r\n<tbody>\r\n<tr valign=\"top\">\r\n<td align=\"center\">\r\n<div>&nbsp;<img alt=\"\" title=\"\" src=\"{IMAGE_URL}/Tmn-Rakyat-BIstari-Fasa-2B.jpg\" height=\"208\" width=\"348\" /></div></td>\r\n<td align=\"center\">\r\n<div>&nbsp;<img alt=\"\" title=\"\" src=\"{IMAGE_URL}/gambar100.jpg\" height=\"205\" width=\"281\" /></div></td></tr>\r\n<tr valign=\"top\">\r\n<td align=\"center\">\r\n<div>&nbsp;<strong>ILUSTRASI</strong></div></td>\r\n<td align=\"center\">\r\n<div>&nbsp;<strong>STATUS TERKINI</strong></div></td></tr></tbody></table></div>\r\n<div>&nbsp;</div>\r\n<div>&nbsp;PERINGKAT KERJA : <strong><font style=\"font-size: medium\">100%</font></strong></div>\r\n<div>&nbsp;</div>\r\n<div><strong>&nbsp;<a target=\"_blank\" href=\"http://youtu.be/mVwBc6Z7RAI\" title=\"\">TONTON VIDEO 1</a></strong><br />\r\n</div>\r\n<div>&nbsp;</div>\r\n<div><strong>&nbsp;TONTON VIDEO 2</strong></div>\r\n<div>&nbsp;</div>\r\n<div><strong>&nbsp;MUAT TURUN BROSUR &amp; BORANG <strong> @ </strong><strong>TINGGALKAN E-MEL UNTUK BORANG</strong></strong></div>\r\n<div>&nbsp;</div>\r\n<div><strong>&nbsp;** <a href=\"cd200c72585312def6b9135ed7bf2b56.php\" title=\"\">HUBUNGI KAMI SEKARANG UNTUK TEMPAHAN </a></strong></div>\r\n<div><strong>&nbsp;</strong></div>\r\n<div align=\"center\">\r\n<table id=\"rv_template_layout\" cellpadding=\"0\" cellspacing=\"0\" height=\"20\" width=\"712\">\r\n<tbody>\r\n<tr>\r\n<td align=\"left\" valign=\"top\">\r\n<div align=\"right\">\r\n<h2 style=\"margin: 2px; font-size: 1.3em\"><u><font size=\"2\"><strong><a href=\"#\" class=\"btnlink\">Ke Atas</a></strong></font></u></h2></div></td></tr></tbody></table><strong></strong></div></div></div></div><!-- ########################### END CSS LAYOUT ###########################  -->\r\n<table id=\"rv_template_layout\" cellpadding=\"0\" cellspacing=\"0\">\r\n<tbody>\r\n<tr>\r\n<td align=\"left\" valign=\"top\"><br />\r\n</td></tr></tbody></table>', NULL, NULL, NULL, NULL, NULL, NULL, '1', NULL, NULL, NULL, NULL, NULL, NULL, NULL, '', '', '', '0', NULL, NULL, NULL, '1471480300', NULL, NULL, '0', '0', '0');
REPLACE INTO `rvs_project_page` (`project_page_id`, `rvs_usr_id`, `page_name`, `custom_page_name`, `rvs_component_id`, `page_data`, `page_data_zone_2`, `page_data_zone_3`, `page_data_zone_4`, `colume_width_1`, `colume_width_2`, `colume_width_3`, `rvs_layout_id`, `head`, `page_title`, `meta_keyword`, `meta_description`, `effect_page_enter`, `duration_page_enter`, `meta_page_effect`, `rvs_link_id`, `target`, `form_template_id`, `i_pathway`, `i_mail`, `i_print`, `i_favorite`, `last_modifier`, `link_active`, `page_type`, `blank_page`, `set_draft`, `is_member_page`) VALUES ('3b58dbed0c24985dcc097fac4df43a50', 'e966db2ccb35862561fc85127de800e5', 'BORANG TRB FASA 3A', 'Copied BORANG TKP 1A & 1C', '4a60683c1fd1e6c5ee8edd8f1e86673b', '<img alt=\"\" class=\"jotForm\" id=\"DragAndDropForm_f501ef831ad6672d0a89094cea57102e\" name=\"DragAndDropForm_f501ef831ad6672d0a89094cea57102e\" src=\"{IMAGE_URL}/spacer.gif\" frmid=\"f501ef831ad6672d0a89094cea57102e\" formtype=\"jotform\" align=\"middle\" border=\"1\" height=\"600\" width=\"600\" /><br />\r\n<div>&nbsp;</div>\r\n<div>&nbsp;</div>\r\n<div>&nbsp;</div>\r\n<div>&nbsp;</div>', NULL, NULL, NULL, NULL, NULL, NULL, '1', NULL, NULL, NULL, NULL, NULL, NULL, NULL, '', '_self', '', NULL, NULL, NULL, NULL, '1450588033', NULL, NULL, '0', '0', '0');
REPLACE INTO `rvs_project_page` (`project_page_id`, `rvs_usr_id`, `page_name`, `custom_page_name`, `rvs_component_id`, `page_data`, `page_data_zone_2`, `page_data_zone_3`, `page_data_zone_4`, `colume_width_1`, `colume_width_2`, `colume_width_3`, `rvs_layout_id`, `head`, `page_title`, `meta_keyword`, `meta_description`, `effect_page_enter`, `duration_page_enter`, `meta_page_effect`, `rvs_link_id`, `target`, `form_template_id`, `i_pathway`, `i_mail`, `i_print`, `i_favorite`, `last_modifier`, `link_active`, `page_type`, `blank_page`, `set_draft`, `is_member_page`) VALUES ('bdaeb9319e5482b1804fd5a36eddfd08', 'e966db2ccb35862561fc85127de800e5', 'BORANG TRH FASA III', 'Copied BORANG TKP 1A & 1C', '4a60683c1fd1e6c5ee8edd8f1e86673b', '<img alt=\"\" class=\"jotForm\" id=\"DragAndDropForm_3d1e95d73da4de353dc77fc18661df04\" name=\"DragAndDropForm_3d1e95d73da4de353dc77fc18661df04\" src=\"{IMAGE_URL}/spacer.gif\" frmid=\"3d1e95d73da4de353dc77fc18661df04\" formtype=\"jotform\" align=\"middle\" border=\"1\" height=\"600\" width=\"600\" /><br />\r\n<div>&nbsp;</div>\r\n<div>&nbsp;</div>\r\n<div>&nbsp;</div>\r\n<div>&nbsp;</div>', NULL, NULL, NULL, NULL, NULL, NULL, '1', NULL, NULL, NULL, NULL, NULL, NULL, NULL, '', '_self', '', NULL, NULL, NULL, NULL, '1450587736', NULL, NULL, '0', '0', '0');
REPLACE INTO `rvs_project_page` (`project_page_id`, `rvs_usr_id`, `page_name`, `custom_page_name`, `rvs_component_id`, `page_data`, `page_data_zone_2`, `page_data_zone_3`, `page_data_zone_4`, `colume_width_1`, `colume_width_2`, `colume_width_3`, `rvs_layout_id`, `head`, `page_title`, `meta_keyword`, `meta_description`, `effect_page_enter`, `duration_page_enter`, `meta_page_effect`, `rvs_link_id`, `target`, `form_template_id`, `i_pathway`, `i_mail`, `i_print`, `i_favorite`, `last_modifier`, `link_active`, `page_type`, `blank_page`, `set_draft`, `is_member_page`) VALUES ('000a9920a030a748155aa4c702454a61', 'e966db2ccb35862561fc85127de800e5', 'BORANG TRB FASA 2C', 'Copied BORANG TRB FASA 3A', '4a60683c1fd1e6c5ee8edd8f1e86673b', '<img alt=\"\" class=\"jotForm\" id=\"DragAndDropForm_2aa03bafa2ce78b9b2e6a8f6ab6eb81d\" name=\"DragAndDropForm_2aa03bafa2ce78b9b2e6a8f6ab6eb81d\" src=\"{IMAGE_URL}/spacer.gif\" frmid=\"2aa03bafa2ce78b9b2e6a8f6ab6eb81d\" formtype=\"jotform\" align=\"middle\" border=\"1\" height=\"600\" width=\"600\" /><br />\r\n<div>&nbsp;</div>\r\n<div>&nbsp;</div>\r\n<div>&nbsp;</div>\r\n<div>&nbsp;</div>', NULL, NULL, NULL, NULL, NULL, NULL, '1', NULL, NULL, NULL, NULL, NULL, NULL, NULL, '', '_self', '', NULL, NULL, NULL, NULL, '1450588534', NULL, NULL, '0', '0', '0');
REPLACE INTO `rvs_project_page` (`project_page_id`, `rvs_usr_id`, `page_name`, `custom_page_name`, `rvs_component_id`, `page_data`, `page_data_zone_2`, `page_data_zone_3`, `page_data_zone_4`, `colume_width_1`, `colume_width_2`, `colume_width_3`, `rvs_layout_id`, `head`, `page_title`, `meta_keyword`, `meta_description`, `effect_page_enter`, `duration_page_enter`, `meta_page_effect`, `rvs_link_id`, `target`, `form_template_id`, `i_pathway`, `i_mail`, `i_print`, `i_favorite`, `last_modifier`, `link_active`, `page_type`, `blank_page`, `set_draft`, `is_member_page`) VALUES ('576b90475a2c47f5a42f6de8059d9011', 'e966db2ccb35862561fc85127de800e5', 'GAMBAR TKP FASA 1A', '', '', '<br />\r\n<style type=\"text/css\">.type9margin {\r\n	padding: 5px;\r\n}\r\n.type9border {\r\n	border:1px solid #AFAFAF;\r\n	padding-left:5px;\r\n	padding-right:5px;\r\n	padding-top:3px;\r\n	padding-bottom:7px;\r\n	background-color:#EFEFEF;\r\n}\r\n--></style>\r\n<table id=\"rv_template_layout\" width=\"100%\" cellspacing=\"0\" cellpadding=\"0\">\r\n<tbody>\r\n<tr>\r\n<td class=\"type9margin\" valign=\"top\">\r\n<div>\r\n<div>&nbsp;</div></div>\r\n<div>\r\n<div>\r\n<div>\r\n<table width=\"100%\" cellspacing=\"0\" cellpadding=\"0\">\r\n<tbody>\r\n<tr>\r\n<td valign=\"top\" align=\"left\">\r\n<div><strong><font style=\"font-size: large\"><span>Taman Koperat Peradong, Banggol Peradong, Manir</span></font></strong></div><strong><font style=\"font-size: medium\"></font></strong>\r\n<div><strong><font style=\"font-size: medium\"><span>Fasa 1A (27 unit) <br />\r\n</span></font></strong></div><strong><font style=\"font-size: medium\"></font></strong>\r\n<div><strong><font style=\"font-size: medium\"><span>Rumah Teres 1 lapis </span></font></strong></div><strong><font style=\"font-size: medium\"></font></strong>\r\n<div><strong><font style=\"font-size: medium\"><span>Tarikh : Julai, 2014 <br />\r\n</span></font></strong></div><strong><font style=\"font-size: medium\"></font></strong>\r\n<div><font style=\"font-size: large\"><span><strong><font style=\"font-size: medium\">Kesiapan : </font></strong></span></font><font style=\"font-size: large\"><span></span></font><font style=\"font-size: large\"><span><strong><font style=\"font-size: medium\">100% on site (Serah dengan CCC)</font></strong></span></font><font style=\"font-size: large\"><span> </span></font></div>\r\n<div><font style=\"font-size: large\"><span>&nbsp;</span><br />\r\n</font></div></td></tr>\r\n<tr>\r\n<td valign=\"top\" align=\"left\">\r\n<table width=\"100%\" cellspacing=\"0\" cellpadding=\"3\">\r\n<tbody>\r\n<tr>\r\n<td width=\"33%\" valign=\"top\" align=\"center\"><img title=\"\" src=\"{IMAGE_URL}/DSC_0401.jpg\" alt=\"\" width=\"338\" height=\"226\" border=\"0\" />\r\n<p><u>Pandangan depan<br />\r\n</u></p></td>\r\n<td width=\"33%\" valign=\"top\" align=\"center\"><img title=\"\" src=\"{IMAGE_URL}/DSC_0411.jpg\" alt=\"\" width=\"338\" height=\"226\" border=\"0\" />\r\n<p><u>Pandangan belakang</u></p></td></tr></tbody></table></td></tr></tbody></table></div>&nbsp;</div></div>\r\n<div>\r\n<div>\r\n<div>\r\n<table id=\"rv_template_layout\" width=\"100%\" cellspacing=\"0\" cellpadding=\"0\">\r\n<tbody>\r\n<tr>\r\n<td class=\"type9margin\" valign=\"top\">\r\n<div>\r\n<div>\r\n<div>\r\n<table width=\"100%\" cellspacing=\"0\" cellpadding=\"0\">\r\n<tbody>\r\n<tr>\r\n<td valign=\"top\" align=\"left\">\r\n<table width=\"100%\" cellspacing=\"0\" cellpadding=\"3\">\r\n<tbody>\r\n<tr>\r\n<td width=\"33%\" valign=\"top\" align=\"center\"><img title=\"\" src=\"{IMAGE_URL}/P1140807.jpg\" alt=\"\" width=\"338\" height=\"224\" border=\"0\" />\r\n<p><u>Pandangan depan<br />\r\n</u></p></td>\r\n<td width=\"33%\" valign=\"top\" align=\"center\"><img title=\"\" src=\"{IMAGE_URL}/DSC_0413.jpg\" alt=\"\" width=\"338\" height=\"226\" border=\"0\" />\r\n<p><u>Pandangan belakang<br />\r\n</u></p></td></tr></tbody></table></td></tr></tbody></table></div>&nbsp;</div></div>\r\n<div>\r\n<div>\r\n<div>\r\n<table width=\"100%\" cellspacing=\"0\" cellpadding=\"3\">\r\n<tbody>\r\n<tr>\r\n<td width=\"33%\" valign=\"top\" align=\"center\"><img title=\"\" src=\"{IMAGE_URL}/DSC_0416.jpg\" alt=\"\" width=\"338\" height=\"226\" border=\"0\" />\r\n<p><u>Pandangan depan<br />\r\n</u></p></td>\r\n<td width=\"33%\" valign=\"top\" align=\"center\"><img title=\"\" src=\"{IMAGE_URL}/DSC_0412.jpg\" alt=\"\" width=\"338\" height=\"226\" border=\"0\" />\r\n<p><u>Pandangan belakang<br />\r\n</u></p></td></tr></tbody></table></div></div></div>\r\n<div>\r\n<div>&nbsp;&nbsp; </div></div> </td></tr></tbody></table></div></div></div>\r\n<div>\r\n<div>&nbsp;&nbsp; <br />\r\n<div>&nbsp;<strong>KETERANGAN PROJEK<font style=\"font-size: medium\"></font></strong></div>\r\n<div>&nbsp;</div>\r\n<div>\r\n<div><strong>&nbsp;TONTON VIDEO 1<br />\r\n</strong></div></div>\r\n<div><strong>&nbsp;</strong></div>\r\n<div><strong>&nbsp;</strong></div>\r\n<div><span>&nbsp;</span><strong><u><strong><span>ISI BORANG DALAM TALIAN</span></strong></u></strong></div>\r\n<div><strong> <br />\r\n</strong></div>\r\n<div><strong>&nbsp;MUAT TURUN BROSUR &amp; BORANG @ TINGGALKAN E-MEL UNTUK BORANG </strong></div>\r\n<div>&nbsp;</div>\r\n<div><strong>&nbsp;** HUBUNGI KAMI SEKARANG UNTUK TEMPAHAN<a href=\"cd200c72585312def6b9135ed7bf2b56.php\" title=\"\"> </a></strong></div>\r\n<div align=\"right\">\r\n<h2 style=\"margin: 2px; font-size: 1.3em\"><u><font size=\"2\"><strong><a href=\"#\" class=\"btnlink\">Ke Atas</a></strong></font></u></h2></div></div></div> </td></tr>\r\n<tr>\r\n<td><br />\r\n</td></tr></tbody></table>', NULL, NULL, NULL, NULL, NULL, NULL, '1', NULL, NULL, NULL, NULL, NULL, NULL, NULL, '', '_self', '', NULL, NULL, NULL, NULL, '1499759257', NULL, NULL, '0', '0', '0');
REPLACE INTO `rvs_project_page` (`project_page_id`, `rvs_usr_id`, `page_name`, `custom_page_name`, `rvs_component_id`, `page_data`, `page_data_zone_2`, `page_data_zone_3`, `page_data_zone_4`, `colume_width_1`, `colume_width_2`, `colume_width_3`, `rvs_layout_id`, `head`, `page_title`, `meta_keyword`, `meta_description`, `effect_page_enter`, `duration_page_enter`, `meta_page_effect`, `rvs_link_id`, `target`, `form_template_id`, `i_pathway`, `i_mail`, `i_print`, `i_favorite`, `last_modifier`, `link_active`, `page_type`, `blank_page`, `set_draft`, `is_member_page`) VALUES ('63f7ca66f65f58fcdb6b291bfb8a6f0a', 'e966db2ccb35862561fc85127de800e5', 'GAMBAR TRB FASA 3A', 'Copied GAMBAR TKP FASA 1A', '', '<br />\r\n<style type=\"text/css\">.type9margin {\r\n	padding: 5px;\r\n}\r\n.type9border {\r\n	border:1px solid #AFAFAF;\r\n	padding-left:5px;\r\n	padding-right:5px;\r\n	padding-top:3px;\r\n	padding-bottom:7px;\r\n	background-color:#EFEFEF;\r\n}\r\n--></style>\r\n<table id=\"rv_template_layout\" cellpadding=\"0\" cellspacing=\"0\" width=\"100%\">\r\n<tbody>\r\n<tr>\r\n<td class=\"type9margin\" valign=\"top\">\r\n<div>\r\n<div>&nbsp;</div></div>\r\n<div>\r\n<div>\r\n<div>\r\n<table cellpadding=\"0\" cellspacing=\"0\" width=\"100%\">\r\n<tbody>\r\n<tr>\r\n<td align=\"left\" valign=\"top\">\r\n<div><strong><font style=\"font-size: large\"><span>Taman Rakyat Bistari, Bukit Kuang, Kemaman</span></font></strong></div><strong><font style=\"font-size: medium\"></font></strong>\r\n<div><strong><font style=\"font-size: medium\"><span>Fasa 3A (29 unit) <br />\r\n</span></font></strong></div><strong><font style=\"font-size: medium\"></font></strong>\r\n<div><strong><font style=\"font-size: medium\"><span>Rumah Teres 2 tingkat </span></font></strong></div><strong><font style=\"font-size: medium\"></font></strong>\r\n<div><strong><font style=\"font-size: medium\"><span>Tarikh : Julai, 2014 <br />\r\n</span></font></strong></div><strong><font style=\"font-size: medium\"></font></strong>\r\n<div><strong><font style=\"font-size: medium\"><span>Kesiapan : </span></font></strong><strong><font style=\"font-size: medium\"><span>100% on site&nbsp;</span></font></strong><strong><font style=\"font-size: medium\"><span> </span></font></strong></div>\r\n<div><font style=\"font-size: large\"><span>&nbsp;</span><br />\r\n</font></div></td></tr>\r\n<tr>\r\n<td align=\"left\" valign=\"top\">\r\n<table cellpadding=\"3\" cellspacing=\"0\" width=\"100%\">\r\n<tbody>\r\n<tr>\r\n<td align=\"center\" valign=\"top\" width=\"33%\"><img title=\"\" src=\"{IMAGE_URL}/SUNP0014.jpg\" alt=\"\" border=\"0\" height=\"209\" width=\"278\" />\r\n<p><u>Pandangan depan<br />\r\n</u></p></td>\r\n<td align=\"center\" valign=\"top\" width=\"33%\"><img title=\"\" src=\"{IMAGE_URL}/SUNP0015.jpg\" alt=\"\" border=\"0\" height=\"209\" width=\"278\" />\r\n<p><u>Pandangan depan</u></p></td></tr></tbody></table></td></tr></tbody></table></div>&nbsp;</div></div>\r\n<div>\r\n<div>\r\n<div>\r\n<table id=\"rv_template_layout\" cellpadding=\"0\" cellspacing=\"0\" width=\"100%\">\r\n<tbody>\r\n<tr>\r\n<td class=\"type9margin\" valign=\"top\">\r\n<div>\r\n<div>\r\n<div>\r\n<table cellpadding=\"0\" cellspacing=\"0\" width=\"100%\">\r\n<tbody>\r\n<tr>\r\n<td align=\"left\" valign=\"top\">\r\n<table cellpadding=\"3\" cellspacing=\"0\" width=\"100%\">\r\n<tbody>\r\n<tr>\r\n<td align=\"center\" valign=\"top\" width=\"33%\"><img title=\"\" src=\"{IMAGE_URL}/SUNP0016.jpg\" alt=\"\" border=\"0\" height=\"209\" width=\"278\" />\r\n<p><u>Pandangan depan<br />\r\n</u></p></td>\r\n<td align=\"center\" valign=\"top\" width=\"33%\"><img title=\"\" src=\"{IMAGE_URL}/SUNP0017.jpg\" alt=\"\" border=\"0\" height=\"209\" width=\"278\" />\r\n<p><u>Pandangan depan<br />\r\n</u></p></td></tr></tbody></table></td></tr></tbody></table></div>&nbsp;</div></div>\r\n<div>\r\n<div>\r\n<div>\r\n<table cellpadding=\"3\" cellspacing=\"0\" width=\"100%\">\r\n<tbody>\r\n<tr>\r\n<td align=\"center\" valign=\"top\" width=\"33%\"><img title=\"\" src=\"{IMAGE_URL}/SUNP0018.jpg\" alt=\"\" border=\"0\" height=\"209\" width=\"278\" />\r\n<p><u>Pandangan depan<br />\r\n</u></p></td>\r\n<td align=\"center\" valign=\"top\" width=\"33%\"><img title=\"\" src=\"{IMAGE_URL}/SUNP0019.jpg\" alt=\"\" border=\"0\" height=\"209\" width=\"278\" />\r\n<p><u>Pandangan depan<br />\r\n</u></p></td></tr></tbody></table></div></div></div>\r\n<div>\r\n<div>&nbsp;&nbsp; </div></div> </td></tr></tbody></table></div></div></div>\r\n<div>\r\n<div>&nbsp;&nbsp; <br />\r\n<div>&nbsp;<strong><a href=\"1a00c688585e0515533775146b1fb1ca.php\" title=\"\">KETERANGAN PROJEK</a></strong></div>\r\n<div>&nbsp;</div>\r\n<div><strong>&nbsp;<a target=\"_blank\" href=\"http://youtu.be/mVwBc6Z7RAI\" title=\"\">TONTON VIDEO 1</a></strong><br />\r\n</div>\r\n<div>&nbsp;</div>\r\n<div><strong>&nbsp;<a target=\"_blank\" href=\"http://youtu.be/ylYyqYXtfiw\" title=\"\">TONTON VIDEO 2</a></strong></div>\r\n<div>\r\n<div>&nbsp;</div></div>\r\n<div>\r\n<div>&nbsp;</div></div>\r\n<div>\r\n<div><strong><span>&nbsp;</span></strong><u><strong><span>ISI BORANG DALAM TALIAN</span></strong></u></div></div>\r\n<div>\r\n<div>&nbsp;</div></div>\r\n<div><strong>&nbsp;MUAT TURUN BROSUR &amp; BORANG <strong> @ </strong><strong>TINGGALKAN E-MEL UNTUK BORANG</strong></strong></div>\r\n<div>&nbsp;</div>\r\n<div><strong>&nbsp;** <a href=\"cd200c72585312def6b9135ed7bf2b56.php\" title=\"\">HUBUNGI KAMI SEKARANG UNTUK TEMPAHAN </a></strong></div>\r\n<div><strong>&nbsp;</strong></div>\r\n<div>\r\n<table id=\"rv_template_layout\" cellpadding=\"0\" cellspacing=\"0\" height=\"20\" width=\"712\">\r\n<tbody>\r\n<tr>\r\n<td align=\"left\" valign=\"top\">\r\n<div align=\"right\">\r\n<h2 style=\"margin: 2px; font-size: 1.3em\"><u><font size=\"2\"><strong><a href=\"#\" class=\"btnlink\">Ke Atas</a></strong></font></u></h2></div></td></tr></tbody></table></div><br />\r\n</div></div> </td></tr>\r\n<tr>\r\n<td><br />\r\n</td></tr></tbody></table>', NULL, NULL, NULL, NULL, NULL, NULL, '1', NULL, NULL, NULL, NULL, NULL, NULL, NULL, '', '_self', '', NULL, NULL, NULL, NULL, '1471319140', NULL, NULL, '0', '0', '0');
REPLACE INTO `rvs_project_page` (`project_page_id`, `rvs_usr_id`, `page_name`, `custom_page_name`, `rvs_component_id`, `page_data`, `page_data_zone_2`, `page_data_zone_3`, `page_data_zone_4`, `colume_width_1`, `colume_width_2`, `colume_width_3`, `rvs_layout_id`, `head`, `page_title`, `meta_keyword`, `meta_description`, `effect_page_enter`, `duration_page_enter`, `meta_page_effect`, `rvs_link_id`, `target`, `form_template_id`, `i_pathway`, `i_mail`, `i_print`, `i_favorite`, `last_modifier`, `link_active`, `page_type`, `blank_page`, `set_draft`, `is_member_page`) VALUES ('6f99b9e05c49214cd307806a76e9aab6', 'e966db2ccb35862561fc85127de800e5', 'BORANG TRB FASA 3B', 'Copied BORANG TRB FASA 2C', '4a60683c1fd1e6c5ee8edd8f1e86673b', '<img alt=\"\" class=\"jotForm\" id=\"DragAndDropForm_297cba3fb28e07c596ae04defb3530fd\" name=\"DragAndDropForm_297cba3fb28e07c596ae04defb3530fd\" src=\"{IMAGE_URL}/spacer.gif\" frmid=\"297cba3fb28e07c596ae04defb3530fd\" formtype=\"jotform\" height=\"600\" width=\"600\" align=\"middle\" border=\"1\" /><br />\r\n<div>&nbsp;</div>\r\n<div>&nbsp;</div>\r\n<div>&nbsp;</div>\r\n<div>&nbsp;</div>', NULL, NULL, NULL, NULL, NULL, NULL, '1', NULL, NULL, NULL, NULL, NULL, NULL, NULL, '', '_self', '', NULL, NULL, NULL, NULL, '1460261646', NULL, NULL, '0', '0', '0');
REPLACE INTO `rvs_project_page` (`project_page_id`, `rvs_usr_id`, `page_name`, `custom_page_name`, `rvs_component_id`, `page_data`, `page_data_zone_2`, `page_data_zone_3`, `page_data_zone_4`, `colume_width_1`, `colume_width_2`, `colume_width_3`, `rvs_layout_id`, `head`, `page_title`, `meta_keyword`, `meta_description`, `effect_page_enter`, `duration_page_enter`, `meta_page_effect`, `rvs_link_id`, `target`, `form_template_id`, `i_pathway`, `i_mail`, `i_print`, `i_favorite`, `last_modifier`, `link_active`, `page_type`, `blank_page`, `set_draft`, `is_member_page`) VALUES ('b6e48ffdb51555e2b7681f1fa70b414b', 'e966db2ccb35862561fc85127de800e5', 'BORANG BKeluang FASA 1A-T', 'Copied BORANG TRB FASA 2C', '4a60683c1fd1e6c5ee8edd8f1e86673b', '<img alt=\"\" class=\"jotForm\" id=\"DragAndDropForm_964710575619e2b3390017b997b4b71a\" name=\"DragAndDropForm_964710575619e2b3390017b997b4b71a\" src=\"{IMAGE_URL}/spacer.gif\" frmid=\"964710575619e2b3390017b997b4b71a\" formtype=\"jotform\" align=\"middle\" border=\"1\" height=\"600\" width=\"600\" /><br />\r\n<div>&nbsp;</div>\r\n<div>&nbsp;</div>\r\n<div>&nbsp;</div>\r\n<div>&nbsp;</div>', NULL, NULL, NULL, NULL, NULL, NULL, '1', NULL, NULL, NULL, NULL, NULL, NULL, NULL, '', '_self', '', NULL, NULL, NULL, NULL, '1450592893', NULL, NULL, '0', '0', '0');
REPLACE INTO `rvs_project_page` (`project_page_id`, `rvs_usr_id`, `page_name`, `custom_page_name`, `rvs_component_id`, `page_data`, `page_data_zone_2`, `page_data_zone_3`, `page_data_zone_4`, `colume_width_1`, `colume_width_2`, `colume_width_3`, `rvs_layout_id`, `head`, `page_title`, `meta_keyword`, `meta_description`, `effect_page_enter`, `duration_page_enter`, `meta_page_effect`, `rvs_link_id`, `target`, `form_template_id`, `i_pathway`, `i_mail`, `i_print`, `i_favorite`, `last_modifier`, `link_active`, `page_type`, `blank_page`, `set_draft`, `is_member_page`) VALUES ('5ee55ffa7860222db6e921d88ab641ed', 'e966db2ccb35862561fc85127de800e5', 'BORANG TKP FASA 1B', 'Copied BORANG TRB FASA 2C', '4a60683c1fd1e6c5ee8edd8f1e86673b', '<img alt=\"\" class=\"jotForm\" id=\"DragAndDropForm_cfe5fd4dc599faed808b1f0dfb6b538e\" name=\"DragAndDropForm_cfe5fd4dc599faed808b1f0dfb6b538e\" src=\"{IMAGE_URL}/spacer.gif\" frmid=\"cfe5fd4dc599faed808b1f0dfb6b538e\" formtype=\"jotform\" align=\"middle\" border=\"1\" height=\"600\" width=\"600\" /><br />\r\n<div>&nbsp;</div>\r\n<div>&nbsp;</div>\r\n<div>&nbsp;</div>\r\n<div>&nbsp;</div>', NULL, NULL, NULL, NULL, NULL, NULL, '1', NULL, NULL, NULL, NULL, NULL, NULL, NULL, '', '_self', '', NULL, NULL, NULL, NULL, '1450592443', NULL, NULL, '0', '0', '0');
REPLACE INTO `rvs_project_page` (`project_page_id`, `rvs_usr_id`, `page_name`, `custom_page_name`, `rvs_component_id`, `page_data`, `page_data_zone_2`, `page_data_zone_3`, `page_data_zone_4`, `colume_width_1`, `colume_width_2`, `colume_width_3`, `rvs_layout_id`, `head`, `page_title`, `meta_keyword`, `meta_description`, `effect_page_enter`, `duration_page_enter`, `meta_page_effect`, `rvs_link_id`, `target`, `form_template_id`, `i_pathway`, `i_mail`, `i_print`, `i_favorite`, `last_modifier`, `link_active`, `page_type`, `blank_page`, `set_draft`, `is_member_page`) VALUES ('e6cdb1002445fa344b7f1d8223ae5fa9', 'e966db2ccb35862561fc85127de800e5', 'TAMAN KOPERAT PERADONG, FASA 1B', 'Copied TAMAN KOPERAT PERADONG, FASA 1C', '', '<div>\r\n<p><span></span> <span></span> <span></span></p>\r\n<div align=\"center\"><span></span><strong>CADANGAN PERUMAHAN BERCAMPUR DI KAMPUNG BANGGOL PERADONG, MUKIM BELARA, MANIR,</strong></div>\r\n<div align=\"center\"><strong>DAERAH KUALA TERENGGANU, TERENGGANU DARUL IMAN.</strong></div>\r\n<div>\r\n<div>&nbsp;</div></div>\r\n<div>\r\n<div align=\"center\">\r\n<table style=\"border-collapse: collapse\" bgcolor=\"#f0f0f0\" border=\"5\" cellpadding=\"3\" cellspacing=\"0\" height=\"259\" width=\"714\">\r\n<tbody>\r\n<tr valign=\"top\">\r\n<td>\r\n<div>&nbsp;<strong>TAMAN KOPERAT PERADONG, FASA 1B</strong></div>\r\n<div>&nbsp;</div>\r\n<div align=\"left\">&nbsp;<img title=\"\" src=\"{IMAGE_URL}/SEMI-DTYPE1BKORPERAT.jpg\" alt=\"\" border=\"0\" height=\"116\" width=\"242\" /> </div>\r\n<div>&nbsp;</div>\r\n<div>&nbsp;Baca Seterusnya</div></td>\r\n<td>\r\n<div>&nbsp;</div></td>\r\n<td>\r\n<div><br />\r\n&nbsp;</div>\r\n<div>&nbsp;</div>\r\n<div>&nbsp;LOKASI : <strong>BANGGOL PERADONG, MANIR</strong></div>\r\n<div>&nbsp;</div>\r\n<div>&nbsp;JENIS HARTANAH : <strong>RUMAH BERKEMBAR 1 LAPIS</strong></div>\r\n<div>&nbsp;</div>\r\n<div>&nbsp;STATUS : <font style=\"font-size: larger\"><strong>DIBUKA JUALAN</strong></font></div>\r\n<div>&nbsp;</div>\r\n<div>&nbsp;</div>\r\n<div>&nbsp;&nbsp;&nbsp;&nbsp;&nbsp;&nbsp; <font style=\"font-size: medium\" color=\"#ff0000\"><strong>0 KEK0SONGAN </strong></font></div>\r\n<div><font style=\"font-size: medium\" color=\"#ff0000\"><strong>&nbsp;</strong></font></div>\r\n<div><font style=\"font-size: medium\" color=\"#ff0000\"><strong>&nbsp;</strong></font></div>\r\n<div>\r\n<div align=\"center\"><a href=\"5ee55ffa7860222db6e921d88ab641ed.php\" title=\"\" target=\"_blank\"><u><strong><span>ISI BORANG DALAM TALIAN</span></strong></u></a></div></div>\r\n<div><font style=\"font-size: medium\" color=\"#ff0000\"><strong>&nbsp;</strong></font></div>\r\n<div>\r\n<div align=\"center\"><strong><a target=\"_blank\" href=\"http://downloads.ziddu.com/download/23816260/Permohonan-BPeradong-SemiDv3.pdf.html\" title=\"\"><strong>MUAT TURUN BROSUR &amp; BORANG</strong></a></strong></div>\r\n<div align=\"center\"><strong>&nbsp;</strong></div>\r\n<div align=\"center\"><font style=\"font-size: medium\" color=\"#ff0000\"><strong> </strong></font></div></div></td></tr></tbody></table>&nbsp;</div></div>\r\n<div>\r\n<div>\r\n<div align=\"center\">\r\n<table style=\"border-collapse: collapse\" bgcolor=\"#e2e2e2\" border=\"1\" cellpadding=\"3\" cellspacing=\"0\" height=\"232\" width=\"714\">\r\n<tbody>\r\n<tr valign=\"top\">\r\n<td>\r\n<div>&nbsp;NAMA </div></td>\r\n<td>\r\n<div><strong>&nbsp;TAMAN KOPERAT PERADONG </strong></div></td></tr>\r\n<tr valign=\"top\">\r\n<td>\r\n<div>&nbsp;LOKASI </div></td>\r\n<td>\r\n<div><strong>&nbsp;BANGGOL PERADONG, MUKIM BELARA, MANIR,</strong></div>\r\n<div><strong>&nbsp;KUALA TERENGGANU </strong></div></td></tr>\r\n<tr valign=\"top\">\r\n<td>\r\n<div>&nbsp;JENIS HARTANAH </div></td>\r\n<td>\r\n<div><strong>&nbsp;RUMAH BERKEMBAR 1 LAPIS </strong></div></td></tr>\r\n<tr valign=\"top\">\r\n<td>\r\n<div>&nbsp;KELUASAN </div></td>\r\n<td>\r\n<div><strong>&nbsp;35\' X 75\'</strong></div></td></tr>\r\n<tr valign=\"top\">\r\n<td>\r\n<div>&nbsp;UNIT BILIK </div></td>\r\n<td>\r\n<div><strong>&nbsp;3</strong></div></td></tr>\r\n<tr valign=\"top\">\r\n<td>\r\n<div>&nbsp;UNIT TANDAS </div></td>\r\n<td>\r\n<div><strong>&nbsp;2</strong></div></td></tr>\r\n<tr valign=\"top\">\r\n<td>\r\n<div>&nbsp;HARGA </div></td>\r\n<td>\r\n<div><strong>&nbsp;RM 265,000.00 DAN KE ATAS (Lot Tengah)<br />\r\n</strong></div></td></tr>\r\n<tr valign=\"top\">\r\n<td>\r\n<div>&nbsp;POTONGAN</div></td>\r\n<td>\r\n<div><strong><font color=\"#0000ff\">&nbsp;</font></strong></div></td></tr>\r\n<tr valign=\"top\">\r\n<td>\r\n<div>&nbsp;KESELURUHAN UNIT </div></td>\r\n<td>\r\n<div><strong>&nbsp;28</strong></div></td></tr>\r\n<tr valign=\"top\">\r\n<td>&nbsp;STATUS</td>\r\n<td>\r\n<div><strong>&nbsp;SERAHAN KUNCI DNGN CCC 27.12.2015<br />\r\n</strong></div></td></tr>\r\n<tr valign=\"top\">\r\n<td>\r\n<div>&nbsp;KEKOSONGAN</div></td>\r\n<td>\r\n<div><strong>&nbsp;</strong><strong><font color=\"#ff0000\">0 UNIT </font><br />\r\n</strong></div></td></tr>\r\n<tr valign=\"top\">\r\n<td>\r\n<div>&nbsp;</div></td>\r\n<td align=\"center\">\r\n<div>\r\n<div align=\"center\"><a href=\"5ee55ffa7860222db6e921d88ab641ed.php\" title=\"\" target=\"_blank\"><u><strong><span>ISI BORANG DALAM TALIAN</span></strong></u></a></div></div></td></tr>\r\n<tr valign=\"top\">\r\n<td>\r\n<div>&nbsp;</div></td>\r\n<td align=\"center\">\r\n<div>\r\n<div><strong><a target=\"_blank\" href=\"http://downloads.ziddu.com/download/23816260/Permohonan-BPeradong-SemiDv3.pdf.html\" title=\"\"><strong>MUAT TURUN BROSUR &amp; BORANG</strong></a></strong></div></div></td></tr></tbody></table>&nbsp;</div>\r\n<div>\r\n<table id=\"rv_template_layout\" cellpadding=\"0\" cellspacing=\"0\" height=\"20\" width=\"712\">\r\n<tbody>\r\n<tr>\r\n<td align=\"left\" valign=\"top\">\r\n<div align=\"right\">\r\n<h2 style=\"margin: 2px; font-size: 1.3em\"><u><font size=\"2\"><strong><a href=\"#\" class=\"btnlink\">Ke Atas</a></strong></font></u></h2></div></td></tr></tbody></table>&nbsp;</div>\r\n<div>\r\n<div align=\"center\">\r\n<table style=\"border-collapse: collapse\" border=\"1\" bordercolor=\"#ffffff\" cellpadding=\"3\" cellspacing=\"0\" height=\"2008\" width=\"713\">\r\n<tbody>\r\n<tr align=\"center\" valign=\"top\">\r\n<td>\r\n<div>&nbsp;<img alt=\"\" title=\"\" src=\"{IMAGE_URL}/1bdpnv2724x1024.jpg\" border=\"0\" height=\"1000\" width=\"707\" /></div></td></tr>\r\n<tr align=\"center\" valign=\"top\">\r\n<td>\r\n<div>\r\n<div>&nbsp;<img alt=\"\" title=\"\" src=\"{IMAGE_URL}/1bblkgv2.jpg\" border=\"0\" height=\"1000\" width=\"707\" /></div></div>\r\n<div>\r\n<div>&nbsp;</div></div></td></tr></tbody></table></div></div>\r\n<div>\r\n<div align=\"center\">&nbsp;<img alt=\"\" title=\"\" src=\"{IMAGE_URL}/pelanbaru1926x1280.jpg\" border=\"0\" height=\"1000\" width=\"723\" /></div></div>\r\n<div>\r\n<div>\r\n<div>&nbsp;</div></div></div>\r\n<div align=\"center\">\r\n<table style=\"border-collapse: collapse\" border=\"1\" bordercolor=\"#ffffff\" cellpadding=\"3\" cellspacing=\"0\" height=\"221\" width=\"712\">\r\n<tbody>\r\n<tr valign=\"top\">\r\n<td align=\"center\">\r\n<div>&nbsp;<img alt=\"\" title=\"\" src=\"{IMAGE_URL}/SEMI-DTYPE1BKORPERAT.jpg\" border=\"0\" height=\"152\" width=\"316\" /></div></td>\r\n<td align=\"center\">\r\n<div align=\"center\">&nbsp;<a href=\"4e5ca5d8aade5022f653e974f855db98.php\" title=\"\"><img alt=\"\" title=\"\" src=\"{IMAGE_URL}/IMG-20150902-WA0062.jpg\" border=\"0\" height=\"156\" width=\"278\" /></a></div></td></tr>\r\n<tr valign=\"top\">\r\n<td align=\"center\">\r\n<div>&nbsp;<strong>ILUSTRASI</strong></div></td>\r\n<td align=\"center\">\r\n<div>&nbsp;<a href=\"4e5ca5d8aade5022f653e974f855db98.php\" title=\"\"><strong>STATUS TERKINI</strong></a></div></td></tr></tbody></table></div>\r\n<div>&nbsp;</div>\r\n<div>&nbsp;PERINGKAT KERJA : <strong><font style=\"font-size: medium\">100.00% (on site September, 2015)<br />\r\n</font></strong></div>\r\n<div>&nbsp;</div>\r\n<div>\r\n<div><strong>&nbsp;<a target=\"_blank\" href=\"http://youtu.be/doRf-d0GSkk\" title=\"\">TONTON VIDEO 1</a><br />\r\n</strong></div></div>\r\n<div><strong>&nbsp;</strong></div>\r\n<div><strong>&nbsp;</strong>\r\n<div align=\"left\"><a href=\"5ee55ffa7860222db6e921d88ab641ed.php\" title=\"\" target=\"_blank\"><span>&nbsp;</span><strong><span></span></strong><strong><span></span></strong><strong><span></span></strong><strong><span></span></strong><strong><span></span></strong><strong><span></span></strong><strong><span></span></strong><strong><span></span></strong><u><strong><span>ISI BORANG DALAM TALIAN</span></strong></u></a></div><strong> </strong></div>\r\n<div><strong><br />\r\n</strong></div>\r\n<div><strong>&nbsp;<a target=\"_blank\" href=\"http://downloads.ziddu.com/download/23816260/Permohonan-BPeradong-SemiDv3.pdf.html\" title=\"\">MUAT TURUN BROSUR &amp; BORANG</a><strong> @ </strong><a target=\"_blank\" href=\"http://goo.gl/bBYoX\" title=\"\"><strong></strong></a><strong><a href=\"http://www.koperat.com.my/PERTANYAAN.php\" title=\"\" target=\"_blank\">TINGGALKAN E-MEL UNTUK BORANG</a></strong></strong></div>\r\n<div>&nbsp;</div>\r\n<div><strong>&nbsp;** <a href=\"cd200c72585312def6b9135ed7bf2b56.php\" title=\"\">HUBUNGI KAMI SEKARANG UNTUK TEMPAHAN </a></strong></div>\r\n<div>\r\n<table id=\"rv_template_layout\" cellpadding=\"0\" cellspacing=\"0\" height=\"20\" width=\"712\">\r\n<tbody>\r\n<tr>\r\n<td align=\"left\" valign=\"top\">\r\n<div align=\"right\">\r\n<h2 style=\"margin: 2px; font-size: 1.3em\"><u><font size=\"2\"><strong><a href=\"#\" class=\"btnlink\">Ke Atas</a></strong></font></u></h2></div></td></tr></tbody></table>&nbsp;</div></div></div></div><!-- ####### LAYOUT CSS: MODIFY COLOR, FONT AND BOX SIZE HERE BUT DO NOT DELETE. ####### --><!-- ########################### END CSS LAYOUT ###########################  -->', NULL, NULL, NULL, NULL, NULL, NULL, '1', NULL, NULL, NULL, NULL, NULL, NULL, NULL, '', '', '', '0', NULL, NULL, NULL, '1471319354', NULL, NULL, '0', '0', '0');
