REPLACE INTO `question_properties` (`form_id`, `question_id`, `prop`, `value`) VALUES ('297cba3fb28e07c596ae04defb3530fd', '21', 'desc', NULL);
REPLACE INTO `question_properties` (`form_id`, `question_id`, `prop`, `value`) VALUES ('297cba3fb28e07c596ae04defb3530fd', '21', 'maxsize', '100');
REPLACE INTO `question_properties` (`form_id`, `question_id`, `prop`, `value`) VALUES ('297cba3fb28e07c596ae04defb3530fd', '21', 'required', 'no');
REPLACE INTO `question_properties` (`form_id`, `question_id`, `prop`, `value`) VALUES ('297cba3fb28e07c596ae04defb3530fd', '21', 'senderemail', 'no');
REPLACE INTO `question_properties` (`form_id`, `question_id`, `prop`, `value`) VALUES ('297cba3fb28e07c596ae04defb3530fd', '21', 'size', '20');
REPLACE INTO `question_properties` (`form_id`, `question_id`, `prop`, `value`) VALUES ('297cba3fb28e07c596ae04defb3530fd', '21', 'text', '>Nombor Lot / PT<');
REPLACE INTO `question_properties` (`form_id`, `question_id`, `prop`, `value`) VALUES ('297cba3fb28e07c596ae04defb3530fd', '21', 'validation', 'no');
REPLACE INTO `question_properties` (`form_id`, `question_id`, `prop`, `value`) VALUES ('297cba3fb28e07c596ae04defb3530fd', '22', 'desc', NULL);
REPLACE INTO `question_properties` (`form_id`, `question_id`, `prop`, `value`) VALUES ('297cba3fb28e07c596ae04defb3530fd', '22', 'options', 'Lelaki<br>Perempuan<br>');
REPLACE INTO `question_properties` (`form_id`, `question_id`, `prop`, `value`) VALUES ('297cba3fb28e07c596ae04defb3530fd', '22', 'required', 'yes');
REPLACE INTO `question_properties` (`form_id`, `question_id`, `prop`, `value`) VALUES ('297cba3fb28e07c596ae04defb3530fd', '22', 'size', '1');
REPLACE INTO `question_properties` (`form_id`, `question_id`, `prop`, `value`) VALUES ('297cba3fb28e07c596ae04defb3530fd', '22', 'special', 'none');
REPLACE INTO `question_properties` (`form_id`, `question_id`, `prop`, `value`) VALUES ('297cba3fb28e07c596ae04defb3530fd', '22', 'text', '>Jantina<');
REPLACE INTO `question_properties` (`form_id`, `question_id`, `prop`, `value`) VALUES ('297cba3fb28e07c596ae04defb3530fd', '23', 'desc', NULL);
REPLACE INTO `question_properties` (`form_id`, `question_id`, `prop`, `value`) VALUES ('297cba3fb28e07c596ae04defb3530fd', '23', 'maxsize', '100');
REPLACE INTO `question_properties` (`form_id`, `question_id`, `prop`, `value`) VALUES ('297cba3fb28e07c596ae04defb3530fd', '23', 'required', 'yes');
REPLACE INTO `question_properties` (`form_id`, `question_id`, `prop`, `value`) VALUES ('297cba3fb28e07c596ae04defb3530fd', '23', 'senderemail', 'no');
REPLACE INTO `question_properties` (`form_id`, `question_id`, `prop`, `value`) VALUES ('297cba3fb28e07c596ae04defb3530fd', '23', 'size', '20');
REPLACE INTO `question_properties` (`form_id`, `question_id`, `prop`, `value`) VALUES ('297cba3fb28e07c596ae04defb3530fd', '23', 'text', '>No. Telefon (Rumah/tetap)<');
REPLACE INTO `question_properties` (`form_id`, `question_id`, `prop`, `value`) VALUES ('297cba3fb28e07c596ae04defb3530fd', '23', 'validation', 'no');
REPLACE INTO `question_properties` (`form_id`, `question_id`, `prop`, `value`) VALUES ('297cba3fb28e07c596ae04defb3530fd', '24', 'desc', NULL);
REPLACE INTO `question_properties` (`form_id`, `question_id`, `prop`, `value`) VALUES ('297cba3fb28e07c596ae04defb3530fd', '24', 'options', 'Melayu<br>Cina<br>India<br>Lain-lain');
REPLACE INTO `question_properties` (`form_id`, `question_id`, `prop`, `value`) VALUES ('297cba3fb28e07c596ae04defb3530fd', '24', 'required', 'yes');
REPLACE INTO `question_properties` (`form_id`, `question_id`, `prop`, `value`) VALUES ('297cba3fb28e07c596ae04defb3530fd', '24', 'size', '1');
REPLACE INTO `question_properties` (`form_id`, `question_id`, `prop`, `value`) VALUES ('297cba3fb28e07c596ae04defb3530fd', '24', 'special', 'none');
REPLACE INTO `question_properties` (`form_id`, `question_id`, `prop`, `value`) VALUES ('297cba3fb28e07c596ae04defb3530fd', '24', 'text', '>Bangsa<');
REPLACE INTO `question_properties` (`form_id`, `question_id`, `prop`, `value`) VALUES ('297cba3fb28e07c596ae04defb3530fd', '25', 'desc', NULL);
REPLACE INTO `question_properties` (`form_id`, `question_id`, `prop`, `value`) VALUES ('297cba3fb28e07c596ae04defb3530fd', '25', 'options', 'Bujang<br>Berkahwin<br>Lain-lain');
REPLACE INTO `question_properties` (`form_id`, `question_id`, `prop`, `value`) VALUES ('297cba3fb28e07c596ae04defb3530fd', '25', 'required', 'yes');
REPLACE INTO `question_properties` (`form_id`, `question_id`, `prop`, `value`) VALUES ('297cba3fb28e07c596ae04defb3530fd', '25', 'size', '1');
REPLACE INTO `question_properties` (`form_id`, `question_id`, `prop`, `value`) VALUES ('297cba3fb28e07c596ae04defb3530fd', '25', 'special', 'none');
REPLACE INTO `question_properties` (`form_id`, `question_id`, `prop`, `value`) VALUES ('297cba3fb28e07c596ae04defb3530fd', '25', 'text', '>Status Perkahwinan<');
REPLACE INTO `question_properties` (`form_id`, `question_id`, `prop`, `value`) VALUES ('297cba3fb28e07c596ae04defb3530fd', '26', 'desc', NULL);
REPLACE INTO `question_properties` (`form_id`, `question_id`, `prop`, `value`) VALUES ('297cba3fb28e07c596ae04defb3530fd', '26', 'options', 'Warganegara<br>Bukan Warganegara');
REPLACE INTO `question_properties` (`form_id`, `question_id`, `prop`, `value`) VALUES ('297cba3fb28e07c596ae04defb3530fd', '26', 'required', 'yes');
REPLACE INTO `question_properties` (`form_id`, `question_id`, `prop`, `value`) VALUES ('297cba3fb28e07c596ae04defb3530fd', '26', 'size', '1');
REPLACE INTO `question_properties` (`form_id`, `question_id`, `prop`, `value`) VALUES ('297cba3fb28e07c596ae04defb3530fd', '26', 'special', 'none');
REPLACE INTO `question_properties` (`form_id`, `question_id`, `prop`, `value`) VALUES ('297cba3fb28e07c596ae04defb3530fd', '26', 'text', '>Warganegara<');
REPLACE INTO `question_properties` (`form_id`, `question_id`, `prop`, `value`) VALUES ('297cba3fb28e07c596ae04defb3530fd', '27', 'text', '>1. MAKLUMAT PEMOHON<');
REPLACE INTO `question_properties` (`form_id`, `question_id`, `prop`, `value`) VALUES ('297cba3fb28e07c596ae04defb3530fd', '28', 'text', '>undefined<');
REPLACE INTO `question_properties` (`form_id`, `question_id`, `prop`, `value`) VALUES ('297cba3fb28e07c596ae04defb3530fd', '28', 'value', NULL);
REPLACE INTO `question_properties` (`form_id`, `question_id`, `prop`, `value`) VALUES ('297cba3fb28e07c596ae04defb3530fd', '29', 'text', '>2. PEKERJAAN<');
REPLACE INTO `question_properties` (`form_id`, `question_id`, `prop`, `value`) VALUES ('297cba3fb28e07c596ae04defb3530fd', '30', 'text', '>undefined<');
REPLACE INTO `question_properties` (`form_id`, `question_id`, `prop`, `value`) VALUES ('297cba3fb28e07c596ae04defb3530fd', '30', 'value', NULL);
REPLACE INTO `question_properties` (`form_id`, `question_id`, `prop`, `value`) VALUES ('297cba3fb28e07c596ae04defb3530fd', '31', 'desc', NULL);
REPLACE INTO `question_properties` (`form_id`, `question_id`, `prop`, `value`) VALUES ('297cba3fb28e07c596ae04defb3530fd', '31', 'options', 'RM6,500.00 ke atas<br>RM5,500.00 - RM6,499.00<br>RM4,500.00 - RM5,499.00<br>RM3,500.00 - RM4,499.00<br>RM3,000.00 - RM3,499.00<br>RM2,500.00 - RM2,999.00<br>RM2,000.00 - RM2,499.00<br>RM1,500.00 - RM1,999.00<br>RM1,200.00 - RM1,499.00<br>Bawah RM1,199.00');
REPLACE INTO `question_properties` (`form_id`, `question_id`, `prop`, `value`) VALUES ('297cba3fb28e07c596ae04defb3530fd', '31', 'required', 'yes');
REPLACE INTO `question_properties` (`form_id`, `question_id`, `prop`, `value`) VALUES ('297cba3fb28e07c596ae04defb3530fd', '31', 'size', '1');
REPLACE INTO `question_properties` (`form_id`, `question_id`, `prop`, `value`) VALUES ('297cba3fb28e07c596ae04defb3530fd', '31', 'special', 'none');
REPLACE INTO `question_properties` (`form_id`, `question_id`, `prop`, `value`) VALUES ('297cba3fb28e07c596ae04defb3530fd', '31', 'text', '>Pendapatan Bulanan<');
REPLACE INTO `question_properties` (`form_id`, `question_id`, `prop`, `value`) VALUES ('297cba3fb28e07c596ae04defb3530fd', '32', 'cols', '36');
REPLACE INTO `question_properties` (`form_id`, `question_id`, `prop`, `value`) VALUES ('297cba3fb28e07c596ae04defb3530fd', '32', 'desc', NULL);
REPLACE INTO `question_properties` (`form_id`, `question_id`, `prop`, `value`) VALUES ('297cba3fb28e07c596ae04defb3530fd', '32', 'required', 'no');
REPLACE INTO `question_properties` (`form_id`, `question_id`, `prop`, `value`) VALUES ('297cba3fb28e07c596ae04defb3530fd', '32', 'rows', '8');
REPLACE INTO `question_properties` (`form_id`, `question_id`, `prop`, `value`) VALUES ('297cba3fb28e07c596ae04defb3530fd', '32', 'text', '>Alamat Majikan<');
REPLACE INTO `question_properties` (`form_id`, `question_id`, `prop`, `value`) VALUES ('297cba3fb28e07c596ae04defb3530fd', '32', 'validation', 'no');
REPLACE INTO `question_properties` (`form_id`, `question_id`, `prop`, `value`) VALUES ('297cba3fb28e07c596ae04defb3530fd', '33', 'text', '>undefined<');
REPLACE INTO `question_properties` (`form_id`, `question_id`, `prop`, `value`) VALUES ('297cba3fb28e07c596ae04defb3530fd', '33', 'value', NULL);
REPLACE INTO `question_properties` (`form_id`, `question_id`, `prop`, `value`) VALUES ('297cba3fb28e07c596ae04defb3530fd', '34', 'text', '>3. JENIS LOT RUMAH / BANGUNAN YANG DIPOHON<');
REPLACE INTO `question_properties` (`form_id`, `question_id`, `prop`, `value`) VALUES ('297cba3fb28e07c596ae04defb3530fd', '35', 'desc', NULL);
REPLACE INTO `question_properties` (`form_id`, `question_id`, `prop`, `value`) VALUES ('297cba3fb28e07c596ae04defb3530fd', '35', 'options', 'Tepi<br>Tengah');
REPLACE INTO `question_properties` (`form_id`, `question_id`, `prop`, `value`) VALUES ('297cba3fb28e07c596ae04defb3530fd', '35', 'required', 'yes');
REPLACE INTO `question_properties` (`form_id`, `question_id`, `prop`, `value`) VALUES ('297cba3fb28e07c596ae04defb3530fd', '35', 'size', '1');
REPLACE INTO `question_properties` (`form_id`, `question_id`, `prop`, `value`) VALUES ('297cba3fb28e07c596ae04defb3530fd', '35', 'special', 'none');
REPLACE INTO `question_properties` (`form_id`, `question_id`, `prop`, `value`) VALUES ('297cba3fb28e07c596ae04defb3530fd', '35', 'text', '>Jenis Lot<');
REPLACE INTO `question_properties` (`form_id`, `question_id`, `prop`, `value`) VALUES ('297cba3fb28e07c596ae04defb3530fd', '36', 'text', '>undefined<');
REPLACE INTO `question_properties` (`form_id`, `question_id`, `prop`, `value`) VALUES ('297cba3fb28e07c596ae04defb3530fd', '36', 'value', NULL);
REPLACE INTO `question_properties` (`form_id`, `question_id`, `prop`, `value`) VALUES ('297cba3fb28e07c596ae04defb3530fd', '37', 'text', '>4. CARA PEMBAYARAN<');
REPLACE INTO `question_properties` (`form_id`, `question_id`, `prop`, `value`) VALUES ('297cba3fb28e07c596ae04defb3530fd', '38', 'checked', 'no');
REPLACE INTO `question_properties` (`form_id`, `question_id`, `prop`, `value`) VALUES ('297cba3fb28e07c596ae04defb3530fd', '38', 'desc', NULL);
REPLACE INTO `question_properties` (`form_id`, `question_id`, `prop`, `value`) VALUES ('297cba3fb28e07c596ae04defb3530fd', '38', 'options', 'Institusi Kewangan / Bank<br>Kerajaan<br>Majikan<br>Tunai<br>Lain-lain');
REPLACE INTO `question_properties` (`form_id`, `question_id`, `prop`, `value`) VALUES ('297cba3fb28e07c596ae04defb3530fd', '38', 'required', 'yes');
REPLACE INTO `question_properties` (`form_id`, `question_id`, `prop`, `value`) VALUES ('297cba3fb28e07c596ae04defb3530fd', '38', 'text', '>Pinjaman Perumahan<');
REPLACE INTO `question_properties` (`form_id`, `question_id`, `prop`, `value`) VALUES ('297cba3fb28e07c596ae04defb3530fd', '39', 'desc', NULL);
REPLACE INTO `question_properties` (`form_id`, `question_id`, `prop`, `value`) VALUES ('297cba3fb28e07c596ae04defb3530fd', '39', 'extensions', 'doc, docx, xls, xlsx, pdf, ppt, pptx, txt, html, htm, rtf, pps, ppsx, zip, tar, gzip, bzip, sit, dmg, jpg, jpeg, gif, png, asf, asx, flv, h264, mov, mp3, mp4, swf, wax, wma, wmv, wvx, wpl, xspf');
REPLACE INTO `question_properties` (`form_id`, `question_id`, `prop`, `value`) VALUES ('297cba3fb28e07c596ae04defb3530fd', '39', 'maxsize', '5000');
REPLACE INTO `question_properties` (`form_id`, `question_id`, `prop`, `value`) VALUES ('297cba3fb28e07c596ae04defb3530fd', '39', 'required', 'no');
REPLACE INTO `question_properties` (`form_id`, `question_id`, `prop`, `value`) VALUES ('297cba3fb28e07c596ae04defb3530fd', '39', 'text', '&gt;Slip Gaji Terkini&lt;');
REPLACE INTO `question_properties` (`form_id`, `question_id`, `prop`, `value`) VALUES ('297cba3fb28e07c596ae04defb3530fd', '40', 'desc', NULL);
REPLACE INTO `question_properties` (`form_id`, `question_id`, `prop`, `value`) VALUES ('297cba3fb28e07c596ae04defb3530fd', '40', 'text', '>Pengesahan<');
REPLACE INTO `question_properties` (`form_id`, `question_id`, `prop`, `value`) VALUES ('297cba3fb28e07c596ae04defb3530fd', '41', 'text', '>undefined<');
REPLACE INTO `question_properties` (`form_id`, `question_id`, `prop`, `value`) VALUES ('297cba3fb28e07c596ae04defb3530fd', '41', 'value', NULL);
REPLACE INTO `question_properties` (`form_id`, `question_id`, `prop`, `value`) VALUES ('297cba3fb28e07c596ae04defb3530fd', '42', 'text', '>undefined<');
REPLACE INTO `question_properties` (`form_id`, `question_id`, `prop`, `value`) VALUES ('297cba3fb28e07c596ae04defb3530fd', '42', 'value', NULL);
REPLACE INTO `question_properties` (`form_id`, `question_id`, `prop`, `value`) VALUES ('297cba3fb28e07c596ae04defb3530fd', '43', 'text', '>undefined<');
REPLACE INTO `question_properties` (`form_id`, `question_id`, `prop`, `value`) VALUES ('297cba3fb28e07c596ae04defb3530fd', '43', 'value', NULL);
REPLACE INTO `question_properties` (`form_id`, `question_id`, `prop`, `value`) VALUES ('297cba3fb28e07c596ae04defb3530fd', '44', 'text', '>NOTA : [1. KOPERAT berhak menolak pendaftaran jika maklumat tidak lengkap / tepat.] [2. KOPERAT berhad membatalkan pendaftaran selepas 6 bulan tanpa notis.] [3. Harga adalah tertakluk kepada pindaan terakhir.]<');
REPLACE INTO `question_properties` (`form_id`, `question_id`, `prop`, `value`) VALUES ('297cba3fb28e07c596ae04defb3530fd', '45', 'text', '>undefined<');
REPLACE INTO `question_properties` (`form_id`, `question_id`, `prop`, `value`) VALUES ('297cba3fb28e07c596ae04defb3530fd', '45', 'value', NULL);
REPLACE INTO `question_properties` (`form_id`, `question_id`, `prop`, `value`) VALUES ('297cba3fb28e07c596ae04defb3530fd', '999', 'alignment', 'default');
REPLACE INTO `question_properties` (`form_id`, `question_id`, `prop`, `value`) VALUES ('297cba3fb28e07c596ae04defb3530fd', '999', 'background', 'white');
REPLACE INTO `question_properties` (`form_id`, `question_id`, `prop`, `value`) VALUES ('297cba3fb28e07c596ae04defb3530fd', '999', 'conf_body', 'Thanks for submitting our form, we will get back to you as soon as possible.');
REPLACE INTO `question_properties` (`form_id`, `question_id`, `prop`, `value`) VALUES ('297cba3fb28e07c596ae04defb3530fd', '999', 'conf_send', 'no');
REPLACE INTO `question_properties` (`form_id`, `question_id`, `prop`, `value`) VALUES ('297cba3fb28e07c596ae04defb3530fd', '999', 'conf_subj', 'Borang TRB Fasa 3B');
REPLACE INTO `question_properties` (`form_id`, `question_id`, `prop`, `value`) VALUES ('297cba3fb28e07c596ae04defb3530fd', '999', 'disabled', 'Enabled');
REPLACE INTO `question_properties` (`form_id`, `question_id`, `prop`, `value`) VALUES ('297cba3fb28e07c596ae04defb3530fd', '999', 'email', 'yes');
REPLACE INTO `question_properties` (`form_id`, `question_id`, `prop`, `value`) VALUES ('297cba3fb28e07c596ae04defb3530fd', '999', 'email_addr', 'sales@koperat.com.my');
REPLACE INTO `question_properties` (`form_id`, `question_id`, `prop`, `value`) VALUES ('297cba3fb28e07c596ae04defb3530fd', '999', 'ext_sendpostdata', 'no');
REPLACE INTO `question_properties` (`form_id`, `question_id`, `prop`, `value`) VALUES ('297cba3fb28e07c596ae04defb3530fd', '999', 'font', 'Verdana');
REPLACE INTO `question_properties` (`form_id`, `question_id`, `prop`, `value`) VALUES ('297cba3fb28e07c596ae04defb3530fd', '999', 'fontcolor', '#48345a');
REPLACE INTO `question_properties` (`form_id`, `question_id`, `prop`, `value`) VALUES ('297cba3fb28e07c596ae04defb3530fd', '999', 'fontsize', '12');
REPLACE INTO `question_properties` (`form_id`, `question_id`, `prop`, `value`) VALUES ('297cba3fb28e07c596ae04defb3530fd', '999', 'not_subj', 'New Submission: {qForm Title}');
REPLACE INTO `question_properties` (`form_id`, `question_id`, `prop`, `value`) VALUES ('297cba3fb28e07c596ae04defb3530fd', '999', 'rvcolor', 'JF062.ini.php');
REPLACE INTO `question_properties` (`form_id`, `question_id`, `prop`, `value`) VALUES ('297cba3fb28e07c596ae04defb3530fd', '999', 'sendpostdata', 'yes');
REPLACE INTO `question_properties` (`form_id`, `question_id`, `prop`, `value`) VALUES ('297cba3fb28e07c596ae04defb3530fd', '999', 'spamcheck', 'Enabled');
REPLACE INTO `question_properties` (`form_id`, `question_id`, `prop`, `value`) VALUES ('297cba3fb28e07c596ae04defb3530fd', '999', 'thanktext', '<div>\n<div>\n<div>Terima kasih atas pengisian. Pihak KOPERAT akan memproses permohonan Anda.</div></div>\n<div>\n<div>&nbsp;</div></div>\n<div>\n<div>\n<div><br />\n<strong><font color=\"#ff00aa\">Sila hantarkan</font></strong> 2 salinan dokuken-dokumen berikut ke pejabat kami dengan segera;</div>\n<div>Sekiranya Permohonan Anda Berjaya.&nbsp; </div>\n<div>(Nyatakan Projek / Kategori Rumah yang dipohon)<br />\n<br />\n&nbsp;<br />\na) Salinan Kad Pengenalan.<br />\n&nbsp;<br />\nb) Slip Gaji 6 bulan terkini ( pinjaman Bank / Kerajaan ).<br />\n&nbsp;<br />\nc) Surat Pengesahan Jawatan ( pinjaman Bank )<br />\n&nbsp;<br />\nd) Surat Pengesahan Perkhidmatan ( pinjaman Kerajaan ).<br />\n&nbsp;<br />\ne) Surat Pengesahan Lantikan ( pinjaman Kerajaan ).<br />\n<br />f) Surat Iringan - mengikut format ( pinjaman Kerajaan ).<br />\n&nbsp;<br />\ng) Borang EA/Cukai Pendapatan LHDN beserta resit bayaran ( pinjaman Bank / Berniaga ).<br />\n&nbsp;<br />\nh) Salinan Penyata Akaun Bank 6 bulan terkini ( pinjaman Bank / Kerajaan / Berniaga ).<br />\n&nbsp;<br />\ni) Pendaftaran Perniagaan ( pinjaman Bank / Berniaga ).<br />\n&nbsp;<br />\nj) Penyata Bank Syarikat 6 bulan terkini ( pinjaman Bank / Berniaga ).<br />\n&nbsp;<br />\nk) Penyata KWSP terkini ( pinjaman Bank ).<br />\n<br />l) Lain-lain dokumen, jika berkaitan.<br />\n&nbsp;<br />\n<br /><br />\n* <strong><font color=\"#ff0000\">Sila Pastikan</font></strong> <u><font color=\"#aa00ff\">E-mail dan Maklumat</font></u> Anda Adalah Betul Untuk Penerimaan Maklumbalas Daripada KOPERAT.<br />\n&nbsp;<br />\n&nbsp;<br />\n<br />Makluman Lanjut Sila Hubungi, Hantar @ Fax kan Borang anda ke;<br />\n&nbsp;<br />\n<strong>KONSORTIUM PERUMAHAN RAKYAT TERENGGANU SDN. BHD.<br />\n</strong><br />\nWisma GPQ, Lot 4564, Tingkat 1 &amp; 2<br />\n<br />Desa MPKT, Chendering, 21080 Kuala Terengganu<br />\n<br />Tel : 09-617 3405 / 617 6405&nbsp;&nbsp;&nbsp; Fax : 09-617 7404<br />\n<br />Website : <a href=\"http://www.koperat.com.my/\" title=\"\" target=\"_blank\"><strong>www.koperat.com.my</strong></a><br />\n<br />Page : <strong><a href=\"http://www.facebook.com/pages/Koperat/197111670306770\" title=\"\" target=\"_blank\">facebook.com / koperat</a></strong><br />\n<br />Email : koperat96@gmail.com<br />\n&nbsp;<br />\n&nbsp; </div></div></div></div>');
REPLACE INTO `question_properties` (`form_id`, `question_id`, `prop`, `value`) VALUES ('297cba3fb28e07c596ae04defb3530fd', '999', 'theme', 'Default');
REPLACE INTO `question_properties` (`form_id`, `question_id`, `prop`, `value`) VALUES ('297cba3fb28e07c596ae04defb3530fd', '999', 'use_buildin_formmail', 'yes');
REPLACE INTO `question_properties` (`form_id`, `question_id`, `prop`, `value`) VALUES ('297cba3fb28e07c596ae04defb3530fd', '999', 'width', '100%');
REPLACE INTO `question_utf8` (`form_id`, `utf8format`) VALUES ('297cba3fb28e07c596ae04defb3530fd', '1');
REPLACE INTO `forms` (`id`, `username`, `title`, `height`, `status`) VALUES ('964710575619e2b3390017b997b4b71a', 'a7ec09dce63b814be39611d58a2e3078', 'contact us', '1780', 'undefined');
REPLACE INTO `questions` (`form_id`, `id`, `order`, `type`) VALUES ('964710575619e2b3390017b997b4b71a', '0', '8', 'control_textbox');
REPLACE INTO `questions` (`form_id`, `id`, `order`, `type`) VALUES ('964710575619e2b3390017b997b4b71a', '1', '10', 'control_textbox');
REPLACE INTO `questions` (`form_id`, `id`, `order`, `type`) VALUES ('964710575619e2b3390017b997b4b71a', '2', '17', 'control_textbox');
REPLACE INTO `questions` (`form_id`, `id`, `order`, `type`) VALUES ('964710575619e2b3390017b997b4b71a', '7', '9', 'control_textarea');
REPLACE INTO `questions` (`form_id`, `id`, `order`, `type`) VALUES ('964710575619e2b3390017b997b4b71a', '8', '39', 'control_button');
REPLACE INTO `questions` (`form_id`, `id`, `order`, `type`) VALUES ('964710575619e2b3390017b997b4b71a', '12', '15', 'control_textbox');
REPLACE INTO `questions` (`form_id`, `id`, `order`, `type`) VALUES ('964710575619e2b3390017b997b4b71a', '13', '1', 'control_head');
REPLACE INTO `questions` (`form_id`, `id`, `order`, `type`) VALUES ('964710575619e2b3390017b997b4b71a', '14', '2', 'control_text');
REPLACE INTO `questions` (`form_id`, `id`, `order`, `type`) VALUES ('964710575619e2b3390017b997b4b71a', '15', '3', 'control_text');
REPLACE INTO `questions` (`form_id`, `id`, `order`, `type`) VALUES ('964710575619e2b3390017b997b4b71a', '16', '4', 'control_text');
REPLACE INTO `questions` (`form_id`, `id`, `order`, `type`) VALUES ('964710575619e2b3390017b997b4b71a', '17', '5', 'control_text');
REPLACE INTO `questions` (`form_id`, `id`, `order`, `type`) VALUES ('964710575619e2b3390017b997b4b71a', '18', '22', 'control_textbox');
REPLACE INTO `questions` (`form_id`, `id`, `order`, `type`) VALUES ('964710575619e2b3390017b997b4b71a', '19', '24', 'control_textbox');
REPLACE INTO `questions` (`form_id`, `id`, `order`, `type`) VALUES ('964710575619e2b3390017b997b4b71a', '20', '20', 'control_textbox');
REPLACE INTO `questions` (`form_id`, `id`, `order`, `type`) VALUES ('964710575619e2b3390017b997b4b71a', '21', '28', 'control_textbox');
REPLACE INTO `questions` (`form_id`, `id`, `order`, `type`) VALUES ('964710575619e2b3390017b997b4b71a', '22', '11', 'control_dropdown');
REPLACE INTO `questions` (`form_id`, `id`, `order`, `type`) VALUES ('964710575619e2b3390017b997b4b71a', '23', '16', 'control_textbox');
REPLACE INTO `questions` (`form_id`, `id`, `order`, `type`) VALUES ('964710575619e2b3390017b997b4b71a', '24', '12', 'control_dropdown');
REPLACE INTO `questions` (`form_id`, `id`, `order`, `type`) VALUES ('964710575619e2b3390017b997b4b71a', '25', '14', 'control_dropdown');
REPLACE INTO `questions` (`form_id`, `id`, `order`, `type`) VALUES ('964710575619e2b3390017b997b4b71a', '26', '13', 'control_dropdown');
REPLACE INTO `questions` (`form_id`, `id`, `order`, `type`) VALUES ('964710575619e2b3390017b997b4b71a', '27', '7', 'control_text');
REPLACE INTO `questions` (`form_id`, `id`, `order`, `type`) VALUES ('964710575619e2b3390017b997b4b71a', '28', '6', 'control_hidden');
REPLACE INTO `questions` (`form_id`, `id`, `order`, `type`) VALUES ('964710575619e2b3390017b997b4b71a', '29', '19', 'control_text');
REPLACE INTO `questions` (`form_id`, `id`, `order`, `type`) VALUES ('964710575619e2b3390017b997b4b71a', '30', '18', 'control_hidden');
REPLACE INTO `questions` (`form_id`, `id`, `order`, `type`) VALUES ('964710575619e2b3390017b997b4b71a', '31', '21', 'control_dropdown');
REPLACE INTO `questions` (`form_id`, `id`, `order`, `type`) VALUES ('964710575619e2b3390017b997b4b71a', '32', '23', 'control_textarea');
REPLACE INTO `questions` (`form_id`, `id`, `order`, `type`) VALUES ('964710575619e2b3390017b997b4b71a', '33', '25', 'control_hidden');
REPLACE INTO `questions` (`form_id`, `id`, `order`, `type`) VALUES ('964710575619e2b3390017b997b4b71a', '34', '26', 'control_text');
REPLACE INTO `questions` (`form_id`, `id`, `order`, `type`) VALUES ('964710575619e2b3390017b997b4b71a', '35', '27', 'control_dropdown');
REPLACE INTO `questions` (`form_id`, `id`, `order`, `type`) VALUES ('964710575619e2b3390017b997b4b71a', '36', '29', 'control_hidden');
REPLACE INTO `questions` (`form_id`, `id`, `order`, `type`) VALUES ('964710575619e2b3390017b997b4b71a', '37', '30', 'control_text');
REPLACE INTO `questions` (`form_id`, `id`, `order`, `type`) VALUES ('964710575619e2b3390017b997b4b71a', '38', '31', 'control_checkbox');
REPLACE INTO `questions` (`form_id`, `id`, `order`, `type`) VALUES ('964710575619e2b3390017b997b4b71a', '39', '33', 'control_fileupload');
REPLACE INTO `questions` (`form_id`, `id`, `order`, `type`) VALUES ('964710575619e2b3390017b997b4b71a', '40', '37', 'control_captcha');
REPLACE INTO `questions` (`form_id`, `id`, `order`, `type`) VALUES ('964710575619e2b3390017b997b4b71a', '41', '32', 'control_hidden');
REPLACE INTO `questions` (`form_id`, `id`, `order`, `type`) VALUES ('964710575619e2b3390017b997b4b71a', '42', '34', 'control_hidden');
REPLACE INTO `questions` (`form_id`, `id`, `order`, `type`) VALUES ('964710575619e2b3390017b997b4b71a', '43', '38', 'control_hidden');
REPLACE INTO `questions` (`form_id`, `id`, `order`, `type`) VALUES ('964710575619e2b3390017b997b4b71a', '44', '35', 'control_text');
REPLACE INTO `questions` (`form_id`, `id`, `order`, `type`) VALUES ('964710575619e2b3390017b997b4b71a', '45', '36', 'control_hidden');
REPLACE INTO `question_properties` (`form_id`, `question_id`, `prop`, `value`) VALUES ('964710575619e2b3390017b997b4b71a', '0', 'desc', NULL);
REPLACE INTO `question_properties` (`form_id`, `question_id`, `prop`, `value`) VALUES ('964710575619e2b3390017b997b4b71a', '0', 'maxsize', '100');
REPLACE INTO `question_properties` (`form_id`, `question_id`, `prop`, `value`) VALUES ('964710575619e2b3390017b997b4b71a', '0', 'required', 'yes');
REPLACE INTO `question_properties` (`form_id`, `question_id`, `prop`, `value`) VALUES ('964710575619e2b3390017b997b4b71a', '0', 'senderemail', 'no');
REPLACE INTO `question_properties` (`form_id`, `question_id`, `prop`, `value`) VALUES ('964710575619e2b3390017b997b4b71a', '0', 'size', '48');
REPLACE INTO `question_properties` (`form_id`, `question_id`, `prop`, `value`) VALUES ('964710575619e2b3390017b997b4b71a', '0', 'text', 'Nama Penuh');
REPLACE INTO `question_properties` (`form_id`, `question_id`, `prop`, `value`) VALUES ('964710575619e2b3390017b997b4b71a', '0', 'validation', 'no');
REPLACE INTO `question_properties` (`form_id`, `question_id`, `prop`, `value`) VALUES ('964710575619e2b3390017b997b4b71a', '1', 'desc', NULL);
REPLACE INTO `question_properties` (`form_id`, `question_id`, `prop`, `value`) VALUES ('964710575619e2b3390017b997b4b71a', '1', 'maxsize', '100');
REPLACE INTO `question_properties` (`form_id`, `question_id`, `prop`, `value`) VALUES ('964710575619e2b3390017b997b4b71a', '1', 'required', 'yes');
REPLACE INTO `question_properties` (`form_id`, `question_id`, `prop`, `value`) VALUES ('964710575619e2b3390017b997b4b71a', '1', 'senderemail', 'no');
REPLACE INTO `question_properties` (`form_id`, `question_id`, `prop`, `value`) VALUES ('964710575619e2b3390017b997b4b71a', '1', 'size', '20');
REPLACE INTO `question_properties` (`form_id`, `question_id`, `prop`, `value`) VALUES ('964710575619e2b3390017b997b4b71a', '1', 'text', 'No. K/P Pengenalan');
REPLACE INTO `question_properties` (`form_id`, `question_id`, `prop`, `value`) VALUES ('964710575619e2b3390017b997b4b71a', '1', 'validation', 'no');
REPLACE INTO `question_properties` (`form_id`, `question_id`, `prop`, `value`) VALUES ('964710575619e2b3390017b997b4b71a', '2', 'desc', NULL);
REPLACE INTO `question_properties` (`form_id`, `question_id`, `prop`, `value`) VALUES ('964710575619e2b3390017b997b4b71a', '2', 'maxsize', '100');
REPLACE INTO `question_properties` (`form_id`, `question_id`, `prop`, `value`) VALUES ('964710575619e2b3390017b997b4b71a', '2', 'required', 'yes');
REPLACE INTO `question_properties` (`form_id`, `question_id`, `prop`, `value`) VALUES ('964710575619e2b3390017b997b4b71a', '2', 'senderemail', 'no');
REPLACE INTO `question_properties` (`form_id`, `question_id`, `prop`, `value`) VALUES ('964710575619e2b3390017b997b4b71a', '2', 'size', '30');
REPLACE INTO `question_properties` (`form_id`, `question_id`, `prop`, `value`) VALUES ('964710575619e2b3390017b997b4b71a', '2', 'text', 'E-mail');
REPLACE INTO `question_properties` (`form_id`, `question_id`, `prop`, `value`) VALUES ('964710575619e2b3390017b997b4b71a', '2', 'validation', 'Email');
REPLACE INTO `question_properties` (`form_id`, `question_id`, `prop`, `value`) VALUES ('964710575619e2b3390017b997b4b71a', '7', 'cols', '36');
REPLACE INTO `question_properties` (`form_id`, `question_id`, `prop`, `value`) VALUES ('964710575619e2b3390017b997b4b71a', '7', 'desc', NULL);
REPLACE INTO `question_properties` (`form_id`, `question_id`, `prop`, `value`) VALUES ('964710575619e2b3390017b997b4b71a', '7', 'required', 'yes');
REPLACE INTO `question_properties` (`form_id`, `question_id`, `prop`, `value`) VALUES ('964710575619e2b3390017b997b4b71a', '7', 'rows', '8');
REPLACE INTO `question_properties` (`form_id`, `question_id`, `prop`, `value`) VALUES ('964710575619e2b3390017b997b4b71a', '7', 'text', 'Alamat Penuh');
REPLACE INTO `question_properties` (`form_id`, `question_id`, `prop`, `value`) VALUES ('964710575619e2b3390017b997b4b71a', '7', 'validation', 'no');
REPLACE INTO `question_properties` (`form_id`, `question_id`, `prop`, `value`) VALUES ('964710575619e2b3390017b997b4b71a', '8', 'clear', 'no');
REPLACE INTO `question_properties` (`form_id`, `question_id`, `prop`, `value`) VALUES ('964710575619e2b3390017b997b4b71a', '8', 'resettext', 'clear');
REPLACE INTO `question_properties` (`form_id`, `question_id`, `prop`, `value`) VALUES ('964710575619e2b3390017b997b4b71a', '8', 'submittext', 'Hantar');
REPLACE INTO `question_properties` (`form_id`, `question_id`, `prop`, `value`) VALUES ('964710575619e2b3390017b997b4b71a', '8', 'text', NULL);
REPLACE INTO `question_properties` (`form_id`, `question_id`, `prop`, `value`) VALUES ('964710575619e2b3390017b997b4b71a', '12', 'desc', NULL);
REPLACE INTO `question_properties` (`form_id`, `question_id`, `prop`, `value`) VALUES ('964710575619e2b3390017b997b4b71a', '12', 'maxsize', '100');
REPLACE INTO `question_properties` (`form_id`, `question_id`, `prop`, `value`) VALUES ('964710575619e2b3390017b997b4b71a', '12', 'required', 'yes');
REPLACE INTO `question_properties` (`form_id`, `question_id`, `prop`, `value`) VALUES ('964710575619e2b3390017b997b4b71a', '12', 'senderemail', 'no');
REPLACE INTO `question_properties` (`form_id`, `question_id`, `prop`, `value`) VALUES ('964710575619e2b3390017b997b4b71a', '12', 'size', '20');
REPLACE INTO `question_properties` (`form_id`, `question_id`, `prop`, `value`) VALUES ('964710575619e2b3390017b997b4b71a', '12', 'text', 'No. Telefon (HandPhone)');
REPLACE INTO `question_properties` (`form_id`, `question_id`, `prop`, `value`) VALUES ('964710575619e2b3390017b997b4b71a', '12', 'validation', 'no');
REPLACE INTO `question_properties` (`form_id`, `question_id`, `prop`, `value`) VALUES ('964710575619e2b3390017b997b4b71a', '13', 'text', 'PERUMAHAN BERCAMPUR BUKIT KELUANG');
REPLACE INTO `question_properties` (`form_id`, `question_id`, `prop`, `value`) VALUES ('964710575619e2b3390017b997b4b71a', '14', 'text', 'PERUMAHAN BERCAMPUR BUKIT KELUANG, BESUT');
REPLACE INTO `question_properties` (`form_id`, `question_id`, `prop`, `value`) VALUES ('964710575619e2b3390017b997b4b71a', '15', 'text', 'BUKIT KELUANG, TERENGGANU');
REPLACE INTO `question_properties` (`form_id`, `question_id`, `prop`, `value`) VALUES ('964710575619e2b3390017b997b4b71a', '16', 'text', 'RUMAH TERES 1 TINGKAT - FASA 1A');
REPLACE INTO `question_properties` (`form_id`, `question_id`, `prop`, `value`) VALUES ('964710575619e2b3390017b997b4b71a', '17', 'text', '[ RM 180,000.00 dan ke atas / unit (bergantung kepada keluasan tanah) ]');
REPLACE INTO `question_properties` (`form_id`, `question_id`, `prop`, `value`) VALUES ('964710575619e2b3390017b997b4b71a', '18', 'desc', NULL);
REPLACE INTO `question_properties` (`form_id`, `question_id`, `prop`, `value`) VALUES ('964710575619e2b3390017b997b4b71a', '18', 'maxsize', '100');
REPLACE INTO `question_properties` (`form_id`, `question_id`, `prop`, `value`) VALUES ('964710575619e2b3390017b997b4b71a', '18', 'required', 'no');
REPLACE INTO `question_properties` (`form_id`, `question_id`, `prop`, `value`) VALUES ('964710575619e2b3390017b997b4b71a', '18', 'senderemail', 'no');
REPLACE INTO `question_properties` (`form_id`, `question_id`, `prop`, `value`) VALUES ('964710575619e2b3390017b997b4b71a', '18', 'size', '48');
REPLACE INTO `question_properties` (`form_id`, `question_id`, `prop`, `value`) VALUES ('964710575619e2b3390017b997b4b71a', '18', 'text', 'Nama Majikan');
REPLACE INTO `question_properties` (`form_id`, `question_id`, `prop`, `value`) VALUES ('964710575619e2b3390017b997b4b71a', '18', 'validation', 'no');
REPLACE INTO `question_properties` (`form_id`, `question_id`, `prop`, `value`) VALUES ('964710575619e2b3390017b997b4b71a', '19', 'desc', NULL);
REPLACE INTO `question_properties` (`form_id`, `question_id`, `prop`, `value`) VALUES ('964710575619e2b3390017b997b4b71a', '19', 'maxsize', '100');
REPLACE INTO `question_properties` (`form_id`, `question_id`, `prop`, `value`) VALUES ('964710575619e2b3390017b997b4b71a', '19', 'required', 'no');
REPLACE INTO `question_properties` (`form_id`, `question_id`, `prop`, `value`) VALUES ('964710575619e2b3390017b997b4b71a', '19', 'senderemail', 'no');
REPLACE INTO `question_properties` (`form_id`, `question_id`, `prop`, `value`) VALUES ('964710575619e2b3390017b997b4b71a', '19', 'size', '20');
REPLACE INTO `question_properties` (`form_id`, `question_id`, `prop`, `value`) VALUES ('964710575619e2b3390017b997b4b71a', '19', 'text', 'No. Telefon Pejabat');
REPLACE INTO `question_properties` (`form_id`, `question_id`, `prop`, `value`) VALUES ('964710575619e2b3390017b997b4b71a', '19', 'validation', 'no');
REPLACE INTO `question_properties` (`form_id`, `question_id`, `prop`, `value`) VALUES ('964710575619e2b3390017b997b4b71a', '20', 'desc', NULL);
REPLACE INTO `question_properties` (`form_id`, `question_id`, `prop`, `value`) VALUES ('964710575619e2b3390017b997b4b71a', '20', 'maxsize', '100');
REPLACE INTO `question_properties` (`form_id`, `question_id`, `prop`, `value`) VALUES ('964710575619e2b3390017b997b4b71a', '20', 'required', 'no');
REPLACE INTO `question_properties` (`form_id`, `question_id`, `prop`, `value`) VALUES ('964710575619e2b3390017b997b4b71a', '20', 'senderemail', 'no');
REPLACE INTO `question_properties` (`form_id`, `question_id`, `prop`, `value`) VALUES ('964710575619e2b3390017b997b4b71a', '20', 'size', '30');
REPLACE INTO `question_properties` (`form_id`, `question_id`, `prop`, `value`) VALUES ('964710575619e2b3390017b997b4b71a', '20', 'text', 'Jawatan Pemohon');
REPLACE INTO `question_properties` (`form_id`, `question_id`, `prop`, `value`) VALUES ('964710575619e2b3390017b997b4b71a', '20', 'validation', 'no');
REPLACE INTO `question_properties` (`form_id`, `question_id`, `prop`, `value`) VALUES ('964710575619e2b3390017b997b4b71a', '21', 'desc', NULL);
REPLACE INTO `question_properties` (`form_id`, `question_id`, `prop`, `value`) VALUES ('964710575619e2b3390017b997b4b71a', '21', 'maxsize', '100');
REPLACE INTO `question_properties` (`form_id`, `question_id`, `prop`, `value`) VALUES ('964710575619e2b3390017b997b4b71a', '21', 'required', 'no');
REPLACE INTO `question_properties` (`form_id`, `question_id`, `prop`, `value`) VALUES ('964710575619e2b3390017b997b4b71a', '21', 'senderemail', 'no');
REPLACE INTO `question_properties` (`form_id`, `question_id`, `prop`, `value`) VALUES ('964710575619e2b3390017b997b4b71a', '21', 'size', '20');
REPLACE INTO `question_properties` (`form_id`, `question_id`, `prop`, `value`) VALUES ('964710575619e2b3390017b997b4b71a', '21', 'text', 'Nombor Lot / PT');
REPLACE INTO `question_properties` (`form_id`, `question_id`, `prop`, `value`) VALUES ('964710575619e2b3390017b997b4b71a', '21', 'validation', 'no');
REPLACE INTO `question_properties` (`form_id`, `question_id`, `prop`, `value`) VALUES ('964710575619e2b3390017b997b4b71a', '22', 'desc', NULL);
REPLACE INTO `question_properties` (`form_id`, `question_id`, `prop`, `value`) VALUES ('964710575619e2b3390017b997b4b71a', '22', 'options', 'Lelaki<br>Perempuan<br>');
REPLACE INTO `question_properties` (`form_id`, `question_id`, `prop`, `value`) VALUES ('964710575619e2b3390017b997b4b71a', '22', 'required', 'yes');
REPLACE INTO `question_properties` (`form_id`, `question_id`, `prop`, `value`) VALUES ('964710575619e2b3390017b997b4b71a', '22', 'size', '1');
REPLACE INTO `question_properties` (`form_id`, `question_id`, `prop`, `value`) VALUES ('964710575619e2b3390017b997b4b71a', '22', 'special', 'none');
REPLACE INTO `question_properties` (`form_id`, `question_id`, `prop`, `value`) VALUES ('964710575619e2b3390017b997b4b71a', '22', 'text', 'Jantina');
REPLACE INTO `question_properties` (`form_id`, `question_id`, `prop`, `value`) VALUES ('964710575619e2b3390017b997b4b71a', '23', 'desc', NULL);
REPLACE INTO `question_properties` (`form_id`, `question_id`, `prop`, `value`) VALUES ('964710575619e2b3390017b997b4b71a', '23', 'maxsize', '100');
REPLACE INTO `question_properties` (`form_id`, `question_id`, `prop`, `value`) VALUES ('964710575619e2b3390017b997b4b71a', '23', 'required', 'yes');
REPLACE INTO `question_properties` (`form_id`, `question_id`, `prop`, `value`) VALUES ('964710575619e2b3390017b997b4b71a', '23', 'senderemail', 'no');
REPLACE INTO `question_properties` (`form_id`, `question_id`, `prop`, `value`) VALUES ('964710575619e2b3390017b997b4b71a', '23', 'size', '20');
REPLACE INTO `question_properties` (`form_id`, `question_id`, `prop`, `value`) VALUES ('964710575619e2b3390017b997b4b71a', '23', 'text', 'No. Telefon (Rumah/tetap)');
REPLACE INTO `question_properties` (`form_id`, `question_id`, `prop`, `value`) VALUES ('964710575619e2b3390017b997b4b71a', '23', 'validation', 'no');
REPLACE INTO `question_properties` (`form_id`, `question_id`, `prop`, `value`) VALUES ('964710575619e2b3390017b997b4b71a', '24', 'desc', NULL);
REPLACE INTO `question_properties` (`form_id`, `question_id`, `prop`, `value`) VALUES ('964710575619e2b3390017b997b4b71a', '24', 'options', 'Melayu<br>Cina<br>India<br>Lain-lain');
REPLACE INTO `question_properties` (`form_id`, `question_id`, `prop`, `value`) VALUES ('964710575619e2b3390017b997b4b71a', '24', 'required', 'yes');
REPLACE INTO `question_properties` (`form_id`, `question_id`, `prop`, `value`) VALUES ('964710575619e2b3390017b997b4b71a', '24', 'size', '1');
REPLACE INTO `question_properties` (`form_id`, `question_id`, `prop`, `value`) VALUES ('964710575619e2b3390017b997b4b71a', '24', 'special', 'none');
REPLACE INTO `question_properties` (`form_id`, `question_id`, `prop`, `value`) VALUES ('964710575619e2b3390017b997b4b71a', '24', 'text', 'Bangsa');
REPLACE INTO `question_properties` (`form_id`, `question_id`, `prop`, `value`) VALUES ('964710575619e2b3390017b997b4b71a', '25', 'desc', NULL);
REPLACE INTO `question_properties` (`form_id`, `question_id`, `prop`, `value`) VALUES ('964710575619e2b3390017b997b4b71a', '25', 'options', 'Bujang<br>Berkahwin<br>Lain-lain');
REPLACE INTO `question_properties` (`form_id`, `question_id`, `prop`, `value`) VALUES ('964710575619e2b3390017b997b4b71a', '25', 'required', 'yes');
REPLACE INTO `question_properties` (`form_id`, `question_id`, `prop`, `value`) VALUES ('964710575619e2b3390017b997b4b71a', '25', 'size', '1');
REPLACE INTO `question_properties` (`form_id`, `question_id`, `prop`, `value`) VALUES ('964710575619e2b3390017b997b4b71a', '25', 'special', 'none');
REPLACE INTO `question_properties` (`form_id`, `question_id`, `prop`, `value`) VALUES ('964710575619e2b3390017b997b4b71a', '25', 'text', 'Status Perkahwinan');
REPLACE INTO `question_properties` (`form_id`, `question_id`, `prop`, `value`) VALUES ('964710575619e2b3390017b997b4b71a', '26', 'desc', NULL);
REPLACE INTO `question_properties` (`form_id`, `question_id`, `prop`, `value`) VALUES ('964710575619e2b3390017b997b4b71a', '26', 'options', 'Warganegara<br>Bukan Warganegara');
REPLACE INTO `question_properties` (`form_id`, `question_id`, `prop`, `value`) VALUES ('964710575619e2b3390017b997b4b71a', '26', 'required', 'yes');
REPLACE INTO `question_properties` (`form_id`, `question_id`, `prop`, `value`) VALUES ('964710575619e2b3390017b997b4b71a', '26', 'size', '1');
REPLACE INTO `question_properties` (`form_id`, `question_id`, `prop`, `value`) VALUES ('964710575619e2b3390017b997b4b71a', '26', 'special', 'none');
REPLACE INTO `question_properties` (`form_id`, `question_id`, `prop`, `value`) VALUES ('964710575619e2b3390017b997b4b71a', '26', 'text', 'Warganegara');
REPLACE INTO `question_properties` (`form_id`, `question_id`, `prop`, `value`) VALUES ('964710575619e2b3390017b997b4b71a', '27', 'text', '1. MAKLUMAT PEMOHON');
REPLACE INTO `question_properties` (`form_id`, `question_id`, `prop`, `value`) VALUES ('964710575619e2b3390017b997b4b71a', '28', 'text', '>undefined<');
REPLACE INTO `question_properties` (`form_id`, `question_id`, `prop`, `value`) VALUES ('964710575619e2b3390017b997b4b71a', '28', 'value', NULL);
REPLACE INTO `question_properties` (`form_id`, `question_id`, `prop`, `value`) VALUES ('964710575619e2b3390017b997b4b71a', '29', 'text', '2. PEKERJAAN');
REPLACE INTO `question_properties` (`form_id`, `question_id`, `prop`, `value`) VALUES ('964710575619e2b3390017b997b4b71a', '30', 'text', '>undefined<');
REPLACE INTO `question_properties` (`form_id`, `question_id`, `prop`, `value`) VALUES ('964710575619e2b3390017b997b4b71a', '30', 'value', NULL);
REPLACE INTO `question_properties` (`form_id`, `question_id`, `prop`, `value`) VALUES ('964710575619e2b3390017b997b4b71a', '31', 'desc', NULL);
REPLACE INTO `question_properties` (`form_id`, `question_id`, `prop`, `value`) VALUES ('964710575619e2b3390017b997b4b71a', '31', 'options', 'RM6,500 ke atas<br>RM5,500.00 - RM6,499.00<br>RM4,500.00 - RM5,499.00<br>RM3,500.00 - RM4,499.00<br>RM3,000.00 - RM3,499.00<br>RM2,500.00 - RM2,999.00<br>RM2,000.00 - RM2,499.00<br>RM1,500.00 - RM1,999.00<br>RM1,200.00 - RM1,499.00<br>Bawah RM1,199');
REPLACE INTO `question_properties` (`form_id`, `question_id`, `prop`, `value`) VALUES ('964710575619e2b3390017b997b4b71a', '31', 'required', 'yes');
REPLACE INTO `question_properties` (`form_id`, `question_id`, `prop`, `value`) VALUES ('964710575619e2b3390017b997b4b71a', '31', 'size', '1');
REPLACE INTO `question_properties` (`form_id`, `question_id`, `prop`, `value`) VALUES ('964710575619e2b3390017b997b4b71a', '31', 'special', 'none');
REPLACE INTO `question_properties` (`form_id`, `question_id`, `prop`, `value`) VALUES ('964710575619e2b3390017b997b4b71a', '31', 'text', 'Pendapatan Bulanan');
REPLACE INTO `question_properties` (`form_id`, `question_id`, `prop`, `value`) VALUES ('964710575619e2b3390017b997b4b71a', '32', 'cols', '36');
REPLACE INTO `question_properties` (`form_id`, `question_id`, `prop`, `value`) VALUES ('964710575619e2b3390017b997b4b71a', '32', 'desc', NULL);
REPLACE INTO `question_properties` (`form_id`, `question_id`, `prop`, `value`) VALUES ('964710575619e2b3390017b997b4b71a', '32', 'required', 'no');
REPLACE INTO `question_properties` (`form_id`, `question_id`, `prop`, `value`) VALUES ('964710575619e2b3390017b997b4b71a', '32', 'rows', '8');
REPLACE INTO `question_properties` (`form_id`, `question_id`, `prop`, `value`) VALUES ('964710575619e2b3390017b997b4b71a', '32', 'text', 'Alamat Majikan');
REPLACE INTO `question_properties` (`form_id`, `question_id`, `prop`, `value`) VALUES ('964710575619e2b3390017b997b4b71a', '32', 'validation', 'no');
REPLACE INTO `question_properties` (`form_id`, `question_id`, `prop`, `value`) VALUES ('964710575619e2b3390017b997b4b71a', '33', 'text', '>undefined<');
REPLACE INTO `question_properties` (`form_id`, `question_id`, `prop`, `value`) VALUES ('964710575619e2b3390017b997b4b71a', '33', 'value', NULL);
REPLACE INTO `question_properties` (`form_id`, `question_id`, `prop`, `value`) VALUES ('964710575619e2b3390017b997b4b71a', '34', 'text', '3. JENIS LOT RUMAH / BANGUNAN YANG DIPOHON');
REPLACE INTO `question_properties` (`form_id`, `question_id`, `prop`, `value`) VALUES ('964710575619e2b3390017b997b4b71a', '35', 'desc', NULL);
REPLACE INTO `question_properties` (`form_id`, `question_id`, `prop`, `value`) VALUES ('964710575619e2b3390017b997b4b71a', '35', 'options', 'Tepi<br>Tengah');
REPLACE INTO `question_properties` (`form_id`, `question_id`, `prop`, `value`) VALUES ('964710575619e2b3390017b997b4b71a', '35', 'required', 'yes');
REPLACE INTO `question_properties` (`form_id`, `question_id`, `prop`, `value`) VALUES ('964710575619e2b3390017b997b4b71a', '35', 'size', '1');
REPLACE INTO `question_properties` (`form_id`, `question_id`, `prop`, `value`) VALUES ('964710575619e2b3390017b997b4b71a', '35', 'special', 'none');
REPLACE INTO `question_properties` (`form_id`, `question_id`, `prop`, `value`) VALUES ('964710575619e2b3390017b997b4b71a', '35', 'text', 'Jenis Lot');
REPLACE INTO `question_properties` (`form_id`, `question_id`, `prop`, `value`) VALUES ('964710575619e2b3390017b997b4b71a', '36', 'text', '>undefined<');
REPLACE INTO `question_properties` (`form_id`, `question_id`, `prop`, `value`) VALUES ('964710575619e2b3390017b997b4b71a', '36', 'value', NULL);
REPLACE INTO `question_properties` (`form_id`, `question_id`, `prop`, `value`) VALUES ('964710575619e2b3390017b997b4b71a', '37', 'text', '4. CARA PEMBAYARAN');
REPLACE INTO `question_properties` (`form_id`, `question_id`, `prop`, `value`) VALUES ('964710575619e2b3390017b997b4b71a', '38', 'checked', 'no');
REPLACE INTO `question_properties` (`form_id`, `question_id`, `prop`, `value`) VALUES ('964710575619e2b3390017b997b4b71a', '38', 'desc', NULL);
REPLACE INTO `question_properties` (`form_id`, `question_id`, `prop`, `value`) VALUES ('964710575619e2b3390017b997b4b71a', '38', 'options', 'Institusi Kewangan / Bank<br>Kerajaan<br>Majikan<br>Tunai<br>Lain-lain');
REPLACE INTO `question_properties` (`form_id`, `question_id`, `prop`, `value`) VALUES ('964710575619e2b3390017b997b4b71a', '38', 'required', 'yes');
REPLACE INTO `question_properties` (`form_id`, `question_id`, `prop`, `value`) VALUES ('964710575619e2b3390017b997b4b71a', '38', 'text', 'Pinjaman Perumahan');
REPLACE INTO `question_properties` (`form_id`, `question_id`, `prop`, `value`) VALUES ('964710575619e2b3390017b997b4b71a', '39', 'desc', NULL);
REPLACE INTO `question_properties` (`form_id`, `question_id`, `prop`, `value`) VALUES ('964710575619e2b3390017b997b4b71a', '39', 'extensions', 'doc, docx, xls, xlsx, pdf, ppt, pptx, txt, html, htm, rtf, pps, ppsx, zip, tar, gzip, bzip, sit, dmg, jpg, jpeg, gif, png, asf, asx, flv, h264, mov, mp3, mp4, swf, wax, wma, wmv, wvx, wpl, xspf');
REPLACE INTO `question_properties` (`form_id`, `question_id`, `prop`, `value`) VALUES ('964710575619e2b3390017b997b4b71a', '39', 'maxsize', '5000');
REPLACE INTO `question_properties` (`form_id`, `question_id`, `prop`, `value`) VALUES ('964710575619e2b3390017b997b4b71a', '39', 'required', 'no');
REPLACE INTO `question_properties` (`form_id`, `question_id`, `prop`, `value`) VALUES ('964710575619e2b3390017b997b4b71a', '39', 'text', 'Slip Gaji Terkini');
REPLACE INTO `question_properties` (`form_id`, `question_id`, `prop`, `value`) VALUES ('964710575619e2b3390017b997b4b71a', '40', 'desc', NULL);
REPLACE INTO `question_properties` (`form_id`, `question_id`, `prop`, `value`) VALUES ('964710575619e2b3390017b997b4b71a', '40', 'text', 'Pengesahan');
REPLACE INTO `question_properties` (`form_id`, `question_id`, `prop`, `value`) VALUES ('964710575619e2b3390017b997b4b71a', '41', 'text', '>undefined<');
REPLACE INTO `question_properties` (`form_id`, `question_id`, `prop`, `value`) VALUES ('964710575619e2b3390017b997b4b71a', '41', 'value', NULL);
REPLACE INTO `question_properties` (`form_id`, `question_id`, `prop`, `value`) VALUES ('964710575619e2b3390017b997b4b71a', '42', 'text', '>undefined<');
REPLACE INTO `question_properties` (`form_id`, `question_id`, `prop`, `value`) VALUES ('964710575619e2b3390017b997b4b71a', '42', 'value', NULL);
REPLACE INTO `question_properties` (`form_id`, `question_id`, `prop`, `value`) VALUES ('964710575619e2b3390017b997b4b71a', '43', 'text', '>undefined<');
REPLACE INTO `question_properties` (`form_id`, `question_id`, `prop`, `value`) VALUES ('964710575619e2b3390017b997b4b71a', '43', 'value', NULL);
REPLACE INTO `question_properties` (`form_id`, `question_id`, `prop`, `value`) VALUES ('964710575619e2b3390017b997b4b71a', '44', 'text', 'NOTA : [1. KOPERAT berhak menolak pendaftaran jika maklumat tidak lengkap / tepat.] [2. KOPERAT berhad membatalkan pendaftaran selepas 6 bulan tanpa notis.] [3. Harga adalah tertakluk kepada pindaan terakhir.]');
REPLACE INTO `question_properties` (`form_id`, `question_id`, `prop`, `value`) VALUES ('964710575619e2b3390017b997b4b71a', '45', 'text', '>undefined<');
REPLACE INTO `question_properties` (`form_id`, `question_id`, `prop`, `value`) VALUES ('964710575619e2b3390017b997b4b71a', '45', 'value', NULL);
REPLACE INTO `question_properties` (`form_id`, `question_id`, `prop`, `value`) VALUES ('964710575619e2b3390017b997b4b71a', '999', 'alignment', 'default');
REPLACE INTO `question_properties` (`form_id`, `question_id`, `prop`, `value`) VALUES ('964710575619e2b3390017b997b4b71a', '999', 'background', 'white');
REPLACE INTO `question_properties` (`form_id`, `question_id`, `prop`, `value`) VALUES ('964710575619e2b3390017b997b4b71a', '999', 'conf_body', 'Thanks for submitting our form, we will get back to you as soon as possible.');
REPLACE INTO `question_properties` (`form_id`, `question_id`, `prop`, `value`) VALUES ('964710575619e2b3390017b997b4b71a', '999', 'conf_send', 'no');
REPLACE INTO `question_properties` (`form_id`, `question_id`, `prop`, `value`) VALUES ('964710575619e2b3390017b997b4b71a', '999', 'conf_subj', 'Borang B.Keluang Fasa 1A-T');
REPLACE INTO `question_properties` (`form_id`, `question_id`, `prop`, `value`) VALUES ('964710575619e2b3390017b997b4b71a', '999', 'disabled', 'Enabled');
REPLACE INTO `question_properties` (`form_id`, `question_id`, `prop`, `value`) VALUES ('964710575619e2b3390017b997b4b71a', '999', 'email', 'yes');
REPLACE INTO `question_properties` (`form_id`, `question_id`, `prop`, `value`) VALUES ('964710575619e2b3390017b997b4b71a', '999', 'email_addr', 'sales@koperat.com.my');
REPLACE INTO `question_properties` (`form_id`, `question_id`, `prop`, `value`) VALUES ('964710575619e2b3390017b997b4b71a', '999', 'ext_sendpostdata', 'no');
REPLACE INTO `question_properties` (`form_id`, `question_id`, `prop`, `value`) VALUES ('964710575619e2b3390017b997b4b71a', '999', 'font', 'Verdana');
REPLACE INTO `question_properties` (`form_id`, `question_id`, `prop`, `value`) VALUES ('964710575619e2b3390017b997b4b71a', '999', 'fontcolor', '#48345a');
REPLACE INTO `question_properties` (`form_id`, `question_id`, `prop`, `value`) VALUES ('964710575619e2b3390017b997b4b71a', '999', 'fontsize', '12');
REPLACE INTO `question_properties` (`form_id`, `question_id`, `prop`, `value`) VALUES ('964710575619e2b3390017b997b4b71a', '999', 'not_subj', 'New Submission: {qForm Title}');
REPLACE INTO `question_properties` (`form_id`, `question_id`, `prop`, `value`) VALUES ('964710575619e2b3390017b997b4b71a', '999', 'rvcolor', 'JF062.ini.php');
REPLACE INTO `question_properties` (`form_id`, `question_id`, `prop`, `value`) VALUES ('964710575619e2b3390017b997b4b71a', '999', 'sendpostdata', 'yes');
REPLACE INTO `question_properties` (`form_id`, `question_id`, `prop`, `value`) VALUES ('964710575619e2b3390017b997b4b71a', '999', 'spamcheck', 'Enabled');
REPLACE INTO `question_properties` (`form_id`, `question_id`, `prop`, `value`) VALUES ('964710575619e2b3390017b997b4b71a', '999', 'thanktext', '<div>\n<div>Terima kasih atas pengisian. Pihak KOPERAT akan memproses permohonan Anda.</div></div>\n<div>\n<div>&nbsp;</div></div>\n<div>\n<div>\n<div><strong><font color=\"#ff00aa\">Sila hantarkan</font></strong> 2 salinan dokuken-dokumen berikut ke pejabat kami dengan segera;</div>\n<div>Sekiranya Permohonan Anda Berjaya.&nbsp; </div>\n<div>(Nyatakan Projek / Kategori Rumah yang dipohon)<br />\n<br />\n&nbsp;<br />\na) Salinan Kad Pengenalan.<br />\n&nbsp;<br />\nb) Slip Gaji 6 bulan terkini ( pinjaman Bank / Kerajaan ).<br />\n&nbsp;<br />\nc) Surat Pengesahan Jawatan ( pinjaman Bank )<br />\n&nbsp;<br />\nd) Surat Pengesahan Perkhidmatan ( pinjaman Kerajaan ).<br />\n&nbsp;<br />\ne) Surat Pengesahan Lantikan ( pinjaman Kerajaan ).<br />\n<br />f) Surat Iringan - mengikut format ( pinjaman Kerajaan ).<br />\n&nbsp;<br />\ng) Borang EA/Cukai Pendapatan LHDN beserta resit bayaran ( pinjaman Bank / Berniaga ).<br />\n&nbsp;<br />\nh) Salinan Penyata Akaun Bank 6 bulan terkini ( pinjaman Bank / Kerajaan / Berniaga ).<br />\n&nbsp;<br />\ni) Pendaftaran Perniagaan ( pinjaman Bank / Berniaga ).<br />\n&nbsp;<br />\nj) Penyata Bank Syarikat 6 bulan terkini ( pinjaman Bank / Berniaga ).<br />\n&nbsp;<br />\nk) Penyata KWSP terkini ( pinjaman Bank ).<br />\n<br />l) Lain-lain dokumen, jika berkaitan.<br />\n&nbsp;<br />\n&nbsp;<br />\n<br />* <strong><font color=\"#ff0000\">Sila Pastikan</font></strong> <u><font color=\"#aa00ff\">E-mail dan Maklumat</font></u> Anda Adalah Betul Untuk Penerimaan Maklumbalas Daripada KOPERAT.<br />\n&nbsp;<br />\n&nbsp;<br />\n<br />Makluman Lanjut Sila Hubungi, Hantar @ Fax kan Borang anda ke;<br />\n&nbsp;<br />\n<strong>KONSORTIUM PERUMAHAN RAKYAT TERENGGANU SDN. BHD.<br />\n</strong><br />\nWisma GPQ, Lot 4564, Tingkat 1 &amp; 2<br />\n<br />Desa MPKT, Chendering, 21080 Kuala Terengganu<br />\n<br />Tel : 09-617 3405 / 617 6405&nbsp;&nbsp;&nbsp; Fax : 09-617 7404<br />\n<br />Website : <a href=\"http://www.koperat.com.my/\" title=\"\" target=\"_blank\"><strong>www.koperat.com.my</strong></a><br />\n<br />Page : <strong><a href=\"http://www.facebook.com/pages/Koperat/197111670306770\" title=\"\" target=\"_blank\">facebook.com / koperat</a></strong><br />\n<br />Email : koperat96@gmail.com<br />\n&nbsp;<br />\n&nbsp; </div></div></div>');
REPLACE INTO `question_properties` (`form_id`, `question_id`, `prop`, `value`) VALUES ('964710575619e2b3390017b997b4b71a', '999', 'theme', 'Default');
REPLACE INTO `question_properties` (`form_id`, `question_id`, `prop`, `value`) VALUES ('964710575619e2b3390017b997b4b71a', '999', 'use_buildin_formmail', 'yes');
REPLACE INTO `question_properties` (`form_id`, `question_id`, `prop`, `value`) VALUES ('964710575619e2b3390017b997b4b71a', '999', 'width', '100%');
REPLACE INTO `question_utf8` (`form_id`, `utf8format`) VALUES ('964710575619e2b3390017b997b4b71a', '1');
REPLACE INTO `forms` (`id`, `username`, `title`, `height`, `status`) VALUES ('cfe5fd4dc599faed808b1f0dfb6b538e', 'a7ec09dce63b814be39611d58a2e3078', 'contact us', '1780', 'undefined');
REPLACE INTO `questions` (`form_id`, `id`, `order`, `type`) VALUES ('cfe5fd4dc599faed808b1f0dfb6b538e', '0', '8', 'control_textbox');
REPLACE INTO `questions` (`form_id`, `id`, `order`, `type`) VALUES ('cfe5fd4dc599faed808b1f0dfb6b538e', '1', '10', 'control_textbox');
REPLACE INTO `questions` (`form_id`, `id`, `order`, `type`) VALUES ('cfe5fd4dc599faed808b1f0dfb6b538e', '2', '17', 'control_textbox');
REPLACE INTO `questions` (`form_id`, `id`, `order`, `type`) VALUES ('cfe5fd4dc599faed808b1f0dfb6b538e', '7', '9', 'control_textarea');
REPLACE INTO `questions` (`form_id`, `id`, `order`, `type`) VALUES ('cfe5fd4dc599faed808b1f0dfb6b538e', '8', '39', 'control_button');
REPLACE INTO `questions` (`form_id`, `id`, `order`, `type`) VALUES ('cfe5fd4dc599faed808b1f0dfb6b538e', '12', '15', 'control_textbox');
REPLACE INTO `questions` (`form_id`, `id`, `order`, `type`) VALUES ('cfe5fd4dc599faed808b1f0dfb6b538e', '13', '1', 'control_head');
REPLACE INTO `questions` (`form_id`, `id`, `order`, `type`) VALUES ('cfe5fd4dc599faed808b1f0dfb6b538e', '14', '2', 'control_text');
REPLACE INTO `questions` (`form_id`, `id`, `order`, `type`) VALUES ('cfe5fd4dc599faed808b1f0dfb6b538e', '15', '3', 'control_text');
REPLACE INTO `questions` (`form_id`, `id`, `order`, `type`) VALUES ('cfe5fd4dc599faed808b1f0dfb6b538e', '16', '4', 'control_text');
REPLACE INTO `questions` (`form_id`, `id`, `order`, `type`) VALUES ('cfe5fd4dc599faed808b1f0dfb6b538e', '17', '5', 'control_text');
REPLACE INTO `questions` (`form_id`, `id`, `order`, `type`) VALUES ('cfe5fd4dc599faed808b1f0dfb6b538e', '18', '22', 'control_textbox');
REPLACE INTO `questions` (`form_id`, `id`, `order`, `type`) VALUES ('cfe5fd4dc599faed808b1f0dfb6b538e', '19', '24', 'control_textbox');
REPLACE INTO `questions` (`form_id`, `id`, `order`, `type`) VALUES ('cfe5fd4dc599faed808b1f0dfb6b538e', '20', '20', 'control_textbox');
REPLACE INTO `questions` (`form_id`, `id`, `order`, `type`) VALUES ('cfe5fd4dc599faed808b1f0dfb6b538e', '21', '28', 'control_textbox');
REPLACE INTO `questions` (`form_id`, `id`, `order`, `type`) VALUES ('cfe5fd4dc599faed808b1f0dfb6b538e', '22', '11', 'control_dropdown');
REPLACE INTO `questions` (`form_id`, `id`, `order`, `type`) VALUES ('cfe5fd4dc599faed808b1f0dfb6b538e', '23', '16', 'control_textbox');
REPLACE INTO `questions` (`form_id`, `id`, `order`, `type`) VALUES ('cfe5fd4dc599faed808b1f0dfb6b538e', '24', '12', 'control_dropdown');
REPLACE INTO `questions` (`form_id`, `id`, `order`, `type`) VALUES ('cfe5fd4dc599faed808b1f0dfb6b538e', '25', '14', 'control_dropdown');
REPLACE INTO `questions` (`form_id`, `id`, `order`, `type`) VALUES ('cfe5fd4dc599faed808b1f0dfb6b538e', '26', '13', 'control_dropdown');
REPLACE INTO `questions` (`form_id`, `id`, `order`, `type`) VALUES ('cfe5fd4dc599faed808b1f0dfb6b538e', '27', '7', 'control_text');
REPLACE INTO `questions` (`form_id`, `id`, `order`, `type`) VALUES ('cfe5fd4dc599faed808b1f0dfb6b538e', '28', '6', 'control_hidden');
REPLACE INTO `questions` (`form_id`, `id`, `order`, `type`) VALUES ('cfe5fd4dc599faed808b1f0dfb6b538e', '29', '19', 'control_text');
REPLACE INTO `questions` (`form_id`, `id`, `order`, `type`) VALUES ('cfe5fd4dc599faed808b1f0dfb6b538e', '30', '18', 'control_hidden');
REPLACE INTO `questions` (`form_id`, `id`, `order`, `type`) VALUES ('cfe5fd4dc599faed808b1f0dfb6b538e', '31', '21', 'control_dropdown');
REPLACE INTO `questions` (`form_id`, `id`, `order`, `type`) VALUES ('cfe5fd4dc599faed808b1f0dfb6b538e', '32', '23', 'control_textarea');
REPLACE INTO `questions` (`form_id`, `id`, `order`, `type`) VALUES ('cfe5fd4dc599faed808b1f0dfb6b538e', '33', '25', 'control_hidden');
REPLACE INTO `questions` (`form_id`, `id`, `order`, `type`) VALUES ('cfe5fd4dc599faed808b1f0dfb6b538e', '34', '26', 'control_text');
REPLACE INTO `questions` (`form_id`, `id`, `order`, `type`) VALUES ('cfe5fd4dc599faed808b1f0dfb6b538e', '35', '27', 'control_dropdown');
REPLACE INTO `questions` (`form_id`, `id`, `order`, `type`) VALUES ('cfe5fd4dc599faed808b1f0dfb6b538e', '36', '29', 'control_hidden');
REPLACE INTO `questions` (`form_id`, `id`, `order`, `type`) VALUES ('cfe5fd4dc599faed808b1f0dfb6b538e', '37', '30', 'control_text');
REPLACE INTO `questions` (`form_id`, `id`, `order`, `type`) VALUES ('cfe5fd4dc599faed808b1f0dfb6b538e', '38', '31', 'control_checkbox');
REPLACE INTO `questions` (`form_id`, `id`, `order`, `type`) VALUES ('cfe5fd4dc599faed808b1f0dfb6b538e', '39', '33', 'control_fileupload');
REPLACE INTO `questions` (`form_id`, `id`, `order`, `type`) VALUES ('cfe5fd4dc599faed808b1f0dfb6b538e', '40', '37', 'control_captcha');
REPLACE INTO `questions` (`form_id`, `id`, `order`, `type`) VALUES ('cfe5fd4dc599faed808b1f0dfb6b538e', '41', '32', 'control_hidden');
REPLACE INTO `questions` (`form_id`, `id`, `order`, `type`) VALUES ('cfe5fd4dc599faed808b1f0dfb6b538e', '42', '34', 'control_hidden');
REPLACE INTO `questions` (`form_id`, `id`, `order`, `type`) VALUES ('cfe5fd4dc599faed808b1f0dfb6b538e', '43', '38', 'control_hidden');
REPLACE INTO `questions` (`form_id`, `id`, `order`, `type`) VALUES ('cfe5fd4dc599faed808b1f0dfb6b538e', '44', '35', 'control_text');
REPLACE INTO `questions` (`form_id`, `id`, `order`, `type`) VALUES ('cfe5fd4dc599faed808b1f0dfb6b538e', '45', '36', 'control_hidden');
REPLACE INTO `question_properties` (`form_id`, `question_id`, `prop`, `value`) VALUES ('cfe5fd4dc599faed808b1f0dfb6b538e', '0', 'desc', NULL);
REPLACE INTO `question_properties` (`form_id`, `question_id`, `prop`, `value`) VALUES ('cfe5fd4dc599faed808b1f0dfb6b538e', '0', 'maxsize', '100');
REPLACE INTO `question_properties` (`form_id`, `question_id`, `prop`, `value`) VALUES ('cfe5fd4dc599faed808b1f0dfb6b538e', '0', 'required', 'yes');
REPLACE INTO `question_properties` (`form_id`, `question_id`, `prop`, `value`) VALUES ('cfe5fd4dc599faed808b1f0dfb6b538e', '0', 'senderemail', 'no');
REPLACE INTO `question_properties` (`form_id`, `question_id`, `prop`, `value`) VALUES ('cfe5fd4dc599faed808b1f0dfb6b538e', '0', 'size', '48');
REPLACE INTO `question_properties` (`form_id`, `question_id`, `prop`, `value`) VALUES ('cfe5fd4dc599faed808b1f0dfb6b538e', '0', 'text', 'Nama Penuh');
REPLACE INTO `question_properties` (`form_id`, `question_id`, `prop`, `value`) VALUES ('cfe5fd4dc599faed808b1f0dfb6b538e', '0', 'validation', 'no');
REPLACE INTO `question_properties` (`form_id`, `question_id`, `prop`, `value`) VALUES ('cfe5fd4dc599faed808b1f0dfb6b538e', '1', 'desc', NULL);
REPLACE INTO `question_properties` (`form_id`, `question_id`, `prop`, `value`) VALUES ('cfe5fd4dc599faed808b1f0dfb6b538e', '1', 'maxsize', '100');
REPLACE INTO `question_properties` (`form_id`, `question_id`, `prop`, `value`) VALUES ('cfe5fd4dc599faed808b1f0dfb6b538e', '1', 'required', 'yes');
REPLACE INTO `question_properties` (`form_id`, `question_id`, `prop`, `value`) VALUES ('cfe5fd4dc599faed808b1f0dfb6b538e', '1', 'senderemail', 'no');
REPLACE INTO `question_properties` (`form_id`, `question_id`, `prop`, `value`) VALUES ('cfe5fd4dc599faed808b1f0dfb6b538e', '1', 'size', '20');
REPLACE INTO `question_properties` (`form_id`, `question_id`, `prop`, `value`) VALUES ('cfe5fd4dc599faed808b1f0dfb6b538e', '1', 'text', 'No. K/P Pengenalan');
REPLACE INTO `question_properties` (`form_id`, `question_id`, `prop`, `value`) VALUES ('cfe5fd4dc599faed808b1f0dfb6b538e', '1', 'validation', 'no');
REPLACE INTO `question_properties` (`form_id`, `question_id`, `prop`, `value`) VALUES ('cfe5fd4dc599faed808b1f0dfb6b538e', '2', 'desc', NULL);
REPLACE INTO `question_properties` (`form_id`, `question_id`, `prop`, `value`) VALUES ('cfe5fd4dc599faed808b1f0dfb6b538e', '2', 'maxsize', '100');
REPLACE INTO `question_properties` (`form_id`, `question_id`, `prop`, `value`) VALUES ('cfe5fd4dc599faed808b1f0dfb6b538e', '2', 'required', 'yes');
REPLACE INTO `question_properties` (`form_id`, `question_id`, `prop`, `value`) VALUES ('cfe5fd4dc599faed808b1f0dfb6b538e', '2', 'senderemail', 'no');
REPLACE INTO `question_properties` (`form_id`, `question_id`, `prop`, `value`) VALUES ('cfe5fd4dc599faed808b1f0dfb6b538e', '2', 'size', '30');
REPLACE INTO `question_properties` (`form_id`, `question_id`, `prop`, `value`) VALUES ('cfe5fd4dc599faed808b1f0dfb6b538e', '2', 'text', 'E-mail');
REPLACE INTO `question_properties` (`form_id`, `question_id`, `prop`, `value`) VALUES ('cfe5fd4dc599faed808b1f0dfb6b538e', '2', 'validation', 'Email');
REPLACE INTO `question_properties` (`form_id`, `question_id`, `prop`, `value`) VALUES ('cfe5fd4dc599faed808b1f0dfb6b538e', '7', 'cols', '36');
REPLACE INTO `question_properties` (`form_id`, `question_id`, `prop`, `value`) VALUES ('cfe5fd4dc599faed808b1f0dfb6b538e', '7', 'desc', NULL);
REPLACE INTO `question_properties` (`form_id`, `question_id`, `prop`, `value`) VALUES ('cfe5fd4dc599faed808b1f0dfb6b538e', '7', 'required', 'yes');
REPLACE INTO `question_properties` (`form_id`, `question_id`, `prop`, `value`) VALUES ('cfe5fd4dc599faed808b1f0dfb6b538e', '7', 'rows', '8');
REPLACE INTO `question_properties` (`form_id`, `question_id`, `prop`, `value`) VALUES ('cfe5fd4dc599faed808b1f0dfb6b538e', '7', 'text', 'Alamat Penuh');
REPLACE INTO `question_properties` (`form_id`, `question_id`, `prop`, `value`) VALUES ('cfe5fd4dc599faed808b1f0dfb6b538e', '7', 'validation', 'no');
REPLACE INTO `question_properties` (`form_id`, `question_id`, `prop`, `value`) VALUES ('cfe5fd4dc599faed808b1f0dfb6b538e', '8', 'clear', 'no');
REPLACE INTO `question_properties` (`form_id`, `question_id`, `prop`, `value`) VALUES ('cfe5fd4dc599faed808b1f0dfb6b538e', '8', 'resettext', 'clear');
REPLACE INTO `question_properties` (`form_id`, `question_id`, `prop`, `value`) VALUES ('cfe5fd4dc599faed808b1f0dfb6b538e', '8', 'submittext', 'Hantar');
REPLACE INTO `question_properties` (`form_id`, `question_id`, `prop`, `value`) VALUES ('cfe5fd4dc599faed808b1f0dfb6b538e', '8', 'text', NULL);
REPLACE INTO `question_properties` (`form_id`, `question_id`, `prop`, `value`) VALUES ('cfe5fd4dc599faed808b1f0dfb6b538e', '12', 'desc', NULL);
REPLACE INTO `question_properties` (`form_id`, `question_id`, `prop`, `value`) VALUES ('cfe5fd4dc599faed808b1f0dfb6b538e', '12', 'maxsize', '100');
REPLACE INTO `question_properties` (`form_id`, `question_id`, `prop`, `value`) VALUES ('cfe5fd4dc599faed808b1f0dfb6b538e', '12', 'required', 'yes');
REPLACE INTO `question_properties` (`form_id`, `question_id`, `prop`, `value`) VALUES ('cfe5fd4dc599faed808b1f0dfb6b538e', '12', 'senderemail', 'no');
REPLACE INTO `question_properties` (`form_id`, `question_id`, `prop`, `value`) VALUES ('cfe5fd4dc599faed808b1f0dfb6b538e', '12', 'size', '20');
REPLACE INTO `question_properties` (`form_id`, `question_id`, `prop`, `value`) VALUES ('cfe5fd4dc599faed808b1f0dfb6b538e', '12', 'text', 'No. Telefon (HandPhone)');
REPLACE INTO `question_properties` (`form_id`, `question_id`, `prop`, `value`) VALUES ('cfe5fd4dc599faed808b1f0dfb6b538e', '12', 'validation', 'no');
REPLACE INTO `question_properties` (`form_id`, `question_id`, `prop`, `value`) VALUES ('cfe5fd4dc599faed808b1f0dfb6b538e', '13', 'text', 'TAMAN KOPERAT PERADONG');
REPLACE INTO `question_properties` (`form_id`, `question_id`, `prop`, `value`) VALUES ('cfe5fd4dc599faed808b1f0dfb6b538e', '14', 'text', 'TAMAN KOPERAT PERADONG, BANGGOL PERADONG');
REPLACE INTO `question_properties` (`form_id`, `question_id`, `prop`, `value`) VALUES ('cfe5fd4dc599faed808b1f0dfb6b538e', '15', 'text', 'MANIR, KUALA TERENGGANU');
REPLACE INTO `question_properties` (`form_id`, `question_id`, `prop`, `value`) VALUES ('cfe5fd4dc599faed808b1f0dfb6b538e', '16', 'text', 'RUMAH BERKEMBAR 1 TINGKAT - FASA 1B');
REPLACE INTO `question_properties` (`form_id`, `question_id`, `prop`, `value`) VALUES ('cfe5fd4dc599faed808b1f0dfb6b538e', '17', 'text', '[ RM 250,000.00 dan ke atas / unit (bergantung kepada keluasan tanah) ]');
REPLACE INTO `question_properties` (`form_id`, `question_id`, `prop`, `value`) VALUES ('cfe5fd4dc599faed808b1f0dfb6b538e', '18', 'desc', NULL);
REPLACE INTO `question_properties` (`form_id`, `question_id`, `prop`, `value`) VALUES ('cfe5fd4dc599faed808b1f0dfb6b538e', '18', 'maxsize', '100');
REPLACE INTO `question_properties` (`form_id`, `question_id`, `prop`, `value`) VALUES ('cfe5fd4dc599faed808b1f0dfb6b538e', '18', 'required', 'no');
REPLACE INTO `question_properties` (`form_id`, `question_id`, `prop`, `value`) VALUES ('cfe5fd4dc599faed808b1f0dfb6b538e', '18', 'senderemail', 'no');
REPLACE INTO `question_properties` (`form_id`, `question_id`, `prop`, `value`) VALUES ('cfe5fd4dc599faed808b1f0dfb6b538e', '18', 'size', '48');
REPLACE INTO `question_properties` (`form_id`, `question_id`, `prop`, `value`) VALUES ('cfe5fd4dc599faed808b1f0dfb6b538e', '18', 'text', 'Nama Majikan');
REPLACE INTO `question_properties` (`form_id`, `question_id`, `prop`, `value`) VALUES ('cfe5fd4dc599faed808b1f0dfb6b538e', '18', 'validation', 'no');
REPLACE INTO `question_properties` (`form_id`, `question_id`, `prop`, `value`) VALUES ('cfe5fd4dc599faed808b1f0dfb6b538e', '19', 'desc', NULL);
REPLACE INTO `question_properties` (`form_id`, `question_id`, `prop`, `value`) VALUES ('cfe5fd4dc599faed808b1f0dfb6b538e', '19', 'maxsize', '100');
REPLACE INTO `question_properties` (`form_id`, `question_id`, `prop`, `value`) VALUES ('cfe5fd4dc599faed808b1f0dfb6b538e', '19', 'required', 'no');
REPLACE INTO `question_properties` (`form_id`, `question_id`, `prop`, `value`) VALUES ('cfe5fd4dc599faed808b1f0dfb6b538e', '19', 'senderemail', 'no');
REPLACE INTO `question_properties` (`form_id`, `question_id`, `prop`, `value`) VALUES ('cfe5fd4dc599faed808b1f0dfb6b538e', '19', 'size', '20');
REPLACE INTO `question_properties` (`form_id`, `question_id`, `prop`, `value`) VALUES ('cfe5fd4dc599faed808b1f0dfb6b538e', '19', 'text', 'No. Telefon Pejabat');
REPLACE INTO `question_properties` (`form_id`, `question_id`, `prop`, `value`) VALUES ('cfe5fd4dc599faed808b1f0dfb6b538e', '19', 'validation', 'no');
REPLACE INTO `question_properties` (`form_id`, `question_id`, `prop`, `value`) VALUES ('cfe5fd4dc599faed808b1f0dfb6b538e', '20', 'desc', NULL);
REPLACE INTO `question_properties` (`form_id`, `question_id`, `prop`, `value`) VALUES ('cfe5fd4dc599faed808b1f0dfb6b538e', '20', 'maxsize', '100');
REPLACE INTO `question_properties` (`form_id`, `question_id`, `prop`, `value`) VALUES ('cfe5fd4dc599faed808b1f0dfb6b538e', '20', 'required', 'no');
REPLACE INTO `question_properties` (`form_id`, `question_id`, `prop`, `value`) VALUES ('cfe5fd4dc599faed808b1f0dfb6b538e', '20', 'senderemail', 'no');
REPLACE INTO `question_properties` (`form_id`, `question_id`, `prop`, `value`) VALUES ('cfe5fd4dc599faed808b1f0dfb6b538e', '20', 'size', '30');
REPLACE INTO `question_properties` (`form_id`, `question_id`, `prop`, `value`) VALUES ('cfe5fd4dc599faed808b1f0dfb6b538e', '20', 'text', 'Jawatan Pemohon');
REPLACE INTO `question_properties` (`form_id`, `question_id`, `prop`, `value`) VALUES ('cfe5fd4dc599faed808b1f0dfb6b538e', '20', 'validation', 'no');
REPLACE INTO `question_properties` (`form_id`, `question_id`, `prop`, `value`) VALUES ('cfe5fd4dc599faed808b1f0dfb6b538e', '21', 'desc', NULL);
REPLACE INTO `question_properties` (`form_id`, `question_id`, `prop`, `value`) VALUES ('cfe5fd4dc599faed808b1f0dfb6b538e', '21', 'maxsize', '100');
REPLACE INTO `question_properties` (`form_id`, `question_id`, `prop`, `value`) VALUES ('cfe5fd4dc599faed808b1f0dfb6b538e', '21', 'required', 'no');
REPLACE INTO `question_properties` (`form_id`, `question_id`, `prop`, `value`) VALUES ('cfe5fd4dc599faed808b1f0dfb6b538e', '21', 'senderemail', 'no');
REPLACE INTO `question_properties` (`form_id`, `question_id`, `prop`, `value`) VALUES ('cfe5fd4dc599faed808b1f0dfb6b538e', '21', 'size', '20');
REPLACE INTO `question_properties` (`form_id`, `question_id`, `prop`, `value`) VALUES ('cfe5fd4dc599faed808b1f0dfb6b538e', '21', 'text', 'Nombor Lot / PT');
REPLACE INTO `question_properties` (`form_id`, `question_id`, `prop`, `value`) VALUES ('cfe5fd4dc599faed808b1f0dfb6b538e', '21', 'validation', 'no');
REPLACE INTO `question_properties` (`form_id`, `question_id`, `prop`, `value`) VALUES ('cfe5fd4dc599faed808b1f0dfb6b538e', '22', 'desc', NULL);
REPLACE INTO `question_properties` (`form_id`, `question_id`, `prop`, `value`) VALUES ('cfe5fd4dc599faed808b1f0dfb6b538e', '22', 'options', 'Lelaki<br>Perempuan<br>');
REPLACE INTO `question_properties` (`form_id`, `question_id`, `prop`, `value`) VALUES ('cfe5fd4dc599faed808b1f0dfb6b538e', '22', 'required', 'yes');
REPLACE INTO `question_properties` (`form_id`, `question_id`, `prop`, `value`) VALUES ('cfe5fd4dc599faed808b1f0dfb6b538e', '22', 'size', '1');
REPLACE INTO `question_properties` (`form_id`, `question_id`, `prop`, `value`) VALUES ('cfe5fd4dc599faed808b1f0dfb6b538e', '22', 'special', 'none');
REPLACE INTO `question_properties` (`form_id`, `question_id`, `prop`, `value`) VALUES ('cfe5fd4dc599faed808b1f0dfb6b538e', '22', 'text', 'Jantina');
REPLACE INTO `question_properties` (`form_id`, `question_id`, `prop`, `value`) VALUES ('cfe5fd4dc599faed808b1f0dfb6b538e', '23', 'desc', NULL);
REPLACE INTO `question_properties` (`form_id`, `question_id`, `prop`, `value`) VALUES ('cfe5fd4dc599faed808b1f0dfb6b538e', '23', 'maxsize', '100');
REPLACE INTO `question_properties` (`form_id`, `question_id`, `prop`, `value`) VALUES ('cfe5fd4dc599faed808b1f0dfb6b538e', '23', 'required', 'yes');
REPLACE INTO `question_properties` (`form_id`, `question_id`, `prop`, `value`) VALUES ('cfe5fd4dc599faed808b1f0dfb6b538e', '23', 'senderemail', 'no');
REPLACE INTO `question_properties` (`form_id`, `question_id`, `prop`, `value`) VALUES ('cfe5fd4dc599faed808b1f0dfb6b538e', '23', 'size', '20');
REPLACE INTO `question_properties` (`form_id`, `question_id`, `prop`, `value`) VALUES ('cfe5fd4dc599faed808b1f0dfb6b538e', '23', 'text', 'No. Telefon (Rumah/tetap)');
REPLACE INTO `question_properties` (`form_id`, `question_id`, `prop`, `value`) VALUES ('cfe5fd4dc599faed808b1f0dfb6b538e', '23', 'validation', 'no');
REPLACE INTO `question_properties` (`form_id`, `question_id`, `prop`, `value`) VALUES ('cfe5fd4dc599faed808b1f0dfb6b538e', '24', 'desc', NULL);
REPLACE INTO `question_properties` (`form_id`, `question_id`, `prop`, `value`) VALUES ('cfe5fd4dc599faed808b1f0dfb6b538e', '24', 'options', 'Melayu<br>Cina<br>India<br>Lain-lain');
REPLACE INTO `question_properties` (`form_id`, `question_id`, `prop`, `value`) VALUES ('cfe5fd4dc599faed808b1f0dfb6b538e', '24', 'required', 'yes');
REPLACE INTO `question_properties` (`form_id`, `question_id`, `prop`, `value`) VALUES ('cfe5fd4dc599faed808b1f0dfb6b538e', '24', 'size', '1');
REPLACE INTO `question_properties` (`form_id`, `question_id`, `prop`, `value`) VALUES ('cfe5fd4dc599faed808b1f0dfb6b538e', '24', 'special', 'none');
REPLACE INTO `question_properties` (`form_id`, `question_id`, `prop`, `value`) VALUES ('cfe5fd4dc599faed808b1f0dfb6b538e', '24', 'text', 'Bangsa');
REPLACE INTO `question_properties` (`form_id`, `question_id`, `prop`, `value`) VALUES ('cfe5fd4dc599faed808b1f0dfb6b538e', '25', 'desc', NULL);
REPLACE INTO `question_properties` (`form_id`, `question_id`, `prop`, `value`) VALUES ('cfe5fd4dc599faed808b1f0dfb6b538e', '25', 'options', 'Bujang<br>Berkahwin<br>Lain-lain');
REPLACE INTO `question_properties` (`form_id`, `question_id`, `prop`, `value`) VALUES ('cfe5fd4dc599faed808b1f0dfb6b538e', '25', 'required', 'yes');
REPLACE INTO `question_properties` (`form_id`, `question_id`, `prop`, `value`) VALUES ('cfe5fd4dc599faed808b1f0dfb6b538e', '25', 'size', '1');
REPLACE INTO `question_properties` (`form_id`, `question_id`, `prop`, `value`) VALUES ('cfe5fd4dc599faed808b1f0dfb6b538e', '25', 'special', 'none');
REPLACE INTO `question_properties` (`form_id`, `question_id`, `prop`, `value`) VALUES ('cfe5fd4dc599faed808b1f0dfb6b538e', '25', 'text', 'Status Perkahwinan');
REPLACE INTO `question_properties` (`form_id`, `question_id`, `prop`, `value`) VALUES ('cfe5fd4dc599faed808b1f0dfb6b538e', '26', 'desc', NULL);
REPLACE INTO `question_properties` (`form_id`, `question_id`, `prop`, `value`) VALUES ('cfe5fd4dc599faed808b1f0dfb6b538e', '26', 'options', 'Warganegara<br>Bukan Warganegara');
REPLACE INTO `question_properties` (`form_id`, `question_id`, `prop`, `value`) VALUES ('cfe5fd4dc599faed808b1f0dfb6b538e', '26', 'required', 'yes');
REPLACE INTO `question_properties` (`form_id`, `question_id`, `prop`, `value`) VALUES ('cfe5fd4dc599faed808b1f0dfb6b538e', '26', 'size', '1');
REPLACE INTO `question_properties` (`form_id`, `question_id`, `prop`, `value`) VALUES ('cfe5fd4dc599faed808b1f0dfb6b538e', '26', 'special', 'none');
REPLACE INTO `question_properties` (`form_id`, `question_id`, `prop`, `value`) VALUES ('cfe5fd4dc599faed808b1f0dfb6b538e', '26', 'text', 'Warganegara');
REPLACE INTO `question_properties` (`form_id`, `question_id`, `prop`, `value`) VALUES ('cfe5fd4dc599faed808b1f0dfb6b538e', '27', 'text', '1. MAKLUMAT PEMOHON');
REPLACE INTO `question_properties` (`form_id`, `question_id`, `prop`, `value`) VALUES ('cfe5fd4dc599faed808b1f0dfb6b538e', '28', 'text', '>undefined<');
REPLACE INTO `question_properties` (`form_id`, `question_id`, `prop`, `value`) VALUES ('cfe5fd4dc599faed808b1f0dfb6b538e', '28', 'value', NULL);
REPLACE INTO `question_properties` (`form_id`, `question_id`, `prop`, `value`) VALUES ('cfe5fd4dc599faed808b1f0dfb6b538e', '29', 'text', '2. PEKERJAAN');
REPLACE INTO `question_properties` (`form_id`, `question_id`, `prop`, `value`) VALUES ('cfe5fd4dc599faed808b1f0dfb6b538e', '30', 'text', '>undefined<');
REPLACE INTO `question_properties` (`form_id`, `question_id`, `prop`, `value`) VALUES ('cfe5fd4dc599faed808b1f0dfb6b538e', '30', 'value', NULL);
REPLACE INTO `question_properties` (`form_id`, `question_id`, `prop`, `value`) VALUES ('cfe5fd4dc599faed808b1f0dfb6b538e', '31', 'desc', NULL);
REPLACE INTO `question_properties` (`form_id`, `question_id`, `prop`, `value`) VALUES ('cfe5fd4dc599faed808b1f0dfb6b538e', '31', 'options', 'RM6,500.00 ke atas<br>RM5,500.00 - RM6,499.00<br>RM4,500.00 - RM5,499.00<br>RM3,500.00 - RM4,499.00<br>RM3,000.00 - RM3,499.00<br>RM2,500.00 - RM2,999.00<br>RM2,000.00 - RM2,499.00<br>RM1,500.00 - RM1,999.00<br>RM1,200.00 - RM1,499.00<br>Bawah RM1,199.00');
REPLACE INTO `question_properties` (`form_id`, `question_id`, `prop`, `value`) VALUES ('cfe5fd4dc599faed808b1f0dfb6b538e', '31', 'required', 'yes');
REPLACE INTO `question_properties` (`form_id`, `question_id`, `prop`, `value`) VALUES ('cfe5fd4dc599faed808b1f0dfb6b538e', '31', 'size', '1');
REPLACE INTO `question_properties` (`form_id`, `question_id`, `prop`, `value`) VALUES ('cfe5fd4dc599faed808b1f0dfb6b538e', '31', 'special', 'none');
REPLACE INTO `question_properties` (`form_id`, `question_id`, `prop`, `value`) VALUES ('cfe5fd4dc599faed808b1f0dfb6b538e', '31', 'text', 'Pendapatan Bulanan');
REPLACE INTO `question_properties` (`form_id`, `question_id`, `prop`, `value`) VALUES ('cfe5fd4dc599faed808b1f0dfb6b538e', '32', 'cols', '36');
REPLACE INTO `question_properties` (`form_id`, `question_id`, `prop`, `value`) VALUES ('cfe5fd4dc599faed808b1f0dfb6b538e', '32', 'desc', NULL);
REPLACE INTO `question_properties` (`form_id`, `question_id`, `prop`, `value`) VALUES ('cfe5fd4dc599faed808b1f0dfb6b538e', '32', 'required', 'no');
REPLACE INTO `question_properties` (`form_id`, `question_id`, `prop`, `value`) VALUES ('cfe5fd4dc599faed808b1f0dfb6b538e', '32', 'rows', '8');
REPLACE INTO `question_properties` (`form_id`, `question_id`, `prop`, `value`) VALUES ('cfe5fd4dc599faed808b1f0dfb6b538e', '32', 'text', 'Alamat Majikan');
REPLACE INTO `question_properties` (`form_id`, `question_id`, `prop`, `value`) VALUES ('cfe5fd4dc599faed808b1f0dfb6b538e', '32', 'validation', 'no');
REPLACE INTO `question_properties` (`form_id`, `question_id`, `prop`, `value`) VALUES ('cfe5fd4dc599faed808b1f0dfb6b538e', '33', 'text', '>undefined<');
REPLACE INTO `question_properties` (`form_id`, `question_id`, `prop`, `value`) VALUES ('cfe5fd4dc599faed808b1f0dfb6b538e', '33', 'value', NULL);
REPLACE INTO `question_properties` (`form_id`, `question_id`, `prop`, `value`) VALUES ('cfe5fd4dc599faed808b1f0dfb6b538e', '34', 'text', '3. JENIS LOT RUMAH / BANGUNAN YANG DIPOHON');
REPLACE INTO `question_properties` (`form_id`, `question_id`, `prop`, `value`) VALUES ('cfe5fd4dc599faed808b1f0dfb6b538e', '35', 'desc', NULL);
REPLACE INTO `question_properties` (`form_id`, `question_id`, `prop`, `value`) VALUES ('cfe5fd4dc599faed808b1f0dfb6b538e', '35', 'options', 'Tepi<br>Tengah');
REPLACE INTO `question_properties` (`form_id`, `question_id`, `prop`, `value`) VALUES ('cfe5fd4dc599faed808b1f0dfb6b538e', '35', 'required', 'yes');
REPLACE INTO `question_properties` (`form_id`, `question_id`, `prop`, `value`) VALUES ('cfe5fd4dc599faed808b1f0dfb6b538e', '35', 'size', '1');
REPLACE INTO `question_properties` (`form_id`, `question_id`, `prop`, `value`) VALUES ('cfe5fd4dc599faed808b1f0dfb6b538e', '35', 'special', 'none');
REPLACE INTO `question_properties` (`form_id`, `question_id`, `prop`, `value`) VALUES ('cfe5fd4dc599faed808b1f0dfb6b538e', '35', 'text', 'Jenis Lot');
REPLACE INTO `question_properties` (`form_id`, `question_id`, `prop`, `value`) VALUES ('cfe5fd4dc599faed808b1f0dfb6b538e', '36', 'text', '>undefined<');
REPLACE INTO `question_properties` (`form_id`, `question_id`, `prop`, `value`) VALUES ('cfe5fd4dc599faed808b1f0dfb6b538e', '36', 'value', NULL);
REPLACE INTO `question_properties` (`form_id`, `question_id`, `prop`, `value`) VALUES ('cfe5fd4dc599faed808b1f0dfb6b538e', '37', 'text', '4. CARA PEMBAYARAN');
REPLACE INTO `question_properties` (`form_id`, `question_id`, `prop`, `value`) VALUES ('cfe5fd4dc599faed808b1f0dfb6b538e', '38', 'checked', 'no');
REPLACE INTO `question_properties` (`form_id`, `question_id`, `prop`, `value`) VALUES ('cfe5fd4dc599faed808b1f0dfb6b538e', '38', 'desc', NULL);
REPLACE INTO `question_properties` (`form_id`, `question_id`, `prop`, `value`) VALUES ('cfe5fd4dc599faed808b1f0dfb6b538e', '38', 'options', 'Institusi Kewangan / Bank<br>Kerajaan<br>Majikan<br>Tunai<br>Lain-lain');
REPLACE INTO `question_properties` (`form_id`, `question_id`, `prop`, `value`) VALUES ('cfe5fd4dc599faed808b1f0dfb6b538e', '38', 'required', 'yes');
REPLACE INTO `question_properties` (`form_id`, `question_id`, `prop`, `value`) VALUES ('cfe5fd4dc599faed808b1f0dfb6b538e', '38', 'text', 'Pinjaman Perumahan');
REPLACE INTO `question_properties` (`form_id`, `question_id`, `prop`, `value`) VALUES ('cfe5fd4dc599faed808b1f0dfb6b538e', '39', 'desc', NULL);
REPLACE INTO `question_properties` (`form_id`, `question_id`, `prop`, `value`) VALUES ('cfe5fd4dc599faed808b1f0dfb6b538e', '39', 'extensions', 'doc, docx, xls, xlsx, pdf, ppt, pptx, txt, html, htm, rtf, pps, ppsx, zip, tar, gzip, bzip, sit, dmg, jpg, jpeg, gif, png, asf, asx, flv, h264, mov, mp3, mp4, swf, wax, wma, wmv, wvx, wpl, xspf');
REPLACE INTO `question_properties` (`form_id`, `question_id`, `prop`, `value`) VALUES ('cfe5fd4dc599faed808b1f0dfb6b538e', '39', 'maxsize', '5000');
REPLACE INTO `question_properties` (`form_id`, `question_id`, `prop`, `value`) VALUES ('cfe5fd4dc599faed808b1f0dfb6b538e', '39', 'required', 'no');
REPLACE INTO `question_properties` (`form_id`, `question_id`, `prop`, `value`) VALUES ('cfe5fd4dc599faed808b1f0dfb6b538e', '39', 'text', 'Slip Gaji Terkini');
REPLACE INTO `question_properties` (`form_id`, `question_id`, `prop`, `value`) VALUES ('cfe5fd4dc599faed808b1f0dfb6b538e', '40', 'desc', NULL);
REPLACE INTO `question_properties` (`form_id`, `question_id`, `prop`, `value`) VALUES ('cfe5fd4dc599faed808b1f0dfb6b538e', '40', 'text', 'Pengesahan');
REPLACE INTO `question_properties` (`form_id`, `question_id`, `prop`, `value`) VALUES ('cfe5fd4dc599faed808b1f0dfb6b538e', '41', 'text', '>undefined<');
REPLACE INTO `question_properties` (`form_id`, `question_id`, `prop`, `value`) VALUES ('cfe5fd4dc599faed808b1f0dfb6b538e', '41', 'value', NULL);
REPLACE INTO `question_properties` (`form_id`, `question_id`, `prop`, `value`) VALUES ('cfe5fd4dc599faed808b1f0dfb6b538e', '42', 'text', '>undefined<');
REPLACE INTO `question_properties` (`form_id`, `question_id`, `prop`, `value`) VALUES ('cfe5fd4dc599faed808b1f0dfb6b538e', '42', 'value', NULL);
REPLACE INTO `question_properties` (`form_id`, `question_id`, `prop`, `value`) VALUES ('cfe5fd4dc599faed808b1f0dfb6b538e', '43', 'text', '>undefined<');
REPLACE INTO `question_properties` (`form_id`, `question_id`, `prop`, `value`) VALUES ('cfe5fd4dc599faed808b1f0dfb6b538e', '43', 'value', NULL);
REPLACE INTO `question_properties` (`form_id`, `question_id`, `prop`, `value`) VALUES ('cfe5fd4dc599faed808b1f0dfb6b538e', '44', 'text', 'NOTA : [1. KOPERAT berhak menolak pendaftaran jika maklumat tidak lengkap / tepat.] [2. KOPERAT berhad membatalkan pendaftaran selepas 6 bulan tanpa notis.] [3. Harga adalah tertakluk kepada pindaan terakhir.]');
REPLACE INTO `question_properties` (`form_id`, `question_id`, `prop`, `value`) VALUES ('cfe5fd4dc599faed808b1f0dfb6b538e', '45', 'text', '>undefined<');
REPLACE INTO `question_properties` (`form_id`, `question_id`, `prop`, `value`) VALUES ('cfe5fd4dc599faed808b1f0dfb6b538e', '45', 'value', NULL);
REPLACE INTO `question_properties` (`form_id`, `question_id`, `prop`, `value`) VALUES ('cfe5fd4dc599faed808b1f0dfb6b538e', '999', 'alignment', 'default');
REPLACE INTO `question_properties` (`form_id`, `question_id`, `prop`, `value`) VALUES ('cfe5fd4dc599faed808b1f0dfb6b538e', '999', 'background', 'white');
REPLACE INTO `question_properties` (`form_id`, `question_id`, `prop`, `value`) VALUES ('cfe5fd4dc599faed808b1f0dfb6b538e', '999', 'conf_body', 'Thanks for submitting our form, we will get back to you as soon as possible.');
REPLACE INTO `question_properties` (`form_id`, `question_id`, `prop`, `value`) VALUES ('cfe5fd4dc599faed808b1f0dfb6b538e', '999', 'conf_send', 'no');
REPLACE INTO `question_properties` (`form_id`, `question_id`, `prop`, `value`) VALUES ('cfe5fd4dc599faed808b1f0dfb6b538e', '999', 'conf_subj', 'Borang TKP Fasa 1B');
REPLACE INTO `question_properties` (`form_id`, `question_id`, `prop`, `value`) VALUES ('cfe5fd4dc599faed808b1f0dfb6b538e', '999', 'disabled', 'Enabled');
REPLACE INTO `question_properties` (`form_id`, `question_id`, `prop`, `value`) VALUES ('cfe5fd4dc599faed808b1f0dfb6b538e', '999', 'email', 'yes');
REPLACE INTO `question_properties` (`form_id`, `question_id`, `prop`, `value`) VALUES ('cfe5fd4dc599faed808b1f0dfb6b538e', '999', 'email_addr', 'sales@koperat.com.my');
REPLACE INTO `question_properties` (`form_id`, `question_id`, `prop`, `value`) VALUES ('cfe5fd4dc599faed808b1f0dfb6b538e', '999', 'ext_sendpostdata', 'no');
REPLACE INTO `question_properties` (`form_id`, `question_id`, `prop`, `value`) VALUES ('cfe5fd4dc599faed808b1f0dfb6b538e', '999', 'font', 'Verdana');
REPLACE INTO `question_properties` (`form_id`, `question_id`, `prop`, `value`) VALUES ('cfe5fd4dc599faed808b1f0dfb6b538e', '999', 'fontcolor', '#48345a');
REPLACE INTO `question_properties` (`form_id`, `question_id`, `prop`, `value`) VALUES ('cfe5fd4dc599faed808b1f0dfb6b538e', '999', 'fontsize', '12');
REPLACE INTO `question_properties` (`form_id`, `question_id`, `prop`, `value`) VALUES ('cfe5fd4dc599faed808b1f0dfb6b538e', '999', 'not_subj', 'New Submission: {qForm Title}');
REPLACE INTO `question_properties` (`form_id`, `question_id`, `prop`, `value`) VALUES ('cfe5fd4dc599faed808b1f0dfb6b538e', '999', 'rvcolor', 'JF062.ini.php');
REPLACE INTO `question_properties` (`form_id`, `question_id`, `prop`, `value`) VALUES ('cfe5fd4dc599faed808b1f0dfb6b538e', '999', 'sendpostdata', 'yes');
REPLACE INTO `question_properties` (`form_id`, `question_id`, `prop`, `value`) VALUES ('cfe5fd4dc599faed808b1f0dfb6b538e', '999', 'spamcheck', 'Enabled');
REPLACE INTO `question_properties` (`form_id`, `question_id`, `prop`, `value`) VALUES ('cfe5fd4dc599faed808b1f0dfb6b538e', '999', 'thanktext', '<div>\n<div>\n<div>Terima kasih atas pengisian. Pihak KOPERAT akan memproses permohonan Anda.</div></div>\n<div>\n<div>&nbsp;</div></div>\n<div>\n<div>\n<div><strong><font color=\"#ff00aa\">Sila hantarkan</font></strong> 2 salinan dokuken-dokumen berikut ke pejabat kami dengan segera;</div>\n<div>Sekiranya Permohonan Anda Berjaya.&nbsp; </div>\n<div>(Nyatakan Projek / Kategori Rumah yang dipohon)<br />\n<br />\n&nbsp;<br />\na) Salinan Kad Pengenalan.<br />\n&nbsp;<br />\nb) Slip Gaji 6 bulan terkini ( pinjaman Bank / Kerajaan ).<br />\n&nbsp;<br />\nc) Surat Pengesahan Jawatan ( pinjaman Bank )<br />\n&nbsp;<br />\nd) Surat Pengesahan Perkhidmatan ( pinjaman Kerajaan ).<br />\n&nbsp;<br />\ne) Surat Pengesahan Lantikan ( pinjaman Kerajaan ).<br />\n<br />f) Surat Iringan - mengikut format ( pinjaman Kerajaan ).<br />\n&nbsp;<br />\ng) Borang EA/Cukai Pendapatan LHDN beserta resit bayaran ( pinjaman Bank / Berniaga ).<br />\n&nbsp;<br />\nh) Salinan Penyata Akaun Bank 6 bulan terkini ( pinjaman Bank / Kerajaan / Berniaga ).<br />\n&nbsp;<br />\ni) Pendaftaran Perniagaan ( pinjaman Bank / Berniaga ).<br />\n&nbsp;<br />\nj) Penyata Bank Syarikat 6 bulan terkini ( pinjaman Bank / Berniaga ).<br />\n&nbsp;<br />\nk) Penyata KWSP terkini ( pinjaman Bank ).<br />\n<br />l) Lain-lain dokumen, jika berkaitan.<br />\n&nbsp;<br />\n<br /><br />\n* <strong><font color=\"#ff0000\">Sila Pastikan</font></strong> <u><font color=\"#aa00ff\">E-mail dan Maklumat</font></u> Anda Adalah Betul Untuk Penerimaan Maklumbalas Daripada KOPERAT.<br />\n&nbsp;<br />\n&nbsp;<br />\n<br />Makluman Lanjut Sila Hubungi, Hantar @ Fax kan Borang anda ke;<br />\n&nbsp;<br />\n<strong>KONSORTIUM PERUMAHAN RAKYAT TERENGGANU SDN. BHD.<br />\n</strong><br />\nWisma GPQ, Lot 4564, Tingkat 1 &amp; 2<br />\n<br />Desa MPKT, Chendering, 21080 Kuala Terengganu<br />\n<br />Tel : 09-617 3405 / 617 6405&nbsp;&nbsp;&nbsp; Fax : 09-617 7404<br />\n<br />Website : <a href=\"http://www.koperat.com.my/\" title=\"\" target=\"_blank\"><strong>www.koperat.com.my</strong></a><br />\n<br />Page : <strong><a href=\"http://www.facebook.com/pages/Koperat/197111670306770\" title=\"\" target=\"_blank\">facebook.com / koperat</a></strong><br />\n<br />Email : koperat96@gmail.com<br />\n&nbsp;<br />\n&nbsp; </div></div></div></div>');
REPLACE INTO `question_properties` (`form_id`, `question_id`, `prop`, `value`) VALUES ('cfe5fd4dc599faed808b1f0dfb6b538e', '999', 'theme', 'Default');
REPLACE INTO `question_properties` (`form_id`, `question_id`, `prop`, `value`) VALUES ('cfe5fd4dc599faed808b1f0dfb6b538e', '999', 'use_buildin_formmail', 'yes');
REPLACE INTO `question_properties` (`form_id`, `question_id`, `prop`, `value`) VALUES ('cfe5fd4dc599faed808b1f0dfb6b538e', '999', 'width', '100%');
REPLACE INTO `question_utf8` (`form_id`, `utf8format`) VALUES ('cfe5fd4dc599faed808b1f0dfb6b538e', '1');
REPLACE INTO `forms` (`id`, `username`, `title`, `height`, `status`) VALUES ('c042ac3b6ea0c0d4a4ba05d0e4cc6452', 'a7ec09dce63b814be39611d58a2e3078', 'contact us', '1780', 'undefined');
REPLACE INTO `questions` (`form_id`, `id`, `order`, `type`) VALUES ('c042ac3b6ea0c0d4a4ba05d0e4cc6452', '0', '8', 'control_textbox');
REPLACE INTO `questions` (`form_id`, `id`, `order`, `type`) VALUES ('c042ac3b6ea0c0d4a4ba05d0e4cc6452', '1', '10', 'control_textbox');
REPLACE INTO `questions` (`form_id`, `id`, `order`, `type`) VALUES ('c042ac3b6ea0c0d4a4ba05d0e4cc6452', '2', '17', 'control_textbox');
REPLACE INTO `questions` (`form_id`, `id`, `order`, `type`) VALUES ('c042ac3b6ea0c0d4a4ba05d0e4cc6452', '7', '9', 'control_textarea');
REPLACE INTO `questions` (`form_id`, `id`, `order`, `type`) VALUES ('c042ac3b6ea0c0d4a4ba05d0e4cc6452', '8', '39', 'control_button');
REPLACE INTO `questions` (`form_id`, `id`, `order`, `type`) VALUES ('c042ac3b6ea0c0d4a4ba05d0e4cc6452', '12', '15', 'control_textbox');
REPLACE INTO `questions` (`form_id`, `id`, `order`, `type`) VALUES ('c042ac3b6ea0c0d4a4ba05d0e4cc6452', '13', '1', 'control_head');
REPLACE INTO `questions` (`form_id`, `id`, `order`, `type`) VALUES ('c042ac3b6ea0c0d4a4ba05d0e4cc6452', '14', '2', 'control_text');
REPLACE INTO `questions` (`form_id`, `id`, `order`, `type`) VALUES ('c042ac3b6ea0c0d4a4ba05d0e4cc6452', '15', '3', 'control_text');
REPLACE INTO `questions` (`form_id`, `id`, `order`, `type`) VALUES ('c042ac3b6ea0c0d4a4ba05d0e4cc6452', '16', '4', 'control_text');
REPLACE INTO `questions` (`form_id`, `id`, `order`, `type`) VALUES ('c042ac3b6ea0c0d4a4ba05d0e4cc6452', '17', '5', 'control_text');
REPLACE INTO `questions` (`form_id`, `id`, `order`, `type`) VALUES ('c042ac3b6ea0c0d4a4ba05d0e4cc6452', '18', '22', 'control_textbox');
REPLACE INTO `questions` (`form_id`, `id`, `order`, `type`) VALUES ('c042ac3b6ea0c0d4a4ba05d0e4cc6452', '19', '24', 'control_textbox');
REPLACE INTO `questions` (`form_id`, `id`, `order`, `type`) VALUES ('c042ac3b6ea0c0d4a4ba05d0e4cc6452', '20', '20', 'control_textbox');
REPLACE INTO `questions` (`form_id`, `id`, `order`, `type`) VALUES ('c042ac3b6ea0c0d4a4ba05d0e4cc6452', '21', '28', 'control_textbox');
REPLACE INTO `questions` (`form_id`, `id`, `order`, `type`) VALUES ('c042ac3b6ea0c0d4a4ba05d0e4cc6452', '22', '11', 'control_dropdown');
REPLACE INTO `questions` (`form_id`, `id`, `order`, `type`) VALUES ('c042ac3b6ea0c0d4a4ba05d0e4cc6452', '23', '16', 'control_textbox');
REPLACE INTO `questions` (`form_id`, `id`, `order`, `type`) VALUES ('c042ac3b6ea0c0d4a4ba05d0e4cc6452', '24', '12', 'control_dropdown');
REPLACE INTO `questions` (`form_id`, `id`, `order`, `type`) VALUES ('c042ac3b6ea0c0d4a4ba05d0e4cc6452', '25', '14', 'control_dropdown');
REPLACE INTO `questions` (`form_id`, `id`, `order`, `type`) VALUES ('c042ac3b6ea0c0d4a4ba05d0e4cc6452', '26', '13', 'control_dropdown');
REPLACE INTO `questions` (`form_id`, `id`, `order`, `type`) VALUES ('c042ac3b6ea0c0d4a4ba05d0e4cc6452', '27', '7', 'control_text');
REPLACE INTO `questions` (`form_id`, `id`, `order`, `type`) VALUES ('c042ac3b6ea0c0d4a4ba05d0e4cc6452', '28', '6', 'control_hidden');
REPLACE INTO `questions` (`form_id`, `id`, `order`, `type`) VALUES ('c042ac3b6ea0c0d4a4ba05d0e4cc6452', '29', '19', 'control_text');
REPLACE INTO `questions` (`form_id`, `id`, `order`, `type`) VALUES ('c042ac3b6ea0c0d4a4ba05d0e4cc6452', '30', '18', 'control_hidden');
REPLACE INTO `questions` (`form_id`, `id`, `order`, `type`) VALUES ('c042ac3b6ea0c0d4a4ba05d0e4cc6452', '31', '21', 'control_dropdown');
REPLACE INTO `questions` (`form_id`, `id`, `order`, `type`) VALUES ('c042ac3b6ea0c0d4a4ba05d0e4cc6452', '32', '23', 'control_textarea');
REPLACE INTO `questions` (`form_id`, `id`, `order`, `type`) VALUES ('c042ac3b6ea0c0d4a4ba05d0e4cc6452', '33', '25', 'control_hidden');
REPLACE INTO `questions` (`form_id`, `id`, `order`, `type`) VALUES ('c042ac3b6ea0c0d4a4ba05d0e4cc6452', '34', '26', 'control_text');
REPLACE INTO `questions` (`form_id`, `id`, `order`, `type`) VALUES ('c042ac3b6ea0c0d4a4ba05d0e4cc6452', '35', '27', 'control_dropdown');
REPLACE INTO `questions` (`form_id`, `id`, `order`, `type`) VALUES ('c042ac3b6ea0c0d4a4ba05d0e4cc6452', '36', '29', 'control_hidden');
REPLACE INTO `questions` (`form_id`, `id`, `order`, `type`) VALUES ('c042ac3b6ea0c0d4a4ba05d0e4cc6452', '37', '30', 'control_text');
REPLACE INTO `questions` (`form_id`, `id`, `order`, `type`) VALUES ('c042ac3b6ea0c0d4a4ba05d0e4cc6452', '38', '31', 'control_checkbox');
REPLACE INTO `questions` (`form_id`, `id`, `order`, `type`) VALUES ('c042ac3b6ea0c0d4a4ba05d0e4cc6452', '39', '33', 'control_fileupload');
REPLACE INTO `questions` (`form_id`, `id`, `order`, `type`) VALUES ('c042ac3b6ea0c0d4a4ba05d0e4cc6452', '40', '37', 'control_captcha');
REPLACE INTO `questions` (`form_id`, `id`, `order`, `type`) VALUES ('c042ac3b6ea0c0d4a4ba05d0e4cc6452', '41', '32', 'control_hidden');
REPLACE INTO `questions` (`form_id`, `id`, `order`, `type`) VALUES ('c042ac3b6ea0c0d4a4ba05d0e4cc6452', '42', '34', 'control_hidden');
REPLACE INTO `questions` (`form_id`, `id`, `order`, `type`) VALUES ('c042ac3b6ea0c0d4a4ba05d0e4cc6452', '43', '38', 'control_hidden');
REPLACE INTO `questions` (`form_id`, `id`, `order`, `type`) VALUES ('c042ac3b6ea0c0d4a4ba05d0e4cc6452', '44', '35', 'control_text');
REPLACE INTO `questions` (`form_id`, `id`, `order`, `type`) VALUES ('c042ac3b6ea0c0d4a4ba05d0e4cc6452', '45', '36', 'control_hidden');
REPLACE INTO `question_properties` (`form_id`, `question_id`, `prop`, `value`) VALUES ('c042ac3b6ea0c0d4a4ba05d0e4cc6452', '0', 'desc', NULL);
REPLACE INTO `question_properties` (`form_id`, `question_id`, `prop`, `value`) VALUES ('c042ac3b6ea0c0d4a4ba05d0e4cc6452', '0', 'maxsize', '100');
REPLACE INTO `question_properties` (`form_id`, `question_id`, `prop`, `value`) VALUES ('c042ac3b6ea0c0d4a4ba05d0e4cc6452', '0', 'required', 'yes');
REPLACE INTO `question_properties` (`form_id`, `question_id`, `prop`, `value`) VALUES ('c042ac3b6ea0c0d4a4ba05d0e4cc6452', '0', 'senderemail', 'no');
REPLACE INTO `question_properties` (`form_id`, `question_id`, `prop`, `value`) VALUES ('c042ac3b6ea0c0d4a4ba05d0e4cc6452', '0', 'size', '48');
REPLACE INTO `question_properties` (`form_id`, `question_id`, `prop`, `value`) VALUES ('c042ac3b6ea0c0d4a4ba05d0e4cc6452', '0', 'text', 'Nama Penuh');
REPLACE INTO `question_properties` (`form_id`, `question_id`, `prop`, `value`) VALUES ('c042ac3b6ea0c0d4a4ba05d0e4cc6452', '0', 'validation', 'no');
REPLACE INTO `question_properties` (`form_id`, `question_id`, `prop`, `value`) VALUES ('c042ac3b6ea0c0d4a4ba05d0e4cc6452', '1', 'desc', NULL);
REPLACE INTO `question_properties` (`form_id`, `question_id`, `prop`, `value`) VALUES ('c042ac3b6ea0c0d4a4ba05d0e4cc6452', '1', 'maxsize', '100');
REPLACE INTO `question_properties` (`form_id`, `question_id`, `prop`, `value`) VALUES ('c042ac3b6ea0c0d4a4ba05d0e4cc6452', '1', 'required', 'yes');
REPLACE INTO `question_properties` (`form_id`, `question_id`, `prop`, `value`) VALUES ('c042ac3b6ea0c0d4a4ba05d0e4cc6452', '1', 'senderemail', 'no');
REPLACE INTO `question_properties` (`form_id`, `question_id`, `prop`, `value`) VALUES ('c042ac3b6ea0c0d4a4ba05d0e4cc6452', '1', 'size', '20');
REPLACE INTO `question_properties` (`form_id`, `question_id`, `prop`, `value`) VALUES ('c042ac3b6ea0c0d4a4ba05d0e4cc6452', '1', 'text', 'No. K/P Pengenalan');
REPLACE INTO `question_properties` (`form_id`, `question_id`, `prop`, `value`) VALUES ('c042ac3b6ea0c0d4a4ba05d0e4cc6452', '1', 'validation', 'no');
REPLACE INTO `question_properties` (`form_id`, `question_id`, `prop`, `value`) VALUES ('c042ac3b6ea0c0d4a4ba05d0e4cc6452', '2', 'desc', NULL);
REPLACE INTO `question_properties` (`form_id`, `question_id`, `prop`, `value`) VALUES ('c042ac3b6ea0c0d4a4ba05d0e4cc6452', '2', 'maxsize', '100');
REPLACE INTO `question_properties` (`form_id`, `question_id`, `prop`, `value`) VALUES ('c042ac3b6ea0c0d4a4ba05d0e4cc6452', '2', 'required', 'yes');
REPLACE INTO `question_properties` (`form_id`, `question_id`, `prop`, `value`) VALUES ('c042ac3b6ea0c0d4a4ba05d0e4cc6452', '2', 'senderemail', 'no');
REPLACE INTO `question_properties` (`form_id`, `question_id`, `prop`, `value`) VALUES ('c042ac3b6ea0c0d4a4ba05d0e4cc6452', '2', 'size', '30');
REPLACE INTO `question_properties` (`form_id`, `question_id`, `prop`, `value`) VALUES ('c042ac3b6ea0c0d4a4ba05d0e4cc6452', '2', 'text', 'E-mail');
REPLACE INTO `question_properties` (`form_id`, `question_id`, `prop`, `value`) VALUES ('c042ac3b6ea0c0d4a4ba05d0e4cc6452', '2', 'validation', 'Email');
REPLACE INTO `question_properties` (`form_id`, `question_id`, `prop`, `value`) VALUES ('c042ac3b6ea0c0d4a4ba05d0e4cc6452', '7', 'cols', '36');
REPLACE INTO `question_properties` (`form_id`, `question_id`, `prop`, `value`) VALUES ('c042ac3b6ea0c0d4a4ba05d0e4cc6452', '7', 'desc', NULL);
REPLACE INTO `question_properties` (`form_id`, `question_id`, `prop`, `value`) VALUES ('c042ac3b6ea0c0d4a4ba05d0e4cc6452', '7', 'required', 'yes');
REPLACE INTO `question_properties` (`form_id`, `question_id`, `prop`, `value`) VALUES ('c042ac3b6ea0c0d4a4ba05d0e4cc6452', '7', 'rows', '8');
REPLACE INTO `question_properties` (`form_id`, `question_id`, `prop`, `value`) VALUES ('c042ac3b6ea0c0d4a4ba05d0e4cc6452', '7', 'text', 'Alamat Penuh');
REPLACE INTO `question_properties` (`form_id`, `question_id`, `prop`, `value`) VALUES ('c042ac3b6ea0c0d4a4ba05d0e4cc6452', '7', 'validation', 'no');
REPLACE INTO `question_properties` (`form_id`, `question_id`, `prop`, `value`) VALUES ('c042ac3b6ea0c0d4a4ba05d0e4cc6452', '8', 'clear', 'no');
REPLACE INTO `question_properties` (`form_id`, `question_id`, `prop`, `value`) VALUES ('c042ac3b6ea0c0d4a4ba05d0e4cc6452', '8', 'resettext', 'clear');
REPLACE INTO `question_properties` (`form_id`, `question_id`, `prop`, `value`) VALUES ('c042ac3b6ea0c0d4a4ba05d0e4cc6452', '8', 'submittext', 'Hantar');
REPLACE INTO `question_properties` (`form_id`, `question_id`, `prop`, `value`) VALUES ('c042ac3b6ea0c0d4a4ba05d0e4cc6452', '8', 'text', NULL);
REPLACE INTO `question_properties` (`form_id`, `question_id`, `prop`, `value`) VALUES ('c042ac3b6ea0c0d4a4ba05d0e4cc6452', '12', 'desc', NULL);
REPLACE INTO `question_properties` (`form_id`, `question_id`, `prop`, `value`) VALUES ('c042ac3b6ea0c0d4a4ba05d0e4cc6452', '12', 'maxsize', '100');
REPLACE INTO `question_properties` (`form_id`, `question_id`, `prop`, `value`) VALUES ('c042ac3b6ea0c0d4a4ba05d0e4cc6452', '12', 'required', 'yes');
REPLACE INTO `question_properties` (`form_id`, `question_id`, `prop`, `value`) VALUES ('c042ac3b6ea0c0d4a4ba05d0e4cc6452', '12', 'senderemail', 'no');
REPLACE INTO `question_properties` (`form_id`, `question_id`, `prop`, `value`) VALUES ('c042ac3b6ea0c0d4a4ba05d0e4cc6452', '12', 'size', '20');
REPLACE INTO `question_properties` (`form_id`, `question_id`, `prop`, `value`) VALUES ('c042ac3b6ea0c0d4a4ba05d0e4cc6452', '12', 'text', 'No. Telefon (HandPhone)');
REPLACE INTO `question_properties` (`form_id`, `question_id`, `prop`, `value`) VALUES ('c042ac3b6ea0c0d4a4ba05d0e4cc6452', '12', 'validation', 'no');
REPLACE INTO `question_properties` (`form_id`, `question_id`, `prop`, `value`) VALUES ('c042ac3b6ea0c0d4a4ba05d0e4cc6452', '13', 'text', 'TAMAN KOPERAT PERADONG');
REPLACE INTO `question_properties` (`form_id`, `question_id`, `prop`, `value`) VALUES ('c042ac3b6ea0c0d4a4ba05d0e4cc6452', '14', 'text', 'TAMAN KOPERAT PERADONG, BANGGOL PERADONG');
REPLACE INTO `question_properties` (`form_id`, `question_id`, `prop`, `value`) VALUES ('c042ac3b6ea0c0d4a4ba05d0e4cc6452', '15', 'text', 'MANIR, KUALA TERENGGANU');
REPLACE INTO `question_properties` (`form_id`, `question_id`, `prop`, `value`) VALUES ('c042ac3b6ea0c0d4a4ba05d0e4cc6452', '16', 'text', 'RUMAH TERES SATU LAPIS - FASA 1C');
REPLACE INTO `question_properties` (`form_id`, `question_id`, `prop`, `value`) VALUES ('c042ac3b6ea0c0d4a4ba05d0e4cc6452', '17', 'text', '[ RM 175,000.00 dan ke atas / unit (bergantung kepada keluasan tanah) ]');
REPLACE INTO `question_properties` (`form_id`, `question_id`, `prop`, `value`) VALUES ('c042ac3b6ea0c0d4a4ba05d0e4cc6452', '18', 'desc', NULL);
REPLACE INTO `question_properties` (`form_id`, `question_id`, `prop`, `value`) VALUES ('c042ac3b6ea0c0d4a4ba05d0e4cc6452', '18', 'maxsize', '100');
REPLACE INTO `question_properties` (`form_id`, `question_id`, `prop`, `value`) VALUES ('c042ac3b6ea0c0d4a4ba05d0e4cc6452', '18', 'required', 'no');
REPLACE INTO `question_properties` (`form_id`, `question_id`, `prop`, `value`) VALUES ('c042ac3b6ea0c0d4a4ba05d0e4cc6452', '18', 'senderemail', 'no');
REPLACE INTO `question_properties` (`form_id`, `question_id`, `prop`, `value`) VALUES ('c042ac3b6ea0c0d4a4ba05d0e4cc6452', '18', 'size', '48');
REPLACE INTO `question_properties` (`form_id`, `question_id`, `prop`, `value`) VALUES ('c042ac3b6ea0c0d4a4ba05d0e4cc6452', '18', 'text', 'Nama Majikan');
REPLACE INTO `question_properties` (`form_id`, `question_id`, `prop`, `value`) VALUES ('c042ac3b6ea0c0d4a4ba05d0e4cc6452', '18', 'validation', 'no');
REPLACE INTO `question_properties` (`form_id`, `question_id`, `prop`, `value`) VALUES ('c042ac3b6ea0c0d4a4ba05d0e4cc6452', '19', 'desc', NULL);
REPLACE INTO `question_properties` (`form_id`, `question_id`, `prop`, `value`) VALUES ('c042ac3b6ea0c0d4a4ba05d0e4cc6452', '19', 'maxsize', '100');
REPLACE INTO `question_properties` (`form_id`, `question_id`, `prop`, `value`) VALUES ('c042ac3b6ea0c0d4a4ba05d0e4cc6452', '19', 'required', 'no');
REPLACE INTO `question_properties` (`form_id`, `question_id`, `prop`, `value`) VALUES ('c042ac3b6ea0c0d4a4ba05d0e4cc6452', '19', 'senderemail', 'no');
REPLACE INTO `question_properties` (`form_id`, `question_id`, `prop`, `value`) VALUES ('c042ac3b6ea0c0d4a4ba05d0e4cc6452', '19', 'size', '20');
REPLACE INTO `question_properties` (`form_id`, `question_id`, `prop`, `value`) VALUES ('c042ac3b6ea0c0d4a4ba05d0e4cc6452', '19', 'text', 'No. Telefon Pejabat');
REPLACE INTO `question_properties` (`form_id`, `question_id`, `prop`, `value`) VALUES ('c042ac3b6ea0c0d4a4ba05d0e4cc6452', '19', 'validation', 'no');
REPLACE INTO `question_properties` (`form_id`, `question_id`, `prop`, `value`) VALUES ('c042ac3b6ea0c0d4a4ba05d0e4cc6452', '20', 'desc', NULL);
REPLACE INTO `question_properties` (`form_id`, `question_id`, `prop`, `value`) VALUES ('c042ac3b6ea0c0d4a4ba05d0e4cc6452', '20', 'maxsize', '100');
REPLACE INTO `question_properties` (`form_id`, `question_id`, `prop`, `value`) VALUES ('c042ac3b6ea0c0d4a4ba05d0e4cc6452', '20', 'required', 'no');
REPLACE INTO `question_properties` (`form_id`, `question_id`, `prop`, `value`) VALUES ('c042ac3b6ea0c0d4a4ba05d0e4cc6452', '20', 'senderemail', 'no');
REPLACE INTO `question_properties` (`form_id`, `question_id`, `prop`, `value`) VALUES ('c042ac3b6ea0c0d4a4ba05d0e4cc6452', '20', 'size', '30');
REPLACE INTO `question_properties` (`form_id`, `question_id`, `prop`, `value`) VALUES ('c042ac3b6ea0c0d4a4ba05d0e4cc6452', '20', 'text', 'Jawatan Pemohon');
REPLACE INTO `question_properties` (`form_id`, `question_id`, `prop`, `value`) VALUES ('c042ac3b6ea0c0d4a4ba05d0e4cc6452', '20', 'validation', 'no');
REPLACE INTO `question_properties` (`form_id`, `question_id`, `prop`, `value`) VALUES ('c042ac3b6ea0c0d4a4ba05d0e4cc6452', '21', 'desc', NULL);
REPLACE INTO `question_properties` (`form_id`, `question_id`, `prop`, `value`) VALUES ('c042ac3b6ea0c0d4a4ba05d0e4cc6452', '21', 'maxsize', '100');
REPLACE INTO `question_properties` (`form_id`, `question_id`, `prop`, `value`) VALUES ('c042ac3b6ea0c0d4a4ba05d0e4cc6452', '21', 'required', 'no');
REPLACE INTO `question_properties` (`form_id`, `question_id`, `prop`, `value`) VALUES ('c042ac3b6ea0c0d4a4ba05d0e4cc6452', '21', 'senderemail', 'no');
REPLACE INTO `question_properties` (`form_id`, `question_id`, `prop`, `value`) VALUES ('c042ac3b6ea0c0d4a4ba05d0e4cc6452', '21', 'size', '20');
REPLACE INTO `question_properties` (`form_id`, `question_id`, `prop`, `value`) VALUES ('c042ac3b6ea0c0d4a4ba05d0e4cc6452', '21', 'text', 'Nombor Lot / PT');
REPLACE INTO `question_properties` (`form_id`, `question_id`, `prop`, `value`) VALUES ('c042ac3b6ea0c0d4a4ba05d0e4cc6452', '21', 'validation', 'no');
REPLACE INTO `question_properties` (`form_id`, `question_id`, `prop`, `value`) VALUES ('c042ac3b6ea0c0d4a4ba05d0e4cc6452', '22', 'desc', NULL);
REPLACE INTO `question_properties` (`form_id`, `question_id`, `prop`, `value`) VALUES ('c042ac3b6ea0c0d4a4ba05d0e4cc6452', '22', 'options', 'Lelaki<br>Perempuan<br>');
REPLACE INTO `question_properties` (`form_id`, `question_id`, `prop`, `value`) VALUES ('c042ac3b6ea0c0d4a4ba05d0e4cc6452', '22', 'required', 'yes');
REPLACE INTO `question_properties` (`form_id`, `question_id`, `prop`, `value`) VALUES ('c042ac3b6ea0c0d4a4ba05d0e4cc6452', '22', 'size', '1');
REPLACE INTO `question_properties` (`form_id`, `question_id`, `prop`, `value`) VALUES ('c042ac3b6ea0c0d4a4ba05d0e4cc6452', '22', 'special', 'none');
REPLACE INTO `question_properties` (`form_id`, `question_id`, `prop`, `value`) VALUES ('c042ac3b6ea0c0d4a4ba05d0e4cc6452', '22', 'text', 'Jantina');
REPLACE INTO `question_properties` (`form_id`, `question_id`, `prop`, `value`) VALUES ('c042ac3b6ea0c0d4a4ba05d0e4cc6452', '23', 'desc', NULL);
REPLACE INTO `question_properties` (`form_id`, `question_id`, `prop`, `value`) VALUES ('c042ac3b6ea0c0d4a4ba05d0e4cc6452', '23', 'maxsize', '100');
REPLACE INTO `question_properties` (`form_id`, `question_id`, `prop`, `value`) VALUES ('c042ac3b6ea0c0d4a4ba05d0e4cc6452', '23', 'required', 'yes');
REPLACE INTO `question_properties` (`form_id`, `question_id`, `prop`, `value`) VALUES ('c042ac3b6ea0c0d4a4ba05d0e4cc6452', '23', 'senderemail', 'no');
REPLACE INTO `question_properties` (`form_id`, `question_id`, `prop`, `value`) VALUES ('c042ac3b6ea0c0d4a4ba05d0e4cc6452', '23', 'size', '20');
REPLACE INTO `question_properties` (`form_id`, `question_id`, `prop`, `value`) VALUES ('c042ac3b6ea0c0d4a4ba05d0e4cc6452', '23', 'text', 'No. Telefon (Rumah/tetap)');
REPLACE INTO `question_properties` (`form_id`, `question_id`, `prop`, `value`) VALUES ('c042ac3b6ea0c0d4a4ba05d0e4cc6452', '23', 'validation', 'no');
REPLACE INTO `question_properties` (`form_id`, `question_id`, `prop`, `value`) VALUES ('c042ac3b6ea0c0d4a4ba05d0e4cc6452', '24', 'desc', NULL);
REPLACE INTO `question_properties` (`form_id`, `question_id`, `prop`, `value`) VALUES ('c042ac3b6ea0c0d4a4ba05d0e4cc6452', '24', 'options', 'Melayu<br>Cina<br>India<br>Lain-lain');
REPLACE INTO `question_properties` (`form_id`, `question_id`, `prop`, `value`) VALUES ('c042ac3b6ea0c0d4a4ba05d0e4cc6452', '24', 'required', 'yes');
REPLACE INTO `question_properties` (`form_id`, `question_id`, `prop`, `value`) VALUES ('c042ac3b6ea0c0d4a4ba05d0e4cc6452', '24', 'size', '1');
REPLACE INTO `question_properties` (`form_id`, `question_id`, `prop`, `value`) VALUES ('c042ac3b6ea0c0d4a4ba05d0e4cc6452', '24', 'special', 'none');
REPLACE INTO `question_properties` (`form_id`, `question_id`, `prop`, `value`) VALUES ('c042ac3b6ea0c0d4a4ba05d0e4cc6452', '24', 'text', 'Bangsa');
REPLACE INTO `question_properties` (`form_id`, `question_id`, `prop`, `value`) VALUES ('c042ac3b6ea0c0d4a4ba05d0e4cc6452', '25', 'desc', NULL);
REPLACE INTO `question_properties` (`form_id`, `question_id`, `prop`, `value`) VALUES ('c042ac3b6ea0c0d4a4ba05d0e4cc6452', '25', 'options', 'Bujang<br>Berkahwin<br>Lain-lain');
REPLACE INTO `question_properties` (`form_id`, `question_id`, `prop`, `value`) VALUES ('c042ac3b6ea0c0d4a4ba05d0e4cc6452', '25', 'required', 'yes');
REPLACE INTO `question_properties` (`form_id`, `question_id`, `prop`, `value`) VALUES ('c042ac3b6ea0c0d4a4ba05d0e4cc6452', '25', 'size', '1');
REPLACE INTO `question_properties` (`form_id`, `question_id`, `prop`, `value`) VALUES ('c042ac3b6ea0c0d4a4ba05d0e4cc6452', '25', 'special', 'none');
REPLACE INTO `question_properties` (`form_id`, `question_id`, `prop`, `value`) VALUES ('c042ac3b6ea0c0d4a4ba05d0e4cc6452', '25', 'text', 'Status Perkahwinan');
REPLACE INTO `question_properties` (`form_id`, `question_id`, `prop`, `value`) VALUES ('c042ac3b6ea0c0d4a4ba05d0e4cc6452', '26', 'desc', NULL);
REPLACE INTO `question_properties` (`form_id`, `question_id`, `prop`, `value`) VALUES ('c042ac3b6ea0c0d4a4ba05d0e4cc6452', '26', 'options', 'Warganegara<br>Bukan Warganegara');
REPLACE INTO `question_properties` (`form_id`, `question_id`, `prop`, `value`) VALUES ('c042ac3b6ea0c0d4a4ba05d0e4cc6452', '26', 'required', 'yes');
REPLACE INTO `question_properties` (`form_id`, `question_id`, `prop`, `value`) VALUES ('c042ac3b6ea0c0d4a4ba05d0e4cc6452', '26', 'size', '1');
REPLACE INTO `question_properties` (`form_id`, `question_id`, `prop`, `value`) VALUES ('c042ac3b6ea0c0d4a4ba05d0e4cc6452', '26', 'special', 'none');
REPLACE INTO `question_properties` (`form_id`, `question_id`, `prop`, `value`) VALUES ('c042ac3b6ea0c0d4a4ba05d0e4cc6452', '26', 'text', 'Warganegara');
REPLACE INTO `question_properties` (`form_id`, `question_id`, `prop`, `value`) VALUES ('c042ac3b6ea0c0d4a4ba05d0e4cc6452', '27', 'text', '1. MAKLUMAT PEMOHON');
REPLACE INTO `question_properties` (`form_id`, `question_id`, `prop`, `value`) VALUES ('c042ac3b6ea0c0d4a4ba05d0e4cc6452', '28', 'text', '>undefined<');
REPLACE INTO `question_properties` (`form_id`, `question_id`, `prop`, `value`) VALUES ('c042ac3b6ea0c0d4a4ba05d0e4cc6452', '28', 'value', NULL);
REPLACE INTO `question_properties` (`form_id`, `question_id`, `prop`, `value`) VALUES ('c042ac3b6ea0c0d4a4ba05d0e4cc6452', '29', 'text', '2. PEKERJAAN');
REPLACE INTO `question_properties` (`form_id`, `question_id`, `prop`, `value`) VALUES ('c042ac3b6ea0c0d4a4ba05d0e4cc6452', '30', 'text', '>undefined<');
REPLACE INTO `question_properties` (`form_id`, `question_id`, `prop`, `value`) VALUES ('c042ac3b6ea0c0d4a4ba05d0e4cc6452', '30', 'value', NULL);
REPLACE INTO `question_properties` (`form_id`, `question_id`, `prop`, `value`) VALUES ('c042ac3b6ea0c0d4a4ba05d0e4cc6452', '31', 'desc', NULL);
REPLACE INTO `question_properties` (`form_id`, `question_id`, `prop`, `value`) VALUES ('c042ac3b6ea0c0d4a4ba05d0e4cc6452', '31', 'options', 'RM6,500 ke atas<br>RM5,500.00 - RM6,499.00<br>RM4,500.00 - RM5,499.00<br>RM3,500.00 - RM4,499.00<br>RM3,000.00 - RM3,499.00<br>RM2,500.00 - RM2,999.00<br>RM2,000.00 - RM2,499.00<br>RM1,500.00 - RM1,999.00<br>RM1,200.00 - RM1,499.00<br>Bawah RM1,199.00');
REPLACE INTO `question_properties` (`form_id`, `question_id`, `prop`, `value`) VALUES ('c042ac3b6ea0c0d4a4ba05d0e4cc6452', '31', 'required', 'yes');
REPLACE INTO `question_properties` (`form_id`, `question_id`, `prop`, `value`) VALUES ('c042ac3b6ea0c0d4a4ba05d0e4cc6452', '31', 'size', '1');
REPLACE INTO `question_properties` (`form_id`, `question_id`, `prop`, `value`) VALUES ('c042ac3b6ea0c0d4a4ba05d0e4cc6452', '31', 'special', 'none');
REPLACE INTO `question_properties` (`form_id`, `question_id`, `prop`, `value`) VALUES ('c042ac3b6ea0c0d4a4ba05d0e4cc6452', '31', 'text', 'Pendapatan Bulanan');
REPLACE INTO `question_properties` (`form_id`, `question_id`, `prop`, `value`) VALUES ('c042ac3b6ea0c0d4a4ba05d0e4cc6452', '32', 'cols', '36');
REPLACE INTO `question_properties` (`form_id`, `question_id`, `prop`, `value`) VALUES ('c042ac3b6ea0c0d4a4ba05d0e4cc6452', '32', 'desc', NULL);
REPLACE INTO `question_properties` (`form_id`, `question_id`, `prop`, `value`) VALUES ('c042ac3b6ea0c0d4a4ba05d0e4cc6452', '32', 'required', 'no');
REPLACE INTO `question_properties` (`form_id`, `question_id`, `prop`, `value`) VALUES ('c042ac3b6ea0c0d4a4ba05d0e4cc6452', '32', 'rows', '8');
REPLACE INTO `question_properties` (`form_id`, `question_id`, `prop`, `value`) VALUES ('c042ac3b6ea0c0d4a4ba05d0e4cc6452', '32', 'text', 'Alamat Majikan');
REPLACE INTO `question_properties` (`form_id`, `question_id`, `prop`, `value`) VALUES ('c042ac3b6ea0c0d4a4ba05d0e4cc6452', '32', 'validation', 'no');
REPLACE INTO `question_properties` (`form_id`, `question_id`, `prop`, `value`) VALUES ('c042ac3b6ea0c0d4a4ba05d0e4cc6452', '33', 'text', '>undefined<');
REPLACE INTO `question_properties` (`form_id`, `question_id`, `prop`, `value`) VALUES ('c042ac3b6ea0c0d4a4ba05d0e4cc6452', '33', 'value', NULL);
REPLACE INTO `question_properties` (`form_id`, `question_id`, `prop`, `value`) VALUES ('c042ac3b6ea0c0d4a4ba05d0e4cc6452', '34', 'text', '3. JENIS LOT RUMAH / BANGUNAN YANG DIPOHON');
REPLACE INTO `question_properties` (`form_id`, `question_id`, `prop`, `value`) VALUES ('c042ac3b6ea0c0d4a4ba05d0e4cc6452', '35', 'desc', NULL);
REPLACE INTO `question_properties` (`form_id`, `question_id`, `prop`, `value`) VALUES ('c042ac3b6ea0c0d4a4ba05d0e4cc6452', '35', 'options', 'Tepi<br>Tengah');
REPLACE INTO `question_properties` (`form_id`, `question_id`, `prop`, `value`) VALUES ('c042ac3b6ea0c0d4a4ba05d0e4cc6452', '35', 'required', 'yes');
REPLACE INTO `question_properties` (`form_id`, `question_id`, `prop`, `value`) VALUES ('c042ac3b6ea0c0d4a4ba05d0e4cc6452', '35', 'size', '1');
REPLACE INTO `question_properties` (`form_id`, `question_id`, `prop`, `value`) VALUES ('c042ac3b6ea0c0d4a4ba05d0e4cc6452', '35', 'special', 'none');
REPLACE INTO `question_properties` (`form_id`, `question_id`, `prop`, `value`) VALUES ('c042ac3b6ea0c0d4a4ba05d0e4cc6452', '35', 'text', 'Jenis Lot');
REPLACE INTO `question_properties` (`form_id`, `question_id`, `prop`, `value`) VALUES ('c042ac3b6ea0c0d4a4ba05d0e4cc6452', '36', 'text', '>undefined<');
REPLACE INTO `question_properties` (`form_id`, `question_id`, `prop`, `value`) VALUES ('c042ac3b6ea0c0d4a4ba05d0e4cc6452', '36', 'value', NULL);
REPLACE INTO `question_properties` (`form_id`, `question_id`, `prop`, `value`) VALUES ('c042ac3b6ea0c0d4a4ba05d0e4cc6452', '37', 'text', '4. CARA PEMBAYARAN');
REPLACE INTO `question_properties` (`form_id`, `question_id`, `prop`, `value`) VALUES ('c042ac3b6ea0c0d4a4ba05d0e4cc6452', '38', 'checked', 'no');
REPLACE INTO `question_properties` (`form_id`, `question_id`, `prop`, `value`) VALUES ('c042ac3b6ea0c0d4a4ba05d0e4cc6452', '38', 'desc', NULL);
REPLACE INTO `question_properties` (`form_id`, `question_id`, `prop`, `value`) VALUES ('c042ac3b6ea0c0d4a4ba05d0e4cc6452', '38', 'options', 'Institusi Kewangan / Bank<br>Kerajaan<br>Majikan<br>Tunai<br>Lain-lain');
REPLACE INTO `question_properties` (`form_id`, `question_id`, `prop`, `value`) VALUES ('c042ac3b6ea0c0d4a4ba05d0e4cc6452', '38', 'required', 'yes');
REPLACE INTO `question_properties` (`form_id`, `question_id`, `prop`, `value`) VALUES ('c042ac3b6ea0c0d4a4ba05d0e4cc6452', '38', 'text', 'Pinjaman Perumahan');
REPLACE INTO `question_properties` (`form_id`, `question_id`, `prop`, `value`) VALUES ('c042ac3b6ea0c0d4a4ba05d0e4cc6452', '39', 'desc', NULL);
REPLACE INTO `question_properties` (`form_id`, `question_id`, `prop`, `value`) VALUES ('c042ac3b6ea0c0d4a4ba05d0e4cc6452', '39', 'extensions', 'doc, docx, xls, xlsx, pdf, ppt, pptx, txt, html, htm, rtf, pps, ppsx, zip, tar, gzip, bzip, sit, dmg, jpg, jpeg, gif, png, asf, asx, flv, h264, mov, mp3, mp4, swf, wax, wma, wmv, wvx, wpl, xspf');
REPLACE INTO `question_properties` (`form_id`, `question_id`, `prop`, `value`) VALUES ('c042ac3b6ea0c0d4a4ba05d0e4cc6452', '39', 'maxsize', '5000');
REPLACE INTO `question_properties` (`form_id`, `question_id`, `prop`, `value`) VALUES ('c042ac3b6ea0c0d4a4ba05d0e4cc6452', '39', 'required', 'no');
REPLACE INTO `question_properties` (`form_id`, `question_id`, `prop`, `value`) VALUES ('c042ac3b6ea0c0d4a4ba05d0e4cc6452', '39', 'text', 'Slip Gaji Terkini');
REPLACE INTO `question_properties` (`form_id`, `question_id`, `prop`, `value`) VALUES ('c042ac3b6ea0c0d4a4ba05d0e4cc6452', '40', 'desc', NULL);
REPLACE INTO `question_properties` (`form_id`, `question_id`, `prop`, `value`) VALUES ('c042ac3b6ea0c0d4a4ba05d0e4cc6452', '40', 'text', 'Pengesahan');
REPLACE INTO `question_properties` (`form_id`, `question_id`, `prop`, `value`) VALUES ('c042ac3b6ea0c0d4a4ba05d0e4cc6452', '41', 'text', '>undefined<');
REPLACE INTO `question_properties` (`form_id`, `question_id`, `prop`, `value`) VALUES ('c042ac3b6ea0c0d4a4ba05d0e4cc6452', '41', 'value', NULL);
REPLACE INTO `question_properties` (`form_id`, `question_id`, `prop`, `value`) VALUES ('c042ac3b6ea0c0d4a4ba05d0e4cc6452', '42', 'text', '>undefined<');
REPLACE INTO `question_properties` (`form_id`, `question_id`, `prop`, `value`) VALUES ('c042ac3b6ea0c0d4a4ba05d0e4cc6452', '42', 'value', NULL);
REPLACE INTO `question_properties` (`form_id`, `question_id`, `prop`, `value`) VALUES ('c042ac3b6ea0c0d4a4ba05d0e4cc6452', '43', 'text', '>undefined<');
REPLACE INTO `question_properties` (`form_id`, `question_id`, `prop`, `value`) VALUES ('c042ac3b6ea0c0d4a4ba05d0e4cc6452', '43', 'value', NULL);
REPLACE INTO `question_properties` (`form_id`, `question_id`, `prop`, `value`) VALUES ('c042ac3b6ea0c0d4a4ba05d0e4cc6452', '44', 'text', 'NOTA : [1. KOPERAT berhak menolak pendaftaran jika maklumat tidak lengkap / tepat.] [2. KOPERAT berhad membatalkan pendaftaran selepas 6 bulan tanpa notis.] [3. Harga adalah tertakluk kepada pindaan terakhir.]');
REPLACE INTO `question_properties` (`form_id`, `question_id`, `prop`, `value`) VALUES ('c042ac3b6ea0c0d4a4ba05d0e4cc6452', '45', 'text', '>undefined<');
REPLACE INTO `question_properties` (`form_id`, `question_id`, `prop`, `value`) VALUES ('c042ac3b6ea0c0d4a4ba05d0e4cc6452', '45', 'value', NULL);
REPLACE INTO `question_properties` (`form_id`, `question_id`, `prop`, `value`) VALUES ('c042ac3b6ea0c0d4a4ba05d0e4cc6452', '999', 'alignment', 'default');
REPLACE INTO `question_properties` (`form_id`, `question_id`, `prop`, `value`) VALUES ('c042ac3b6ea0c0d4a4ba05d0e4cc6452', '999', 'background', 'white');
REPLACE INTO `question_properties` (`form_id`, `question_id`, `prop`, `value`) VALUES ('c042ac3b6ea0c0d4a4ba05d0e4cc6452', '999', 'conf_body', 'Thanks for submitting our form, we will get back to you as soon as possible.');
REPLACE INTO `question_properties` (`form_id`, `question_id`, `prop`, `value`) VALUES ('c042ac3b6ea0c0d4a4ba05d0e4cc6452', '999', 'conf_send', 'no');
REPLACE INTO `question_properties` (`form_id`, `question_id`, `prop`, `value`) VALUES ('c042ac3b6ea0c0d4a4ba05d0e4cc6452', '999', 'conf_subj', 'Borang TKP Fasa 1C');
REPLACE INTO `question_properties` (`form_id`, `question_id`, `prop`, `value`) VALUES ('c042ac3b6ea0c0d4a4ba05d0e4cc6452', '999', 'disabled', 'Enabled');
REPLACE INTO `question_properties` (`form_id`, `question_id`, `prop`, `value`) VALUES ('c042ac3b6ea0c0d4a4ba05d0e4cc6452', '999', 'email', 'yes');
REPLACE INTO `question_properties` (`form_id`, `question_id`, `prop`, `value`) VALUES ('c042ac3b6ea0c0d4a4ba05d0e4cc6452', '999', 'email_addr', 'sales@koperat.com.my');
REPLACE INTO `question_properties` (`form_id`, `question_id`, `prop`, `value`) VALUES ('c042ac3b6ea0c0d4a4ba05d0e4cc6452', '999', 'ext_sendpostdata', 'no');
REPLACE INTO `question_properties` (`form_id`, `question_id`, `prop`, `value`) VALUES ('c042ac3b6ea0c0d4a4ba05d0e4cc6452', '999', 'font', 'Verdana');
REPLACE INTO `question_properties` (`form_id`, `question_id`, `prop`, `value`) VALUES ('c042ac3b6ea0c0d4a4ba05d0e4cc6452', '999', 'fontcolor', '#48345a');
REPLACE INTO `question_properties` (`form_id`, `question_id`, `prop`, `value`) VALUES ('c042ac3b6ea0c0d4a4ba05d0e4cc6452', '999', 'fontsize', '12');
REPLACE INTO `question_properties` (`form_id`, `question_id`, `prop`, `value`) VALUES ('c042ac3b6ea0c0d4a4ba05d0e4cc6452', '999', 'not_subj', 'New Submission: {qForm Title}');
REPLACE INTO `question_properties` (`form_id`, `question_id`, `prop`, `value`) VALUES ('c042ac3b6ea0c0d4a4ba05d0e4cc6452', '999', 'rvcolor', 'JF062.ini.php');
REPLACE INTO `question_properties` (`form_id`, `question_id`, `prop`, `value`) VALUES ('c042ac3b6ea0c0d4a4ba05d0e4cc6452', '999', 'sendpostdata', 'yes');
REPLACE INTO `question_properties` (`form_id`, `question_id`, `prop`, `value`) VALUES ('c042ac3b6ea0c0d4a4ba05d0e4cc6452', '999', 'spamcheck', 'Enabled');
REPLACE INTO `question_properties` (`form_id`, `question_id`, `prop`, `value`) VALUES ('c042ac3b6ea0c0d4a4ba05d0e4cc6452', '999', 'thanktext', '<div>\n<div>\n<div>Terima kasih atas pengisian. Pihak KOPERAT akan memproses permohonan Anda.</div></div>\n<div>\n<div>&nbsp;</div></div>\n<div>\n<div>\n<div><strong><font color=\"#ff00aa\">Sila hantarkan</font></strong> 2 salinan dokuken-dokumen berikut ke pejabat kami dengan segera;</div>\n<div>Sekiranya Permohonan Anda Berjaya.&nbsp; </div>\n<div>(Nyatakan Projek / Kategori Rumah yang dipohon)<br />\n<br />\n&nbsp;<br />\na) Salinan Kad Pengenalan.<br />\n&nbsp;<br />\nb) Slip Gaji 4 bulan terkini ( pinjaman Bank / Kerajaan ).<br />\n&nbsp;<br />\nc) Surat Pengesahan Jawatan ( pinjaman Bank )<br />\n&nbsp;<br />\nd) Surat Pengesahan Perkhidmatan ( pinjaman Kerajaan ).<br />\n&nbsp;<br />\ne) Surat Pengesahan Lantikan ( pinjaman Kerajaan ).<br />\n<br />f) Surat Iringan - mengikut format ( pinjaman Kerajaan ).<br />\n&nbsp;<br />\ng) Borang EA/Cukai Pendapatan LHDN beserta resit bayaran ( pinjaman Bank / Berniaga ).<br />\n&nbsp;<br />\nh) Salinan Penyata Akaun Bank 4 bulan terkini ( pinjaman Bank / Kerajaan / Berniaga ).<br />\n&nbsp;<br />\ni) Pendaftaran Perniagaan ( pinjaman Bank / Berniaga ).<br />\n&nbsp;<br />\nj) Penyata Bank Syarikat 6 bulan terkini ( pinjaman Bank / Berniaga ).<br />\n&nbsp;<br />\nk) Penyata KWSP terkini ( pinjaman Bank ).<br />\n<br />l) Lain-lain dokumen, jika berkaitan.<br />\n&nbsp;<br />\n<br />* <strong><font color=\"#ff0000\">Sila Pastikan</font></strong> <u><font color=\"#aa00ff\">E-mail dan Maklumat</font></u> Anda Adalah Betul Untuk Penerimaan Maklumbalas Daripada KOPERAT.<br />\n&nbsp;<br />\n&nbsp;<br />\n<br />Makluman Lanjut Sila Hubungi, Hantar @ Fax kan Borang anda ke;<br />\n&nbsp;<br />\n<strong>KONSORTIUM PERUMAHAN RAKYAT TERENGGANU SDN. BHD.<br />\n</strong><br />\nWisma GPQ, Lot 4564, Tingkat 1 &amp; 2<br />\n<br />Desa MPKT, Chendering, 21080 Kuala Terengganu<br />\n<br />Tel : 09-617 3405 / 617 6405&nbsp;&nbsp;&nbsp; Fax : 09-617 7404<br />\n<br />Website : <a href=\"http://www.koperat.com.my/\" title=\"\" target=\"_blank\"><strong>www.koperat.com.my</strong></a><br />\n<br />Page : <strong><a href=\"http://www.facebook.com/pages/Koperat/197111670306770\" title=\"\" target=\"_blank\">facebook.com / koperat</a></strong><br />\n<br />Email : koperat96@gmail.com<br />\n&nbsp;<br />\n&nbsp; </div></div></div></div>');
REPLACE INTO `question_properties` (`form_id`, `question_id`, `prop`, `value`) VALUES ('c042ac3b6ea0c0d4a4ba05d0e4cc6452', '999', 'theme', 'Default');
REPLACE INTO `question_properties` (`form_id`, `question_id`, `prop`, `value`) VALUES ('c042ac3b6ea0c0d4a4ba05d0e4cc6452', '999', 'use_buildin_formmail', 'yes');
REPLACE INTO `question_properties` (`form_id`, `question_id`, `prop`, `value`) VALUES ('c042ac3b6ea0c0d4a4ba05d0e4cc6452', '999', 'width', '100%');
REPLACE INTO `question_utf8` (`form_id`, `utf8format`) VALUES ('c042ac3b6ea0c0d4a4ba05d0e4cc6452', '1');
REPLACE INTO `forms` (`id`, `username`, `title`, `height`, `status`) VALUES ('a52f505206389e542e3f408a05bef050', 'a7ec09dce63b814be39611d58a2e3078', 'contact us', '1765', 'undefined');
REPLACE INTO `questions` (`form_id`, `id`, `order`, `type`) VALUES ('a52f505206389e542e3f408a05bef050', '0', '8', 'control_textbox');
REPLACE INTO `questions` (`form_id`, `id`, `order`, `type`) VALUES ('a52f505206389e542e3f408a05bef050', '1', '10', 'control_textbox');
REPLACE INTO `questions` (`form_id`, `id`, `order`, `type`) VALUES ('a52f505206389e542e3f408a05bef050', '2', '17', 'control_textbox');
REPLACE INTO `questions` (`form_id`, `id`, `order`, `type`) VALUES ('a52f505206389e542e3f408a05bef050', '7', '9', 'control_textarea');
REPLACE INTO `questions` (`form_id`, `id`, `order`, `type`) VALUES ('a52f505206389e542e3f408a05bef050', '8', '39', 'control_button');
REPLACE INTO `questions` (`form_id`, `id`, `order`, `type`) VALUES ('a52f505206389e542e3f408a05bef050', '12', '15', 'control_textbox');
REPLACE INTO `questions` (`form_id`, `id`, `order`, `type`) VALUES ('a52f505206389e542e3f408a05bef050', '13', '1', 'control_head');
REPLACE INTO `questions` (`form_id`, `id`, `order`, `type`) VALUES ('a52f505206389e542e3f408a05bef050', '14', '2', 'control_text');
REPLACE INTO `questions` (`form_id`, `id`, `order`, `type`) VALUES ('a52f505206389e542e3f408a05bef050', '15', '3', 'control_text');
REPLACE INTO `questions` (`form_id`, `id`, `order`, `type`) VALUES ('a52f505206389e542e3f408a05bef050', '16', '4', 'control_text');
REPLACE INTO `questions` (`form_id`, `id`, `order`, `type`) VALUES ('a52f505206389e542e3f408a05bef050', '17', '5', 'control_text');
REPLACE INTO `questions` (`form_id`, `id`, `order`, `type`) VALUES ('a52f505206389e542e3f408a05bef050', '18', '22', 'control_textbox');
REPLACE INTO `questions` (`form_id`, `id`, `order`, `type`) VALUES ('a52f505206389e542e3f408a05bef050', '19', '24', 'control_textbox');
REPLACE INTO `questions` (`form_id`, `id`, `order`, `type`) VALUES ('a52f505206389e542e3f408a05bef050', '20', '20', 'control_textbox');
REPLACE INTO `questions` (`form_id`, `id`, `order`, `type`) VALUES ('a52f505206389e542e3f408a05bef050', '21', '28', 'control_textbox');
REPLACE INTO `questions` (`form_id`, `id`, `order`, `type`) VALUES ('a52f505206389e542e3f408a05bef050', '22', '11', 'control_dropdown');
REPLACE INTO `questions` (`form_id`, `id`, `order`, `type`) VALUES ('a52f505206389e542e3f408a05bef050', '23', '16', 'control_textbox');
REPLACE INTO `questions` (`form_id`, `id`, `order`, `type`) VALUES ('a52f505206389e542e3f408a05bef050', '24', '12', 'control_dropdown');
REPLACE INTO `questions` (`form_id`, `id`, `order`, `type`) VALUES ('a52f505206389e542e3f408a05bef050', '25', '14', 'control_dropdown');
REPLACE INTO `questions` (`form_id`, `id`, `order`, `type`) VALUES ('a52f505206389e542e3f408a05bef050', '26', '13', 'control_dropdown');
REPLACE INTO `questions` (`form_id`, `id`, `order`, `type`) VALUES ('a52f505206389e542e3f408a05bef050', '27', '7', 'control_text');
REPLACE INTO `questions` (`form_id`, `id`, `order`, `type`) VALUES ('a52f505206389e542e3f408a05bef050', '28', '6', 'control_hidden');
REPLACE INTO `questions` (`form_id`, `id`, `order`, `type`) VALUES ('a52f505206389e542e3f408a05bef050', '29', '19', 'control_text');
REPLACE INTO `questions` (`form_id`, `id`, `order`, `type`) VALUES ('a52f505206389e542e3f408a05bef050', '30', '18', 'control_hidden');
REPLACE INTO `questions` (`form_id`, `id`, `order`, `type`) VALUES ('a52f505206389e542e3f408a05bef050', '31', '21', 'control_dropdown');
REPLACE INTO `questions` (`form_id`, `id`, `order`, `type`) VALUES ('a52f505206389e542e3f408a05bef050', '32', '23', 'control_textarea');
REPLACE INTO `questions` (`form_id`, `id`, `order`, `type`) VALUES ('a52f505206389e542e3f408a05bef050', '33', '25', 'control_hidden');
REPLACE INTO `questions` (`form_id`, `id`, `order`, `type`) VALUES ('a52f505206389e542e3f408a05bef050', '34', '26', 'control_text');
REPLACE INTO `questions` (`form_id`, `id`, `order`, `type`) VALUES ('a52f505206389e542e3f408a05bef050', '35', '27', 'control_dropdown');
REPLACE INTO `questions` (`form_id`, `id`, `order`, `type`) VALUES ('a52f505206389e542e3f408a05bef050', '36', '29', 'control_hidden');
REPLACE INTO `questions` (`form_id`, `id`, `order`, `type`) VALUES ('a52f505206389e542e3f408a05bef050', '37', '30', 'control_text');
REPLACE INTO `questions` (`form_id`, `id`, `order`, `type`) VALUES ('a52f505206389e542e3f408a05bef050', '38', '31', 'control_checkbox');
REPLACE INTO `questions` (`form_id`, `id`, `order`, `type`) VALUES ('a52f505206389e542e3f408a05bef050', '39', '33', 'control_fileupload');
REPLACE INTO `questions` (`form_id`, `id`, `order`, `type`) VALUES ('a52f505206389e542e3f408a05bef050', '40', '37', 'control_captcha');
REPLACE INTO `questions` (`form_id`, `id`, `order`, `type`) VALUES ('a52f505206389e542e3f408a05bef050', '41', '32', 'control_hidden');
REPLACE INTO `questions` (`form_id`, `id`, `order`, `type`) VALUES ('a52f505206389e542e3f408a05bef050', '42', '34', 'control_hidden');
REPLACE INTO `questions` (`form_id`, `id`, `order`, `type`) VALUES ('a52f505206389e542e3f408a05bef050', '43', '38', 'control_hidden');
REPLACE INTO `questions` (`form_id`, `id`, `order`, `type`) VALUES ('a52f505206389e542e3f408a05bef050', '44', '35', 'control_text');
REPLACE INTO `questions` (`form_id`, `id`, `order`, `type`) VALUES ('a52f505206389e542e3f408a05bef050', '45', '36', 'control_hidden');
REPLACE INTO `question_properties` (`form_id`, `question_id`, `prop`, `value`) VALUES ('a52f505206389e542e3f408a05bef050', '0', 'desc', NULL);
REPLACE INTO `question_properties` (`form_id`, `question_id`, `prop`, `value`) VALUES ('a52f505206389e542e3f408a05bef050', '0', 'maxsize', '100');
REPLACE INTO `question_properties` (`form_id`, `question_id`, `prop`, `value`) VALUES ('a52f505206389e542e3f408a05bef050', '0', 'required', 'yes');
REPLACE INTO `question_properties` (`form_id`, `question_id`, `prop`, `value`) VALUES ('a52f505206389e542e3f408a05bef050', '0', 'senderemail', 'no');
REPLACE INTO `question_properties` (`form_id`, `question_id`, `prop`, `value`) VALUES ('a52f505206389e542e3f408a05bef050', '0', 'size', '48');
REPLACE INTO `question_properties` (`form_id`, `question_id`, `prop`, `value`) VALUES ('a52f505206389e542e3f408a05bef050', '0', 'text', 'Nama Penuh');
REPLACE INTO `question_properties` (`form_id`, `question_id`, `prop`, `value`) VALUES ('a52f505206389e542e3f408a05bef050', '0', 'validation', 'no');
REPLACE INTO `question_properties` (`form_id`, `question_id`, `prop`, `value`) VALUES ('a52f505206389e542e3f408a05bef050', '1', 'desc', NULL);
REPLACE INTO `question_properties` (`form_id`, `question_id`, `prop`, `value`) VALUES ('a52f505206389e542e3f408a05bef050', '1', 'maxsize', '100');
REPLACE INTO `question_properties` (`form_id`, `question_id`, `prop`, `value`) VALUES ('a52f505206389e542e3f408a05bef050', '1', 'required', 'yes');
REPLACE INTO `question_properties` (`form_id`, `question_id`, `prop`, `value`) VALUES ('a52f505206389e542e3f408a05bef050', '1', 'senderemail', 'no');
REPLACE INTO `question_properties` (`form_id`, `question_id`, `prop`, `value`) VALUES ('a52f505206389e542e3f408a05bef050', '1', 'size', '20');
REPLACE INTO `question_properties` (`form_id`, `question_id`, `prop`, `value`) VALUES ('a52f505206389e542e3f408a05bef050', '1', 'text', 'No. K/P Pengenalan');
REPLACE INTO `question_properties` (`form_id`, `question_id`, `prop`, `value`) VALUES ('a52f505206389e542e3f408a05bef050', '1', 'validation', 'no');
REPLACE INTO `question_properties` (`form_id`, `question_id`, `prop`, `value`) VALUES ('a52f505206389e542e3f408a05bef050', '2', 'desc', NULL);
REPLACE INTO `question_properties` (`form_id`, `question_id`, `prop`, `value`) VALUES ('a52f505206389e542e3f408a05bef050', '2', 'maxsize', '100');
REPLACE INTO `question_properties` (`form_id`, `question_id`, `prop`, `value`) VALUES ('a52f505206389e542e3f408a05bef050', '2', 'required', 'yes');
REPLACE INTO `question_properties` (`form_id`, `question_id`, `prop`, `value`) VALUES ('a52f505206389e542e3f408a05bef050', '2', 'senderemail', 'no');
REPLACE INTO `question_properties` (`form_id`, `question_id`, `prop`, `value`) VALUES ('a52f505206389e542e3f408a05bef050', '2', 'size', '30');
REPLACE INTO `question_properties` (`form_id`, `question_id`, `prop`, `value`) VALUES ('a52f505206389e542e3f408a05bef050', '2', 'text', 'E-mail');
REPLACE INTO `question_properties` (`form_id`, `question_id`, `prop`, `value`) VALUES ('a52f505206389e542e3f408a05bef050', '2', 'validation', 'Email');
REPLACE INTO `question_properties` (`form_id`, `question_id`, `prop`, `value`) VALUES ('a52f505206389e542e3f408a05bef050', '7', 'cols', '36');
REPLACE INTO `question_properties` (`form_id`, `question_id`, `prop`, `value`) VALUES ('a52f505206389e542e3f408a05bef050', '7', 'desc', NULL);
REPLACE INTO `question_properties` (`form_id`, `question_id`, `prop`, `value`) VALUES ('a52f505206389e542e3f408a05bef050', '7', 'required', 'yes');
REPLACE INTO `question_properties` (`form_id`, `question_id`, `prop`, `value`) VALUES ('a52f505206389e542e3f408a05bef050', '7', 'rows', '8');
REPLACE INTO `question_properties` (`form_id`, `question_id`, `prop`, `value`) VALUES ('a52f505206389e542e3f408a05bef050', '7', 'text', 'Alamat Penuh');
REPLACE INTO `question_properties` (`form_id`, `question_id`, `prop`, `value`) VALUES ('a52f505206389e542e3f408a05bef050', '7', 'validation', 'no');
REPLACE INTO `question_properties` (`form_id`, `question_id`, `prop`, `value`) VALUES ('a52f505206389e542e3f408a05bef050', '8', 'clear', 'no');
REPLACE INTO `question_properties` (`form_id`, `question_id`, `prop`, `value`) VALUES ('a52f505206389e542e3f408a05bef050', '8', 'resettext', 'clear');
REPLACE INTO `question_properties` (`form_id`, `question_id`, `prop`, `value`) VALUES ('a52f505206389e542e3f408a05bef050', '8', 'submittext', 'Hantar');
REPLACE INTO `question_properties` (`form_id`, `question_id`, `prop`, `value`) VALUES ('a52f505206389e542e3f408a05bef050', '8', 'text', NULL);
REPLACE INTO `question_properties` (`form_id`, `question_id`, `prop`, `value`) VALUES ('a52f505206389e542e3f408a05bef050', '12', 'desc', NULL);
REPLACE INTO `question_properties` (`form_id`, `question_id`, `prop`, `value`) VALUES ('a52f505206389e542e3f408a05bef050', '12', 'maxsize', '100');
REPLACE INTO `question_properties` (`form_id`, `question_id`, `prop`, `value`) VALUES ('a52f505206389e542e3f408a05bef050', '12', 'required', 'yes');
REPLACE INTO `question_properties` (`form_id`, `question_id`, `prop`, `value`) VALUES ('a52f505206389e542e3f408a05bef050', '12', 'senderemail', 'no');
REPLACE INTO `question_properties` (`form_id`, `question_id`, `prop`, `value`) VALUES ('a52f505206389e542e3f408a05bef050', '12', 'size', '20');
REPLACE INTO `question_properties` (`form_id`, `question_id`, `prop`, `value`) VALUES ('a52f505206389e542e3f408a05bef050', '12', 'text', 'No. Telefon (HandPhone)');
REPLACE INTO `question_properties` (`form_id`, `question_id`, `prop`, `value`) VALUES ('a52f505206389e542e3f408a05bef050', '12', 'validation', 'no');
REPLACE INTO `question_properties` (`form_id`, `question_id`, `prop`, `value`) VALUES ('a52f505206389e542e3f408a05bef050', '13', 'text', 'TAMAN KOPERAT PERADONG');
REPLACE INTO `question_properties` (`form_id`, `question_id`, `prop`, `value`) VALUES ('a52f505206389e542e3f408a05bef050', '14', 'text', 'TAMAN KOPERAT PERADONG, BANGGOL PERADONG');
REPLACE INTO `question_properties` (`form_id`, `question_id`, `prop`, `value`) VALUES ('a52f505206389e542e3f408a05bef050', '15', 'text', 'MANIR, KUALA TERENGGANU');
REPLACE INTO `question_properties` (`form_id`, `question_id`, `prop`, `value`) VALUES ('a52f505206389e542e3f408a05bef050', '16', 'text', 'RUMAH TERES SATU LAPIS - FASA 1F');
REPLACE INTO `question_properties` (`form_id`, `question_id`, `prop`, `value`) VALUES ('a52f505206389e542e3f408a05bef050', '17', 'text', '[ RM 180,000.00 dan ke atas / unit (bergantung kepada keluasan tanah) ]');
REPLACE INTO `question_properties` (`form_id`, `question_id`, `prop`, `value`) VALUES ('a52f505206389e542e3f408a05bef050', '18', 'desc', NULL);
REPLACE INTO `question_properties` (`form_id`, `question_id`, `prop`, `value`) VALUES ('a52f505206389e542e3f408a05bef050', '18', 'maxsize', '100');
REPLACE INTO `question_properties` (`form_id`, `question_id`, `prop`, `value`) VALUES ('a52f505206389e542e3f408a05bef050', '18', 'required', 'no');
REPLACE INTO `question_properties` (`form_id`, `question_id`, `prop`, `value`) VALUES ('a52f505206389e542e3f408a05bef050', '18', 'senderemail', 'no');
REPLACE INTO `question_properties` (`form_id`, `question_id`, `prop`, `value`) VALUES ('a52f505206389e542e3f408a05bef050', '18', 'size', '48');
REPLACE INTO `question_properties` (`form_id`, `question_id`, `prop`, `value`) VALUES ('a52f505206389e542e3f408a05bef050', '18', 'text', 'Nama Majikan');
REPLACE INTO `question_properties` (`form_id`, `question_id`, `prop`, `value`) VALUES ('a52f505206389e542e3f408a05bef050', '18', 'validation', 'no');
REPLACE INTO `question_properties` (`form_id`, `question_id`, `prop`, `value`) VALUES ('a52f505206389e542e3f408a05bef050', '19', 'desc', NULL);
REPLACE INTO `question_properties` (`form_id`, `question_id`, `prop`, `value`) VALUES ('a52f505206389e542e3f408a05bef050', '19', 'maxsize', '100');
REPLACE INTO `question_properties` (`form_id`, `question_id`, `prop`, `value`) VALUES ('a52f505206389e542e3f408a05bef050', '19', 'required', 'no');
REPLACE INTO `question_properties` (`form_id`, `question_id`, `prop`, `value`) VALUES ('a52f505206389e542e3f408a05bef050', '19', 'senderemail', 'no');
REPLACE INTO `question_properties` (`form_id`, `question_id`, `prop`, `value`) VALUES ('a52f505206389e542e3f408a05bef050', '19', 'size', '20');
REPLACE INTO `question_properties` (`form_id`, `question_id`, `prop`, `value`) VALUES ('a52f505206389e542e3f408a05bef050', '19', 'text', 'No. Telefon Pejabat');
REPLACE INTO `question_properties` (`form_id`, `question_id`, `prop`, `value`) VALUES ('a52f505206389e542e3f408a05bef050', '19', 'validation', 'no');
REPLACE INTO `question_properties` (`form_id`, `question_id`, `prop`, `value`) VALUES ('a52f505206389e542e3f408a05bef050', '20', 'desc', NULL);
REPLACE INTO `question_properties` (`form_id`, `question_id`, `prop`, `value`) VALUES ('a52f505206389e542e3f408a05bef050', '20', 'maxsize', '100');
REPLACE INTO `question_properties` (`form_id`, `question_id`, `prop`, `value`) VALUES ('a52f505206389e542e3f408a05bef050', '20', 'required', 'no');
REPLACE INTO `question_properties` (`form_id`, `question_id`, `prop`, `value`) VALUES ('a52f505206389e542e3f408a05bef050', '20', 'senderemail', 'no');
REPLACE INTO `question_properties` (`form_id`, `question_id`, `prop`, `value`) VALUES ('a52f505206389e542e3f408a05bef050', '20', 'size', '30');
REPLACE INTO `question_properties` (`form_id`, `question_id`, `prop`, `value`) VALUES ('a52f505206389e542e3f408a05bef050', '20', 'text', 'Jawatan Pemohon');
REPLACE INTO `question_properties` (`form_id`, `question_id`, `prop`, `value`) VALUES ('a52f505206389e542e3f408a05bef050', '20', 'validation', 'no');
REPLACE INTO `question_properties` (`form_id`, `question_id`, `prop`, `value`) VALUES ('a52f505206389e542e3f408a05bef050', '21', 'desc', NULL);
REPLACE INTO `question_properties` (`form_id`, `question_id`, `prop`, `value`) VALUES ('a52f505206389e542e3f408a05bef050', '21', 'maxsize', '100');
REPLACE INTO `question_properties` (`form_id`, `question_id`, `prop`, `value`) VALUES ('a52f505206389e542e3f408a05bef050', '21', 'required', 'no');
REPLACE INTO `question_properties` (`form_id`, `question_id`, `prop`, `value`) VALUES ('a52f505206389e542e3f408a05bef050', '21', 'senderemail', 'no');
REPLACE INTO `question_properties` (`form_id`, `question_id`, `prop`, `value`) VALUES ('a52f505206389e542e3f408a05bef050', '21', 'size', '20');
REPLACE INTO `question_properties` (`form_id`, `question_id`, `prop`, `value`) VALUES ('a52f505206389e542e3f408a05bef050', '21', 'text', 'Nombor Lot / PT');
REPLACE INTO `question_properties` (`form_id`, `question_id`, `prop`, `value`) VALUES ('a52f505206389e542e3f408a05bef050', '21', 'validation', 'no');
REPLACE INTO `question_properties` (`form_id`, `question_id`, `prop`, `value`) VALUES ('a52f505206389e542e3f408a05bef050', '22', 'desc', NULL);
REPLACE INTO `question_properties` (`form_id`, `question_id`, `prop`, `value`) VALUES ('a52f505206389e542e3f408a05bef050', '22', 'options', 'Lelaki<br>Perempuan<br>');
REPLACE INTO `question_properties` (`form_id`, `question_id`, `prop`, `value`) VALUES ('a52f505206389e542e3f408a05bef050', '22', 'required', 'yes');
REPLACE INTO `question_properties` (`form_id`, `question_id`, `prop`, `value`) VALUES ('a52f505206389e542e3f408a05bef050', '22', 'size', '1');
REPLACE INTO `question_properties` (`form_id`, `question_id`, `prop`, `value`) VALUES ('a52f505206389e542e3f408a05bef050', '22', 'special', 'none');
REPLACE INTO `question_properties` (`form_id`, `question_id`, `prop`, `value`) VALUES ('a52f505206389e542e3f408a05bef050', '22', 'text', 'Jantina');
REPLACE INTO `question_properties` (`form_id`, `question_id`, `prop`, `value`) VALUES ('a52f505206389e542e3f408a05bef050', '23', 'desc', NULL);
REPLACE INTO `question_properties` (`form_id`, `question_id`, `prop`, `value`) VALUES ('a52f505206389e542e3f408a05bef050', '23', 'maxsize', '100');
REPLACE INTO `question_properties` (`form_id`, `question_id`, `prop`, `value`) VALUES ('a52f505206389e542e3f408a05bef050', '23', 'required', 'yes');
REPLACE INTO `question_properties` (`form_id`, `question_id`, `prop`, `value`) VALUES ('a52f505206389e542e3f408a05bef050', '23', 'senderemail', 'no');
REPLACE INTO `question_properties` (`form_id`, `question_id`, `prop`, `value`) VALUES ('a52f505206389e542e3f408a05bef050', '23', 'size', '20');
REPLACE INTO `question_properties` (`form_id`, `question_id`, `prop`, `value`) VALUES ('a52f505206389e542e3f408a05bef050', '23', 'text', 'No. Telefon (Rumah/tetap)');
REPLACE INTO `question_properties` (`form_id`, `question_id`, `prop`, `value`) VALUES ('a52f505206389e542e3f408a05bef050', '23', 'validation', 'no');
REPLACE INTO `question_properties` (`form_id`, `question_id`, `prop`, `value`) VALUES ('a52f505206389e542e3f408a05bef050', '24', 'desc', NULL);
REPLACE INTO `question_properties` (`form_id`, `question_id`, `prop`, `value`) VALUES ('a52f505206389e542e3f408a05bef050', '24', 'options', 'Melayu<br>Cina<br>India<br>Lain-lain');
REPLACE INTO `question_properties` (`form_id`, `question_id`, `prop`, `value`) VALUES ('a52f505206389e542e3f408a05bef050', '24', 'required', 'yes');
REPLACE INTO `question_properties` (`form_id`, `question_id`, `prop`, `value`) VALUES ('a52f505206389e542e3f408a05bef050', '24', 'size', '1');
REPLACE INTO `question_properties` (`form_id`, `question_id`, `prop`, `value`) VALUES ('a52f505206389e542e3f408a05bef050', '24', 'special', 'none');
REPLACE INTO `question_properties` (`form_id`, `question_id`, `prop`, `value`) VALUES ('a52f505206389e542e3f408a05bef050', '24', 'text', 'Bangsa');
REPLACE INTO `question_properties` (`form_id`, `question_id`, `prop`, `value`) VALUES ('a52f505206389e542e3f408a05bef050', '25', 'desc', NULL);
REPLACE INTO `question_properties` (`form_id`, `question_id`, `prop`, `value`) VALUES ('a52f505206389e542e3f408a05bef050', '25', 'options', 'Bujang<br>Berkahwin<br>Lain-lain');
REPLACE INTO `question_properties` (`form_id`, `question_id`, `prop`, `value`) VALUES ('a52f505206389e542e3f408a05bef050', '25', 'required', 'yes');
REPLACE INTO `question_properties` (`form_id`, `question_id`, `prop`, `value`) VALUES ('a52f505206389e542e3f408a05bef050', '25', 'size', '1');
REPLACE INTO `question_properties` (`form_id`, `question_id`, `prop`, `value`) VALUES ('a52f505206389e542e3f408a05bef050', '25', 'special', 'none');
REPLACE INTO `question_properties` (`form_id`, `question_id`, `prop`, `value`) VALUES ('a52f505206389e542e3f408a05bef050', '25', 'text', 'Status Perkahwinan');
REPLACE INTO `question_properties` (`form_id`, `question_id`, `prop`, `value`) VALUES ('a52f505206389e542e3f408a05bef050', '26', 'desc', NULL);
REPLACE INTO `question_properties` (`form_id`, `question_id`, `prop`, `value`) VALUES ('a52f505206389e542e3f408a05bef050', '26', 'options', 'Warganegara<br>Bukan Warganegara');
REPLACE INTO `question_properties` (`form_id`, `question_id`, `prop`, `value`) VALUES ('a52f505206389e542e3f408a05bef050', '26', 'required', 'yes');
REPLACE INTO `question_properties` (`form_id`, `question_id`, `prop`, `value`) VALUES ('a52f505206389e542e3f408a05bef050', '26', 'size', '1');
REPLACE INTO `question_properties` (`form_id`, `question_id`, `prop`, `value`) VALUES ('a52f505206389e542e3f408a05bef050', '26', 'special', 'none');
REPLACE INTO `question_properties` (`form_id`, `question_id`, `prop`, `value`) VALUES ('a52f505206389e542e3f408a05bef050', '26', 'text', 'Warganegara');
REPLACE INTO `question_properties` (`form_id`, `question_id`, `prop`, `value`) VALUES ('a52f505206389e542e3f408a05bef050', '27', 'text', '1. MAKLUMAT PEMOHON');
REPLACE INTO `question_properties` (`form_id`, `question_id`, `prop`, `value`) VALUES ('a52f505206389e542e3f408a05bef050', '28', 'text', '>undefined<');
REPLACE INTO `question_properties` (`form_id`, `question_id`, `prop`, `value`) VALUES ('a52f505206389e542e3f408a05bef050', '28', 'value', NULL);
REPLACE INTO `question_properties` (`form_id`, `question_id`, `prop`, `value`) VALUES ('a52f505206389e542e3f408a05bef050', '29', 'text', '2. PEKERJAAN');
REPLACE INTO `question_properties` (`form_id`, `question_id`, `prop`, `value`) VALUES ('a52f505206389e542e3f408a05bef050', '30', 'text', '>undefined<');
REPLACE INTO `question_properties` (`form_id`, `question_id`, `prop`, `value`) VALUES ('a52f505206389e542e3f408a05bef050', '30', 'value', NULL);
REPLACE INTO `question_properties` (`form_id`, `question_id`, `prop`, `value`) VALUES ('a52f505206389e542e3f408a05bef050', '31', 'desc', NULL);
REPLACE INTO `question_properties` (`form_id`, `question_id`, `prop`, `value`) VALUES ('a52f505206389e542e3f408a05bef050', '31', 'options', 'RM6,500.00 ke atas<br>RM5,500.00 - RM6,499.00<br>RM4,500.00 - RM5,499.00<br>RM3,500.00 - RM4,499.00<br>RM3,000.00 - RM3,499.00<br>RM2,500.00 - RM2,999.00<br>RM2,000.00 - RM2,499.00<br>RM1,500.00 - RM1,999.00<br>RM1,200.00 - RM1,499.00<br>Bawah RM1,199.00');
REPLACE INTO `question_properties` (`form_id`, `question_id`, `prop`, `value`) VALUES ('a52f505206389e542e3f408a05bef050', '31', 'required', 'yes');
REPLACE INTO `question_properties` (`form_id`, `question_id`, `prop`, `value`) VALUES ('a52f505206389e542e3f408a05bef050', '31', 'size', '1');
REPLACE INTO `question_properties` (`form_id`, `question_id`, `prop`, `value`) VALUES ('a52f505206389e542e3f408a05bef050', '31', 'special', 'none');
REPLACE INTO `question_properties` (`form_id`, `question_id`, `prop`, `value`) VALUES ('a52f505206389e542e3f408a05bef050', '31', 'text', 'Pendapatan Bulanan');
REPLACE INTO `question_properties` (`form_id`, `question_id`, `prop`, `value`) VALUES ('a52f505206389e542e3f408a05bef050', '32', 'cols', '36');
REPLACE INTO `question_properties` (`form_id`, `question_id`, `prop`, `value`) VALUES ('a52f505206389e542e3f408a05bef050', '32', 'desc', NULL);
REPLACE INTO `question_properties` (`form_id`, `question_id`, `prop`, `value`) VALUES ('a52f505206389e542e3f408a05bef050', '32', 'required', 'no');
REPLACE INTO `question_properties` (`form_id`, `question_id`, `prop`, `value`) VALUES ('a52f505206389e542e3f408a05bef050', '32', 'rows', '8');
REPLACE INTO `question_properties` (`form_id`, `question_id`, `prop`, `value`) VALUES ('a52f505206389e542e3f408a05bef050', '32', 'text', 'Alamat Majikan');
REPLACE INTO `question_properties` (`form_id`, `question_id`, `prop`, `value`) VALUES ('a52f505206389e542e3f408a05bef050', '32', 'validation', 'no');
REPLACE INTO `question_properties` (`form_id`, `question_id`, `prop`, `value`) VALUES ('a52f505206389e542e3f408a05bef050', '33', 'text', '>undefined<');
REPLACE INTO `question_properties` (`form_id`, `question_id`, `prop`, `value`) VALUES ('a52f505206389e542e3f408a05bef050', '33', 'value', NULL);
REPLACE INTO `question_properties` (`form_id`, `question_id`, `prop`, `value`) VALUES ('a52f505206389e542e3f408a05bef050', '34', 'text', '3. JENIS LOT RUMAH / BANGUNAN YANG DIPOHON');
REPLACE INTO `question_properties` (`form_id`, `question_id`, `prop`, `value`) VALUES ('a52f505206389e542e3f408a05bef050', '35', 'desc', NULL);
REPLACE INTO `question_properties` (`form_id`, `question_id`, `prop`, `value`) VALUES ('a52f505206389e542e3f408a05bef050', '35', 'options', 'Tepi<br>Tengah');
REPLACE INTO `question_properties` (`form_id`, `question_id`, `prop`, `value`) VALUES ('a52f505206389e542e3f408a05bef050', '35', 'required', 'yes');
REPLACE INTO `question_properties` (`form_id`, `question_id`, `prop`, `value`) VALUES ('a52f505206389e542e3f408a05bef050', '35', 'size', '1');
REPLACE INTO `question_properties` (`form_id`, `question_id`, `prop`, `value`) VALUES ('a52f505206389e542e3f408a05bef050', '35', 'special', 'none');
REPLACE INTO `question_properties` (`form_id`, `question_id`, `prop`, `value`) VALUES ('a52f505206389e542e3f408a05bef050', '35', 'text', 'Jenis Lot');
REPLACE INTO `question_properties` (`form_id`, `question_id`, `prop`, `value`) VALUES ('a52f505206389e542e3f408a05bef050', '36', 'text', '>undefined<');
REPLACE INTO `question_properties` (`form_id`, `question_id`, `prop`, `value`) VALUES ('a52f505206389e542e3f408a05bef050', '36', 'value', NULL);
REPLACE INTO `question_properties` (`form_id`, `question_id`, `prop`, `value`) VALUES ('a52f505206389e542e3f408a05bef050', '37', 'text', '4. CARA PEMBAYARAN');
REPLACE INTO `question_properties` (`form_id`, `question_id`, `prop`, `value`) VALUES ('a52f505206389e542e3f408a05bef050', '38', 'checked', 'no');
REPLACE INTO `question_properties` (`form_id`, `question_id`, `prop`, `value`) VALUES ('a52f505206389e542e3f408a05bef050', '38', 'desc', NULL);
REPLACE INTO `question_properties` (`form_id`, `question_id`, `prop`, `value`) VALUES ('a52f505206389e542e3f408a05bef050', '38', 'options', 'Institusi Kewangan / Bank<br>Kerajaan<br>Majikan<br>Tunai<br>Lain-lain');
REPLACE INTO `question_properties` (`form_id`, `question_id`, `prop`, `value`) VALUES ('a52f505206389e542e3f408a05bef050', '38', 'required', 'yes');
REPLACE INTO `question_properties` (`form_id`, `question_id`, `prop`, `value`) VALUES ('a52f505206389e542e3f408a05bef050', '38', 'text', 'Pinjaman Perumahan');
REPLACE INTO `question_properties` (`form_id`, `question_id`, `prop`, `value`) VALUES ('a52f505206389e542e3f408a05bef050', '39', 'desc', NULL);
REPLACE INTO `question_properties` (`form_id`, `question_id`, `prop`, `value`) VALUES ('a52f505206389e542e3f408a05bef050', '39', 'extensions', 'doc, docx, xls, xlsx, pdf, ppt, pptx, txt, html, htm, rtf, pps, ppsx, zip, tar, gzip, bzip, sit, dmg, jpg, jpeg, gif, png, asf, asx, flv, h264, mov, mp3, mp4, swf, wax, wma, wmv, wvx, wpl, xspf');
REPLACE INTO `question_properties` (`form_id`, `question_id`, `prop`, `value`) VALUES ('a52f505206389e542e3f408a05bef050', '39', 'maxsize', '5000');
REPLACE INTO `question_properties` (`form_id`, `question_id`, `prop`, `value`) VALUES ('a52f505206389e542e3f408a05bef050', '39', 'required', 'no');
REPLACE INTO `question_properties` (`form_id`, `question_id`, `prop`, `value`) VALUES ('a52f505206389e542e3f408a05bef050', '39', 'text', 'Slip Gaji Terkini');
REPLACE INTO `question_properties` (`form_id`, `question_id`, `prop`, `value`) VALUES ('a52f505206389e542e3f408a05bef050', '40', 'desc', NULL);
REPLACE INTO `question_properties` (`form_id`, `question_id`, `prop`, `value`) VALUES ('a52f505206389e542e3f408a05bef050', '40', 'text', 'Pengesahan');
REPLACE INTO `question_properties` (`form_id`, `question_id`, `prop`, `value`) VALUES ('a52f505206389e542e3f408a05bef050', '41', 'text', '>undefined<');
REPLACE INTO `question_properties` (`form_id`, `question_id`, `prop`, `value`) VALUES ('a52f505206389e542e3f408a05bef050', '41', 'value', NULL);
REPLACE INTO `question_properties` (`form_id`, `question_id`, `prop`, `value`) VALUES ('a52f505206389e542e3f408a05bef050', '42', 'text', '>undefined<');
REPLACE INTO `question_properties` (`form_id`, `question_id`, `prop`, `value`) VALUES ('a52f505206389e542e3f408a05bef050', '42', 'value', NULL);
REPLACE INTO `question_properties` (`form_id`, `question_id`, `prop`, `value`) VALUES ('a52f505206389e542e3f408a05bef050', '43', 'text', '>undefined<');
REPLACE INTO `question_properties` (`form_id`, `question_id`, `prop`, `value`) VALUES ('a52f505206389e542e3f408a05bef050', '43', 'value', NULL);
REPLACE INTO `question_properties` (`form_id`, `question_id`, `prop`, `value`) VALUES ('a52f505206389e542e3f408a05bef050', '44', 'text', 'NOTA : [1. KOPERAT berhak menolak pendaftaran jika maklumat tidak lengkap / tepat.] [2. KOPERAT berhad membatalkan pendaftaran selepas 6 bulan tanpa notis.] [3. Harga adalah tertakluk kepada pindaan terakhir.]');
REPLACE INTO `question_properties` (`form_id`, `question_id`, `prop`, `value`) VALUES ('a52f505206389e542e3f408a05bef050', '45', 'text', '>undefined<');
REPLACE INTO `question_properties` (`form_id`, `question_id`, `prop`, `value`) VALUES ('a52f505206389e542e3f408a05bef050', '45', 'value', NULL);
REPLACE INTO `question_properties` (`form_id`, `question_id`, `prop`, `value`) VALUES ('a52f505206389e542e3f408a05bef050', '999', 'alignment', 'default');
REPLACE INTO `question_properties` (`form_id`, `question_id`, `prop`, `value`) VALUES ('a52f505206389e542e3f408a05bef050', '999', 'background', 'white');
REPLACE INTO `question_properties` (`form_id`, `question_id`, `prop`, `value`) VALUES ('a52f505206389e542e3f408a05bef050', '999', 'conf_body', 'Thanks for submitting our form, we will get back to you as soon as possible.');
REPLACE INTO `question_properties` (`form_id`, `question_id`, `prop`, `value`) VALUES ('a52f505206389e542e3f408a05bef050', '999', 'conf_send', 'no');
REPLACE INTO `question_properties` (`form_id`, `question_id`, `prop`, `value`) VALUES ('a52f505206389e542e3f408a05bef050', '999', 'conf_subj', 'Borang TKP Fasa 1F');
REPLACE INTO `question_properties` (`form_id`, `question_id`, `prop`, `value`) VALUES ('a52f505206389e542e3f408a05bef050', '999', 'disabled', 'Enabled');
REPLACE INTO `question_properties` (`form_id`, `question_id`, `prop`, `value`) VALUES ('a52f505206389e542e3f408a05bef050', '999', 'email', 'yes');
REPLACE INTO `question_properties` (`form_id`, `question_id`, `prop`, `value`) VALUES ('a52f505206389e542e3f408a05bef050', '999', 'email_addr', 'sales@koperat.com.my');
REPLACE INTO `question_properties` (`form_id`, `question_id`, `prop`, `value`) VALUES ('a52f505206389e542e3f408a05bef050', '999', 'ext_sendpostdata', 'no');
REPLACE INTO `question_properties` (`form_id`, `question_id`, `prop`, `value`) VALUES ('a52f505206389e542e3f408a05bef050', '999', 'font', 'Verdana');
REPLACE INTO `question_properties` (`form_id`, `question_id`, `prop`, `value`) VALUES ('a52f505206389e542e3f408a05bef050', '999', 'fontcolor', '#48345a');
REPLACE INTO `question_properties` (`form_id`, `question_id`, `prop`, `value`) VALUES ('a52f505206389e542e3f408a05bef050', '999', 'fontsize', '12');
REPLACE INTO `question_properties` (`form_id`, `question_id`, `prop`, `value`) VALUES ('a52f505206389e542e3f408a05bef050', '999', 'not_subj', 'New Submission: {qForm Title}');
REPLACE INTO `question_properties` (`form_id`, `question_id`, `prop`, `value`) VALUES ('a52f505206389e542e3f408a05bef050', '999', 'rvcolor', 'JF062.ini.php');
REPLACE INTO `question_properties` (`form_id`, `question_id`, `prop`, `value`) VALUES ('a52f505206389e542e3f408a05bef050', '999', 'sendpostdata', 'yes');
REPLACE INTO `question_properties` (`form_id`, `question_id`, `prop`, `value`) VALUES ('a52f505206389e542e3f408a05bef050', '999', 'spamcheck', 'Enabled');
REPLACE INTO `question_properties` (`form_id`, `question_id`, `prop`, `value`) VALUES ('a52f505206389e542e3f408a05bef050', '999', 'thanktext', '<div>\n<div>\n<div>Terima kasih atas pengisian. Pihak KOPERAT akan memproses permohonan Anda.</div></div>\n<div>\n<div>&nbsp;</div></div>\n<div>\n<div>\n<div><strong><font color=\"#ff00aa\">Sila hantarkan</font></strong> 2 salinan dokuken-dokumen berikut ke pejabat kami dengan segera;</div>\n<div>Sekiranya Permohonan Anda Berjaya.&nbsp; </div>\n<div>(Nyatakan Projek / Kategori Rumah yang dipohon)<br />\n<br />\n&nbsp;<br />\na) Salinan Kad Pengenalan.<br />\n&nbsp;<br />\nb) Slip Gaji 6 bulan terkini ( pinjaman Bank / Kerajaan ).<br />\n&nbsp;<br />\nc) Surat Pengesahan Jawatan ( pinjaman Bank )<br />\n&nbsp;<br />\nd) Surat Pengesahan Perkhidmatan ( pinjaman Kerajaan ).<br />\n&nbsp;<br />\ne) Surat Pengesahan Lantikan ( pinjaman Kerajaan ).<br />\n<br />f) Surat Iringan - mengikut format ( pinjaman Kerajaan ).<br />\n&nbsp;<br />\ng) Borang EA/Cukai Pendapatan LHDN beserta resit bayaran ( pinjaman Bank / Berniaga ).<br />\n&nbsp;<br />\nh) Salinan Penyata Akaun Bank 6 bulan terkini ( pinjaman Bank / Kerajaan / Berniaga ).<br />\n&nbsp;<br />\ni) Pendaftaran Perniagaan ( pinjaman Bank / Berniaga ).<br />\n&nbsp;<br />\nj) Penyata Bank Syarikat 6 bulan terkini ( pinjaman Bank / Berniaga ).<br />\n&nbsp;<br />\nk) Penyata KWSP terkini ( pinjaman Bank ).<br />\n<br />l) Lain-lain dokumen, jika berkaitan.<br />\n&nbsp;<br />\n<br /><br />\n* <strong><font color=\"#ff0000\">Sila Pastikan</font></strong> <u><font color=\"#aa00ff\">E-mail dan Maklumat</font></u> Anda Adalah Betul Untuk Penerimaan Maklumbalas Daripada KOPERAT.<br />\n&nbsp;<br />\n&nbsp;<br />\n<br />Makluman Lanjut Sila Hubungi, Hantar @ Fax kan Borang anda ke;<br />\n&nbsp;<br />\n<strong>KONSORTIUM PERUMAHAN RAKYAT TERENGGANU SDN. BHD.<br />\n</strong><br />\nWisma GPQ, Lot 4564, Tingkat 1 &amp; 2<br />\n<br />Desa MPKT, Chendering, 21080 Kuala Terengganu<br />\n<br />Tel : 09-617 3405 / 617 6405&nbsp;&nbsp;&nbsp; Fax : 09-617 7404<br />\n<br />Website : <a href=\"http://www.koperat.com.my/\" title=\"\" target=\"_blank\"><strong>www.koperat.com.my</strong></a><br />\n<br />Page : <strong><a href=\"http://www.facebook.com/pages/Koperat/197111670306770\" title=\"\" target=\"_blank\">facebook.com / koperat</a></strong><br />\n<br />Email : koperat96@gmail.com<br />\n&nbsp;<br />\n&nbsp; </div></div></div></div>');
REPLACE INTO `question_properties` (`form_id`, `question_id`, `prop`, `value`) VALUES ('a52f505206389e542e3f408a05bef050', '999', 'theme', 'Default');
REPLACE INTO `question_properties` (`form_id`, `question_id`, `prop`, `value`) VALUES ('a52f505206389e542e3f408a05bef050', '999', 'use_buildin_formmail', 'yes');
REPLACE INTO `question_properties` (`form_id`, `question_id`, `prop`, `value`) VALUES ('a52f505206389e542e3f408a05bef050', '999', 'width', '100%');
REPLACE INTO `question_utf8` (`form_id`, `utf8format`) VALUES ('a52f505206389e542e3f408a05bef050', '1');
REPLACE INTO `forms` (`id`, `username`, `title`, `height`, `status`) VALUES ('f2fb582f0bf518925d041d5d04fb6caf', 'a7ec09dce63b814be39611d58a2e3078', 'contact us', '1765', 'undefined');
REPLACE INTO `questions` (`form_id`, `id`, `order`, `type`) VALUES ('f2fb582f0bf518925d041d5d04fb6caf', '0', '8', 'control_textbox');
REPLACE INTO `questions` (`form_id`, `id`, `order`, `type`) VALUES ('f2fb582f0bf518925d041d5d04fb6caf', '1', '10', 'control_textbox');
REPLACE INTO `questions` (`form_id`, `id`, `order`, `type`) VALUES ('f2fb582f0bf518925d041d5d04fb6caf', '2', '17', 'control_textbox');
REPLACE INTO `questions` (`form_id`, `id`, `order`, `type`) VALUES ('f2fb582f0bf518925d041d5d04fb6caf', '7', '9', 'control_textarea');
REPLACE INTO `questions` (`form_id`, `id`, `order`, `type`) VALUES ('f2fb582f0bf518925d041d5d04fb6caf', '8', '39', 'control_button');
REPLACE INTO `questions` (`form_id`, `id`, `order`, `type`) VALUES ('f2fb582f0bf518925d041d5d04fb6caf', '12', '15', 'control_textbox');
REPLACE INTO `questions` (`form_id`, `id`, `order`, `type`) VALUES ('f2fb582f0bf518925d041d5d04fb6caf', '13', '1', 'control_head');
REPLACE INTO `questions` (`form_id`, `id`, `order`, `type`) VALUES ('f2fb582f0bf518925d041d5d04fb6caf', '14', '2', 'control_text');
REPLACE INTO `questions` (`form_id`, `id`, `order`, `type`) VALUES ('f2fb582f0bf518925d041d5d04fb6caf', '15', '3', 'control_text');
REPLACE INTO `questions` (`form_id`, `id`, `order`, `type`) VALUES ('f2fb582f0bf518925d041d5d04fb6caf', '16', '4', 'control_text');
REPLACE INTO `questions` (`form_id`, `id`, `order`, `type`) VALUES ('f2fb582f0bf518925d041d5d04fb6caf', '17', '5', 'control_text');
REPLACE INTO `questions` (`form_id`, `id`, `order`, `type`) VALUES ('f2fb582f0bf518925d041d5d04fb6caf', '18', '22', 'control_textbox');
REPLACE INTO `questions` (`form_id`, `id`, `order`, `type`) VALUES ('f2fb582f0bf518925d041d5d04fb6caf', '19', '24', 'control_textbox');
REPLACE INTO `questions` (`form_id`, `id`, `order`, `type`) VALUES ('f2fb582f0bf518925d041d5d04fb6caf', '20', '20', 'control_textbox');
REPLACE INTO `questions` (`form_id`, `id`, `order`, `type`) VALUES ('f2fb582f0bf518925d041d5d04fb6caf', '21', '28', 'control_textbox');
REPLACE INTO `questions` (`form_id`, `id`, `order`, `type`) VALUES ('f2fb582f0bf518925d041d5d04fb6caf', '22', '11', 'control_dropdown');
REPLACE INTO `questions` (`form_id`, `id`, `order`, `type`) VALUES ('f2fb582f0bf518925d041d5d04fb6caf', '23', '16', 'control_textbox');
REPLACE INTO `questions` (`form_id`, `id`, `order`, `type`) VALUES ('f2fb582f0bf518925d041d5d04fb6caf', '24', '12', 'control_dropdown');
REPLACE INTO `questions` (`form_id`, `id`, `order`, `type`) VALUES ('f2fb582f0bf518925d041d5d04fb6caf', '25', '14', 'control_dropdown');
REPLACE INTO `questions` (`form_id`, `id`, `order`, `type`) VALUES ('f2fb582f0bf518925d041d5d04fb6caf', '26', '13', 'control_dropdown');
REPLACE INTO `questions` (`form_id`, `id`, `order`, `type`) VALUES ('f2fb582f0bf518925d041d5d04fb6caf', '27', '7', 'control_text');
REPLACE INTO `questions` (`form_id`, `id`, `order`, `type`) VALUES ('f2fb582f0bf518925d041d5d04fb6caf', '28', '6', 'control_hidden');
REPLACE INTO `questions` (`form_id`, `id`, `order`, `type`) VALUES ('f2fb582f0bf518925d041d5d04fb6caf', '29', '19', 'control_text');
REPLACE INTO `questions` (`form_id`, `id`, `order`, `type`) VALUES ('f2fb582f0bf518925d041d5d04fb6caf', '30', '18', 'control_hidden');
REPLACE INTO `questions` (`form_id`, `id`, `order`, `type`) VALUES ('f2fb582f0bf518925d041d5d04fb6caf', '31', '21', 'control_dropdown');
REPLACE INTO `questions` (`form_id`, `id`, `order`, `type`) VALUES ('f2fb582f0bf518925d041d5d04fb6caf', '32', '23', 'control_textarea');
REPLACE INTO `questions` (`form_id`, `id`, `order`, `type`) VALUES ('f2fb582f0bf518925d041d5d04fb6caf', '33', '25', 'control_hidden');
REPLACE INTO `questions` (`form_id`, `id`, `order`, `type`) VALUES ('f2fb582f0bf518925d041d5d04fb6caf', '34', '26', 'control_text');
REPLACE INTO `questions` (`form_id`, `id`, `order`, `type`) VALUES ('f2fb582f0bf518925d041d5d04fb6caf', '35', '27', 'control_dropdown');
REPLACE INTO `questions` (`form_id`, `id`, `order`, `type`) VALUES ('f2fb582f0bf518925d041d5d04fb6caf', '36', '29', 'control_hidden');
REPLACE INTO `questions` (`form_id`, `id`, `order`, `type`) VALUES ('f2fb582f0bf518925d041d5d04fb6caf', '37', '30', 'control_text');
REPLACE INTO `questions` (`form_id`, `id`, `order`, `type`) VALUES ('f2fb582f0bf518925d041d5d04fb6caf', '38', '31', 'control_checkbox');
REPLACE INTO `questions` (`form_id`, `id`, `order`, `type`) VALUES ('f2fb582f0bf518925d041d5d04fb6caf', '39', '33', 'control_fileupload');
REPLACE INTO `questions` (`form_id`, `id`, `order`, `type`) VALUES ('f2fb582f0bf518925d041d5d04fb6caf', '40', '37', 'control_captcha');
REPLACE INTO `questions` (`form_id`, `id`, `order`, `type`) VALUES ('f2fb582f0bf518925d041d5d04fb6caf', '41', '32', 'control_hidden');
REPLACE INTO `questions` (`form_id`, `id`, `order`, `type`) VALUES ('f2fb582f0bf518925d041d5d04fb6caf', '42', '34', 'control_hidden');
REPLACE INTO `questions` (`form_id`, `id`, `order`, `type`) VALUES ('f2fb582f0bf518925d041d5d04fb6caf', '43', '38', 'control_hidden');
REPLACE INTO `questions` (`form_id`, `id`, `order`, `type`) VALUES ('f2fb582f0bf518925d041d5d04fb6caf', '44', '35', 'control_text');
REPLACE INTO `questions` (`form_id`, `id`, `order`, `type`) VALUES ('f2fb582f0bf518925d041d5d04fb6caf', '45', '36', 'control_hidden');
REPLACE INTO `question_properties` (`form_id`, `question_id`, `prop`, `value`) VALUES ('f2fb582f0bf518925d041d5d04fb6caf', '0', 'desc', NULL);
REPLACE INTO `question_properties` (`form_id`, `question_id`, `prop`, `value`) VALUES ('f2fb582f0bf518925d041d5d04fb6caf', '0', 'maxsize', '100');
REPLACE INTO `question_properties` (`form_id`, `question_id`, `prop`, `value`) VALUES ('f2fb582f0bf518925d041d5d04fb6caf', '0', 'required', 'yes');
REPLACE INTO `question_properties` (`form_id`, `question_id`, `prop`, `value`) VALUES ('f2fb582f0bf518925d041d5d04fb6caf', '0', 'senderemail', 'no');
REPLACE INTO `question_properties` (`form_id`, `question_id`, `prop`, `value`) VALUES ('f2fb582f0bf518925d041d5d04fb6caf', '0', 'size', '48');
REPLACE INTO `question_properties` (`form_id`, `question_id`, `prop`, `value`) VALUES ('f2fb582f0bf518925d041d5d04fb6caf', '0', 'text', 'Nama Penuh');
REPLACE INTO `question_properties` (`form_id`, `question_id`, `prop`, `value`) VALUES ('f2fb582f0bf518925d041d5d04fb6caf', '0', 'validation', 'no');
REPLACE INTO `question_properties` (`form_id`, `question_id`, `prop`, `value`) VALUES ('f2fb582f0bf518925d041d5d04fb6caf', '1', 'desc', NULL);
REPLACE INTO `question_properties` (`form_id`, `question_id`, `prop`, `value`) VALUES ('f2fb582f0bf518925d041d5d04fb6caf', '1', 'maxsize', '100');
REPLACE INTO `question_properties` (`form_id`, `question_id`, `prop`, `value`) VALUES ('f2fb582f0bf518925d041d5d04fb6caf', '1', 'required', 'yes');
REPLACE INTO `question_properties` (`form_id`, `question_id`, `prop`, `value`) VALUES ('f2fb582f0bf518925d041d5d04fb6caf', '1', 'senderemail', 'no');
REPLACE INTO `question_properties` (`form_id`, `question_id`, `prop`, `value`) VALUES ('f2fb582f0bf518925d041d5d04fb6caf', '1', 'size', '20');
REPLACE INTO `question_properties` (`form_id`, `question_id`, `prop`, `value`) VALUES ('f2fb582f0bf518925d041d5d04fb6caf', '1', 'text', 'No. K/P Pengenalan');
REPLACE INTO `question_properties` (`form_id`, `question_id`, `prop`, `value`) VALUES ('f2fb582f0bf518925d041d5d04fb6caf', '1', 'validation', 'no');
REPLACE INTO `question_properties` (`form_id`, `question_id`, `prop`, `value`) VALUES ('f2fb582f0bf518925d041d5d04fb6caf', '2', 'desc', NULL);
REPLACE INTO `question_properties` (`form_id`, `question_id`, `prop`, `value`) VALUES ('f2fb582f0bf518925d041d5d04fb6caf', '2', 'maxsize', '100');
REPLACE INTO `question_properties` (`form_id`, `question_id`, `prop`, `value`) VALUES ('f2fb582f0bf518925d041d5d04fb6caf', '2', 'required', 'yes');
REPLACE INTO `question_properties` (`form_id`, `question_id`, `prop`, `value`) VALUES ('f2fb582f0bf518925d041d5d04fb6caf', '2', 'senderemail', 'no');
REPLACE INTO `question_properties` (`form_id`, `question_id`, `prop`, `value`) VALUES ('f2fb582f0bf518925d041d5d04fb6caf', '2', 'size', '30');
REPLACE INTO `question_properties` (`form_id`, `question_id`, `prop`, `value`) VALUES ('f2fb582f0bf518925d041d5d04fb6caf', '2', 'text', 'E-mail');
REPLACE INTO `question_properties` (`form_id`, `question_id`, `prop`, `value`) VALUES ('f2fb582f0bf518925d041d5d04fb6caf', '2', 'validation', 'Email');
REPLACE INTO `question_properties` (`form_id`, `question_id`, `prop`, `value`) VALUES ('f2fb582f0bf518925d041d5d04fb6caf', '7', 'cols', '36');
REPLACE INTO `question_properties` (`form_id`, `question_id`, `prop`, `value`) VALUES ('f2fb582f0bf518925d041d5d04fb6caf', '7', 'desc', NULL);
REPLACE INTO `question_properties` (`form_id`, `question_id`, `prop`, `value`) VALUES ('f2fb582f0bf518925d041d5d04fb6caf', '7', 'required', 'yes');
REPLACE INTO `question_properties` (`form_id`, `question_id`, `prop`, `value`) VALUES ('f2fb582f0bf518925d041d5d04fb6caf', '7', 'rows', '8');
REPLACE INTO `question_properties` (`form_id`, `question_id`, `prop`, `value`) VALUES ('f2fb582f0bf518925d041d5d04fb6caf', '7', 'text', 'Alamat Penuh');
REPLACE INTO `question_properties` (`form_id`, `question_id`, `prop`, `value`) VALUES ('f2fb582f0bf518925d041d5d04fb6caf', '7', 'validation', 'no');
REPLACE INTO `question_properties` (`form_id`, `question_id`, `prop`, `value`) VALUES ('f2fb582f0bf518925d041d5d04fb6caf', '8', 'clear', 'no');
REPLACE INTO `question_properties` (`form_id`, `question_id`, `prop`, `value`) VALUES ('f2fb582f0bf518925d041d5d04fb6caf', '8', 'resettext', 'clear');
REPLACE INTO `question_properties` (`form_id`, `question_id`, `prop`, `value`) VALUES ('f2fb582f0bf518925d041d5d04fb6caf', '8', 'submittext', 'Hantar');
REPLACE INTO `question_properties` (`form_id`, `question_id`, `prop`, `value`) VALUES ('f2fb582f0bf518925d041d5d04fb6caf', '8', 'text', NULL);
REPLACE INTO `question_properties` (`form_id`, `question_id`, `prop`, `value`) VALUES ('f2fb582f0bf518925d041d5d04fb6caf', '12', 'desc', NULL);
REPLACE INTO `question_properties` (`form_id`, `question_id`, `prop`, `value`) VALUES ('f2fb582f0bf518925d041d5d04fb6caf', '12', 'maxsize', '100');
REPLACE INTO `question_properties` (`form_id`, `question_id`, `prop`, `value`) VALUES ('f2fb582f0bf518925d041d5d04fb6caf', '12', 'required', 'yes');
REPLACE INTO `question_properties` (`form_id`, `question_id`, `prop`, `value`) VALUES ('f2fb582f0bf518925d041d5d04fb6caf', '12', 'senderemail', 'no');
REPLACE INTO `question_properties` (`form_id`, `question_id`, `prop`, `value`) VALUES ('f2fb582f0bf518925d041d5d04fb6caf', '12', 'size', '20');
REPLACE INTO `question_properties` (`form_id`, `question_id`, `prop`, `value`) VALUES ('f2fb582f0bf518925d041d5d04fb6caf', '12', 'text', 'No. Telefon (HandPhone)');
REPLACE INTO `question_properties` (`form_id`, `question_id`, `prop`, `value`) VALUES ('f2fb582f0bf518925d041d5d04fb6caf', '12', 'validation', 'no');
REPLACE INTO `question_properties` (`form_id`, `question_id`, `prop`, `value`) VALUES ('f2fb582f0bf518925d041d5d04fb6caf', '13', 'text', 'TAMAN KOPERAT PERADONG');
REPLACE INTO `question_properties` (`form_id`, `question_id`, `prop`, `value`) VALUES ('f2fb582f0bf518925d041d5d04fb6caf', '14', 'text', 'TAMAN KOPERAT PERADONG, BANGGOL PERADONG');
REPLACE INTO `question_properties` (`form_id`, `question_id`, `prop`, `value`) VALUES ('f2fb582f0bf518925d041d5d04fb6caf', '15', 'text', 'MANIR, KUALA TERENGGANU');
REPLACE INTO `question_properties` (`form_id`, `question_id`, `prop`, `value`) VALUES ('f2fb582f0bf518925d041d5d04fb6caf', '16', 'text', 'RUMAH BERKEMBAR 1 TINGKAT - FASA 1D');
REPLACE INTO `question_properties` (`form_id`, `question_id`, `prop`, `value`) VALUES ('f2fb582f0bf518925d041d5d04fb6caf', '17', 'text', '[ RM 280,000.00 dan ke atas / unit (bergantung kepada keluasan tanah) ]');
REPLACE INTO `question_properties` (`form_id`, `question_id`, `prop`, `value`) VALUES ('f2fb582f0bf518925d041d5d04fb6caf', '18', 'desc', NULL);
REPLACE INTO `question_properties` (`form_id`, `question_id`, `prop`, `value`) VALUES ('f2fb582f0bf518925d041d5d04fb6caf', '18', 'maxsize', '100');
REPLACE INTO `question_properties` (`form_id`, `question_id`, `prop`, `value`) VALUES ('f2fb582f0bf518925d041d5d04fb6caf', '18', 'required', 'no');
REPLACE INTO `question_properties` (`form_id`, `question_id`, `prop`, `value`) VALUES ('f2fb582f0bf518925d041d5d04fb6caf', '18', 'senderemail', 'no');
REPLACE INTO `question_properties` (`form_id`, `question_id`, `prop`, `value`) VALUES ('f2fb582f0bf518925d041d5d04fb6caf', '18', 'size', '48');
REPLACE INTO `question_properties` (`form_id`, `question_id`, `prop`, `value`) VALUES ('f2fb582f0bf518925d041d5d04fb6caf', '18', 'text', 'Nama Majikan');
REPLACE INTO `question_properties` (`form_id`, `question_id`, `prop`, `value`) VALUES ('f2fb582f0bf518925d041d5d04fb6caf', '18', 'validation', 'no');
REPLACE INTO `question_properties` (`form_id`, `question_id`, `prop`, `value`) VALUES ('f2fb582f0bf518925d041d5d04fb6caf', '19', 'desc', NULL);
REPLACE INTO `question_properties` (`form_id`, `question_id`, `prop`, `value`) VALUES ('f2fb582f0bf518925d041d5d04fb6caf', '19', 'maxsize', '100');
REPLACE INTO `question_properties` (`form_id`, `question_id`, `prop`, `value`) VALUES ('f2fb582f0bf518925d041d5d04fb6caf', '19', 'required', 'no');
REPLACE INTO `question_properties` (`form_id`, `question_id`, `prop`, `value`) VALUES ('f2fb582f0bf518925d041d5d04fb6caf', '19', 'senderemail', 'no');
REPLACE INTO `question_properties` (`form_id`, `question_id`, `prop`, `value`) VALUES ('f2fb582f0bf518925d041d5d04fb6caf', '19', 'size', '20');
REPLACE INTO `question_properties` (`form_id`, `question_id`, `prop`, `value`) VALUES ('f2fb582f0bf518925d041d5d04fb6caf', '19', 'text', 'No. Telefon Pejabat');
REPLACE INTO `question_properties` (`form_id`, `question_id`, `prop`, `value`) VALUES ('f2fb582f0bf518925d041d5d04fb6caf', '19', 'validation', 'no');
REPLACE INTO `question_properties` (`form_id`, `question_id`, `prop`, `value`) VALUES ('f2fb582f0bf518925d041d5d04fb6caf', '20', 'desc', NULL);
REPLACE INTO `question_properties` (`form_id`, `question_id`, `prop`, `value`) VALUES ('f2fb582f0bf518925d041d5d04fb6caf', '20', 'maxsize', '100');
REPLACE INTO `question_properties` (`form_id`, `question_id`, `prop`, `value`) VALUES ('f2fb582f0bf518925d041d5d04fb6caf', '20', 'required', 'no');
REPLACE INTO `question_properties` (`form_id`, `question_id`, `prop`, `value`) VALUES ('f2fb582f0bf518925d041d5d04fb6caf', '20', 'senderemail', 'no');
REPLACE INTO `question_properties` (`form_id`, `question_id`, `prop`, `value`) VALUES ('f2fb582f0bf518925d041d5d04fb6caf', '20', 'size', '30');
REPLACE INTO `question_properties` (`form_id`, `question_id`, `prop`, `value`) VALUES ('f2fb582f0bf518925d041d5d04fb6caf', '20', 'text', 'Jawatan Pemohon');
REPLACE INTO `question_properties` (`form_id`, `question_id`, `prop`, `value`) VALUES ('f2fb582f0bf518925d041d5d04fb6caf', '20', 'validation', 'no');
REPLACE INTO `question_properties` (`form_id`, `question_id`, `prop`, `value`) VALUES ('f2fb582f0bf518925d041d5d04fb6caf', '21', 'desc', NULL);
REPLACE INTO `question_properties` (`form_id`, `question_id`, `prop`, `value`) VALUES ('f2fb582f0bf518925d041d5d04fb6caf', '21', 'maxsize', '100');
REPLACE INTO `question_properties` (`form_id`, `question_id`, `prop`, `value`) VALUES ('f2fb582f0bf518925d041d5d04fb6caf', '21', 'required', 'no');
REPLACE INTO `question_properties` (`form_id`, `question_id`, `prop`, `value`) VALUES ('f2fb582f0bf518925d041d5d04fb6caf', '21', 'senderemail', 'no');
REPLACE INTO `question_properties` (`form_id`, `question_id`, `prop`, `value`) VALUES ('f2fb582f0bf518925d041d5d04fb6caf', '21', 'size', '20');
REPLACE INTO `question_properties` (`form_id`, `question_id`, `prop`, `value`) VALUES ('f2fb582f0bf518925d041d5d04fb6caf', '21', 'text', 'Nombor Lot / PT');
REPLACE INTO `question_properties` (`form_id`, `question_id`, `prop`, `value`) VALUES ('f2fb582f0bf518925d041d5d04fb6caf', '21', 'validation', 'no');
REPLACE INTO `question_properties` (`form_id`, `question_id`, `prop`, `value`) VALUES ('f2fb582f0bf518925d041d5d04fb6caf', '22', 'desc', NULL);
REPLACE INTO `question_properties` (`form_id`, `question_id`, `prop`, `value`) VALUES ('f2fb582f0bf518925d041d5d04fb6caf', '22', 'options', 'Lelaki<br>Perempuan<br>');
REPLACE INTO `question_properties` (`form_id`, `question_id`, `prop`, `value`) VALUES ('f2fb582f0bf518925d041d5d04fb6caf', '22', 'required', 'yes');
REPLACE INTO `question_properties` (`form_id`, `question_id`, `prop`, `value`) VALUES ('f2fb582f0bf518925d041d5d04fb6caf', '22', 'size', '1');
REPLACE INTO `question_properties` (`form_id`, `question_id`, `prop`, `value`) VALUES ('f2fb582f0bf518925d041d5d04fb6caf', '22', 'special', 'none');
REPLACE INTO `question_properties` (`form_id`, `question_id`, `prop`, `value`) VALUES ('f2fb582f0bf518925d041d5d04fb6caf', '22', 'text', 'Jantina');
REPLACE INTO `question_properties` (`form_id`, `question_id`, `prop`, `value`) VALUES ('f2fb582f0bf518925d041d5d04fb6caf', '23', 'desc', NULL);
REPLACE INTO `question_properties` (`form_id`, `question_id`, `prop`, `value`) VALUES ('f2fb582f0bf518925d041d5d04fb6caf', '23', 'maxsize', '100');
REPLACE INTO `question_properties` (`form_id`, `question_id`, `prop`, `value`) VALUES ('f2fb582f0bf518925d041d5d04fb6caf', '23', 'required', 'yes');
REPLACE INTO `question_properties` (`form_id`, `question_id`, `prop`, `value`) VALUES ('f2fb582f0bf518925d041d5d04fb6caf', '23', 'senderemail', 'no');
REPLACE INTO `question_properties` (`form_id`, `question_id`, `prop`, `value`) VALUES ('f2fb582f0bf518925d041d5d04fb6caf', '23', 'size', '20');
REPLACE INTO `question_properties` (`form_id`, `question_id`, `prop`, `value`) VALUES ('f2fb582f0bf518925d041d5d04fb6caf', '23', 'text', 'No. Telefon (Rumah/tetap)');
REPLACE INTO `question_properties` (`form_id`, `question_id`, `prop`, `value`) VALUES ('f2fb582f0bf518925d041d5d04fb6caf', '23', 'validation', 'no');
REPLACE INTO `question_properties` (`form_id`, `question_id`, `prop`, `value`) VALUES ('f2fb582f0bf518925d041d5d04fb6caf', '24', 'desc', NULL);
REPLACE INTO `question_properties` (`form_id`, `question_id`, `prop`, `value`) VALUES ('f2fb582f0bf518925d041d5d04fb6caf', '24', 'options', 'Melayu<br>Cina<br>India<br>Lain-lain');
REPLACE INTO `question_properties` (`form_id`, `question_id`, `prop`, `value`) VALUES ('f2fb582f0bf518925d041d5d04fb6caf', '24', 'required', 'yes');
REPLACE INTO `question_properties` (`form_id`, `question_id`, `prop`, `value`) VALUES ('f2fb582f0bf518925d041d5d04fb6caf', '24', 'size', '1');
REPLACE INTO `question_properties` (`form_id`, `question_id`, `prop`, `value`) VALUES ('f2fb582f0bf518925d041d5d04fb6caf', '24', 'special', 'none');
REPLACE INTO `question_properties` (`form_id`, `question_id`, `prop`, `value`) VALUES ('f2fb582f0bf518925d041d5d04fb6caf', '24', 'text', 'Bangsa');
REPLACE INTO `question_properties` (`form_id`, `question_id`, `prop`, `value`) VALUES ('f2fb582f0bf518925d041d5d04fb6caf', '25', 'desc', NULL);
REPLACE INTO `question_properties` (`form_id`, `question_id`, `prop`, `value`) VALUES ('f2fb582f0bf518925d041d5d04fb6caf', '25', 'options', 'Bujang<br>Berkahwin<br>Lain-lain');
REPLACE INTO `question_properties` (`form_id`, `question_id`, `prop`, `value`) VALUES ('f2fb582f0bf518925d041d5d04fb6caf', '25', 'required', 'yes');
REPLACE INTO `question_properties` (`form_id`, `question_id`, `prop`, `value`) VALUES ('f2fb582f0bf518925d041d5d04fb6caf', '25', 'size', '1');
REPLACE INTO `question_properties` (`form_id`, `question_id`, `prop`, `value`) VALUES ('f2fb582f0bf518925d041d5d04fb6caf', '25', 'special', 'none');
REPLACE INTO `question_properties` (`form_id`, `question_id`, `prop`, `value`) VALUES ('f2fb582f0bf518925d041d5d04fb6caf', '25', 'text', 'Status Perkahwinan');
REPLACE INTO `question_properties` (`form_id`, `question_id`, `prop`, `value`) VALUES ('f2fb582f0bf518925d041d5d04fb6caf', '26', 'desc', NULL);
REPLACE INTO `question_properties` (`form_id`, `question_id`, `prop`, `value`) VALUES ('f2fb582f0bf518925d041d5d04fb6caf', '26', 'options', 'Warganegara<br>Bukan Warganegara');
REPLACE INTO `question_properties` (`form_id`, `question_id`, `prop`, `value`) VALUES ('f2fb582f0bf518925d041d5d04fb6caf', '26', 'required', 'yes');
REPLACE INTO `question_properties` (`form_id`, `question_id`, `prop`, `value`) VALUES ('f2fb582f0bf518925d041d5d04fb6caf', '26', 'size', '1');
REPLACE INTO `question_properties` (`form_id`, `question_id`, `prop`, `value`) VALUES ('f2fb582f0bf518925d041d5d04fb6caf', '26', 'special', 'none');
REPLACE INTO `question_properties` (`form_id`, `question_id`, `prop`, `value`) VALUES ('f2fb582f0bf518925d041d5d04fb6caf', '26', 'text', 'Warganegara');
REPLACE INTO `question_properties` (`form_id`, `question_id`, `prop`, `value`) VALUES ('f2fb582f0bf518925d041d5d04fb6caf', '27', 'text', '1. MAKLUMAT PEMOHON');
REPLACE INTO `question_properties` (`form_id`, `question_id`, `prop`, `value`) VALUES ('f2fb582f0bf518925d041d5d04fb6caf', '28', 'text', '>undefined<');
REPLACE INTO `question_properties` (`form_id`, `question_id`, `prop`, `value`) VALUES ('f2fb582f0bf518925d041d5d04fb6caf', '28', 'value', NULL);
REPLACE INTO `question_properties` (`form_id`, `question_id`, `prop`, `value`) VALUES ('f2fb582f0bf518925d041d5d04fb6caf', '29', 'text', '2. PEKERJAAN');
REPLACE INTO `question_properties` (`form_id`, `question_id`, `prop`, `value`) VALUES ('f2fb582f0bf518925d041d5d04fb6caf', '30', 'text', '>undefined<');
REPLACE INTO `question_properties` (`form_id`, `question_id`, `prop`, `value`) VALUES ('f2fb582f0bf518925d041d5d04fb6caf', '30', 'value', NULL);
REPLACE INTO `question_properties` (`form_id`, `question_id`, `prop`, `value`) VALUES ('f2fb582f0bf518925d041d5d04fb6caf', '31', 'desc', NULL);
REPLACE INTO `question_properties` (`form_id`, `question_id`, `prop`, `value`) VALUES ('f2fb582f0bf518925d041d5d04fb6caf', '31', 'options', 'RM6,500.00 ke atas<br>RM5,500.00 - RM6,499.00<br>RM4,500.00 - RM5,499.00<br>RM3,500.00 - RM4,499.00<br>RM3,000.00 - RM3,499.00<br>RM2,500.00 - RM2,999.00<br>RM2,000.00 - RM2,499.00<br>RM1,500.00 - RM1,999.00<br>RM1,200.00 - RM1,499.00<br>Bawah RM1,199.00');
REPLACE INTO `question_properties` (`form_id`, `question_id`, `prop`, `value`) VALUES ('f2fb582f0bf518925d041d5d04fb6caf', '31', 'required', 'yes');
REPLACE INTO `question_properties` (`form_id`, `question_id`, `prop`, `value`) VALUES ('f2fb582f0bf518925d041d5d04fb6caf', '31', 'size', '1');
REPLACE INTO `question_properties` (`form_id`, `question_id`, `prop`, `value`) VALUES ('f2fb582f0bf518925d041d5d04fb6caf', '31', 'special', 'none');
REPLACE INTO `question_properties` (`form_id`, `question_id`, `prop`, `value`) VALUES ('f2fb582f0bf518925d041d5d04fb6caf', '31', 'text', 'Pendapatan Bulanan');
REPLACE INTO `question_properties` (`form_id`, `question_id`, `prop`, `value`) VALUES ('f2fb582f0bf518925d041d5d04fb6caf', '32', 'cols', '36');
REPLACE INTO `question_properties` (`form_id`, `question_id`, `prop`, `value`) VALUES ('f2fb582f0bf518925d041d5d04fb6caf', '32', 'desc', NULL);
REPLACE INTO `question_properties` (`form_id`, `question_id`, `prop`, `value`) VALUES ('f2fb582f0bf518925d041d5d04fb6caf', '32', 'required', 'no');
REPLACE INTO `question_properties` (`form_id`, `question_id`, `prop`, `value`) VALUES ('f2fb582f0bf518925d041d5d04fb6caf', '32', 'rows', '8');
REPLACE INTO `question_properties` (`form_id`, `question_id`, `prop`, `value`) VALUES ('f2fb582f0bf518925d041d5d04fb6caf', '32', 'text', 'Alamat Majikan');
REPLACE INTO `question_properties` (`form_id`, `question_id`, `prop`, `value`) VALUES ('f2fb582f0bf518925d041d5d04fb6caf', '32', 'validation', 'no');
REPLACE INTO `question_properties` (`form_id`, `question_id`, `prop`, `value`) VALUES ('f2fb582f0bf518925d041d5d04fb6caf', '33', 'text', '>undefined<');
REPLACE INTO `question_properties` (`form_id`, `question_id`, `prop`, `value`) VALUES ('f2fb582f0bf518925d041d5d04fb6caf', '33', 'value', NULL);
REPLACE INTO `question_properties` (`form_id`, `question_id`, `prop`, `value`) VALUES ('f2fb582f0bf518925d041d5d04fb6caf', '34', 'text', '3. JENIS LOT RUMAH / BANGUNAN YANG DIPOHON');
REPLACE INTO `question_properties` (`form_id`, `question_id`, `prop`, `value`) VALUES ('f2fb582f0bf518925d041d5d04fb6caf', '35', 'desc', NULL);
REPLACE INTO `question_properties` (`form_id`, `question_id`, `prop`, `value`) VALUES ('f2fb582f0bf518925d041d5d04fb6caf', '35', 'options', 'Tepi<br>Tengah');
REPLACE INTO `question_properties` (`form_id`, `question_id`, `prop`, `value`) VALUES ('f2fb582f0bf518925d041d5d04fb6caf', '35', 'required', 'yes');
REPLACE INTO `question_properties` (`form_id`, `question_id`, `prop`, `value`) VALUES ('f2fb582f0bf518925d041d5d04fb6caf', '35', 'size', '1');
REPLACE INTO `question_properties` (`form_id`, `question_id`, `prop`, `value`) VALUES ('f2fb582f0bf518925d041d5d04fb6caf', '35', 'special', 'none');
REPLACE INTO `question_properties` (`form_id`, `question_id`, `prop`, `value`) VALUES ('f2fb582f0bf518925d041d5d04fb6caf', '35', 'text', 'Jenis Lot');
REPLACE INTO `question_properties` (`form_id`, `question_id`, `prop`, `value`) VALUES ('f2fb582f0bf518925d041d5d04fb6caf', '36', 'text', '>undefined<');
REPLACE INTO `question_properties` (`form_id`, `question_id`, `prop`, `value`) VALUES ('f2fb582f0bf518925d041d5d04fb6caf', '36', 'value', NULL);
REPLACE INTO `question_properties` (`form_id`, `question_id`, `prop`, `value`) VALUES ('f2fb582f0bf518925d041d5d04fb6caf', '37', 'text', '4. CARA PEMBAYARAN');
REPLACE INTO `question_properties` (`form_id`, `question_id`, `prop`, `value`) VALUES ('f2fb582f0bf518925d041d5d04fb6caf', '38', 'checked', 'no');
REPLACE INTO `question_properties` (`form_id`, `question_id`, `prop`, `value`) VALUES ('f2fb582f0bf518925d041d5d04fb6caf', '38', 'desc', NULL);
REPLACE INTO `question_properties` (`form_id`, `question_id`, `prop`, `value`) VALUES ('f2fb582f0bf518925d041d5d04fb6caf', '38', 'options', 'Institusi Kewangan / Bank<br>Kerajaan<br>Majikan<br>Tunai<br>Lain-lain');
REPLACE INTO `question_properties` (`form_id`, `question_id`, `prop`, `value`) VALUES ('f2fb582f0bf518925d041d5d04fb6caf', '38', 'required', 'yes');
REPLACE INTO `question_properties` (`form_id`, `question_id`, `prop`, `value`) VALUES ('f2fb582f0bf518925d041d5d04fb6caf', '38', 'text', 'Pinjaman Perumahan');
REPLACE INTO `question_properties` (`form_id`, `question_id`, `prop`, `value`) VALUES ('f2fb582f0bf518925d041d5d04fb6caf', '39', 'desc', NULL);
REPLACE INTO `question_properties` (`form_id`, `question_id`, `prop`, `value`) VALUES ('f2fb582f0bf518925d041d5d04fb6caf', '39', 'extensions', 'doc, docx, xls, xlsx, pdf, ppt, pptx, txt, html, htm, rtf, pps, ppsx, zip, tar, gzip, bzip, sit, dmg, jpg, jpeg, gif, png, asf, asx, flv, h264, mov, mp3, mp4, swf, wax, wma, wmv, wvx, wpl, xspf');
REPLACE INTO `question_properties` (`form_id`, `question_id`, `prop`, `value`) VALUES ('f2fb582f0bf518925d041d5d04fb6caf', '39', 'maxsize', '5000');
REPLACE INTO `question_properties` (`form_id`, `question_id`, `prop`, `value`) VALUES ('f2fb582f0bf518925d041d5d04fb6caf', '39', 'required', 'no');
REPLACE INTO `question_properties` (`form_id`, `question_id`, `prop`, `value`) VALUES ('f2fb582f0bf518925d041d5d04fb6caf', '39', 'text', 'Slip Gaji Terkini');
REPLACE INTO `question_properties` (`form_id`, `question_id`, `prop`, `value`) VALUES ('f2fb582f0bf518925d041d5d04fb6caf', '40', 'desc', NULL);
REPLACE INTO `question_properties` (`form_id`, `question_id`, `prop`, `value`) VALUES ('f2fb582f0bf518925d041d5d04fb6caf', '40', 'text', 'Pengesahan');
REPLACE INTO `question_properties` (`form_id`, `question_id`, `prop`, `value`) VALUES ('f2fb582f0bf518925d041d5d04fb6caf', '41', 'text', '>undefined<');
REPLACE INTO `question_properties` (`form_id`, `question_id`, `prop`, `value`) VALUES ('f2fb582f0bf518925d041d5d04fb6caf', '41', 'value', NULL);
REPLACE INTO `question_properties` (`form_id`, `question_id`, `prop`, `value`) VALUES ('f2fb582f0bf518925d041d5d04fb6caf', '42', 'text', '>undefined<');
REPLACE INTO `question_properties` (`form_id`, `question_id`, `prop`, `value`) VALUES ('f2fb582f0bf518925d041d5d04fb6caf', '42', 'value', NULL);
REPLACE INTO `question_properties` (`form_id`, `question_id`, `prop`, `value`) VALUES ('f2fb582f0bf518925d041d5d04fb6caf', '43', 'text', '>undefined<');
REPLACE INTO `question_properties` (`form_id`, `question_id`, `prop`, `value`) VALUES ('f2fb582f0bf518925d041d5d04fb6caf', '43', 'value', NULL);
REPLACE INTO `question_properties` (`form_id`, `question_id`, `prop`, `value`) VALUES ('f2fb582f0bf518925d041d5d04fb6caf', '44', 'text', 'NOTA : [1. KOPERAT berhak menolak pendaftaran jika maklumat tidak lengkap / tepat.] [2. KOPERAT berhad membatalkan pendaftaran selepas 6 bulan tanpa notis.] [3. Harga adalah tertakluk kepada pindaan terakhir.]');
REPLACE INTO `question_properties` (`form_id`, `question_id`, `prop`, `value`) VALUES ('f2fb582f0bf518925d041d5d04fb6caf', '45', 'text', '>undefined<');
REPLACE INTO `question_properties` (`form_id`, `question_id`, `prop`, `value`) VALUES ('f2fb582f0bf518925d041d5d04fb6caf', '45', 'value', NULL);
REPLACE INTO `question_properties` (`form_id`, `question_id`, `prop`, `value`) VALUES ('f2fb582f0bf518925d041d5d04fb6caf', '999', 'alignment', 'default');
REPLACE INTO `question_properties` (`form_id`, `question_id`, `prop`, `value`) VALUES ('f2fb582f0bf518925d041d5d04fb6caf', '999', 'background', 'white');
REPLACE INTO `question_properties` (`form_id`, `question_id`, `prop`, `value`) VALUES ('f2fb582f0bf518925d041d5d04fb6caf', '999', 'conf_body', 'Thanks for submitting our form, we will get back to you as soon as possible.');
REPLACE INTO `question_properties` (`form_id`, `question_id`, `prop`, `value`) VALUES ('f2fb582f0bf518925d041d5d04fb6caf', '999', 'conf_send', 'no');
REPLACE INTO `question_properties` (`form_id`, `question_id`, `prop`, `value`) VALUES ('f2fb582f0bf518925d041d5d04fb6caf', '999', 'conf_subj', 'Borang TKP Fasa 1D');
REPLACE INTO `question_properties` (`form_id`, `question_id`, `prop`, `value`) VALUES ('f2fb582f0bf518925d041d5d04fb6caf', '999', 'disabled', 'Enabled');
REPLACE INTO `question_properties` (`form_id`, `question_id`, `prop`, `value`) VALUES ('f2fb582f0bf518925d041d5d04fb6caf', '999', 'email', 'yes');
REPLACE INTO `question_properties` (`form_id`, `question_id`, `prop`, `value`) VALUES ('f2fb582f0bf518925d041d5d04fb6caf', '999', 'email_addr', 'sales@koperat.com.my');
REPLACE INTO `question_properties` (`form_id`, `question_id`, `prop`, `value`) VALUES ('f2fb582f0bf518925d041d5d04fb6caf', '999', 'ext_sendpostdata', 'no');
REPLACE INTO `question_properties` (`form_id`, `question_id`, `prop`, `value`) VALUES ('f2fb582f0bf518925d041d5d04fb6caf', '999', 'font', 'Verdana');
REPLACE INTO `question_properties` (`form_id`, `question_id`, `prop`, `value`) VALUES ('f2fb582f0bf518925d041d5d04fb6caf', '999', 'fontcolor', '#48345a');
REPLACE INTO `question_properties` (`form_id`, `question_id`, `prop`, `value`) VALUES ('f2fb582f0bf518925d041d5d04fb6caf', '999', 'fontsize', '12');
REPLACE INTO `question_properties` (`form_id`, `question_id`, `prop`, `value`) VALUES ('f2fb582f0bf518925d041d5d04fb6caf', '999', 'not_subj', 'New Submission: {qForm Title}');
REPLACE INTO `question_properties` (`form_id`, `question_id`, `prop`, `value`) VALUES ('f2fb582f0bf518925d041d5d04fb6caf', '999', 'rvcolor', 'JF062.ini.php');
REPLACE INTO `question_properties` (`form_id`, `question_id`, `prop`, `value`) VALUES ('f2fb582f0bf518925d041d5d04fb6caf', '999', 'sendpostdata', 'yes');
REPLACE INTO `question_properties` (`form_id`, `question_id`, `prop`, `value`) VALUES ('f2fb582f0bf518925d041d5d04fb6caf', '999', 'spamcheck', 'Enabled');
REPLACE INTO `question_properties` (`form_id`, `question_id`, `prop`, `value`) VALUES ('f2fb582f0bf518925d041d5d04fb6caf', '999', 'thanktext', '<div>\n<div>\n<div>Terima kasih atas pengisian. Pihak KOPERAT akan memproses permohonan Anda.</div></div>\n<div>\n<div>&nbsp;</div></div>\n<div>\n<div>\n<div><strong><font color=\"#ff00aa\">Sila hantarkan</font></strong> 2 salinan dokuken-dokumen berikut ke pejabat kami dengan segera;</div>\n<div>Sekiranya Permohonan Anda Berjaya. </div>\n<div>(Nyatakan Projek / Kategori Rumah yang dipohon)<br />\n<br />\n&nbsp;<br />\na) Salinan Kad Pengenalan.<br />\n&nbsp;<br />\nb) Slip Gaji 6 bulan terkini ( pinjaman Bank / Kerajaan ).<br />\n&nbsp;<br />\nc) Surat Pengesahan Jawatan ( pinjaman Bank )<br />\n&nbsp;<br />\nd) Surat Pengesahan Perkhidmatan ( pinjaman Kerajaan ).<br />\n&nbsp;<br />\ne) Surat Pengesahan Lantikan ( pinjaman Kerajaan ).<br />\n<br />f) Surat Iringan - mengikut format ( pinjaman Kerajaan ).<br />\n&nbsp;<br />\ng) Borang EA/Cukai Pendapatan LHDN beserta resit bayaran ( pinjaman Bank / Berniaga ).<br />\n&nbsp;<br />\nh) Salinan Penyata Akaun Bank 6 bulan terkini ( pinjaman Bank / Kerajaan / Berniaga ).<br />\n&nbsp;<br />\ni) Pendaftaran Perniagaan ( pinjaman Bank / Berniaga ).<br />\n&nbsp;<br />\nj) Penyata Bank Syarikat 6 bulan terkini ( pinjaman Bank / Berniaga ).<br />\n&nbsp;<br />\nk) Penyata KWSP terkini ( pinjaman Bank ).<br />\n<br />l) Lain-lain dokumen, jika berkaitan.<br />\n&nbsp;<br />\n<br /><br />\n* <strong><font color=\"#ff0000\">Sila Pastikan</font></strong> <u><font color=\"#aa00ff\">E-mail dan Maklumat</font></u> Anda Adalah Betul Untuk Penerimaan Maklumbalas Daripada KOPERAT.<br />\n&nbsp;<br />\n&nbsp;<br />\n<br />Makluman Lanjut Sila Hubungi, Hantar @ Fax kan Borang anda ke;<br />\n&nbsp;<br />\n<strong>KONSORTIUM PERUMAHAN RAKYAT TERENGGANU SDN. BHD.<br />\n</strong><br />\nWisma GPQ, Lot 4564, Tingkat 1 &amp; 2<br />\n<br />Desa MPKT, Chendering, 21080 Kuala Terengganu<br />\n<br />Tel : 09-617 3405 / 617 6405&nbsp;&nbsp;&nbsp; Fax : 09-617 7404<br />\n<br />Website : <a href=\"http://www.koperat.com.my/\" title=\"\" target=\"_blank\"><strong>www.koperat.com.my</strong></a><br />\n<br />Page : <strong><a href=\"http://www.facebook.com/pages/Koperat/197111670306770\" title=\"\" target=\"_blank\">facebook.com / koperat</a></strong><br />\n<br />Email : koperat96@gmail.com<br />\n&nbsp;<br />\n&nbsp; </div></div></div></div>');
REPLACE INTO `question_properties` (`form_id`, `question_id`, `prop`, `value`) VALUES ('f2fb582f0bf518925d041d5d04fb6caf', '999', 'theme', 'Default');
REPLACE INTO `question_properties` (`form_id`, `question_id`, `prop`, `value`) VALUES ('f2fb582f0bf518925d041d5d04fb6caf', '999', 'use_buildin_formmail', 'yes');
REPLACE INTO `question_properties` (`form_id`, `question_id`, `prop`, `value`) VALUES ('f2fb582f0bf518925d041d5d04fb6caf', '999', 'width', '100%');
REPLACE INTO `question_utf8` (`form_id`, `utf8format`) VALUES ('f2fb582f0bf518925d041d5d04fb6caf', '1');
REPLACE INTO `forms` (`id`, `username`, `title`, `height`, `status`) VALUES ('6b1e6887288fd9becf2ea36787c82388', 'a7ec09dce63b814be39611d58a2e3078', 'contact us', '40', 'undefined');
REPLACE INTO `questions` (`form_id`, `id`, `order`, `type`) VALUES ('6b1e6887288fd9becf2ea36787c82388', '0', '8', 'control_textbox');
REPLACE INTO `questions` (`form_id`, `id`, `order`, `type`) VALUES ('6b1e6887288fd9becf2ea36787c82388', '1', '10', 'control_textbox');
REPLACE INTO `questions` (`form_id`, `id`, `order`, `type`) VALUES ('6b1e6887288fd9becf2ea36787c82388', '2', '17', 'control_textbox');
REPLACE INTO `questions` (`form_id`, `id`, `order`, `type`) VALUES ('6b1e6887288fd9becf2ea36787c82388', '7', '9', 'control_textarea');
REPLACE INTO `questions` (`form_id`, `id`, `order`, `type`) VALUES ('6b1e6887288fd9becf2ea36787c82388', '8', '39', 'control_button');
REPLACE INTO `questions` (`form_id`, `id`, `order`, `type`) VALUES ('6b1e6887288fd9becf2ea36787c82388', '12', '15', 'control_textbox');
REPLACE INTO `questions` (`form_id`, `id`, `order`, `type`) VALUES ('6b1e6887288fd9becf2ea36787c82388', '13', '1', 'control_head');
REPLACE INTO `questions` (`form_id`, `id`, `order`, `type`) VALUES ('6b1e6887288fd9becf2ea36787c82388', '14', '2', 'control_text');
REPLACE INTO `questions` (`form_id`, `id`, `order`, `type`) VALUES ('6b1e6887288fd9becf2ea36787c82388', '15', '3', 'control_text');
REPLACE INTO `questions` (`form_id`, `id`, `order`, `type`) VALUES ('6b1e6887288fd9becf2ea36787c82388', '16', '4', 'control_text');
REPLACE INTO `questions` (`form_id`, `id`, `order`, `type`) VALUES ('6b1e6887288fd9becf2ea36787c82388', '17', '5', 'control_text');
REPLACE INTO `questions` (`form_id`, `id`, `order`, `type`) VALUES ('6b1e6887288fd9becf2ea36787c82388', '18', '22', 'control_textbox');
REPLACE INTO `questions` (`form_id`, `id`, `order`, `type`) VALUES ('6b1e6887288fd9becf2ea36787c82388', '19', '24', 'control_textbox');
REPLACE INTO `questions` (`form_id`, `id`, `order`, `type`) VALUES ('6b1e6887288fd9becf2ea36787c82388', '20', '20', 'control_textbox');
REPLACE INTO `questions` (`form_id`, `id`, `order`, `type`) VALUES ('6b1e6887288fd9becf2ea36787c82388', '21', '28', 'control_textbox');
REPLACE INTO `questions` (`form_id`, `id`, `order`, `type`) VALUES ('6b1e6887288fd9becf2ea36787c82388', '22', '11', 'control_dropdown');
REPLACE INTO `questions` (`form_id`, `id`, `order`, `type`) VALUES ('6b1e6887288fd9becf2ea36787c82388', '23', '16', 'control_textbox');
REPLACE INTO `questions` (`form_id`, `id`, `order`, `type`) VALUES ('6b1e6887288fd9becf2ea36787c82388', '24', '12', 'control_dropdown');
REPLACE INTO `questions` (`form_id`, `id`, `order`, `type`) VALUES ('6b1e6887288fd9becf2ea36787c82388', '25', '14', 'control_dropdown');
REPLACE INTO `questions` (`form_id`, `id`, `order`, `type`) VALUES ('6b1e6887288fd9becf2ea36787c82388', '26', '13', 'control_dropdown');
REPLACE INTO `questions` (`form_id`, `id`, `order`, `type`) VALUES ('6b1e6887288fd9becf2ea36787c82388', '27', '7', 'control_text');
REPLACE INTO `questions` (`form_id`, `id`, `order`, `type`) VALUES ('6b1e6887288fd9becf2ea36787c82388', '28', '6', 'control_hidden');
REPLACE INTO `questions` (`form_id`, `id`, `order`, `type`) VALUES ('6b1e6887288fd9becf2ea36787c82388', '29', '19', 'control_text');
REPLACE INTO `questions` (`form_id`, `id`, `order`, `type`) VALUES ('6b1e6887288fd9becf2ea36787c82388', '30', '18', 'control_hidden');
REPLACE INTO `questions` (`form_id`, `id`, `order`, `type`) VALUES ('6b1e6887288fd9becf2ea36787c82388', '31', '21', 'control_dropdown');
REPLACE INTO `questions` (`form_id`, `id`, `order`, `type`) VALUES ('6b1e6887288fd9becf2ea36787c82388', '32', '23', 'control_textarea');
REPLACE INTO `questions` (`form_id`, `id`, `order`, `type`) VALUES ('6b1e6887288fd9becf2ea36787c82388', '33', '25', 'control_hidden');
REPLACE INTO `questions` (`form_id`, `id`, `order`, `type`) VALUES ('6b1e6887288fd9becf2ea36787c82388', '34', '26', 'control_text');
REPLACE INTO `questions` (`form_id`, `id`, `order`, `type`) VALUES ('6b1e6887288fd9becf2ea36787c82388', '35', '27', 'control_dropdown');
REPLACE INTO `questions` (`form_id`, `id`, `order`, `type`) VALUES ('6b1e6887288fd9becf2ea36787c82388', '36', '29', 'control_hidden');
REPLACE INTO `questions` (`form_id`, `id`, `order`, `type`) VALUES ('6b1e6887288fd9becf2ea36787c82388', '37', '30', 'control_text');
REPLACE INTO `questions` (`form_id`, `id`, `order`, `type`) VALUES ('6b1e6887288fd9becf2ea36787c82388', '38', '31', 'control_checkbox');
REPLACE INTO `questions` (`form_id`, `id`, `order`, `type`) VALUES ('6b1e6887288fd9becf2ea36787c82388', '39', '33', 'control_fileupload');
REPLACE INTO `questions` (`form_id`, `id`, `order`, `type`) VALUES ('6b1e6887288fd9becf2ea36787c82388', '40', '37', 'control_captcha');
REPLACE INTO `questions` (`form_id`, `id`, `order`, `type`) VALUES ('6b1e6887288fd9becf2ea36787c82388', '41', '32', 'control_hidden');
REPLACE INTO `questions` (`form_id`, `id`, `order`, `type`) VALUES ('6b1e6887288fd9becf2ea36787c82388', '42', '34', 'control_hidden');
REPLACE INTO `questions` (`form_id`, `id`, `order`, `type`) VALUES ('6b1e6887288fd9becf2ea36787c82388', '43', '38', 'control_hidden');
REPLACE INTO `questions` (`form_id`, `id`, `order`, `type`) VALUES ('6b1e6887288fd9becf2ea36787c82388', '44', '35', 'control_text');
REPLACE INTO `questions` (`form_id`, `id`, `order`, `type`) VALUES ('6b1e6887288fd9becf2ea36787c82388', '45', '36', 'control_hidden');
REPLACE INTO `question_properties` (`form_id`, `question_id`, `prop`, `value`) VALUES ('6b1e6887288fd9becf2ea36787c82388', '0', 'desc', NULL);
REPLACE INTO `question_properties` (`form_id`, `question_id`, `prop`, `value`) VALUES ('6b1e6887288fd9becf2ea36787c82388', '0', 'maxsize', '100');
REPLACE INTO `question_properties` (`form_id`, `question_id`, `prop`, `value`) VALUES ('6b1e6887288fd9becf2ea36787c82388', '0', 'required', 'yes');
REPLACE INTO `question_properties` (`form_id`, `question_id`, `prop`, `value`) VALUES ('6b1e6887288fd9becf2ea36787c82388', '0', 'senderemail', 'no');
REPLACE INTO `question_properties` (`form_id`, `question_id`, `prop`, `value`) VALUES ('6b1e6887288fd9becf2ea36787c82388', '0', 'size', '48');
REPLACE INTO `question_properties` (`form_id`, `question_id`, `prop`, `value`) VALUES ('6b1e6887288fd9becf2ea36787c82388', '0', 'text', 'Nama Penuh');
REPLACE INTO `question_properties` (`form_id`, `question_id`, `prop`, `value`) VALUES ('6b1e6887288fd9becf2ea36787c82388', '0', 'validation', 'no');
REPLACE INTO `question_properties` (`form_id`, `question_id`, `prop`, `value`) VALUES ('6b1e6887288fd9becf2ea36787c82388', '1', 'desc', NULL);
REPLACE INTO `question_properties` (`form_id`, `question_id`, `prop`, `value`) VALUES ('6b1e6887288fd9becf2ea36787c82388', '1', 'maxsize', '100');
REPLACE INTO `question_properties` (`form_id`, `question_id`, `prop`, `value`) VALUES ('6b1e6887288fd9becf2ea36787c82388', '1', 'required', 'yes');
REPLACE INTO `question_properties` (`form_id`, `question_id`, `prop`, `value`) VALUES ('6b1e6887288fd9becf2ea36787c82388', '1', 'senderemail', 'no');
REPLACE INTO `question_properties` (`form_id`, `question_id`, `prop`, `value`) VALUES ('6b1e6887288fd9becf2ea36787c82388', '1', 'size', '20');
REPLACE INTO `question_properties` (`form_id`, `question_id`, `prop`, `value`) VALUES ('6b1e6887288fd9becf2ea36787c82388', '1', 'text', 'No. K/P Pengenalan');
REPLACE INTO `question_properties` (`form_id`, `question_id`, `prop`, `value`) VALUES ('6b1e6887288fd9becf2ea36787c82388', '1', 'validation', 'no');
REPLACE INTO `question_properties` (`form_id`, `question_id`, `prop`, `value`) VALUES ('6b1e6887288fd9becf2ea36787c82388', '2', 'desc', NULL);
REPLACE INTO `question_properties` (`form_id`, `question_id`, `prop`, `value`) VALUES ('6b1e6887288fd9becf2ea36787c82388', '2', 'maxsize', '100');
REPLACE INTO `question_properties` (`form_id`, `question_id`, `prop`, `value`) VALUES ('6b1e6887288fd9becf2ea36787c82388', '2', 'required', 'yes');
REPLACE INTO `question_properties` (`form_id`, `question_id`, `prop`, `value`) VALUES ('6b1e6887288fd9becf2ea36787c82388', '2', 'senderemail', 'no');
REPLACE INTO `question_properties` (`form_id`, `question_id`, `prop`, `value`) VALUES ('6b1e6887288fd9becf2ea36787c82388', '2', 'size', '30');
REPLACE INTO `question_properties` (`form_id`, `question_id`, `prop`, `value`) VALUES ('6b1e6887288fd9becf2ea36787c82388', '2', 'text', 'E-mail');
REPLACE INTO `question_properties` (`form_id`, `question_id`, `prop`, `value`) VALUES ('6b1e6887288fd9becf2ea36787c82388', '2', 'validation', 'Email');
REPLACE INTO `question_properties` (`form_id`, `question_id`, `prop`, `value`) VALUES ('6b1e6887288fd9becf2ea36787c82388', '7', 'cols', '36');
REPLACE INTO `question_properties` (`form_id`, `question_id`, `prop`, `value`) VALUES ('6b1e6887288fd9becf2ea36787c82388', '7', 'desc', NULL);
REPLACE INTO `question_properties` (`form_id`, `question_id`, `prop`, `value`) VALUES ('6b1e6887288fd9becf2ea36787c82388', '7', 'required', 'yes');
REPLACE INTO `question_properties` (`form_id`, `question_id`, `prop`, `value`) VALUES ('6b1e6887288fd9becf2ea36787c82388', '7', 'rows', '8');
REPLACE INTO `question_properties` (`form_id`, `question_id`, `prop`, `value`) VALUES ('6b1e6887288fd9becf2ea36787c82388', '7', 'text', 'Alamat Penuh');
REPLACE INTO `question_properties` (`form_id`, `question_id`, `prop`, `value`) VALUES ('6b1e6887288fd9becf2ea36787c82388', '7', 'validation', 'no');
REPLACE INTO `question_properties` (`form_id`, `question_id`, `prop`, `value`) VALUES ('6b1e6887288fd9becf2ea36787c82388', '8', 'clear', 'no');
REPLACE INTO `question_properties` (`form_id`, `question_id`, `prop`, `value`) VALUES ('6b1e6887288fd9becf2ea36787c82388', '8', 'resettext', 'clear');
REPLACE INTO `question_properties` (`form_id`, `question_id`, `prop`, `value`) VALUES ('6b1e6887288fd9becf2ea36787c82388', '8', 'submittext', 'Hantar');
REPLACE INTO `question_properties` (`form_id`, `question_id`, `prop`, `value`) VALUES ('6b1e6887288fd9becf2ea36787c82388', '8', 'text', NULL);
REPLACE INTO `question_properties` (`form_id`, `question_id`, `prop`, `value`) VALUES ('6b1e6887288fd9becf2ea36787c82388', '12', 'desc', NULL);
REPLACE INTO `question_properties` (`form_id`, `question_id`, `prop`, `value`) VALUES ('6b1e6887288fd9becf2ea36787c82388', '12', 'maxsize', '100');
REPLACE INTO `question_properties` (`form_id`, `question_id`, `prop`, `value`) VALUES ('6b1e6887288fd9becf2ea36787c82388', '12', 'required', 'yes');
REPLACE INTO `question_properties` (`form_id`, `question_id`, `prop`, `value`) VALUES ('6b1e6887288fd9becf2ea36787c82388', '12', 'senderemail', 'no');
REPLACE INTO `question_properties` (`form_id`, `question_id`, `prop`, `value`) VALUES ('6b1e6887288fd9becf2ea36787c82388', '12', 'size', '20');
REPLACE INTO `question_properties` (`form_id`, `question_id`, `prop`, `value`) VALUES ('6b1e6887288fd9becf2ea36787c82388', '12', 'text', 'No. Telefon (HandPhone)');
REPLACE INTO `question_properties` (`form_id`, `question_id`, `prop`, `value`) VALUES ('6b1e6887288fd9becf2ea36787c82388', '12', 'validation', 'no');
REPLACE INTO `question_properties` (`form_id`, `question_id`, `prop`, `value`) VALUES ('6b1e6887288fd9becf2ea36787c82388', '13', 'text', 'TAMAN RAKYAT BISTARI');
REPLACE INTO `question_properties` (`form_id`, `question_id`, `prop`, `value`) VALUES ('6b1e6887288fd9becf2ea36787c82388', '14', 'text', 'TAMAN RAKYAT BISTARI, KEMAMAN');
REPLACE INTO `question_properties` (`form_id`, `question_id`, `prop`, `value`) VALUES ('6b1e6887288fd9becf2ea36787c82388', '15', 'text', 'TELOK KALONG, TERENGGANU');
REPLACE INTO `question_properties` (`form_id`, `question_id`, `prop`, `value`) VALUES ('6b1e6887288fd9becf2ea36787c82388', '16', 'text', 'KEDAI 1 TINGKAT - FASA 5A-K');
REPLACE INTO `question_properties` (`form_id`, `question_id`, `prop`, `value`) VALUES ('6b1e6887288fd9becf2ea36787c82388', '17', 'text', '[ RM 205,000.00 dan ke atas / unit (bergantung kepada keluasan tanah) ]');
REPLACE INTO `question_properties` (`form_id`, `question_id`, `prop`, `value`) VALUES ('6b1e6887288fd9becf2ea36787c82388', '18', 'desc', NULL);
REPLACE INTO `question_properties` (`form_id`, `question_id`, `prop`, `value`) VALUES ('6b1e6887288fd9becf2ea36787c82388', '18', 'maxsize', '100');
REPLACE INTO `question_properties` (`form_id`, `question_id`, `prop`, `value`) VALUES ('6b1e6887288fd9becf2ea36787c82388', '18', 'required', 'no');
REPLACE INTO `question_properties` (`form_id`, `question_id`, `prop`, `value`) VALUES ('6b1e6887288fd9becf2ea36787c82388', '18', 'senderemail', 'no');
REPLACE INTO `question_properties` (`form_id`, `question_id`, `prop`, `value`) VALUES ('6b1e6887288fd9becf2ea36787c82388', '18', 'size', '48');
REPLACE INTO `question_properties` (`form_id`, `question_id`, `prop`, `value`) VALUES ('6b1e6887288fd9becf2ea36787c82388', '18', 'text', 'Nama Majikan');
REPLACE INTO `question_properties` (`form_id`, `question_id`, `prop`, `value`) VALUES ('6b1e6887288fd9becf2ea36787c82388', '18', 'validation', 'no');
REPLACE INTO `question_properties` (`form_id`, `question_id`, `prop`, `value`) VALUES ('6b1e6887288fd9becf2ea36787c82388', '19', 'desc', NULL);
REPLACE INTO `question_properties` (`form_id`, `question_id`, `prop`, `value`) VALUES ('6b1e6887288fd9becf2ea36787c82388', '19', 'maxsize', '100');
REPLACE INTO `question_properties` (`form_id`, `question_id`, `prop`, `value`) VALUES ('6b1e6887288fd9becf2ea36787c82388', '19', 'required', 'no');
REPLACE INTO `question_properties` (`form_id`, `question_id`, `prop`, `value`) VALUES ('6b1e6887288fd9becf2ea36787c82388', '19', 'senderemail', 'no');
REPLACE INTO `question_properties` (`form_id`, `question_id`, `prop`, `value`) VALUES ('6b1e6887288fd9becf2ea36787c82388', '19', 'size', '20');
REPLACE INTO `question_properties` (`form_id`, `question_id`, `prop`, `value`) VALUES ('6b1e6887288fd9becf2ea36787c82388', '19', 'text', 'No. Telefon Pejabat');
REPLACE INTO `question_properties` (`form_id`, `question_id`, `prop`, `value`) VALUES ('6b1e6887288fd9becf2ea36787c82388', '19', 'validation', 'no');
REPLACE INTO `question_properties` (`form_id`, `question_id`, `prop`, `value`) VALUES ('6b1e6887288fd9becf2ea36787c82388', '20', 'desc', NULL);
REPLACE INTO `question_properties` (`form_id`, `question_id`, `prop`, `value`) VALUES ('6b1e6887288fd9becf2ea36787c82388', '20', 'maxsize', '100');
REPLACE INTO `question_properties` (`form_id`, `question_id`, `prop`, `value`) VALUES ('6b1e6887288fd9becf2ea36787c82388', '20', 'required', 'no');
REPLACE INTO `question_properties` (`form_id`, `question_id`, `prop`, `value`) VALUES ('6b1e6887288fd9becf2ea36787c82388', '20', 'senderemail', 'no');
REPLACE INTO `question_properties` (`form_id`, `question_id`, `prop`, `value`) VALUES ('6b1e6887288fd9becf2ea36787c82388', '20', 'size', '30');
REPLACE INTO `question_properties` (`form_id`, `question_id`, `prop`, `value`) VALUES ('6b1e6887288fd9becf2ea36787c82388', '20', 'text', 'Jawatan Pemohon');
REPLACE INTO `question_properties` (`form_id`, `question_id`, `prop`, `value`) VALUES ('6b1e6887288fd9becf2ea36787c82388', '20', 'validation', 'no');
REPLACE INTO `question_properties` (`form_id`, `question_id`, `prop`, `value`) VALUES ('6b1e6887288fd9becf2ea36787c82388', '21', 'desc', NULL);
REPLACE INTO `question_properties` (`form_id`, `question_id`, `prop`, `value`) VALUES ('6b1e6887288fd9becf2ea36787c82388', '21', 'maxsize', '100');
REPLACE INTO `question_properties` (`form_id`, `question_id`, `prop`, `value`) VALUES ('6b1e6887288fd9becf2ea36787c82388', '21', 'required', 'no');
REPLACE INTO `question_properties` (`form_id`, `question_id`, `prop`, `value`) VALUES ('6b1e6887288fd9becf2ea36787c82388', '21', 'senderemail', 'no');
REPLACE INTO `question_properties` (`form_id`, `question_id`, `prop`, `value`) VALUES ('6b1e6887288fd9becf2ea36787c82388', '21', 'size', '20');
REPLACE INTO `question_properties` (`form_id`, `question_id`, `prop`, `value`) VALUES ('6b1e6887288fd9becf2ea36787c82388', '21', 'text', 'Nombor Lot / PT');
REPLACE INTO `question_properties` (`form_id`, `question_id`, `prop`, `value`) VALUES ('6b1e6887288fd9becf2ea36787c82388', '21', 'validation', 'no');
REPLACE INTO `question_properties` (`form_id`, `question_id`, `prop`, `value`) VALUES ('6b1e6887288fd9becf2ea36787c82388', '22', 'desc', NULL);
REPLACE INTO `question_properties` (`form_id`, `question_id`, `prop`, `value`) VALUES ('6b1e6887288fd9becf2ea36787c82388', '22', 'options', 'Lelaki<br>Perempuan<br>');
REPLACE INTO `question_properties` (`form_id`, `question_id`, `prop`, `value`) VALUES ('6b1e6887288fd9becf2ea36787c82388', '22', 'required', 'yes');
REPLACE INTO `question_properties` (`form_id`, `question_id`, `prop`, `value`) VALUES ('6b1e6887288fd9becf2ea36787c82388', '22', 'size', '1');
REPLACE INTO `question_properties` (`form_id`, `question_id`, `prop`, `value`) VALUES ('6b1e6887288fd9becf2ea36787c82388', '22', 'special', 'none');
REPLACE INTO `question_properties` (`form_id`, `question_id`, `prop`, `value`) VALUES ('6b1e6887288fd9becf2ea36787c82388', '22', 'text', 'Jantina');
REPLACE INTO `question_properties` (`form_id`, `question_id`, `prop`, `value`) VALUES ('6b1e6887288fd9becf2ea36787c82388', '23', 'desc', NULL);
REPLACE INTO `question_properties` (`form_id`, `question_id`, `prop`, `value`) VALUES ('6b1e6887288fd9becf2ea36787c82388', '23', 'maxsize', '100');
REPLACE INTO `question_properties` (`form_id`, `question_id`, `prop`, `value`) VALUES ('6b1e6887288fd9becf2ea36787c82388', '23', 'required', 'yes');
REPLACE INTO `question_properties` (`form_id`, `question_id`, `prop`, `value`) VALUES ('6b1e6887288fd9becf2ea36787c82388', '23', 'senderemail', 'no');
REPLACE INTO `question_properties` (`form_id`, `question_id`, `prop`, `value`) VALUES ('6b1e6887288fd9becf2ea36787c82388', '23', 'size', '20');
REPLACE INTO `question_properties` (`form_id`, `question_id`, `prop`, `value`) VALUES ('6b1e6887288fd9becf2ea36787c82388', '23', 'text', 'No. Telefon (Rumah/tetap)');
REPLACE INTO `question_properties` (`form_id`, `question_id`, `prop`, `value`) VALUES ('6b1e6887288fd9becf2ea36787c82388', '23', 'validation', 'no');
REPLACE INTO `question_properties` (`form_id`, `question_id`, `prop`, `value`) VALUES ('6b1e6887288fd9becf2ea36787c82388', '24', 'desc', NULL);
REPLACE INTO `question_properties` (`form_id`, `question_id`, `prop`, `value`) VALUES ('6b1e6887288fd9becf2ea36787c82388', '24', 'options', 'Melayu<br>Cina<br>India<br>Lain-lain');
REPLACE INTO `question_properties` (`form_id`, `question_id`, `prop`, `value`) VALUES ('6b1e6887288fd9becf2ea36787c82388', '24', 'required', 'yes');
REPLACE INTO `question_properties` (`form_id`, `question_id`, `prop`, `value`) VALUES ('6b1e6887288fd9becf2ea36787c82388', '24', 'size', '1');
REPLACE INTO `question_properties` (`form_id`, `question_id`, `prop`, `value`) VALUES ('6b1e6887288fd9becf2ea36787c82388', '24', 'special', 'none');
REPLACE INTO `question_properties` (`form_id`, `question_id`, `prop`, `value`) VALUES ('6b1e6887288fd9becf2ea36787c82388', '24', 'text', 'Bangsa');
REPLACE INTO `question_properties` (`form_id`, `question_id`, `prop`, `value`) VALUES ('6b1e6887288fd9becf2ea36787c82388', '25', 'desc', NULL);
REPLACE INTO `question_properties` (`form_id`, `question_id`, `prop`, `value`) VALUES ('6b1e6887288fd9becf2ea36787c82388', '25', 'options', 'Bujang<br>Berkahwin<br>Lain-lain');
REPLACE INTO `question_properties` (`form_id`, `question_id`, `prop`, `value`) VALUES ('6b1e6887288fd9becf2ea36787c82388', '25', 'required', 'yes');
REPLACE INTO `question_properties` (`form_id`, `question_id`, `prop`, `value`) VALUES ('6b1e6887288fd9becf2ea36787c82388', '25', 'size', '1');
REPLACE INTO `question_properties` (`form_id`, `question_id`, `prop`, `value`) VALUES ('6b1e6887288fd9becf2ea36787c82388', '25', 'special', 'none');
REPLACE INTO `question_properties` (`form_id`, `question_id`, `prop`, `value`) VALUES ('6b1e6887288fd9becf2ea36787c82388', '25', 'text', 'Status Perkahwinan');
REPLACE INTO `question_properties` (`form_id`, `question_id`, `prop`, `value`) VALUES ('6b1e6887288fd9becf2ea36787c82388', '26', 'desc', NULL);
REPLACE INTO `question_properties` (`form_id`, `question_id`, `prop`, `value`) VALUES ('6b1e6887288fd9becf2ea36787c82388', '26', 'options', 'Warganegara<br>Bukan Warganegara');
REPLACE INTO `question_properties` (`form_id`, `question_id`, `prop`, `value`) VALUES ('6b1e6887288fd9becf2ea36787c82388', '26', 'required', 'yes');
REPLACE INTO `question_properties` (`form_id`, `question_id`, `prop`, `value`) VALUES ('6b1e6887288fd9becf2ea36787c82388', '26', 'size', '1');
REPLACE INTO `question_properties` (`form_id`, `question_id`, `prop`, `value`) VALUES ('6b1e6887288fd9becf2ea36787c82388', '26', 'special', 'none');
REPLACE INTO `question_properties` (`form_id`, `question_id`, `prop`, `value`) VALUES ('6b1e6887288fd9becf2ea36787c82388', '26', 'text', 'Warganegara');
REPLACE INTO `question_properties` (`form_id`, `question_id`, `prop`, `value`) VALUES ('6b1e6887288fd9becf2ea36787c82388', '27', 'text', '1. MAKLUMAT PEMOHON');
REPLACE INTO `question_properties` (`form_id`, `question_id`, `prop`, `value`) VALUES ('6b1e6887288fd9becf2ea36787c82388', '28', 'text', 'undefined');
REPLACE INTO `question_properties` (`form_id`, `question_id`, `prop`, `value`) VALUES ('6b1e6887288fd9becf2ea36787c82388', '28', 'value', NULL);
REPLACE INTO `question_properties` (`form_id`, `question_id`, `prop`, `value`) VALUES ('6b1e6887288fd9becf2ea36787c82388', '29', 'text', '2. PEKERJAAN');
REPLACE INTO `question_properties` (`form_id`, `question_id`, `prop`, `value`) VALUES ('6b1e6887288fd9becf2ea36787c82388', '30', 'text', 'undefined');
REPLACE INTO `question_properties` (`form_id`, `question_id`, `prop`, `value`) VALUES ('6b1e6887288fd9becf2ea36787c82388', '30', 'value', NULL);
REPLACE INTO `question_properties` (`form_id`, `question_id`, `prop`, `value`) VALUES ('6b1e6887288fd9becf2ea36787c82388', '31', 'desc', NULL);
REPLACE INTO `question_properties` (`form_id`, `question_id`, `prop`, `value`) VALUES ('6b1e6887288fd9becf2ea36787c82388', '31', 'options', 'RM6,500.00 ke atas<br>RM5,500.00 - RM6,499.00<br>RM4,500.00 - RM5,499.00<br>RM3,500.00 - RM4,499.00<br>RM3,000.00 - RM3,499.00<br>RM2,500.00 - RM2,999.00<br>RM2,000.00 - RM2,499.00<br>RM1,500.00 - RM1,999.00<br>RM1,200.00 - RM1,499.00<br>Bawah RM1,199.00');
REPLACE INTO `question_properties` (`form_id`, `question_id`, `prop`, `value`) VALUES ('6b1e6887288fd9becf2ea36787c82388', '31', 'required', 'yes');
REPLACE INTO `question_properties` (`form_id`, `question_id`, `prop`, `value`) VALUES ('6b1e6887288fd9becf2ea36787c82388', '31', 'size', '1');
REPLACE INTO `question_properties` (`form_id`, `question_id`, `prop`, `value`) VALUES ('6b1e6887288fd9becf2ea36787c82388', '31', 'special', 'none');
REPLACE INTO `question_properties` (`form_id`, `question_id`, `prop`, `value`) VALUES ('6b1e6887288fd9becf2ea36787c82388', '31', 'text', 'Pendapatan Bulanan');
REPLACE INTO `question_properties` (`form_id`, `question_id`, `prop`, `value`) VALUES ('6b1e6887288fd9becf2ea36787c82388', '32', 'cols', '36');
REPLACE INTO `question_properties` (`form_id`, `question_id`, `prop`, `value`) VALUES ('6b1e6887288fd9becf2ea36787c82388', '32', 'desc', NULL);
REPLACE INTO `question_properties` (`form_id`, `question_id`, `prop`, `value`) VALUES ('6b1e6887288fd9becf2ea36787c82388', '32', 'required', 'no');
REPLACE INTO `question_properties` (`form_id`, `question_id`, `prop`, `value`) VALUES ('6b1e6887288fd9becf2ea36787c82388', '32', 'rows', '8');
REPLACE INTO `question_properties` (`form_id`, `question_id`, `prop`, `value`) VALUES ('6b1e6887288fd9becf2ea36787c82388', '32', 'text', 'Alamat Majikan');
REPLACE INTO `question_properties` (`form_id`, `question_id`, `prop`, `value`) VALUES ('6b1e6887288fd9becf2ea36787c82388', '32', 'validation', 'no');
REPLACE INTO `question_properties` (`form_id`, `question_id`, `prop`, `value`) VALUES ('6b1e6887288fd9becf2ea36787c82388', '33', 'text', 'undefined');
REPLACE INTO `question_properties` (`form_id`, `question_id`, `prop`, `value`) VALUES ('6b1e6887288fd9becf2ea36787c82388', '33', 'value', NULL);
REPLACE INTO `question_properties` (`form_id`, `question_id`, `prop`, `value`) VALUES ('6b1e6887288fd9becf2ea36787c82388', '34', 'text', '3. JENIS LOT RUMAH / BANGUNAN YANG DIPOHON');
REPLACE INTO `question_properties` (`form_id`, `question_id`, `prop`, `value`) VALUES ('6b1e6887288fd9becf2ea36787c82388', '35', 'desc', NULL);
REPLACE INTO `question_properties` (`form_id`, `question_id`, `prop`, `value`) VALUES ('6b1e6887288fd9becf2ea36787c82388', '35', 'options', 'Tengah');
REPLACE INTO `question_properties` (`form_id`, `question_id`, `prop`, `value`) VALUES ('6b1e6887288fd9becf2ea36787c82388', '35', 'required', 'yes');
REPLACE INTO `question_properties` (`form_id`, `question_id`, `prop`, `value`) VALUES ('6b1e6887288fd9becf2ea36787c82388', '35', 'size', '1');
REPLACE INTO `question_properties` (`form_id`, `question_id`, `prop`, `value`) VALUES ('6b1e6887288fd9becf2ea36787c82388', '35', 'special', 'none');
REPLACE INTO `question_properties` (`form_id`, `question_id`, `prop`, `value`) VALUES ('6b1e6887288fd9becf2ea36787c82388', '35', 'text', 'Jenis Lot');
REPLACE INTO `question_properties` (`form_id`, `question_id`, `prop`, `value`) VALUES ('6b1e6887288fd9becf2ea36787c82388', '36', 'text', 'undefined');
REPLACE INTO `question_properties` (`form_id`, `question_id`, `prop`, `value`) VALUES ('6b1e6887288fd9becf2ea36787c82388', '36', 'value', NULL);
REPLACE INTO `question_properties` (`form_id`, `question_id`, `prop`, `value`) VALUES ('6b1e6887288fd9becf2ea36787c82388', '37', 'text', '4. CARA PEMBAYARAN');
REPLACE INTO `question_properties` (`form_id`, `question_id`, `prop`, `value`) VALUES ('6b1e6887288fd9becf2ea36787c82388', '38', 'checked', 'no');
REPLACE INTO `question_properties` (`form_id`, `question_id`, `prop`, `value`) VALUES ('6b1e6887288fd9becf2ea36787c82388', '38', 'desc', NULL);
REPLACE INTO `question_properties` (`form_id`, `question_id`, `prop`, `value`) VALUES ('6b1e6887288fd9becf2ea36787c82388', '38', 'options', 'Institusi Kewangan / Bank<br>Kerajaan<br>Majikan<br>Tunai<br>Lain-lain');
REPLACE INTO `question_properties` (`form_id`, `question_id`, `prop`, `value`) VALUES ('6b1e6887288fd9becf2ea36787c82388', '38', 'required', 'yes');
REPLACE INTO `question_properties` (`form_id`, `question_id`, `prop`, `value`) VALUES ('6b1e6887288fd9becf2ea36787c82388', '38', 'text', 'Pinjaman Perumahan');
REPLACE INTO `question_properties` (`form_id`, `question_id`, `prop`, `value`) VALUES ('6b1e6887288fd9becf2ea36787c82388', '39', 'desc', NULL);
REPLACE INTO `question_properties` (`form_id`, `question_id`, `prop`, `value`) VALUES ('6b1e6887288fd9becf2ea36787c82388', '39', 'extensions', 'doc, docx, xls, xlsx, pdf, ppt, pptx, txt, html, htm, rtf, pps, ppsx, zip, tar, gzip, bzip, sit, dmg, jpg, jpeg, gif, png, asf, asx, flv, h264, mov, mp3, mp4, swf, wax, wma, wmv, wvx, wpl, xspf');
REPLACE INTO `question_properties` (`form_id`, `question_id`, `prop`, `value`) VALUES ('6b1e6887288fd9becf2ea36787c82388', '39', 'maxsize', '5000');
REPLACE INTO `question_properties` (`form_id`, `question_id`, `prop`, `value`) VALUES ('6b1e6887288fd9becf2ea36787c82388', '39', 'required', 'no');
REPLACE INTO `question_properties` (`form_id`, `question_id`, `prop`, `value`) VALUES ('6b1e6887288fd9becf2ea36787c82388', '39', 'text', 'Slip Gaji Terkini');
REPLACE INTO `question_properties` (`form_id`, `question_id`, `prop`, `value`) VALUES ('6b1e6887288fd9becf2ea36787c82388', '40', 'desc', NULL);
REPLACE INTO `question_properties` (`form_id`, `question_id`, `prop`, `value`) VALUES ('6b1e6887288fd9becf2ea36787c82388', '40', 'text', 'Pengesahan');
REPLACE INTO `question_properties` (`form_id`, `question_id`, `prop`, `value`) VALUES ('6b1e6887288fd9becf2ea36787c82388', '41', 'text', 'undefined');
REPLACE INTO `question_properties` (`form_id`, `question_id`, `prop`, `value`) VALUES ('6b1e6887288fd9becf2ea36787c82388', '41', 'value', NULL);
REPLACE INTO `question_properties` (`form_id`, `question_id`, `prop`, `value`) VALUES ('6b1e6887288fd9becf2ea36787c82388', '42', 'text', 'undefined');
REPLACE INTO `question_properties` (`form_id`, `question_id`, `prop`, `value`) VALUES ('6b1e6887288fd9becf2ea36787c82388', '42', 'value', NULL);
REPLACE INTO `question_properties` (`form_id`, `question_id`, `prop`, `value`) VALUES ('6b1e6887288fd9becf2ea36787c82388', '43', 'text', 'undefined');
REPLACE INTO `question_properties` (`form_id`, `question_id`, `prop`, `value`) VALUES ('6b1e6887288fd9becf2ea36787c82388', '43', 'value', NULL);
REPLACE INTO `question_properties` (`form_id`, `question_id`, `prop`, `value`) VALUES ('6b1e6887288fd9becf2ea36787c82388', '44', 'text', 'NOTA : [1. KOPERAT berhak menolak pendaftaran jika maklumat tidak lengkap / tepat.] [2. KOPERAT berhad membatalkan pendaftaran selepas 6 bulan tanpa notis.] [3. Harga adalah tertakluk kepada pindaan terakhir.]');
REPLACE INTO `question_properties` (`form_id`, `question_id`, `prop`, `value`) VALUES ('6b1e6887288fd9becf2ea36787c82388', '45', 'text', 'undefined');
REPLACE INTO `question_properties` (`form_id`, `question_id`, `prop`, `value`) VALUES ('6b1e6887288fd9becf2ea36787c82388', '999', 'alignment', 'default');
REPLACE INTO `question_properties` (`form_id`, `question_id`, `prop`, `value`) VALUES ('6b1e6887288fd9becf2ea36787c82388', '999', 'background', 'white');
REPLACE INTO `question_properties` (`form_id`, `question_id`, `prop`, `value`) VALUES ('6b1e6887288fd9becf2ea36787c82388', '999', 'conf_body', 'Thanks for submitting our form, we will get back to you as soon as possible.');
REPLACE INTO `question_properties` (`form_id`, `question_id`, `prop`, `value`) VALUES ('6b1e6887288fd9becf2ea36787c82388', '999', 'conf_send', 'no');
REPLACE INTO `question_properties` (`form_id`, `question_id`, `prop`, `value`) VALUES ('6b1e6887288fd9becf2ea36787c82388', '999', 'conf_subj', 'Borang TRB Fasa 5A-K');
REPLACE INTO `question_properties` (`form_id`, `question_id`, `prop`, `value`) VALUES ('6b1e6887288fd9becf2ea36787c82388', '999', 'disabled', 'Enabled');
REPLACE INTO `question_properties` (`form_id`, `question_id`, `prop`, `value`) VALUES ('6b1e6887288fd9becf2ea36787c82388', '999', 'email', 'yes');
REPLACE INTO `question_properties` (`form_id`, `question_id`, `prop`, `value`) VALUES ('6b1e6887288fd9becf2ea36787c82388', '999', 'email_addr', 'sales@koperat.com.my');
REPLACE INTO `question_properties` (`form_id`, `question_id`, `prop`, `value`) VALUES ('6b1e6887288fd9becf2ea36787c82388', '999', 'ext_sendpostdata', 'no');
REPLACE INTO `question_properties` (`form_id`, `question_id`, `prop`, `value`) VALUES ('6b1e6887288fd9becf2ea36787c82388', '999', 'font', 'Verdana');
REPLACE INTO `question_properties` (`form_id`, `question_id`, `prop`, `value`) VALUES ('6b1e6887288fd9becf2ea36787c82388', '999', 'fontcolor', '#48345a');
REPLACE INTO `question_properties` (`form_id`, `question_id`, `prop`, `value`) VALUES ('6b1e6887288fd9becf2ea36787c82388', '999', 'fontsize', '12');
REPLACE INTO `question_properties` (`form_id`, `question_id`, `prop`, `value`) VALUES ('6b1e6887288fd9becf2ea36787c82388', '999', 'not_subj', 'New Submission: {qForm Title}');
REPLACE INTO `question_properties` (`form_id`, `question_id`, `prop`, `value`) VALUES ('6b1e6887288fd9becf2ea36787c82388', '999', 'rvcolor', 'JF062.ini.php');
REPLACE INTO `question_properties` (`form_id`, `question_id`, `prop`, `value`) VALUES ('6b1e6887288fd9becf2ea36787c82388', '999', 'sendpostdata', 'yes');
REPLACE INTO `question_properties` (`form_id`, `question_id`, `prop`, `value`) VALUES ('6b1e6887288fd9becf2ea36787c82388', '999', 'spamcheck', 'Enabled');
REPLACE INTO `question_properties` (`form_id`, `question_id`, `prop`, `value`) VALUES ('6b1e6887288fd9becf2ea36787c82388', '999', 'thanktext', '<div>\n<div>\n<div>Terima kasih atas pengisian. Pihak KOPERAT akan memproses permohonan Anda.</div></div>\n<div>\n<div>&nbsp;</div></div>\n<div>\n<div>\n<div><strong><font color=\"#ff00aa\">Sila hantarkan</font></strong> 2 salinan dokuken-dokumen berikut ke pejabat kami dengan segera;</div>\n<div>(Nyatakan Projek / Kategori Rumah yang dipohon)<br />\n<br />\n&nbsp;<br />\na) Salinan Kad Pengenalan.<br />\n&nbsp;<br />\nb) Slip Gaji 6 bulan terkini ( pinjaman Bank / Kerajaan ).<br />\n&nbsp;<br />\nc) Surat Pengesahan Jawatan ( pinjaman Bank )<br />\n&nbsp;<br />\nd) Surat Pengesahan Perkhidmatan ( pinjaman Kerajaan ).<br />\n&nbsp;<br />\ne) Surat Pengesahan Lantikan ( pinjaman Kerajaan ).<br />\n<br />f) Surat Iringan - mengikut format ( pinjaman Kerajaan ).<br />\n&nbsp;<br />\ng) Borang EA/Cukai Pendapatan LHDN beserta resit bayaran ( pinjaman Bank / Berniaga ).<br />\n&nbsp;<br />\nh) Salinan Penyata Akaun Bank 6 bulan terkini ( pinjaman Bank / Kerajaan / Berniaga ).<br />\n&nbsp;<br />\ni) Pendaftaran Perniagaan ( pinjaman Bank / Berniaga ).<br />\n&nbsp;<br />\nj) Penyata Bank Syarikat 6 bulan terkini ( pinjaman Bank / Berniaga ).<br />\n&nbsp;<br />\nk) Penyata KWSP terkini ( pinjaman Bank ).<br />\n<br />l) Lain-lain dokumen, jika berkaitan.<br />\n&nbsp;<br />\n<br /><br />\n* <strong><font color=\"#ff0000\">Sila Pastikan</font></strong> <u><font color=\"#aa00ff\">E-mail dan Maklumat</font></u> Anda Adalah Betul Untuk Penerimaan Maklumbalas Daripada KOPERAT.<br />\n&nbsp;<br />\n&nbsp;<br />\n<br />Makluman Lanjut Sila Hubungi, Hantar @ Fax kan Borang anda ke;<br />\n&nbsp;<br />\n<strong>KONSORTIUM PERUMAHAN RAKYAT TERENGGANU SDN. BHD.<br />\n</strong><br />\nWisma GPQ, Lot 4564, Tingkat 1 &amp; 2<br />\n<br />Desa MPKT, Chendering, 21080 Kuala Terengganu<br />\n<br />Tel : 09-617 3405 / 617 6405&nbsp;&nbsp;&nbsp; Fax : 09-617 7404<br />\n<br />Website : <a href=\"http://www.koperat.com.my/\" title=\"\" target=\"_blank\"><strong>www.koperat.com.my</strong></a><br />\n<br />Page : <strong><a href=\"http://www.facebook.com/pages/Koperat/197111670306770\" title=\"\" target=\"_blank\">facebook.com / koperat</a></strong><br />\n<br />Email : koperat96@gmail.com<br />\n&nbsp;<br />\n&nbsp; </div></div></div></div>');
REPLACE INTO `question_properties` (`form_id`, `question_id`, `prop`, `value`) VALUES ('6b1e6887288fd9becf2ea36787c82388', '999', 'theme', 'Default');
REPLACE INTO `question_properties` (`form_id`, `question_id`, `prop`, `value`) VALUES ('6b1e6887288fd9becf2ea36787c82388', '999', 'use_buildin_formmail', 'yes');
REPLACE INTO `question_properties` (`form_id`, `question_id`, `prop`, `value`) VALUES ('6b1e6887288fd9becf2ea36787c82388', '999', 'width', '100%');
REPLACE INTO `question_utf8` (`form_id`, `utf8format`) VALUES ('6b1e6887288fd9becf2ea36787c82388', '1');
REPLACE INTO `forms` (`id`, `username`, `title`, `height`, `status`) VALUES ('21618790772d6dfd1d6b667ce20f3fe0', 'a7ec09dce63b814be39611d58a2e3078', 'contact us', '1780', 'undefined');
REPLACE INTO `questions` (`form_id`, `id`, `order`, `type`) VALUES ('21618790772d6dfd1d6b667ce20f3fe0', '0', '8', 'control_textbox');
REPLACE INTO `questions` (`form_id`, `id`, `order`, `type`) VALUES ('21618790772d6dfd1d6b667ce20f3fe0', '1', '10', 'control_textbox');
REPLACE INTO `questions` (`form_id`, `id`, `order`, `type`) VALUES ('21618790772d6dfd1d6b667ce20f3fe0', '2', '17', 'control_textbox');
REPLACE INTO `questions` (`form_id`, `id`, `order`, `type`) VALUES ('21618790772d6dfd1d6b667ce20f3fe0', '7', '9', 'control_textarea');
REPLACE INTO `questions` (`form_id`, `id`, `order`, `type`) VALUES ('21618790772d6dfd1d6b667ce20f3fe0', '8', '39', 'control_button');
REPLACE INTO `questions` (`form_id`, `id`, `order`, `type`) VALUES ('21618790772d6dfd1d6b667ce20f3fe0', '12', '15', 'control_textbox');
REPLACE INTO `questions` (`form_id`, `id`, `order`, `type`) VALUES ('21618790772d6dfd1d6b667ce20f3fe0', '13', '1', 'control_head');
REPLACE INTO `questions` (`form_id`, `id`, `order`, `type`) VALUES ('21618790772d6dfd1d6b667ce20f3fe0', '14', '2', 'control_text');
REPLACE INTO `questions` (`form_id`, `id`, `order`, `type`) VALUES ('21618790772d6dfd1d6b667ce20f3fe0', '15', '3', 'control_text');
REPLACE INTO `questions` (`form_id`, `id`, `order`, `type`) VALUES ('21618790772d6dfd1d6b667ce20f3fe0', '16', '4', 'control_text');
REPLACE INTO `questions` (`form_id`, `id`, `order`, `type`) VALUES ('21618790772d6dfd1d6b667ce20f3fe0', '17', '5', 'control_text');
REPLACE INTO `questions` (`form_id`, `id`, `order`, `type`) VALUES ('21618790772d6dfd1d6b667ce20f3fe0', '18', '22', 'control_textbox');
REPLACE INTO `questions` (`form_id`, `id`, `order`, `type`) VALUES ('21618790772d6dfd1d6b667ce20f3fe0', '19', '24', 'control_textbox');
REPLACE INTO `questions` (`form_id`, `id`, `order`, `type`) VALUES ('21618790772d6dfd1d6b667ce20f3fe0', '20', '20', 'control_textbox');
REPLACE INTO `questions` (`form_id`, `id`, `order`, `type`) VALUES ('21618790772d6dfd1d6b667ce20f3fe0', '21', '28', 'control_textbox');
REPLACE INTO `questions` (`form_id`, `id`, `order`, `type`) VALUES ('21618790772d6dfd1d6b667ce20f3fe0', '22', '11', 'control_dropdown');
REPLACE INTO `questions` (`form_id`, `id`, `order`, `type`) VALUES ('21618790772d6dfd1d6b667ce20f3fe0', '23', '16', 'control_textbox');
REPLACE INTO `questions` (`form_id`, `id`, `order`, `type`) VALUES ('21618790772d6dfd1d6b667ce20f3fe0', '24', '12', 'control_dropdown');
REPLACE INTO `questions` (`form_id`, `id`, `order`, `type`) VALUES ('21618790772d6dfd1d6b667ce20f3fe0', '25', '14', 'control_dropdown');
REPLACE INTO `questions` (`form_id`, `id`, `order`, `type`) VALUES ('21618790772d6dfd1d6b667ce20f3fe0', '26', '13', 'control_dropdown');
REPLACE INTO `questions` (`form_id`, `id`, `order`, `type`) VALUES ('21618790772d6dfd1d6b667ce20f3fe0', '27', '7', 'control_text');
REPLACE INTO `questions` (`form_id`, `id`, `order`, `type`) VALUES ('21618790772d6dfd1d6b667ce20f3fe0', '28', '6', 'control_hidden');
REPLACE INTO `questions` (`form_id`, `id`, `order`, `type`) VALUES ('21618790772d6dfd1d6b667ce20f3fe0', '29', '19', 'control_text');
REPLACE INTO `questions` (`form_id`, `id`, `order`, `type`) VALUES ('21618790772d6dfd1d6b667ce20f3fe0', '30', '18', 'control_hidden');
REPLACE INTO `questions` (`form_id`, `id`, `order`, `type`) VALUES ('21618790772d6dfd1d6b667ce20f3fe0', '31', '21', 'control_dropdown');
REPLACE INTO `questions` (`form_id`, `id`, `order`, `type`) VALUES ('21618790772d6dfd1d6b667ce20f3fe0', '32', '23', 'control_textarea');
REPLACE INTO `questions` (`form_id`, `id`, `order`, `type`) VALUES ('21618790772d6dfd1d6b667ce20f3fe0', '33', '25', 'control_hidden');
REPLACE INTO `questions` (`form_id`, `id`, `order`, `type`) VALUES ('21618790772d6dfd1d6b667ce20f3fe0', '34', '26', 'control_text');
REPLACE INTO `questions` (`form_id`, `id`, `order`, `type`) VALUES ('21618790772d6dfd1d6b667ce20f3fe0', '35', '27', 'control_dropdown');
REPLACE INTO `questions` (`form_id`, `id`, `order`, `type`) VALUES ('21618790772d6dfd1d6b667ce20f3fe0', '36', '29', 'control_hidden');
REPLACE INTO `questions` (`form_id`, `id`, `order`, `type`) VALUES ('21618790772d6dfd1d6b667ce20f3fe0', '37', '30', 'control_text');
REPLACE INTO `questions` (`form_id`, `id`, `order`, `type`) VALUES ('21618790772d6dfd1d6b667ce20f3fe0', '38', '31', 'control_checkbox');
REPLACE INTO `questions` (`form_id`, `id`, `order`, `type`) VALUES ('21618790772d6dfd1d6b667ce20f3fe0', '39', '33', 'control_fileupload');
REPLACE INTO `questions` (`form_id`, `id`, `order`, `type`) VALUES ('21618790772d6dfd1d6b667ce20f3fe0', '40', '37', 'control_captcha');
REPLACE INTO `questions` (`form_id`, `id`, `order`, `type`) VALUES ('21618790772d6dfd1d6b667ce20f3fe0', '41', '32', 'control_hidden');
REPLACE INTO `questions` (`form_id`, `id`, `order`, `type`) VALUES ('21618790772d6dfd1d6b667ce20f3fe0', '42', '34', 'control_hidden');
REPLACE INTO `questions` (`form_id`, `id`, `order`, `type`) VALUES ('21618790772d6dfd1d6b667ce20f3fe0', '43', '38', 'control_hidden');
REPLACE INTO `questions` (`form_id`, `id`, `order`, `type`) VALUES ('21618790772d6dfd1d6b667ce20f3fe0', '44', '35', 'control_text');
REPLACE INTO `questions` (`form_id`, `id`, `order`, `type`) VALUES ('21618790772d6dfd1d6b667ce20f3fe0', '45', '36', 'control_hidden');
REPLACE INTO `question_properties` (`form_id`, `question_id`, `prop`, `value`) VALUES ('21618790772d6dfd1d6b667ce20f3fe0', '0', 'desc', NULL);
REPLACE INTO `question_properties` (`form_id`, `question_id`, `prop`, `value`) VALUES ('21618790772d6dfd1d6b667ce20f3fe0', '0', 'maxsize', '100');
REPLACE INTO `question_properties` (`form_id`, `question_id`, `prop`, `value`) VALUES ('21618790772d6dfd1d6b667ce20f3fe0', '0', 'required', 'yes');
REPLACE INTO `question_properties` (`form_id`, `question_id`, `prop`, `value`) VALUES ('21618790772d6dfd1d6b667ce20f3fe0', '0', 'senderemail', 'no');
REPLACE INTO `question_properties` (`form_id`, `question_id`, `prop`, `value`) VALUES ('21618790772d6dfd1d6b667ce20f3fe0', '0', 'size', '48');
REPLACE INTO `question_properties` (`form_id`, `question_id`, `prop`, `value`) VALUES ('21618790772d6dfd1d6b667ce20f3fe0', '0', 'text', 'Nama Penuh');
REPLACE INTO `question_properties` (`form_id`, `question_id`, `prop`, `value`) VALUES ('21618790772d6dfd1d6b667ce20f3fe0', '0', 'validation', 'no');
REPLACE INTO `question_properties` (`form_id`, `question_id`, `prop`, `value`) VALUES ('21618790772d6dfd1d6b667ce20f3fe0', '1', 'desc', NULL);
REPLACE INTO `question_properties` (`form_id`, `question_id`, `prop`, `value`) VALUES ('21618790772d6dfd1d6b667ce20f3fe0', '1', 'maxsize', '100');
REPLACE INTO `question_properties` (`form_id`, `question_id`, `prop`, `value`) VALUES ('21618790772d6dfd1d6b667ce20f3fe0', '1', 'required', 'yes');
REPLACE INTO `question_properties` (`form_id`, `question_id`, `prop`, `value`) VALUES ('21618790772d6dfd1d6b667ce20f3fe0', '1', 'senderemail', 'no');
REPLACE INTO `question_properties` (`form_id`, `question_id`, `prop`, `value`) VALUES ('21618790772d6dfd1d6b667ce20f3fe0', '1', 'size', '20');
REPLACE INTO `question_properties` (`form_id`, `question_id`, `prop`, `value`) VALUES ('21618790772d6dfd1d6b667ce20f3fe0', '1', 'text', 'No. K/P Pengenalan');
REPLACE INTO `question_properties` (`form_id`, `question_id`, `prop`, `value`) VALUES ('21618790772d6dfd1d6b667ce20f3fe0', '1', 'validation', 'no');
REPLACE INTO `question_properties` (`form_id`, `question_id`, `prop`, `value`) VALUES ('21618790772d6dfd1d6b667ce20f3fe0', '2', 'desc', NULL);
REPLACE INTO `question_properties` (`form_id`, `question_id`, `prop`, `value`) VALUES ('21618790772d6dfd1d6b667ce20f3fe0', '2', 'maxsize', '100');
REPLACE INTO `question_properties` (`form_id`, `question_id`, `prop`, `value`) VALUES ('21618790772d6dfd1d6b667ce20f3fe0', '2', 'required', 'yes');
REPLACE INTO `question_properties` (`form_id`, `question_id`, `prop`, `value`) VALUES ('21618790772d6dfd1d6b667ce20f3fe0', '2', 'senderemail', 'no');
REPLACE INTO `question_properties` (`form_id`, `question_id`, `prop`, `value`) VALUES ('21618790772d6dfd1d6b667ce20f3fe0', '2', 'size', '30');
REPLACE INTO `question_properties` (`form_id`, `question_id`, `prop`, `value`) VALUES ('21618790772d6dfd1d6b667ce20f3fe0', '2', 'text', 'E-mail');
REPLACE INTO `question_properties` (`form_id`, `question_id`, `prop`, `value`) VALUES ('21618790772d6dfd1d6b667ce20f3fe0', '2', 'validation', 'Email');
REPLACE INTO `question_properties` (`form_id`, `question_id`, `prop`, `value`) VALUES ('21618790772d6dfd1d6b667ce20f3fe0', '7', 'cols', '36');
REPLACE INTO `question_properties` (`form_id`, `question_id`, `prop`, `value`) VALUES ('21618790772d6dfd1d6b667ce20f3fe0', '7', 'desc', NULL);
REPLACE INTO `question_properties` (`form_id`, `question_id`, `prop`, `value`) VALUES ('21618790772d6dfd1d6b667ce20f3fe0', '7', 'required', 'yes');
REPLACE INTO `question_properties` (`form_id`, `question_id`, `prop`, `value`) VALUES ('21618790772d6dfd1d6b667ce20f3fe0', '7', 'rows', '8');
REPLACE INTO `question_properties` (`form_id`, `question_id`, `prop`, `value`) VALUES ('21618790772d6dfd1d6b667ce20f3fe0', '7', 'text', 'Alamat Penuh');
REPLACE INTO `question_properties` (`form_id`, `question_id`, `prop`, `value`) VALUES ('21618790772d6dfd1d6b667ce20f3fe0', '7', 'validation', 'no');
REPLACE INTO `question_properties` (`form_id`, `question_id`, `prop`, `value`) VALUES ('21618790772d6dfd1d6b667ce20f3fe0', '8', 'clear', 'no');
REPLACE INTO `question_properties` (`form_id`, `question_id`, `prop`, `value`) VALUES ('21618790772d6dfd1d6b667ce20f3fe0', '8', 'resettext', 'clear');
REPLACE INTO `question_properties` (`form_id`, `question_id`, `prop`, `value`) VALUES ('21618790772d6dfd1d6b667ce20f3fe0', '8', 'submittext', 'Hantar');
REPLACE INTO `question_properties` (`form_id`, `question_id`, `prop`, `value`) VALUES ('21618790772d6dfd1d6b667ce20f3fe0', '8', 'text', NULL);
REPLACE INTO `question_properties` (`form_id`, `question_id`, `prop`, `value`) VALUES ('21618790772d6dfd1d6b667ce20f3fe0', '12', 'desc', NULL);
REPLACE INTO `question_properties` (`form_id`, `question_id`, `prop`, `value`) VALUES ('21618790772d6dfd1d6b667ce20f3fe0', '12', 'maxsize', '100');
REPLACE INTO `question_properties` (`form_id`, `question_id`, `prop`, `value`) VALUES ('21618790772d6dfd1d6b667ce20f3fe0', '12', 'required', 'yes');
REPLACE INTO `question_properties` (`form_id`, `question_id`, `prop`, `value`) VALUES ('21618790772d6dfd1d6b667ce20f3fe0', '12', 'senderemail', 'no');
REPLACE INTO `question_properties` (`form_id`, `question_id`, `prop`, `value`) VALUES ('21618790772d6dfd1d6b667ce20f3fe0', '12', 'size', '20');
REPLACE INTO `question_properties` (`form_id`, `question_id`, `prop`, `value`) VALUES ('21618790772d6dfd1d6b667ce20f3fe0', '12', 'text', 'No. Telefon (HandPhone)');
REPLACE INTO `question_properties` (`form_id`, `question_id`, `prop`, `value`) VALUES ('21618790772d6dfd1d6b667ce20f3fe0', '12', 'validation', 'no');
REPLACE INTO `question_properties` (`form_id`, `question_id`, `prop`, `value`) VALUES ('21618790772d6dfd1d6b667ce20f3fe0', '13', 'text', 'PERUMAHAN BERCAMPUR BUKIT KELUANG');
REPLACE INTO `question_properties` (`form_id`, `question_id`, `prop`, `value`) VALUES ('21618790772d6dfd1d6b667ce20f3fe0', '14', 'text', 'PERUMAHAN BERCAMPUR BUKIT KELUANG, BESUT');
REPLACE INTO `question_properties` (`form_id`, `question_id`, `prop`, `value`) VALUES ('21618790772d6dfd1d6b667ce20f3fe0', '15', 'text', 'BUKIT KELUANG, TERENGGANU');
REPLACE INTO `question_properties` (`form_id`, `question_id`, `prop`, `value`) VALUES ('21618790772d6dfd1d6b667ce20f3fe0', '16', 'text', 'RUMAH BERKEMBAR 1 TINGKAT - FASA 1A');
REPLACE INTO `question_properties` (`form_id`, `question_id`, `prop`, `value`) VALUES ('21618790772d6dfd1d6b667ce20f3fe0', '17', 'text', '[ RM 250,000.00 dan ke atas / unit (bergantung kepada keluasan tanah) ]');
REPLACE INTO `question_properties` (`form_id`, `question_id`, `prop`, `value`) VALUES ('21618790772d6dfd1d6b667ce20f3fe0', '18', 'desc', NULL);
REPLACE INTO `question_properties` (`form_id`, `question_id`, `prop`, `value`) VALUES ('21618790772d6dfd1d6b667ce20f3fe0', '18', 'maxsize', '100');
REPLACE INTO `question_properties` (`form_id`, `question_id`, `prop`, `value`) VALUES ('21618790772d6dfd1d6b667ce20f3fe0', '18', 'required', 'no');
REPLACE INTO `question_properties` (`form_id`, `question_id`, `prop`, `value`) VALUES ('21618790772d6dfd1d6b667ce20f3fe0', '18', 'senderemail', 'no');
REPLACE INTO `question_properties` (`form_id`, `question_id`, `prop`, `value`) VALUES ('21618790772d6dfd1d6b667ce20f3fe0', '18', 'size', '48');
REPLACE INTO `question_properties` (`form_id`, `question_id`, `prop`, `value`) VALUES ('21618790772d6dfd1d6b667ce20f3fe0', '18', 'text', 'Nama Majikan');
REPLACE INTO `question_properties` (`form_id`, `question_id`, `prop`, `value`) VALUES ('21618790772d6dfd1d6b667ce20f3fe0', '18', 'validation', 'no');
REPLACE INTO `question_properties` (`form_id`, `question_id`, `prop`, `value`) VALUES ('21618790772d6dfd1d6b667ce20f3fe0', '19', 'desc', NULL);
REPLACE INTO `question_properties` (`form_id`, `question_id`, `prop`, `value`) VALUES ('21618790772d6dfd1d6b667ce20f3fe0', '19', 'maxsize', '100');
REPLACE INTO `question_properties` (`form_id`, `question_id`, `prop`, `value`) VALUES ('21618790772d6dfd1d6b667ce20f3fe0', '19', 'required', 'no');
REPLACE INTO `question_properties` (`form_id`, `question_id`, `prop`, `value`) VALUES ('21618790772d6dfd1d6b667ce20f3fe0', '19', 'senderemail', 'no');
REPLACE INTO `question_properties` (`form_id`, `question_id`, `prop`, `value`) VALUES ('21618790772d6dfd1d6b667ce20f3fe0', '19', 'size', '20');
REPLACE INTO `question_properties` (`form_id`, `question_id`, `prop`, `value`) VALUES ('21618790772d6dfd1d6b667ce20f3fe0', '19', 'text', 'No. Telefon Pejabat');
REPLACE INTO `question_properties` (`form_id`, `question_id`, `prop`, `value`) VALUES ('21618790772d6dfd1d6b667ce20f3fe0', '19', 'validation', 'no');
REPLACE INTO `question_properties` (`form_id`, `question_id`, `prop`, `value`) VALUES ('21618790772d6dfd1d6b667ce20f3fe0', '20', 'desc', NULL);
REPLACE INTO `question_properties` (`form_id`, `question_id`, `prop`, `value`) VALUES ('21618790772d6dfd1d6b667ce20f3fe0', '20', 'maxsize', '100');
REPLACE INTO `question_properties` (`form_id`, `question_id`, `prop`, `value`) VALUES ('21618790772d6dfd1d6b667ce20f3fe0', '20', 'required', 'no');
REPLACE INTO `question_properties` (`form_id`, `question_id`, `prop`, `value`) VALUES ('21618790772d6dfd1d6b667ce20f3fe0', '20', 'senderemail', 'no');
REPLACE INTO `question_properties` (`form_id`, `question_id`, `prop`, `value`) VALUES ('21618790772d6dfd1d6b667ce20f3fe0', '20', 'size', '30');
REPLACE INTO `question_properties` (`form_id`, `question_id`, `prop`, `value`) VALUES ('21618790772d6dfd1d6b667ce20f3fe0', '20', 'text', 'Jawatan Pemohon');
REPLACE INTO `question_properties` (`form_id`, `question_id`, `prop`, `value`) VALUES ('21618790772d6dfd1d6b667ce20f3fe0', '20', 'validation', 'no');
REPLACE INTO `question_properties` (`form_id`, `question_id`, `prop`, `value`) VALUES ('21618790772d6dfd1d6b667ce20f3fe0', '21', 'desc', NULL);
REPLACE INTO `question_properties` (`form_id`, `question_id`, `prop`, `value`) VALUES ('21618790772d6dfd1d6b667ce20f3fe0', '21', 'maxsize', '100');
REPLACE INTO `question_properties` (`form_id`, `question_id`, `prop`, `value`) VALUES ('21618790772d6dfd1d6b667ce20f3fe0', '21', 'required', 'no');
REPLACE INTO `question_properties` (`form_id`, `question_id`, `prop`, `value`) VALUES ('21618790772d6dfd1d6b667ce20f3fe0', '21', 'senderemail', 'no');
REPLACE INTO `question_properties` (`form_id`, `question_id`, `prop`, `value`) VALUES ('21618790772d6dfd1d6b667ce20f3fe0', '21', 'size', '20');
REPLACE INTO `question_properties` (`form_id`, `question_id`, `prop`, `value`) VALUES ('21618790772d6dfd1d6b667ce20f3fe0', '21', 'text', 'Nombor Lot / PT');
REPLACE INTO `question_properties` (`form_id`, `question_id`, `prop`, `value`) VALUES ('21618790772d6dfd1d6b667ce20f3fe0', '21', 'validation', 'no');
REPLACE INTO `question_properties` (`form_id`, `question_id`, `prop`, `value`) VALUES ('21618790772d6dfd1d6b667ce20f3fe0', '22', 'desc', NULL);
REPLACE INTO `question_properties` (`form_id`, `question_id`, `prop`, `value`) VALUES ('21618790772d6dfd1d6b667ce20f3fe0', '22', 'options', 'Lelaki<br>Perempuan<br>');
REPLACE INTO `question_properties` (`form_id`, `question_id`, `prop`, `value`) VALUES ('21618790772d6dfd1d6b667ce20f3fe0', '22', 'required', 'yes');
REPLACE INTO `question_properties` (`form_id`, `question_id`, `prop`, `value`) VALUES ('21618790772d6dfd1d6b667ce20f3fe0', '22', 'size', '1');
REPLACE INTO `question_properties` (`form_id`, `question_id`, `prop`, `value`) VALUES ('21618790772d6dfd1d6b667ce20f3fe0', '22', 'special', 'none');
REPLACE INTO `question_properties` (`form_id`, `question_id`, `prop`, `value`) VALUES ('21618790772d6dfd1d6b667ce20f3fe0', '22', 'text', 'Jantina');
REPLACE INTO `question_properties` (`form_id`, `question_id`, `prop`, `value`) VALUES ('21618790772d6dfd1d6b667ce20f3fe0', '23', 'desc', NULL);
REPLACE INTO `question_properties` (`form_id`, `question_id`, `prop`, `value`) VALUES ('21618790772d6dfd1d6b667ce20f3fe0', '23', 'maxsize', '100');
REPLACE INTO `question_properties` (`form_id`, `question_id`, `prop`, `value`) VALUES ('21618790772d6dfd1d6b667ce20f3fe0', '23', 'required', 'yes');
REPLACE INTO `question_properties` (`form_id`, `question_id`, `prop`, `value`) VALUES ('21618790772d6dfd1d6b667ce20f3fe0', '23', 'senderemail', 'no');
REPLACE INTO `question_properties` (`form_id`, `question_id`, `prop`, `value`) VALUES ('21618790772d6dfd1d6b667ce20f3fe0', '23', 'size', '20');
REPLACE INTO `question_properties` (`form_id`, `question_id`, `prop`, `value`) VALUES ('21618790772d6dfd1d6b667ce20f3fe0', '23', 'text', 'No. Telefon (Rumah/tetap)');
REPLACE INTO `question_properties` (`form_id`, `question_id`, `prop`, `value`) VALUES ('21618790772d6dfd1d6b667ce20f3fe0', '23', 'validation', 'no');
REPLACE INTO `question_properties` (`form_id`, `question_id`, `prop`, `value`) VALUES ('21618790772d6dfd1d6b667ce20f3fe0', '24', 'desc', NULL);
REPLACE INTO `question_properties` (`form_id`, `question_id`, `prop`, `value`) VALUES ('21618790772d6dfd1d6b667ce20f3fe0', '24', 'options', 'Melayu<br>Cina<br>India<br>Lain-lain');
REPLACE INTO `question_properties` (`form_id`, `question_id`, `prop`, `value`) VALUES ('21618790772d6dfd1d6b667ce20f3fe0', '24', 'required', 'yes');
REPLACE INTO `question_properties` (`form_id`, `question_id`, `prop`, `value`) VALUES ('21618790772d6dfd1d6b667ce20f3fe0', '24', 'size', '1');
REPLACE INTO `question_properties` (`form_id`, `question_id`, `prop`, `value`) VALUES ('21618790772d6dfd1d6b667ce20f3fe0', '24', 'special', 'none');
REPLACE INTO `question_properties` (`form_id`, `question_id`, `prop`, `value`) VALUES ('21618790772d6dfd1d6b667ce20f3fe0', '24', 'text', 'Bangsa');
REPLACE INTO `question_properties` (`form_id`, `question_id`, `prop`, `value`) VALUES ('21618790772d6dfd1d6b667ce20f3fe0', '25', 'desc', NULL);
REPLACE INTO `question_properties` (`form_id`, `question_id`, `prop`, `value`) VALUES ('21618790772d6dfd1d6b667ce20f3fe0', '25', 'options', 'Bujang<br>Berkahwin<br>Lain-lain');
REPLACE INTO `question_properties` (`form_id`, `question_id`, `prop`, `value`) VALUES ('21618790772d6dfd1d6b667ce20f3fe0', '25', 'required', 'yes');
REPLACE INTO `question_properties` (`form_id`, `question_id`, `prop`, `value`) VALUES ('21618790772d6dfd1d6b667ce20f3fe0', '25', 'size', '1');
REPLACE INTO `question_properties` (`form_id`, `question_id`, `prop`, `value`) VALUES ('21618790772d6dfd1d6b667ce20f3fe0', '25', 'special', 'none');
REPLACE INTO `question_properties` (`form_id`, `question_id`, `prop`, `value`) VALUES ('21618790772d6dfd1d6b667ce20f3fe0', '25', 'text', 'Status Perkahwinan');
REPLACE INTO `question_properties` (`form_id`, `question_id`, `prop`, `value`) VALUES ('21618790772d6dfd1d6b667ce20f3fe0', '26', 'desc', NULL);
REPLACE INTO `question_properties` (`form_id`, `question_id`, `prop`, `value`) VALUES ('21618790772d6dfd1d6b667ce20f3fe0', '26', 'options', 'Warganegara<br>Bukan Warganegara');
REPLACE INTO `question_properties` (`form_id`, `question_id`, `prop`, `value`) VALUES ('21618790772d6dfd1d6b667ce20f3fe0', '26', 'required', 'yes');
REPLACE INTO `question_properties` (`form_id`, `question_id`, `prop`, `value`) VALUES ('21618790772d6dfd1d6b667ce20f3fe0', '26', 'size', '1');
REPLACE INTO `question_properties` (`form_id`, `question_id`, `prop`, `value`) VALUES ('21618790772d6dfd1d6b667ce20f3fe0', '26', 'special', 'none');
REPLACE INTO `question_properties` (`form_id`, `question_id`, `prop`, `value`) VALUES ('21618790772d6dfd1d6b667ce20f3fe0', '26', 'text', 'Warganegara');
REPLACE INTO `question_properties` (`form_id`, `question_id`, `prop`, `value`) VALUES ('21618790772d6dfd1d6b667ce20f3fe0', '27', 'text', '1. MAKLUMAT PEMOHON');
REPLACE INTO `question_properties` (`form_id`, `question_id`, `prop`, `value`) VALUES ('21618790772d6dfd1d6b667ce20f3fe0', '28', 'text', '>undefined<');
REPLACE INTO `question_properties` (`form_id`, `question_id`, `prop`, `value`) VALUES ('21618790772d6dfd1d6b667ce20f3fe0', '28', 'value', NULL);
REPLACE INTO `question_properties` (`form_id`, `question_id`, `prop`, `value`) VALUES ('21618790772d6dfd1d6b667ce20f3fe0', '29', 'text', '2. PEKERJAAN');
REPLACE INTO `question_properties` (`form_id`, `question_id`, `prop`, `value`) VALUES ('21618790772d6dfd1d6b667ce20f3fe0', '30', 'text', '>undefined<');
REPLACE INTO `question_properties` (`form_id`, `question_id`, `prop`, `value`) VALUES ('21618790772d6dfd1d6b667ce20f3fe0', '30', 'value', NULL);
REPLACE INTO `question_properties` (`form_id`, `question_id`, `prop`, `value`) VALUES ('21618790772d6dfd1d6b667ce20f3fe0', '31', 'desc', NULL);
REPLACE INTO `question_properties` (`form_id`, `question_id`, `prop`, `value`) VALUES ('21618790772d6dfd1d6b667ce20f3fe0', '31', 'options', 'RM6,500 ke atas<br>RM5,500.00 - RM6,499.00<br>RM4,500.00 - RM5,499.00<br>RM3,500.00 - RM4,499.00<br>RM3,000.00 - RM3,499.00<br>RM2,500.00 - RM2,999.00<br>RM2,000.00 - RM2,499.00<br>RM1,500.00 - RM1,999.00<br>RM1,200.00 - RM1,499.00<br>Bawah RM1,199');
REPLACE INTO `question_properties` (`form_id`, `question_id`, `prop`, `value`) VALUES ('21618790772d6dfd1d6b667ce20f3fe0', '31', 'required', 'yes');
REPLACE INTO `question_properties` (`form_id`, `question_id`, `prop`, `value`) VALUES ('21618790772d6dfd1d6b667ce20f3fe0', '31', 'size', '1');
REPLACE INTO `question_properties` (`form_id`, `question_id`, `prop`, `value`) VALUES ('21618790772d6dfd1d6b667ce20f3fe0', '31', 'special', 'none');
REPLACE INTO `question_properties` (`form_id`, `question_id`, `prop`, `value`) VALUES ('21618790772d6dfd1d6b667ce20f3fe0', '31', 'text', 'Pendapatan Bulanan');
REPLACE INTO `question_properties` (`form_id`, `question_id`, `prop`, `value`) VALUES ('21618790772d6dfd1d6b667ce20f3fe0', '32', 'cols', '36');
REPLACE INTO `question_properties` (`form_id`, `question_id`, `prop`, `value`) VALUES ('21618790772d6dfd1d6b667ce20f3fe0', '32', 'desc', NULL);
REPLACE INTO `question_properties` (`form_id`, `question_id`, `prop`, `value`) VALUES ('21618790772d6dfd1d6b667ce20f3fe0', '32', 'required', 'no');
REPLACE INTO `question_properties` (`form_id`, `question_id`, `prop`, `value`) VALUES ('21618790772d6dfd1d6b667ce20f3fe0', '32', 'rows', '8');
REPLACE INTO `question_properties` (`form_id`, `question_id`, `prop`, `value`) VALUES ('21618790772d6dfd1d6b667ce20f3fe0', '32', 'text', 'Alamat Majikan');
REPLACE INTO `question_properties` (`form_id`, `question_id`, `prop`, `value`) VALUES ('21618790772d6dfd1d6b667ce20f3fe0', '32', 'validation', 'no');
REPLACE INTO `question_properties` (`form_id`, `question_id`, `prop`, `value`) VALUES ('21618790772d6dfd1d6b667ce20f3fe0', '33', 'text', '>undefined<');
REPLACE INTO `question_properties` (`form_id`, `question_id`, `prop`, `value`) VALUES ('21618790772d6dfd1d6b667ce20f3fe0', '33', 'value', NULL);
REPLACE INTO `question_properties` (`form_id`, `question_id`, `prop`, `value`) VALUES ('21618790772d6dfd1d6b667ce20f3fe0', '34', 'text', '3. JENIS LOT RUMAH / BANGUNAN YANG DIPOHON');
REPLACE INTO `question_properties` (`form_id`, `question_id`, `prop`, `value`) VALUES ('21618790772d6dfd1d6b667ce20f3fe0', '35', 'desc', NULL);
REPLACE INTO `question_properties` (`form_id`, `question_id`, `prop`, `value`) VALUES ('21618790772d6dfd1d6b667ce20f3fe0', '35', 'options', 'Tepi<br>Tengah');
REPLACE INTO `question_properties` (`form_id`, `question_id`, `prop`, `value`) VALUES ('21618790772d6dfd1d6b667ce20f3fe0', '35', 'required', 'yes');
REPLACE INTO `question_properties` (`form_id`, `question_id`, `prop`, `value`) VALUES ('21618790772d6dfd1d6b667ce20f3fe0', '35', 'size', '1');
REPLACE INTO `question_properties` (`form_id`, `question_id`, `prop`, `value`) VALUES ('21618790772d6dfd1d6b667ce20f3fe0', '35', 'special', 'none');
REPLACE INTO `question_properties` (`form_id`, `question_id`, `prop`, `value`) VALUES ('21618790772d6dfd1d6b667ce20f3fe0', '35', 'text', 'Jenis Lot');
REPLACE INTO `question_properties` (`form_id`, `question_id`, `prop`, `value`) VALUES ('21618790772d6dfd1d6b667ce20f3fe0', '36', 'text', '>undefined<');
REPLACE INTO `question_properties` (`form_id`, `question_id`, `prop`, `value`) VALUES ('21618790772d6dfd1d6b667ce20f3fe0', '36', 'value', NULL);
REPLACE INTO `question_properties` (`form_id`, `question_id`, `prop`, `value`) VALUES ('21618790772d6dfd1d6b667ce20f3fe0', '37', 'text', '4. CARA PEMBAYARAN');
REPLACE INTO `question_properties` (`form_id`, `question_id`, `prop`, `value`) VALUES ('21618790772d6dfd1d6b667ce20f3fe0', '38', 'checked', 'no');
REPLACE INTO `question_properties` (`form_id`, `question_id`, `prop`, `value`) VALUES ('21618790772d6dfd1d6b667ce20f3fe0', '38', 'desc', NULL);
REPLACE INTO `question_properties` (`form_id`, `question_id`, `prop`, `value`) VALUES ('21618790772d6dfd1d6b667ce20f3fe0', '38', 'options', 'Institusi Kewangan / Bank<br>Kerajaan<br>Majikan<br>Tunai<br>Lain-lain');
REPLACE INTO `question_properties` (`form_id`, `question_id`, `prop`, `value`) VALUES ('21618790772d6dfd1d6b667ce20f3fe0', '38', 'required', 'yes');
REPLACE INTO `question_properties` (`form_id`, `question_id`, `prop`, `value`) VALUES ('21618790772d6dfd1d6b667ce20f3fe0', '38', 'text', 'Pinjaman Perumahan');
REPLACE INTO `question_properties` (`form_id`, `question_id`, `prop`, `value`) VALUES ('21618790772d6dfd1d6b667ce20f3fe0', '39', 'desc', NULL);
REPLACE INTO `question_properties` (`form_id`, `question_id`, `prop`, `value`) VALUES ('21618790772d6dfd1d6b667ce20f3fe0', '39', 'extensions', 'doc, docx, xls, xlsx, pdf, ppt, pptx, txt, html, htm, rtf, pps, ppsx, zip, tar, gzip, bzip, sit, dmg, jpg, jpeg, gif, png, asf, asx, flv, h264, mov, mp3, mp4, swf, wax, wma, wmv, wvx, wpl, xspf');
REPLACE INTO `question_properties` (`form_id`, `question_id`, `prop`, `value`) VALUES ('21618790772d6dfd1d6b667ce20f3fe0', '39', 'maxsize', '5000');
REPLACE INTO `question_properties` (`form_id`, `question_id`, `prop`, `value`) VALUES ('21618790772d6dfd1d6b667ce20f3fe0', '39', 'required', 'no');
REPLACE INTO `question_properties` (`form_id`, `question_id`, `prop`, `value`) VALUES ('21618790772d6dfd1d6b667ce20f3fe0', '39', 'text', 'Slip Gaji Terkini');
REPLACE INTO `question_properties` (`form_id`, `question_id`, `prop`, `value`) VALUES ('21618790772d6dfd1d6b667ce20f3fe0', '40', 'desc', NULL);
REPLACE INTO `question_properties` (`form_id`, `question_id`, `prop`, `value`) VALUES ('21618790772d6dfd1d6b667ce20f3fe0', '40', 'text', 'Pengesahan');
REPLACE INTO `question_properties` (`form_id`, `question_id`, `prop`, `value`) VALUES ('21618790772d6dfd1d6b667ce20f3fe0', '41', 'text', '>undefined<');
REPLACE INTO `question_properties` (`form_id`, `question_id`, `prop`, `value`) VALUES ('21618790772d6dfd1d6b667ce20f3fe0', '41', 'value', NULL);
REPLACE INTO `question_properties` (`form_id`, `question_id`, `prop`, `value`) VALUES ('21618790772d6dfd1d6b667ce20f3fe0', '42', 'text', '>undefined<');
REPLACE INTO `question_properties` (`form_id`, `question_id`, `prop`, `value`) VALUES ('21618790772d6dfd1d6b667ce20f3fe0', '42', 'value', NULL);
REPLACE INTO `question_properties` (`form_id`, `question_id`, `prop`, `value`) VALUES ('21618790772d6dfd1d6b667ce20f3fe0', '43', 'text', '>undefined<');
REPLACE INTO `question_properties` (`form_id`, `question_id`, `prop`, `value`) VALUES ('21618790772d6dfd1d6b667ce20f3fe0', '43', 'value', NULL);
REPLACE INTO `question_properties` (`form_id`, `question_id`, `prop`, `value`) VALUES ('21618790772d6dfd1d6b667ce20f3fe0', '44', 'text', 'NOTA : [1. KOPERAT berhak menolak pendaftaran jika maklumat tidak lengkap / tepat.] [2. KOPERAT berhad membatalkan pendaftaran selepas 6 bulan tanpa notis.] [3. Harga adalah tertakluk kepada pindaan terakhir.]');
REPLACE INTO `question_properties` (`form_id`, `question_id`, `prop`, `value`) VALUES ('21618790772d6dfd1d6b667ce20f3fe0', '45', 'text', '>undefined<');
REPLACE INTO `question_properties` (`form_id`, `question_id`, `prop`, `value`) VALUES ('21618790772d6dfd1d6b667ce20f3fe0', '45', 'value', NULL);
REPLACE INTO `question_properties` (`form_id`, `question_id`, `prop`, `value`) VALUES ('21618790772d6dfd1d6b667ce20f3fe0', '999', 'alignment', 'default');
REPLACE INTO `question_properties` (`form_id`, `question_id`, `prop`, `value`) VALUES ('21618790772d6dfd1d6b667ce20f3fe0', '999', 'background', 'white');
REPLACE INTO `question_properties` (`form_id`, `question_id`, `prop`, `value`) VALUES ('21618790772d6dfd1d6b667ce20f3fe0', '999', 'conf_body', 'Thanks for submitting our form, we will get back to you as soon as possible.');
REPLACE INTO `question_properties` (`form_id`, `question_id`, `prop`, `value`) VALUES ('21618790772d6dfd1d6b667ce20f3fe0', '999', 'conf_send', 'no');
REPLACE INTO `question_properties` (`form_id`, `question_id`, `prop`, `value`) VALUES ('21618790772d6dfd1d6b667ce20f3fe0', '999', 'conf_subj', 'Borang B.Keluang Fasa 1A-RB');
REPLACE INTO `question_properties` (`form_id`, `question_id`, `prop`, `value`) VALUES ('21618790772d6dfd1d6b667ce20f3fe0', '999', 'disabled', 'Enabled');
REPLACE INTO `question_properties` (`form_id`, `question_id`, `prop`, `value`) VALUES ('21618790772d6dfd1d6b667ce20f3fe0', '999', 'email', 'yes');
REPLACE INTO `question_properties` (`form_id`, `question_id`, `prop`, `value`) VALUES ('21618790772d6dfd1d6b667ce20f3fe0', '999', 'email_addr', 'sales@koperat.com.my');
REPLACE INTO `question_properties` (`form_id`, `question_id`, `prop`, `value`) VALUES ('21618790772d6dfd1d6b667ce20f3fe0', '999', 'ext_sendpostdata', 'no');
REPLACE INTO `question_properties` (`form_id`, `question_id`, `prop`, `value`) VALUES ('21618790772d6dfd1d6b667ce20f3fe0', '999', 'font', 'Verdana');
REPLACE INTO `question_properties` (`form_id`, `question_id`, `prop`, `value`) VALUES ('21618790772d6dfd1d6b667ce20f3fe0', '999', 'fontcolor', '#48345a');
REPLACE INTO `question_properties` (`form_id`, `question_id`, `prop`, `value`) VALUES ('21618790772d6dfd1d6b667ce20f3fe0', '999', 'fontsize', '12');
REPLACE INTO `question_properties` (`form_id`, `question_id`, `prop`, `value`) VALUES ('21618790772d6dfd1d6b667ce20f3fe0', '999', 'not_subj', 'New Submission: {qForm Title}');
REPLACE INTO `question_properties` (`form_id`, `question_id`, `prop`, `value`) VALUES ('21618790772d6dfd1d6b667ce20f3fe0', '999', 'rvcolor', 'JF062.ini.php');
REPLACE INTO `question_properties` (`form_id`, `question_id`, `prop`, `value`) VALUES ('21618790772d6dfd1d6b667ce20f3fe0', '999', 'sendpostdata', 'yes');
REPLACE INTO `question_properties` (`form_id`, `question_id`, `prop`, `value`) VALUES ('21618790772d6dfd1d6b667ce20f3fe0', '999', 'spamcheck', 'Enabled');
REPLACE INTO `question_properties` (`form_id`, `question_id`, `prop`, `value`) VALUES ('21618790772d6dfd1d6b667ce20f3fe0', '999', 'thanktext', '<div>\n<div>Terima kasih atas pengisian. Pihak KOPERAT akan memproses permohonan Anda.</div></div>\n<div>\n<div>&nbsp;</div></div>\n<div>\n<div>\n<div><br />\n<strong><font color=\"#ff00aa\">Sila hantarkan</font></strong> 2 salinan dokuken-dokumen berikut ke pejabat kami dengan segera;</div>\n<div>Sekiranya Permohonan Anda Berjaya.&nbsp; </div>\n<div>(Nyatakan Projek / Kategori Rumah yang dipohon)<br />\n<br />\n&nbsp;<br />\na) Salinan Kad Pengenalan.<br />\n&nbsp;<br />\nb) Slip Gaji 6 bulan terkini ( pinjaman Bank / Kerajaan ).<br />\n&nbsp;<br />\nc) Surat Pengesahan Jawatan ( pinjaman Bank )<br />\n&nbsp;<br />\nd) Surat Pengesahan Perkhidmatan ( pinjaman Kerajaan ).<br />\n&nbsp;<br />\ne) Surat Pengesahan Lantikan ( pinjaman Kerajaan ).<br />\n<br />f) Surat Iringan - mengikut format ( pinjaman Kerajaan ).<br />\n&nbsp;<br />\ng) Borang EA/Cukai Pendapatan LHDN beserta resit bayaran ( pinjaman Bank / Berniaga ).<br />\n&nbsp;<br />\nh) Salinan Penyata Akaun Bank 6 bulan terkini ( pinjaman Bank / Kerajaan / Berniaga ).<br />\n&nbsp;<br />\ni) Pendaftaran Perniagaan ( pinjaman Bank / Berniaga ).<br />\n&nbsp;<br />\nj) Penyata Bank Syarikat 6 bulan terkini ( pinjaman Bank / Berniaga ).<br />\n&nbsp;<br />\nk) Penyata KWSP terkini ( pinjaman Bank ).<br />\n<br />l) Lain-lain dokumen, jika berkaitan.<br />\n&nbsp;<br />\n&nbsp;<br />\n<br />* <strong><font color=\"#ff0000\">Sila Pastikan</font></strong> <u><font color=\"#aa00ff\">E-mail dan Maklumat</font></u> Anda Adalah Betul Untuk Penerimaan Maklumbalas Daripada KOPERAT.<br />\n&nbsp;<br />\n&nbsp;<br />\n<br />Makluman Lanjut Sila Hubungi, Hantar @ Fax kan Borang anda ke;<br />\n&nbsp;<br />\n<strong>KONSORTIUM PERUMAHAN RAKYAT TERENGGANU SDN. BHD.<br />\n</strong><br />\nWisma GPQ, Lot 4564, Tingkat 1 &amp; 2<br />\n<br />Desa MPKT, Chendering, 21080 Kuala Terengganu<br />\n<br />Tel : 09-617 3405 / 617 6405&nbsp;&nbsp;&nbsp; Fax : 09-617 7404<br />\n<br />Website : <a href=\"http://www.koperat.com.my/\" title=\"\" target=\"_blank\"><strong>www.koperat.com.my</strong></a><br />\n<br />Page : <strong><a href=\"http://www.facebook.com/pages/Koperat/197111670306770\" title=\"\" target=\"_blank\">facebook.com / koperat</a></strong><br />\n<br />Email : koperat96@gmail.com<br />\n&nbsp;<br />\n&nbsp; </div></div></div>');
REPLACE INTO `question_properties` (`form_id`, `question_id`, `prop`, `value`) VALUES ('21618790772d6dfd1d6b667ce20f3fe0', '999', 'theme', 'Default');
REPLACE INTO `question_properties` (`form_id`, `question_id`, `prop`, `value`) VALUES ('21618790772d6dfd1d6b667ce20f3fe0', '999', 'use_buildin_formmail', 'yes');
REPLACE INTO `question_properties` (`form_id`, `question_id`, `prop`, `value`) VALUES ('21618790772d6dfd1d6b667ce20f3fe0', '999', 'width', '100%');
REPLACE INTO `question_utf8` (`form_id`, `utf8format`) VALUES ('21618790772d6dfd1d6b667ce20f3fe0', '1');
REPLACE INTO `forms` (`id`, `username`, `title`, `height`, `status`) VALUES ('897e0d686da24dac934f0527a2d0b262', 'a7ec09dce63b814be39611d58a2e3078', 'contact us', '1780', 'undefined');
REPLACE INTO `questions` (`form_id`, `id`, `order`, `type`) VALUES ('897e0d686da24dac934f0527a2d0b262', '0', '8', 'control_textbox');
REPLACE INTO `questions` (`form_id`, `id`, `order`, `type`) VALUES ('897e0d686da24dac934f0527a2d0b262', '1', '10', 'control_textbox');
REPLACE INTO `questions` (`form_id`, `id`, `order`, `type`) VALUES ('897e0d686da24dac934f0527a2d0b262', '2', '17', 'control_textbox');
REPLACE INTO `questions` (`form_id`, `id`, `order`, `type`) VALUES ('897e0d686da24dac934f0527a2d0b262', '7', '9', 'control_textarea');
REPLACE INTO `questions` (`form_id`, `id`, `order`, `type`) VALUES ('897e0d686da24dac934f0527a2d0b262', '8', '39', 'control_button');
REPLACE INTO `questions` (`form_id`, `id`, `order`, `type`) VALUES ('897e0d686da24dac934f0527a2d0b262', '12', '15', 'control_textbox');
REPLACE INTO `questions` (`form_id`, `id`, `order`, `type`) VALUES ('897e0d686da24dac934f0527a2d0b262', '13', '1', 'control_head');
REPLACE INTO `questions` (`form_id`, `id`, `order`, `type`) VALUES ('897e0d686da24dac934f0527a2d0b262', '14', '2', 'control_text');
REPLACE INTO `questions` (`form_id`, `id`, `order`, `type`) VALUES ('897e0d686da24dac934f0527a2d0b262', '15', '3', 'control_text');
REPLACE INTO `questions` (`form_id`, `id`, `order`, `type`) VALUES ('897e0d686da24dac934f0527a2d0b262', '16', '4', 'control_text');
REPLACE INTO `questions` (`form_id`, `id`, `order`, `type`) VALUES ('897e0d686da24dac934f0527a2d0b262', '17', '5', 'control_text');
REPLACE INTO `questions` (`form_id`, `id`, `order`, `type`) VALUES ('897e0d686da24dac934f0527a2d0b262', '18', '22', 'control_textbox');
REPLACE INTO `questions` (`form_id`, `id`, `order`, `type`) VALUES ('897e0d686da24dac934f0527a2d0b262', '19', '24', 'control_textbox');
REPLACE INTO `questions` (`form_id`, `id`, `order`, `type`) VALUES ('897e0d686da24dac934f0527a2d0b262', '20', '20', 'control_textbox');
REPLACE INTO `questions` (`form_id`, `id`, `order`, `type`) VALUES ('897e0d686da24dac934f0527a2d0b262', '21', '28', 'control_textbox');
REPLACE INTO `questions` (`form_id`, `id`, `order`, `type`) VALUES ('897e0d686da24dac934f0527a2d0b262', '22', '11', 'control_dropdown');
REPLACE INTO `questions` (`form_id`, `id`, `order`, `type`) VALUES ('897e0d686da24dac934f0527a2d0b262', '23', '16', 'control_textbox');
REPLACE INTO `questions` (`form_id`, `id`, `order`, `type`) VALUES ('897e0d686da24dac934f0527a2d0b262', '24', '12', 'control_dropdown');
REPLACE INTO `questions` (`form_id`, `id`, `order`, `type`) VALUES ('897e0d686da24dac934f0527a2d0b262', '25', '14', 'control_dropdown');
REPLACE INTO `questions` (`form_id`, `id`, `order`, `type`) VALUES ('897e0d686da24dac934f0527a2d0b262', '26', '13', 'control_dropdown');
REPLACE INTO `questions` (`form_id`, `id`, `order`, `type`) VALUES ('897e0d686da24dac934f0527a2d0b262', '27', '7', 'control_text');
REPLACE INTO `questions` (`form_id`, `id`, `order`, `type`) VALUES ('897e0d686da24dac934f0527a2d0b262', '28', '6', 'control_hidden');
REPLACE INTO `questions` (`form_id`, `id`, `order`, `type`) VALUES ('897e0d686da24dac934f0527a2d0b262', '29', '19', 'control_text');
REPLACE INTO `questions` (`form_id`, `id`, `order`, `type`) VALUES ('897e0d686da24dac934f0527a2d0b262', '30', '18', 'control_hidden');
REPLACE INTO `questions` (`form_id`, `id`, `order`, `type`) VALUES ('897e0d686da24dac934f0527a2d0b262', '31', '21', 'control_dropdown');
REPLACE INTO `questions` (`form_id`, `id`, `order`, `type`) VALUES ('897e0d686da24dac934f0527a2d0b262', '32', '23', 'control_textarea');
REPLACE INTO `questions` (`form_id`, `id`, `order`, `type`) VALUES ('897e0d686da24dac934f0527a2d0b262', '33', '25', 'control_hidden');
REPLACE INTO `questions` (`form_id`, `id`, `order`, `type`) VALUES ('897e0d686da24dac934f0527a2d0b262', '34', '26', 'control_text');
REPLACE INTO `questions` (`form_id`, `id`, `order`, `type`) VALUES ('897e0d686da24dac934f0527a2d0b262', '35', '27', 'control_dropdown');
REPLACE INTO `questions` (`form_id`, `id`, `order`, `type`) VALUES ('897e0d686da24dac934f0527a2d0b262', '36', '29', 'control_hidden');
REPLACE INTO `questions` (`form_id`, `id`, `order`, `type`) VALUES ('897e0d686da24dac934f0527a2d0b262', '37', '30', 'control_text');
REPLACE INTO `questions` (`form_id`, `id`, `order`, `type`) VALUES ('897e0d686da24dac934f0527a2d0b262', '38', '31', 'control_checkbox');
REPLACE INTO `questions` (`form_id`, `id`, `order`, `type`) VALUES ('897e0d686da24dac934f0527a2d0b262', '39', '33', 'control_fileupload');
REPLACE INTO `questions` (`form_id`, `id`, `order`, `type`) VALUES ('897e0d686da24dac934f0527a2d0b262', '40', '37', 'control_captcha');
REPLACE INTO `questions` (`form_id`, `id`, `order`, `type`) VALUES ('897e0d686da24dac934f0527a2d0b262', '41', '32', 'control_hidden');
REPLACE INTO `questions` (`form_id`, `id`, `order`, `type`) VALUES ('897e0d686da24dac934f0527a2d0b262', '42', '34', 'control_hidden');
REPLACE INTO `questions` (`form_id`, `id`, `order`, `type`) VALUES ('897e0d686da24dac934f0527a2d0b262', '43', '38', 'control_hidden');
REPLACE INTO `questions` (`form_id`, `id`, `order`, `type`) VALUES ('897e0d686da24dac934f0527a2d0b262', '44', '35', 'control_text');
REPLACE INTO `questions` (`form_id`, `id`, `order`, `type`) VALUES ('897e0d686da24dac934f0527a2d0b262', '45', '36', 'control_hidden');
REPLACE INTO `question_properties` (`form_id`, `question_id`, `prop`, `value`) VALUES ('897e0d686da24dac934f0527a2d0b262', '0', 'desc', NULL);
REPLACE INTO `question_properties` (`form_id`, `question_id`, `prop`, `value`) VALUES ('897e0d686da24dac934f0527a2d0b262', '0', 'maxsize', '100');
REPLACE INTO `question_properties` (`form_id`, `question_id`, `prop`, `value`) VALUES ('897e0d686da24dac934f0527a2d0b262', '0', 'required', 'yes');
REPLACE INTO `question_properties` (`form_id`, `question_id`, `prop`, `value`) VALUES ('897e0d686da24dac934f0527a2d0b262', '0', 'senderemail', 'no');
REPLACE INTO `question_properties` (`form_id`, `question_id`, `prop`, `value`) VALUES ('897e0d686da24dac934f0527a2d0b262', '0', 'size', '48');
REPLACE INTO `question_properties` (`form_id`, `question_id`, `prop`, `value`) VALUES ('897e0d686da24dac934f0527a2d0b262', '0', 'text', 'Nama Penuh');
REPLACE INTO `question_properties` (`form_id`, `question_id`, `prop`, `value`) VALUES ('897e0d686da24dac934f0527a2d0b262', '0', 'validation', 'no');
REPLACE INTO `question_properties` (`form_id`, `question_id`, `prop`, `value`) VALUES ('897e0d686da24dac934f0527a2d0b262', '1', 'desc', NULL);
REPLACE INTO `question_properties` (`form_id`, `question_id`, `prop`, `value`) VALUES ('897e0d686da24dac934f0527a2d0b262', '1', 'maxsize', '100');
REPLACE INTO `question_properties` (`form_id`, `question_id`, `prop`, `value`) VALUES ('897e0d686da24dac934f0527a2d0b262', '1', 'required', 'yes');
REPLACE INTO `question_properties` (`form_id`, `question_id`, `prop`, `value`) VALUES ('897e0d686da24dac934f0527a2d0b262', '1', 'senderemail', 'no');
REPLACE INTO `question_properties` (`form_id`, `question_id`, `prop`, `value`) VALUES ('897e0d686da24dac934f0527a2d0b262', '1', 'size', '20');
REPLACE INTO `question_properties` (`form_id`, `question_id`, `prop`, `value`) VALUES ('897e0d686da24dac934f0527a2d0b262', '1', 'text', 'No. K/P Pengenalan');
REPLACE INTO `question_properties` (`form_id`, `question_id`, `prop`, `value`) VALUES ('897e0d686da24dac934f0527a2d0b262', '1', 'validation', 'no');
REPLACE INTO `question_properties` (`form_id`, `question_id`, `prop`, `value`) VALUES ('897e0d686da24dac934f0527a2d0b262', '2', 'desc', NULL);
REPLACE INTO `question_properties` (`form_id`, `question_id`, `prop`, `value`) VALUES ('897e0d686da24dac934f0527a2d0b262', '2', 'maxsize', '100');
REPLACE INTO `question_properties` (`form_id`, `question_id`, `prop`, `value`) VALUES ('897e0d686da24dac934f0527a2d0b262', '2', 'required', 'yes');
REPLACE INTO `question_properties` (`form_id`, `question_id`, `prop`, `value`) VALUES ('897e0d686da24dac934f0527a2d0b262', '2', 'senderemail', 'no');
REPLACE INTO `question_properties` (`form_id`, `question_id`, `prop`, `value`) VALUES ('897e0d686da24dac934f0527a2d0b262', '2', 'size', '30');
REPLACE INTO `question_properties` (`form_id`, `question_id`, `prop`, `value`) VALUES ('897e0d686da24dac934f0527a2d0b262', '2', 'text', 'E-mail');
REPLACE INTO `question_properties` (`form_id`, `question_id`, `prop`, `value`) VALUES ('897e0d686da24dac934f0527a2d0b262', '2', 'validation', 'Email');
REPLACE INTO `question_properties` (`form_id`, `question_id`, `prop`, `value`) VALUES ('897e0d686da24dac934f0527a2d0b262', '7', 'cols', '36');
REPLACE INTO `question_properties` (`form_id`, `question_id`, `prop`, `value`) VALUES ('897e0d686da24dac934f0527a2d0b262', '7', 'desc', NULL);
REPLACE INTO `question_properties` (`form_id`, `question_id`, `prop`, `value`) VALUES ('897e0d686da24dac934f0527a2d0b262', '7', 'required', 'yes');
REPLACE INTO `question_properties` (`form_id`, `question_id`, `prop`, `value`) VALUES ('897e0d686da24dac934f0527a2d0b262', '7', 'rows', '8');
REPLACE INTO `question_properties` (`form_id`, `question_id`, `prop`, `value`) VALUES ('897e0d686da24dac934f0527a2d0b262', '7', 'text', 'Alamat Penuh');
REPLACE INTO `question_properties` (`form_id`, `question_id`, `prop`, `value`) VALUES ('897e0d686da24dac934f0527a2d0b262', '7', 'validation', 'no');
REPLACE INTO `question_properties` (`form_id`, `question_id`, `prop`, `value`) VALUES ('897e0d686da24dac934f0527a2d0b262', '8', 'clear', 'no');
REPLACE INTO `question_properties` (`form_id`, `question_id`, `prop`, `value`) VALUES ('897e0d686da24dac934f0527a2d0b262', '8', 'resettext', 'clear');
REPLACE INTO `question_properties` (`form_id`, `question_id`, `prop`, `value`) VALUES ('897e0d686da24dac934f0527a2d0b262', '8', 'submittext', 'Hantar');
REPLACE INTO `question_properties` (`form_id`, `question_id`, `prop`, `value`) VALUES ('897e0d686da24dac934f0527a2d0b262', '8', 'text', NULL);
REPLACE INTO `question_properties` (`form_id`, `question_id`, `prop`, `value`) VALUES ('897e0d686da24dac934f0527a2d0b262', '12', 'desc', NULL);
REPLACE INTO `question_properties` (`form_id`, `question_id`, `prop`, `value`) VALUES ('897e0d686da24dac934f0527a2d0b262', '12', 'maxsize', '100');
REPLACE INTO `question_properties` (`form_id`, `question_id`, `prop`, `value`) VALUES ('897e0d686da24dac934f0527a2d0b262', '12', 'required', 'yes');
REPLACE INTO `question_properties` (`form_id`, `question_id`, `prop`, `value`) VALUES ('897e0d686da24dac934f0527a2d0b262', '12', 'senderemail', 'no');
REPLACE INTO `question_properties` (`form_id`, `question_id`, `prop`, `value`) VALUES ('897e0d686da24dac934f0527a2d0b262', '12', 'size', '20');
REPLACE INTO `question_properties` (`form_id`, `question_id`, `prop`, `value`) VALUES ('897e0d686da24dac934f0527a2d0b262', '12', 'text', 'No. Telefon (HandPhone)');
REPLACE INTO `question_properties` (`form_id`, `question_id`, `prop`, `value`) VALUES ('897e0d686da24dac934f0527a2d0b262', '12', 'validation', 'no');
REPLACE INTO `question_properties` (`form_id`, `question_id`, `prop`, `value`) VALUES ('897e0d686da24dac934f0527a2d0b262', '13', 'text', 'PERUMAHAN BERCAMPUR BUKIT KELUANG');
REPLACE INTO `question_properties` (`form_id`, `question_id`, `prop`, `value`) VALUES ('897e0d686da24dac934f0527a2d0b262', '14', 'text', 'PERUMAHAN BERCAMPUR BUKIT KELUANG, BESUT');
REPLACE INTO `question_properties` (`form_id`, `question_id`, `prop`, `value`) VALUES ('897e0d686da24dac934f0527a2d0b262', '15', 'text', 'BUKIT KELUANG, TERENGGANU');
REPLACE INTO `question_properties` (`form_id`, `question_id`, `prop`, `value`) VALUES ('897e0d686da24dac934f0527a2d0b262', '16', 'text', 'RUMAH BANGLO 1 TINGKAT - FASA 1A');
REPLACE INTO `question_properties` (`form_id`, `question_id`, `prop`, `value`) VALUES ('897e0d686da24dac934f0527a2d0b262', '17', 'text', '[ RM 300,000.00 dan ke atas / unit (bergantung kepada keluasan tanah) ]');
REPLACE INTO `question_properties` (`form_id`, `question_id`, `prop`, `value`) VALUES ('897e0d686da24dac934f0527a2d0b262', '18', 'desc', NULL);
REPLACE INTO `question_properties` (`form_id`, `question_id`, `prop`, `value`) VALUES ('897e0d686da24dac934f0527a2d0b262', '18', 'maxsize', '100');
REPLACE INTO `question_properties` (`form_id`, `question_id`, `prop`, `value`) VALUES ('897e0d686da24dac934f0527a2d0b262', '18', 'required', 'no');
REPLACE INTO `question_properties` (`form_id`, `question_id`, `prop`, `value`) VALUES ('897e0d686da24dac934f0527a2d0b262', '18', 'senderemail', 'no');
REPLACE INTO `question_properties` (`form_id`, `question_id`, `prop`, `value`) VALUES ('897e0d686da24dac934f0527a2d0b262', '18', 'size', '48');
REPLACE INTO `question_properties` (`form_id`, `question_id`, `prop`, `value`) VALUES ('897e0d686da24dac934f0527a2d0b262', '18', 'text', 'Nama Majikan');
REPLACE INTO `question_properties` (`form_id`, `question_id`, `prop`, `value`) VALUES ('897e0d686da24dac934f0527a2d0b262', '18', 'validation', 'no');
REPLACE INTO `question_properties` (`form_id`, `question_id`, `prop`, `value`) VALUES ('897e0d686da24dac934f0527a2d0b262', '19', 'desc', NULL);
REPLACE INTO `question_properties` (`form_id`, `question_id`, `prop`, `value`) VALUES ('897e0d686da24dac934f0527a2d0b262', '19', 'maxsize', '100');
REPLACE INTO `question_properties` (`form_id`, `question_id`, `prop`, `value`) VALUES ('897e0d686da24dac934f0527a2d0b262', '19', 'required', 'no');
REPLACE INTO `question_properties` (`form_id`, `question_id`, `prop`, `value`) VALUES ('897e0d686da24dac934f0527a2d0b262', '19', 'senderemail', 'no');
REPLACE INTO `question_properties` (`form_id`, `question_id`, `prop`, `value`) VALUES ('897e0d686da24dac934f0527a2d0b262', '19', 'size', '20');
REPLACE INTO `question_properties` (`form_id`, `question_id`, `prop`, `value`) VALUES ('897e0d686da24dac934f0527a2d0b262', '19', 'text', 'No. Telefon Pejabat');
REPLACE INTO `question_properties` (`form_id`, `question_id`, `prop`, `value`) VALUES ('897e0d686da24dac934f0527a2d0b262', '19', 'validation', 'no');
REPLACE INTO `question_properties` (`form_id`, `question_id`, `prop`, `value`) VALUES ('897e0d686da24dac934f0527a2d0b262', '20', 'desc', NULL);
REPLACE INTO `question_properties` (`form_id`, `question_id`, `prop`, `value`) VALUES ('897e0d686da24dac934f0527a2d0b262', '20', 'maxsize', '100');
REPLACE INTO `question_properties` (`form_id`, `question_id`, `prop`, `value`) VALUES ('897e0d686da24dac934f0527a2d0b262', '20', 'required', 'no');
REPLACE INTO `question_properties` (`form_id`, `question_id`, `prop`, `value`) VALUES ('897e0d686da24dac934f0527a2d0b262', '20', 'senderemail', 'no');
REPLACE INTO `question_properties` (`form_id`, `question_id`, `prop`, `value`) VALUES ('897e0d686da24dac934f0527a2d0b262', '20', 'size', '30');
REPLACE INTO `question_properties` (`form_id`, `question_id`, `prop`, `value`) VALUES ('897e0d686da24dac934f0527a2d0b262', '20', 'text', 'Jawatan Pemohon');
REPLACE INTO `question_properties` (`form_id`, `question_id`, `prop`, `value`) VALUES ('897e0d686da24dac934f0527a2d0b262', '20', 'validation', 'no');
REPLACE INTO `question_properties` (`form_id`, `question_id`, `prop`, `value`) VALUES ('897e0d686da24dac934f0527a2d0b262', '21', 'desc', NULL);
REPLACE INTO `question_properties` (`form_id`, `question_id`, `prop`, `value`) VALUES ('897e0d686da24dac934f0527a2d0b262', '21', 'maxsize', '100');
REPLACE INTO `question_properties` (`form_id`, `question_id`, `prop`, `value`) VALUES ('897e0d686da24dac934f0527a2d0b262', '21', 'required', 'no');
REPLACE INTO `question_properties` (`form_id`, `question_id`, `prop`, `value`) VALUES ('897e0d686da24dac934f0527a2d0b262', '21', 'senderemail', 'no');
REPLACE INTO `question_properties` (`form_id`, `question_id`, `prop`, `value`) VALUES ('897e0d686da24dac934f0527a2d0b262', '21', 'size', '20');
REPLACE INTO `question_properties` (`form_id`, `question_id`, `prop`, `value`) VALUES ('897e0d686da24dac934f0527a2d0b262', '21', 'text', 'Nombor Lot / PT');
REPLACE INTO `question_properties` (`form_id`, `question_id`, `prop`, `value`) VALUES ('897e0d686da24dac934f0527a2d0b262', '21', 'validation', 'no');
REPLACE INTO `question_properties` (`form_id`, `question_id`, `prop`, `value`) VALUES ('897e0d686da24dac934f0527a2d0b262', '22', 'desc', NULL);
REPLACE INTO `question_properties` (`form_id`, `question_id`, `prop`, `value`) VALUES ('897e0d686da24dac934f0527a2d0b262', '22', 'options', 'Lelaki<br>Perempuan<br>');
REPLACE INTO `question_properties` (`form_id`, `question_id`, `prop`, `value`) VALUES ('897e0d686da24dac934f0527a2d0b262', '22', 'required', 'yes');
REPLACE INTO `question_properties` (`form_id`, `question_id`, `prop`, `value`) VALUES ('897e0d686da24dac934f0527a2d0b262', '22', 'size', '1');
REPLACE INTO `question_properties` (`form_id`, `question_id`, `prop`, `value`) VALUES ('897e0d686da24dac934f0527a2d0b262', '22', 'special', 'none');
REPLACE INTO `question_properties` (`form_id`, `question_id`, `prop`, `value`) VALUES ('897e0d686da24dac934f0527a2d0b262', '22', 'text', 'Jantina');
REPLACE INTO `question_properties` (`form_id`, `question_id`, `prop`, `value`) VALUES ('897e0d686da24dac934f0527a2d0b262', '23', 'desc', NULL);
REPLACE INTO `question_properties` (`form_id`, `question_id`, `prop`, `value`) VALUES ('897e0d686da24dac934f0527a2d0b262', '23', 'maxsize', '100');
REPLACE INTO `question_properties` (`form_id`, `question_id`, `prop`, `value`) VALUES ('897e0d686da24dac934f0527a2d0b262', '23', 'required', 'yes');
REPLACE INTO `question_properties` (`form_id`, `question_id`, `prop`, `value`) VALUES ('897e0d686da24dac934f0527a2d0b262', '23', 'senderemail', 'no');
REPLACE INTO `question_properties` (`form_id`, `question_id`, `prop`, `value`) VALUES ('897e0d686da24dac934f0527a2d0b262', '23', 'size', '20');
REPLACE INTO `question_properties` (`form_id`, `question_id`, `prop`, `value`) VALUES ('897e0d686da24dac934f0527a2d0b262', '23', 'text', 'No. Telefon (Rumah/tetap)');
REPLACE INTO `question_properties` (`form_id`, `question_id`, `prop`, `value`) VALUES ('897e0d686da24dac934f0527a2d0b262', '23', 'validation', 'no');
REPLACE INTO `question_properties` (`form_id`, `question_id`, `prop`, `value`) VALUES ('897e0d686da24dac934f0527a2d0b262', '24', 'desc', NULL);
REPLACE INTO `question_properties` (`form_id`, `question_id`, `prop`, `value`) VALUES ('897e0d686da24dac934f0527a2d0b262', '24', 'options', 'Melayu<br>Cina<br>India<br>Lain-lain');
REPLACE INTO `question_properties` (`form_id`, `question_id`, `prop`, `value`) VALUES ('897e0d686da24dac934f0527a2d0b262', '24', 'required', 'yes');
REPLACE INTO `question_properties` (`form_id`, `question_id`, `prop`, `value`) VALUES ('897e0d686da24dac934f0527a2d0b262', '24', 'size', '1');
REPLACE INTO `question_properties` (`form_id`, `question_id`, `prop`, `value`) VALUES ('897e0d686da24dac934f0527a2d0b262', '24', 'special', 'none');
REPLACE INTO `question_properties` (`form_id`, `question_id`, `prop`, `value`) VALUES ('897e0d686da24dac934f0527a2d0b262', '24', 'text', 'Bangsa');
REPLACE INTO `question_properties` (`form_id`, `question_id`, `prop`, `value`) VALUES ('897e0d686da24dac934f0527a2d0b262', '25', 'desc', NULL);
REPLACE INTO `question_properties` (`form_id`, `question_id`, `prop`, `value`) VALUES ('897e0d686da24dac934f0527a2d0b262', '25', 'options', 'Bujang<br>Berkahwin<br>Lain-lain');
REPLACE INTO `question_properties` (`form_id`, `question_id`, `prop`, `value`) VALUES ('897e0d686da24dac934f0527a2d0b262', '25', 'required', 'yes');
REPLACE INTO `question_properties` (`form_id`, `question_id`, `prop`, `value`) VALUES ('897e0d686da24dac934f0527a2d0b262', '25', 'size', '1');
REPLACE INTO `question_properties` (`form_id`, `question_id`, `prop`, `value`) VALUES ('897e0d686da24dac934f0527a2d0b262', '25', 'special', 'none');
REPLACE INTO `question_properties` (`form_id`, `question_id`, `prop`, `value`) VALUES ('897e0d686da24dac934f0527a2d0b262', '25', 'text', 'Status Perkahwinan');
REPLACE INTO `question_properties` (`form_id`, `question_id`, `prop`, `value`) VALUES ('897e0d686da24dac934f0527a2d0b262', '26', 'desc', NULL);
REPLACE INTO `question_properties` (`form_id`, `question_id`, `prop`, `value`) VALUES ('897e0d686da24dac934f0527a2d0b262', '26', 'options', 'Warganegara<br>Bukan Warganegara');
REPLACE INTO `question_properties` (`form_id`, `question_id`, `prop`, `value`) VALUES ('897e0d686da24dac934f0527a2d0b262', '26', 'required', 'yes');
REPLACE INTO `question_properties` (`form_id`, `question_id`, `prop`, `value`) VALUES ('897e0d686da24dac934f0527a2d0b262', '26', 'size', '1');
REPLACE INTO `question_properties` (`form_id`, `question_id`, `prop`, `value`) VALUES ('897e0d686da24dac934f0527a2d0b262', '26', 'special', 'none');
REPLACE INTO `question_properties` (`form_id`, `question_id`, `prop`, `value`) VALUES ('897e0d686da24dac934f0527a2d0b262', '26', 'text', 'Warganegara');
REPLACE INTO `question_properties` (`form_id`, `question_id`, `prop`, `value`) VALUES ('897e0d686da24dac934f0527a2d0b262', '27', 'text', '1. MAKLUMAT PEMOHON');
REPLACE INTO `question_properties` (`form_id`, `question_id`, `prop`, `value`) VALUES ('897e0d686da24dac934f0527a2d0b262', '28', 'text', '>undefined<');
REPLACE INTO `question_properties` (`form_id`, `question_id`, `prop`, `value`) VALUES ('897e0d686da24dac934f0527a2d0b262', '28', 'value', NULL);
REPLACE INTO `question_properties` (`form_id`, `question_id`, `prop`, `value`) VALUES ('897e0d686da24dac934f0527a2d0b262', '29', 'text', '2. PEKERJAAN');
REPLACE INTO `question_properties` (`form_id`, `question_id`, `prop`, `value`) VALUES ('897e0d686da24dac934f0527a2d0b262', '30', 'text', '>undefined<');
REPLACE INTO `question_properties` (`form_id`, `question_id`, `prop`, `value`) VALUES ('897e0d686da24dac934f0527a2d0b262', '30', 'value', NULL);
REPLACE INTO `question_properties` (`form_id`, `question_id`, `prop`, `value`) VALUES ('897e0d686da24dac934f0527a2d0b262', '31', 'desc', NULL);
REPLACE INTO `question_properties` (`form_id`, `question_id`, `prop`, `value`) VALUES ('897e0d686da24dac934f0527a2d0b262', '31', 'options', 'RM6,500 ke atas<br>RM5,500.00 - RM6,499.00<br>RM4,500.00 - RM5,499.00<br>RM3,500.00 - RM4,499.00<br>RM3,000.00 - RM3,499.00<br>RM2,500.00 - RM2,999.00<br>RM2,000.00 - RM2,499.00<br>RM1,500.00 - RM1,999.00<br>RM1,200.00 - RM1,499.00<br>Bawah RM1,199');
REPLACE INTO `question_properties` (`form_id`, `question_id`, `prop`, `value`) VALUES ('897e0d686da24dac934f0527a2d0b262', '31', 'required', 'yes');
REPLACE INTO `question_properties` (`form_id`, `question_id`, `prop`, `value`) VALUES ('897e0d686da24dac934f0527a2d0b262', '31', 'size', '1');
REPLACE INTO `question_properties` (`form_id`, `question_id`, `prop`, `value`) VALUES ('897e0d686da24dac934f0527a2d0b262', '31', 'special', 'none');
REPLACE INTO `question_properties` (`form_id`, `question_id`, `prop`, `value`) VALUES ('897e0d686da24dac934f0527a2d0b262', '31', 'text', 'Pendapatan Bulanan');
REPLACE INTO `question_properties` (`form_id`, `question_id`, `prop`, `value`) VALUES ('897e0d686da24dac934f0527a2d0b262', '32', 'cols', '36');
REPLACE INTO `question_properties` (`form_id`, `question_id`, `prop`, `value`) VALUES ('897e0d686da24dac934f0527a2d0b262', '32', 'desc', NULL);
REPLACE INTO `question_properties` (`form_id`, `question_id`, `prop`, `value`) VALUES ('897e0d686da24dac934f0527a2d0b262', '32', 'required', 'no');
REPLACE INTO `question_properties` (`form_id`, `question_id`, `prop`, `value`) VALUES ('897e0d686da24dac934f0527a2d0b262', '32', 'rows', '8');
REPLACE INTO `question_properties` (`form_id`, `question_id`, `prop`, `value`) VALUES ('897e0d686da24dac934f0527a2d0b262', '32', 'text', 'Alamat Majikan');
REPLACE INTO `question_properties` (`form_id`, `question_id`, `prop`, `value`) VALUES ('897e0d686da24dac934f0527a2d0b262', '32', 'validation', 'no');
REPLACE INTO `question_properties` (`form_id`, `question_id`, `prop`, `value`) VALUES ('897e0d686da24dac934f0527a2d0b262', '33', 'text', '>undefined<');
REPLACE INTO `question_properties` (`form_id`, `question_id`, `prop`, `value`) VALUES ('897e0d686da24dac934f0527a2d0b262', '33', 'value', NULL);
REPLACE INTO `question_properties` (`form_id`, `question_id`, `prop`, `value`) VALUES ('897e0d686da24dac934f0527a2d0b262', '34', 'text', '3. JENIS LOT RUMAH / BANGUNAN YANG DIPOHON');
REPLACE INTO `question_properties` (`form_id`, `question_id`, `prop`, `value`) VALUES ('897e0d686da24dac934f0527a2d0b262', '35', 'desc', NULL);
REPLACE INTO `question_properties` (`form_id`, `question_id`, `prop`, `value`) VALUES ('897e0d686da24dac934f0527a2d0b262', '35', 'options', 'Tepi<br>Tengah');
REPLACE INTO `question_properties` (`form_id`, `question_id`, `prop`, `value`) VALUES ('897e0d686da24dac934f0527a2d0b262', '35', 'required', 'yes');
REPLACE INTO `question_properties` (`form_id`, `question_id`, `prop`, `value`) VALUES ('897e0d686da24dac934f0527a2d0b262', '35', 'size', '1');
REPLACE INTO `question_properties` (`form_id`, `question_id`, `prop`, `value`) VALUES ('897e0d686da24dac934f0527a2d0b262', '35', 'special', 'none');
REPLACE INTO `question_properties` (`form_id`, `question_id`, `prop`, `value`) VALUES ('897e0d686da24dac934f0527a2d0b262', '35', 'text', 'Jenis Lot');
REPLACE INTO `question_properties` (`form_id`, `question_id`, `prop`, `value`) VALUES ('897e0d686da24dac934f0527a2d0b262', '36', 'text', '>undefined<');
REPLACE INTO `question_properties` (`form_id`, `question_id`, `prop`, `value`) VALUES ('897e0d686da24dac934f0527a2d0b262', '36', 'value', NULL);
REPLACE INTO `question_properties` (`form_id`, `question_id`, `prop`, `value`) VALUES ('897e0d686da24dac934f0527a2d0b262', '37', 'text', '4. CARA PEMBAYARAN');
REPLACE INTO `question_properties` (`form_id`, `question_id`, `prop`, `value`) VALUES ('897e0d686da24dac934f0527a2d0b262', '38', 'checked', 'no');
REPLACE INTO `question_properties` (`form_id`, `question_id`, `prop`, `value`) VALUES ('897e0d686da24dac934f0527a2d0b262', '38', 'desc', NULL);
REPLACE INTO `question_properties` (`form_id`, `question_id`, `prop`, `value`) VALUES ('897e0d686da24dac934f0527a2d0b262', '38', 'options', 'Institusi Kewangan / Bank<br>Kerajaan<br>Majikan<br>Tunai<br>Lain-lain');
REPLACE INTO `question_properties` (`form_id`, `question_id`, `prop`, `value`) VALUES ('897e0d686da24dac934f0527a2d0b262', '38', 'required', 'yes');
REPLACE INTO `question_properties` (`form_id`, `question_id`, `prop`, `value`) VALUES ('897e0d686da24dac934f0527a2d0b262', '38', 'text', 'Pinjaman Perumahan');
REPLACE INTO `question_properties` (`form_id`, `question_id`, `prop`, `value`) VALUES ('897e0d686da24dac934f0527a2d0b262', '39', 'desc', NULL);
REPLACE INTO `question_properties` (`form_id`, `question_id`, `prop`, `value`) VALUES ('897e0d686da24dac934f0527a2d0b262', '39', 'extensions', 'doc, docx, xls, xlsx, pdf, ppt, pptx, txt, html, htm, rtf, pps, ppsx, zip, tar, gzip, bzip, sit, dmg, jpg, jpeg, gif, png, asf, asx, flv, h264, mov, mp3, mp4, swf, wax, wma, wmv, wvx, wpl, xspf');
REPLACE INTO `question_properties` (`form_id`, `question_id`, `prop`, `value`) VALUES ('897e0d686da24dac934f0527a2d0b262', '39', 'maxsize', '5000');
REPLACE INTO `question_properties` (`form_id`, `question_id`, `prop`, `value`) VALUES ('897e0d686da24dac934f0527a2d0b262', '39', 'required', 'no');
REPLACE INTO `question_properties` (`form_id`, `question_id`, `prop`, `value`) VALUES ('897e0d686da24dac934f0527a2d0b262', '39', 'text', 'Slip Gaji Terkini');
REPLACE INTO `question_properties` (`form_id`, `question_id`, `prop`, `value`) VALUES ('897e0d686da24dac934f0527a2d0b262', '40', 'desc', NULL);
REPLACE INTO `question_properties` (`form_id`, `question_id`, `prop`, `value`) VALUES ('897e0d686da24dac934f0527a2d0b262', '40', 'text', 'Pengesahan');
REPLACE INTO `question_properties` (`form_id`, `question_id`, `prop`, `value`) VALUES ('897e0d686da24dac934f0527a2d0b262', '41', 'text', '>undefined<');
REPLACE INTO `question_properties` (`form_id`, `question_id`, `prop`, `value`) VALUES ('897e0d686da24dac934f0527a2d0b262', '41', 'value', NULL);
REPLACE INTO `question_properties` (`form_id`, `question_id`, `prop`, `value`) VALUES ('897e0d686da24dac934f0527a2d0b262', '42', 'text', '>undefined<');
REPLACE INTO `question_properties` (`form_id`, `question_id`, `prop`, `value`) VALUES ('897e0d686da24dac934f0527a2d0b262', '42', 'value', NULL);
REPLACE INTO `question_properties` (`form_id`, `question_id`, `prop`, `value`) VALUES ('897e0d686da24dac934f0527a2d0b262', '43', 'text', '>undefined<');
REPLACE INTO `question_properties` (`form_id`, `question_id`, `prop`, `value`) VALUES ('897e0d686da24dac934f0527a2d0b262', '43', 'value', NULL);
REPLACE INTO `question_properties` (`form_id`, `question_id`, `prop`, `value`) VALUES ('897e0d686da24dac934f0527a2d0b262', '44', 'text', 'NOTA : [1. KOPERAT berhak menolak pendaftaran jika maklumat tidak lengkap / tepat.] [2. KOPERAT berhad membatalkan pendaftaran selepas 6 bulan tanpa notis.] [3. Harga adalah tertakluk kepada pindaan terakhir.]');
REPLACE INTO `question_properties` (`form_id`, `question_id`, `prop`, `value`) VALUES ('897e0d686da24dac934f0527a2d0b262', '45', 'text', '>undefined<');
REPLACE INTO `question_properties` (`form_id`, `question_id`, `prop`, `value`) VALUES ('897e0d686da24dac934f0527a2d0b262', '45', 'value', NULL);
REPLACE INTO `question_properties` (`form_id`, `question_id`, `prop`, `value`) VALUES ('897e0d686da24dac934f0527a2d0b262', '999', 'alignment', 'default');
REPLACE INTO `question_properties` (`form_id`, `question_id`, `prop`, `value`) VALUES ('897e0d686da24dac934f0527a2d0b262', '999', 'background', 'white');
REPLACE INTO `question_properties` (`form_id`, `question_id`, `prop`, `value`) VALUES ('897e0d686da24dac934f0527a2d0b262', '999', 'conf_body', 'Thanks for submitting our form, we will get back to you as soon as possible.');
REPLACE INTO `question_properties` (`form_id`, `question_id`, `prop`, `value`) VALUES ('897e0d686da24dac934f0527a2d0b262', '999', 'conf_send', 'no');
REPLACE INTO `question_properties` (`form_id`, `question_id`, `prop`, `value`) VALUES ('897e0d686da24dac934f0527a2d0b262', '999', 'conf_subj', 'Borang B.Keluang Fasa 1A-B');
REPLACE INTO `question_properties` (`form_id`, `question_id`, `prop`, `value`) VALUES ('897e0d686da24dac934f0527a2d0b262', '999', 'disabled', 'Enabled');
REPLACE INTO `question_properties` (`form_id`, `question_id`, `prop`, `value`) VALUES ('897e0d686da24dac934f0527a2d0b262', '999', 'email', 'yes');
REPLACE INTO `question_properties` (`form_id`, `question_id`, `prop`, `value`) VALUES ('897e0d686da24dac934f0527a2d0b262', '999', 'email_addr', 'sales@koperat.com.my');
REPLACE INTO `question_properties` (`form_id`, `question_id`, `prop`, `value`) VALUES ('897e0d686da24dac934f0527a2d0b262', '999', 'ext_sendpostdata', 'no');
REPLACE INTO `question_properties` (`form_id`, `question_id`, `prop`, `value`) VALUES ('897e0d686da24dac934f0527a2d0b262', '999', 'font', 'Verdana');
REPLACE INTO `question_properties` (`form_id`, `question_id`, `prop`, `value`) VALUES ('897e0d686da24dac934f0527a2d0b262', '999', 'fontcolor', '#48345a');
REPLACE INTO `question_properties` (`form_id`, `question_id`, `prop`, `value`) VALUES ('897e0d686da24dac934f0527a2d0b262', '999', 'fontsize', '12');
REPLACE INTO `question_properties` (`form_id`, `question_id`, `prop`, `value`) VALUES ('897e0d686da24dac934f0527a2d0b262', '999', 'not_subj', 'New Submission: {qForm Title}');
REPLACE INTO `question_properties` (`form_id`, `question_id`, `prop`, `value`) VALUES ('897e0d686da24dac934f0527a2d0b262', '999', 'rvcolor', 'JF062.ini.php');
REPLACE INTO `question_properties` (`form_id`, `question_id`, `prop`, `value`) VALUES ('897e0d686da24dac934f0527a2d0b262', '999', 'sendpostdata', 'yes');
REPLACE INTO `question_properties` (`form_id`, `question_id`, `prop`, `value`) VALUES ('897e0d686da24dac934f0527a2d0b262', '999', 'spamcheck', 'Enabled');
REPLACE INTO `question_properties` (`form_id`, `question_id`, `prop`, `value`) VALUES ('897e0d686da24dac934f0527a2d0b262', '999', 'thanktext', '<div>\n<div>Terima kasih atas pengisian. Pihak KOPERAT akan memproses permohonan Anda.</div></div>\n<div>\n<div>&nbsp;</div></div>\n<div>\n<div>\n<div><br />\n<strong><font color=\"#ff00aa\">Sila hantarkan</font></strong> 2 salinan dokuken-dokumen berikut ke pejabat kami dengan segera;</div>\n<div>Sekiranya Permohonan Anda Berjaya.&nbsp; </div>\n<div>(Nyatakan Projek / Kategori Rumah yang dipohon)<br />\n&nbsp;<br />\na) Salinan Kad Pengenalan.<br />\n&nbsp;<br />\nb) Slip Gaji 6 bulan terkini ( pinjaman Bank / Kerajaan ).<br />\n&nbsp;<br />\nc) Surat Pengesahan Jawatan ( pinjaman Bank )<br />\n&nbsp;<br />\nd) Surat Pengesahan Perkhidmatan ( pinjaman Kerajaan ).<br />\n&nbsp;<br />\ne) Surat Pengesahan Lantikan ( pinjaman Kerajaan ).<br />\n<br />f) Surat Iringan - mengikut format ( pinjaman Kerajaan ).<br />\n&nbsp;<br />\ng) Borang EA/Cukai Pendapatan LHDN beserta resit bayaran ( pinjaman Bank / Berniaga ).<br />\n&nbsp;<br />\nh) Salinan Penyata Akaun Bank 6 bulan terkini ( pinjaman Bank / Kerajaan / Berniaga ).<br />\n&nbsp;<br />\ni) Pendaftaran Perniagaan ( pinjaman Bank / Berniaga ).<br />\n&nbsp;<br />\nj) Penyata Bank Syarikat 6 bulan terkini ( pinjaman Bank / Berniaga ).<br />\n&nbsp;<br />\nk) Penyata KWSP terkini ( pinjaman Bank ).<br />\n<br />l) Lain-lain dokumen, jika berkaitan.<br />\n&nbsp;<br />\n&nbsp;<br />\n&nbsp;\n* <strong><font color=\"#ff0000\">Sila Pastikan</font></strong> <u><font color=\"#aa00ff\">E-mail dan Maklumat</font></u> Anda Adalah Betul Untuk Penerimaan Maklumbalas Daripada KOPERAT.<br />\n&nbsp;<br />\n&nbsp;<br />\n<br />Makluman Lanjut Sila Hubungi, Hantar @ Fax kan Borang anda ke;<br />\n&nbsp;<br />\n<strong>KONSORTIUM PERUMAHAN RAKYAT TERENGGANU SDN. BHD.<br />\n</strong><br />\nWisma GPQ, Lot 4564, Tingkat 1 &amp; 2<br />\n<br />Desa MPKT, Chendering, 21080 Kuala Terengganu<br />\n<br />Tel : 09-617 3405 / 617 6405&nbsp;&nbsp;&nbsp; Fax : 09-617 7404<br />\n<br />Website : <a href=\"http://www.koperat.com.my/\" title=\"\" target=\"_blank\"><strong>www.koperat.com.my</strong></a><br />\n<br />Page : <strong><a href=\"http://www.facebook.com/pages/Koperat/197111670306770\" title=\"\" target=\"_blank\">facebook.com / koperat</a></strong><br />\n<br />Email : koperat96@gmail.com<br />\n&nbsp;<br />\n&nbsp; </div></div></div>');
REPLACE INTO `question_properties` (`form_id`, `question_id`, `prop`, `value`) VALUES ('897e0d686da24dac934f0527a2d0b262', '999', 'theme', 'Default');
REPLACE INTO `question_properties` (`form_id`, `question_id`, `prop`, `value`) VALUES ('897e0d686da24dac934f0527a2d0b262', '999', 'use_buildin_formmail', 'yes');
REPLACE INTO `question_properties` (`form_id`, `question_id`, `prop`, `value`) VALUES ('897e0d686da24dac934f0527a2d0b262', '999', 'width', '100%');
REPLACE INTO `question_utf8` (`form_id`, `utf8format`) VALUES ('897e0d686da24dac934f0527a2d0b262', '1');
REPLACE INTO `forms` (`id`, `username`, `title`, `height`, `status`) VALUES ('334925fe089ed3c431c4ede92b6fd342', 'a7ec09dce63b814be39611d58a2e3078', 'contact us', '1765', 'undefined');
REPLACE INTO `questions` (`form_id`, `id`, `order`, `type`) VALUES ('334925fe089ed3c431c4ede92b6fd342', '0', '8', 'control_textbox');
REPLACE INTO `questions` (`form_id`, `id`, `order`, `type`) VALUES ('334925fe089ed3c431c4ede92b6fd342', '1', '10', 'control_textbox');
REPLACE INTO `questions` (`form_id`, `id`, `order`, `type`) VALUES ('334925fe089ed3c431c4ede92b6fd342', '2', '17', 'control_textbox');
REPLACE INTO `questions` (`form_id`, `id`, `order`, `type`) VALUES ('334925fe089ed3c431c4ede92b6fd342', '7', '9', 'control_textarea');
REPLACE INTO `questions` (`form_id`, `id`, `order`, `type`) VALUES ('334925fe089ed3c431c4ede92b6fd342', '8', '39', 'control_button');
REPLACE INTO `questions` (`form_id`, `id`, `order`, `type`) VALUES ('334925fe089ed3c431c4ede92b6fd342', '12', '15', 'control_textbox');
REPLACE INTO `questions` (`form_id`, `id`, `order`, `type`) VALUES ('334925fe089ed3c431c4ede92b6fd342', '13', '1', 'control_head');
REPLACE INTO `questions` (`form_id`, `id`, `order`, `type`) VALUES ('334925fe089ed3c431c4ede92b6fd342', '14', '2', 'control_text');
REPLACE INTO `questions` (`form_id`, `id`, `order`, `type`) VALUES ('334925fe089ed3c431c4ede92b6fd342', '15', '3', 'control_text');
REPLACE INTO `questions` (`form_id`, `id`, `order`, `type`) VALUES ('334925fe089ed3c431c4ede92b6fd342', '16', '4', 'control_text');
REPLACE INTO `questions` (`form_id`, `id`, `order`, `type`) VALUES ('334925fe089ed3c431c4ede92b6fd342', '17', '5', 'control_text');
REPLACE INTO `questions` (`form_id`, `id`, `order`, `type`) VALUES ('334925fe089ed3c431c4ede92b6fd342', '18', '22', 'control_textbox');
REPLACE INTO `questions` (`form_id`, `id`, `order`, `type`) VALUES ('334925fe089ed3c431c4ede92b6fd342', '19', '24', 'control_textbox');
REPLACE INTO `questions` (`form_id`, `id`, `order`, `type`) VALUES ('334925fe089ed3c431c4ede92b6fd342', '20', '20', 'control_textbox');
REPLACE INTO `questions` (`form_id`, `id`, `order`, `type`) VALUES ('334925fe089ed3c431c4ede92b6fd342', '21', '28', 'control_textbox');
REPLACE INTO `questions` (`form_id`, `id`, `order`, `type`) VALUES ('334925fe089ed3c431c4ede92b6fd342', '22', '11', 'control_dropdown');
REPLACE INTO `questions` (`form_id`, `id`, `order`, `type`) VALUES ('334925fe089ed3c431c4ede92b6fd342', '23', '16', 'control_textbox');
REPLACE INTO `questions` (`form_id`, `id`, `order`, `type`) VALUES ('334925fe089ed3c431c4ede92b6fd342', '24', '12', 'control_dropdown');
REPLACE INTO `questions` (`form_id`, `id`, `order`, `type`) VALUES ('334925fe089ed3c431c4ede92b6fd342', '25', '14', 'control_dropdown');
REPLACE INTO `questions` (`form_id`, `id`, `order`, `type`) VALUES ('334925fe089ed3c431c4ede92b6fd342', '26', '13', 'control_dropdown');
REPLACE INTO `questions` (`form_id`, `id`, `order`, `type`) VALUES ('334925fe089ed3c431c4ede92b6fd342', '27', '7', 'control_text');
REPLACE INTO `questions` (`form_id`, `id`, `order`, `type`) VALUES ('334925fe089ed3c431c4ede92b6fd342', '28', '6', 'control_hidden');
REPLACE INTO `questions` (`form_id`, `id`, `order`, `type`) VALUES ('334925fe089ed3c431c4ede92b6fd342', '29', '19', 'control_text');
REPLACE INTO `questions` (`form_id`, `id`, `order`, `type`) VALUES ('334925fe089ed3c431c4ede92b6fd342', '30', '18', 'control_hidden');
REPLACE INTO `questions` (`form_id`, `id`, `order`, `type`) VALUES ('334925fe089ed3c431c4ede92b6fd342', '31', '21', 'control_dropdown');
REPLACE INTO `questions` (`form_id`, `id`, `order`, `type`) VALUES ('334925fe089ed3c431c4ede92b6fd342', '32', '23', 'control_textarea');
REPLACE INTO `questions` (`form_id`, `id`, `order`, `type`) VALUES ('334925fe089ed3c431c4ede92b6fd342', '33', '25', 'control_hidden');
REPLACE INTO `questions` (`form_id`, `id`, `order`, `type`) VALUES ('334925fe089ed3c431c4ede92b6fd342', '34', '26', 'control_text');
REPLACE INTO `questions` (`form_id`, `id`, `order`, `type`) VALUES ('334925fe089ed3c431c4ede92b6fd342', '35', '27', 'control_dropdown');
REPLACE INTO `questions` (`form_id`, `id`, `order`, `type`) VALUES ('334925fe089ed3c431c4ede92b6fd342', '36', '29', 'control_hidden');
REPLACE INTO `questions` (`form_id`, `id`, `order`, `type`) VALUES ('334925fe089ed3c431c4ede92b6fd342', '37', '30', 'control_text');
REPLACE INTO `questions` (`form_id`, `id`, `order`, `type`) VALUES ('334925fe089ed3c431c4ede92b6fd342', '38', '31', 'control_checkbox');
REPLACE INTO `questions` (`form_id`, `id`, `order`, `type`) VALUES ('334925fe089ed3c431c4ede92b6fd342', '39', '33', 'control_fileupload');
REPLACE INTO `questions` (`form_id`, `id`, `order`, `type`) VALUES ('334925fe089ed3c431c4ede92b6fd342', '40', '37', 'control_captcha');
REPLACE INTO `questions` (`form_id`, `id`, `order`, `type`) VALUES ('334925fe089ed3c431c4ede92b6fd342', '41', '32', 'control_hidden');
REPLACE INTO `questions` (`form_id`, `id`, `order`, `type`) VALUES ('334925fe089ed3c431c4ede92b6fd342', '42', '34', 'control_hidden');
REPLACE INTO `questions` (`form_id`, `id`, `order`, `type`) VALUES ('334925fe089ed3c431c4ede92b6fd342', '43', '38', 'control_hidden');
REPLACE INTO `questions` (`form_id`, `id`, `order`, `type`) VALUES ('334925fe089ed3c431c4ede92b6fd342', '44', '35', 'control_text');
REPLACE INTO `questions` (`form_id`, `id`, `order`, `type`) VALUES ('334925fe089ed3c431c4ede92b6fd342', '45', '36', 'control_hidden');
REPLACE INTO `question_properties` (`form_id`, `question_id`, `prop`, `value`) VALUES ('334925fe089ed3c431c4ede92b6fd342', '0', 'desc', NULL);
REPLACE INTO `question_properties` (`form_id`, `question_id`, `prop`, `value`) VALUES ('334925fe089ed3c431c4ede92b6fd342', '0', 'maxsize', '100');
REPLACE INTO `question_properties` (`form_id`, `question_id`, `prop`, `value`) VALUES ('334925fe089ed3c431c4ede92b6fd342', '0', 'required', 'yes');
REPLACE INTO `question_properties` (`form_id`, `question_id`, `prop`, `value`) VALUES ('334925fe089ed3c431c4ede92b6fd342', '0', 'senderemail', 'no');
REPLACE INTO `question_properties` (`form_id`, `question_id`, `prop`, `value`) VALUES ('334925fe089ed3c431c4ede92b6fd342', '0', 'size', '48');
REPLACE INTO `question_properties` (`form_id`, `question_id`, `prop`, `value`) VALUES ('334925fe089ed3c431c4ede92b6fd342', '0', 'text', 'Nama Penuh');
REPLACE INTO `question_properties` (`form_id`, `question_id`, `prop`, `value`) VALUES ('334925fe089ed3c431c4ede92b6fd342', '0', 'validation', 'no');
REPLACE INTO `question_properties` (`form_id`, `question_id`, `prop`, `value`) VALUES ('334925fe089ed3c431c4ede92b6fd342', '1', 'desc', NULL);
REPLACE INTO `question_properties` (`form_id`, `question_id`, `prop`, `value`) VALUES ('334925fe089ed3c431c4ede92b6fd342', '1', 'maxsize', '100');
REPLACE INTO `question_properties` (`form_id`, `question_id`, `prop`, `value`) VALUES ('334925fe089ed3c431c4ede92b6fd342', '1', 'required', 'yes');
REPLACE INTO `question_properties` (`form_id`, `question_id`, `prop`, `value`) VALUES ('334925fe089ed3c431c4ede92b6fd342', '1', 'senderemail', 'no');
REPLACE INTO `question_properties` (`form_id`, `question_id`, `prop`, `value`) VALUES ('334925fe089ed3c431c4ede92b6fd342', '1', 'size', '20');
REPLACE INTO `question_properties` (`form_id`, `question_id`, `prop`, `value`) VALUES ('334925fe089ed3c431c4ede92b6fd342', '1', 'text', 'No. K/P Pengenalan');
REPLACE INTO `question_properties` (`form_id`, `question_id`, `prop`, `value`) VALUES ('334925fe089ed3c431c4ede92b6fd342', '1', 'validation', 'no');
REPLACE INTO `question_properties` (`form_id`, `question_id`, `prop`, `value`) VALUES ('334925fe089ed3c431c4ede92b6fd342', '2', 'desc', NULL);
REPLACE INTO `question_properties` (`form_id`, `question_id`, `prop`, `value`) VALUES ('334925fe089ed3c431c4ede92b6fd342', '2', 'maxsize', '100');
REPLACE INTO `question_properties` (`form_id`, `question_id`, `prop`, `value`) VALUES ('334925fe089ed3c431c4ede92b6fd342', '2', 'required', 'yes');
REPLACE INTO `question_properties` (`form_id`, `question_id`, `prop`, `value`) VALUES ('334925fe089ed3c431c4ede92b6fd342', '2', 'senderemail', 'no');
REPLACE INTO `question_properties` (`form_id`, `question_id`, `prop`, `value`) VALUES ('334925fe089ed3c431c4ede92b6fd342', '2', 'size', '30');
REPLACE INTO `question_properties` (`form_id`, `question_id`, `prop`, `value`) VALUES ('334925fe089ed3c431c4ede92b6fd342', '2', 'text', 'E-mail');
REPLACE INTO `question_properties` (`form_id`, `question_id`, `prop`, `value`) VALUES ('334925fe089ed3c431c4ede92b6fd342', '2', 'validation', 'Email');
REPLACE INTO `question_properties` (`form_id`, `question_id`, `prop`, `value`) VALUES ('334925fe089ed3c431c4ede92b6fd342', '7', 'cols', '36');
REPLACE INTO `question_properties` (`form_id`, `question_id`, `prop`, `value`) VALUES ('334925fe089ed3c431c4ede92b6fd342', '7', 'desc', NULL);
REPLACE INTO `question_properties` (`form_id`, `question_id`, `prop`, `value`) VALUES ('334925fe089ed3c431c4ede92b6fd342', '7', 'required', 'yes');
REPLACE INTO `question_properties` (`form_id`, `question_id`, `prop`, `value`) VALUES ('334925fe089ed3c431c4ede92b6fd342', '7', 'rows', '8');
REPLACE INTO `question_properties` (`form_id`, `question_id`, `prop`, `value`) VALUES ('334925fe089ed3c431c4ede92b6fd342', '7', 'text', 'Alamat Penuh');
REPLACE INTO `question_properties` (`form_id`, `question_id`, `prop`, `value`) VALUES ('334925fe089ed3c431c4ede92b6fd342', '7', 'validation', 'no');
REPLACE INTO `question_properties` (`form_id`, `question_id`, `prop`, `value`) VALUES ('334925fe089ed3c431c4ede92b6fd342', '8', 'clear', 'no');
REPLACE INTO `question_properties` (`form_id`, `question_id`, `prop`, `value`) VALUES ('334925fe089ed3c431c4ede92b6fd342', '8', 'resettext', 'clear');
REPLACE INTO `question_properties` (`form_id`, `question_id`, `prop`, `value`) VALUES ('334925fe089ed3c431c4ede92b6fd342', '8', 'submittext', 'Hantar');
REPLACE INTO `question_properties` (`form_id`, `question_id`, `prop`, `value`) VALUES ('334925fe089ed3c431c4ede92b6fd342', '8', 'text', NULL);
REPLACE INTO `question_properties` (`form_id`, `question_id`, `prop`, `value`) VALUES ('334925fe089ed3c431c4ede92b6fd342', '12', 'desc', NULL);
REPLACE INTO `question_properties` (`form_id`, `question_id`, `prop`, `value`) VALUES ('334925fe089ed3c431c4ede92b6fd342', '12', 'maxsize', '100');
REPLACE INTO `question_properties` (`form_id`, `question_id`, `prop`, `value`) VALUES ('334925fe089ed3c431c4ede92b6fd342', '12', 'required', 'yes');
REPLACE INTO `question_properties` (`form_id`, `question_id`, `prop`, `value`) VALUES ('334925fe089ed3c431c4ede92b6fd342', '12', 'senderemail', 'no');
REPLACE INTO `question_properties` (`form_id`, `question_id`, `prop`, `value`) VALUES ('334925fe089ed3c431c4ede92b6fd342', '12', 'size', '20');
REPLACE INTO `question_properties` (`form_id`, `question_id`, `prop`, `value`) VALUES ('334925fe089ed3c431c4ede92b6fd342', '12', 'text', 'No. Telefon (HandPhone)');
REPLACE INTO `question_properties` (`form_id`, `question_id`, `prop`, `value`) VALUES ('334925fe089ed3c431c4ede92b6fd342', '12', 'validation', 'no');
REPLACE INTO `question_properties` (`form_id`, `question_id`, `prop`, `value`) VALUES ('334925fe089ed3c431c4ede92b6fd342', '13', 'text', 'TAMAN RAKYAT BISTARI');
REPLACE INTO `question_properties` (`form_id`, `question_id`, `prop`, `value`) VALUES ('334925fe089ed3c431c4ede92b6fd342', '14', 'text', 'TAMAN RAKYAT BISTARI, KEMAMAN');
REPLACE INTO `question_properties` (`form_id`, `question_id`, `prop`, `value`) VALUES ('334925fe089ed3c431c4ede92b6fd342', '15', 'text', 'TELUK KALUNG, TERENGGANU');
REPLACE INTO `question_properties` (`form_id`, `question_id`, `prop`, `value`) VALUES ('334925fe089ed3c431c4ede92b6fd342', '16', 'text', '6 KEDAI 1T &amp; 4 KEDAI PEJABAT 2T - FASA 5A');
REPLACE INTO `question_properties` (`form_id`, `question_id`, `prop`, `value`) VALUES ('334925fe089ed3c431c4ede92b6fd342', '17', 'text', '[ RM 205,000.00 dan ke atas / unit (bergantung kepada keluasan tanah) ]');
REPLACE INTO `question_properties` (`form_id`, `question_id`, `prop`, `value`) VALUES ('334925fe089ed3c431c4ede92b6fd342', '18', 'desc', NULL);
REPLACE INTO `question_properties` (`form_id`, `question_id`, `prop`, `value`) VALUES ('334925fe089ed3c431c4ede92b6fd342', '18', 'maxsize', '100');
REPLACE INTO `question_properties` (`form_id`, `question_id`, `prop`, `value`) VALUES ('334925fe089ed3c431c4ede92b6fd342', '18', 'required', 'no');
REPLACE INTO `question_properties` (`form_id`, `question_id`, `prop`, `value`) VALUES ('334925fe089ed3c431c4ede92b6fd342', '18', 'senderemail', 'no');
REPLACE INTO `question_properties` (`form_id`, `question_id`, `prop`, `value`) VALUES ('334925fe089ed3c431c4ede92b6fd342', '18', 'size', '48');
REPLACE INTO `question_properties` (`form_id`, `question_id`, `prop`, `value`) VALUES ('334925fe089ed3c431c4ede92b6fd342', '18', 'text', 'Nama Majikan');
REPLACE INTO `question_properties` (`form_id`, `question_id`, `prop`, `value`) VALUES ('334925fe089ed3c431c4ede92b6fd342', '18', 'validation', 'no');
REPLACE INTO `question_properties` (`form_id`, `question_id`, `prop`, `value`) VALUES ('334925fe089ed3c431c4ede92b6fd342', '19', 'desc', NULL);
REPLACE INTO `question_properties` (`form_id`, `question_id`, `prop`, `value`) VALUES ('334925fe089ed3c431c4ede92b6fd342', '19', 'maxsize', '100');
REPLACE INTO `question_properties` (`form_id`, `question_id`, `prop`, `value`) VALUES ('334925fe089ed3c431c4ede92b6fd342', '19', 'required', 'no');
REPLACE INTO `question_properties` (`form_id`, `question_id`, `prop`, `value`) VALUES ('334925fe089ed3c431c4ede92b6fd342', '19', 'senderemail', 'no');
REPLACE INTO `question_properties` (`form_id`, `question_id`, `prop`, `value`) VALUES ('334925fe089ed3c431c4ede92b6fd342', '19', 'size', '20');
REPLACE INTO `question_properties` (`form_id`, `question_id`, `prop`, `value`) VALUES ('334925fe089ed3c431c4ede92b6fd342', '19', 'text', 'No. Telefon Pejabat');
REPLACE INTO `question_properties` (`form_id`, `question_id`, `prop`, `value`) VALUES ('334925fe089ed3c431c4ede92b6fd342', '19', 'validation', 'no');
REPLACE INTO `question_properties` (`form_id`, `question_id`, `prop`, `value`) VALUES ('334925fe089ed3c431c4ede92b6fd342', '20', 'desc', NULL);
REPLACE INTO `question_properties` (`form_id`, `question_id`, `prop`, `value`) VALUES ('334925fe089ed3c431c4ede92b6fd342', '20', 'maxsize', '100');
REPLACE INTO `question_properties` (`form_id`, `question_id`, `prop`, `value`) VALUES ('334925fe089ed3c431c4ede92b6fd342', '20', 'required', 'no');
REPLACE INTO `question_properties` (`form_id`, `question_id`, `prop`, `value`) VALUES ('334925fe089ed3c431c4ede92b6fd342', '20', 'senderemail', 'no');
REPLACE INTO `question_properties` (`form_id`, `question_id`, `prop`, `value`) VALUES ('334925fe089ed3c431c4ede92b6fd342', '20', 'size', '30');
REPLACE INTO `question_properties` (`form_id`, `question_id`, `prop`, `value`) VALUES ('334925fe089ed3c431c4ede92b6fd342', '20', 'text', 'Jawatan Pemohon');
REPLACE INTO `question_properties` (`form_id`, `question_id`, `prop`, `value`) VALUES ('334925fe089ed3c431c4ede92b6fd342', '20', 'validation', 'no');
REPLACE INTO `question_properties` (`form_id`, `question_id`, `prop`, `value`) VALUES ('334925fe089ed3c431c4ede92b6fd342', '21', 'desc', NULL);
REPLACE INTO `question_properties` (`form_id`, `question_id`, `prop`, `value`) VALUES ('334925fe089ed3c431c4ede92b6fd342', '21', 'maxsize', '100');
REPLACE INTO `question_properties` (`form_id`, `question_id`, `prop`, `value`) VALUES ('334925fe089ed3c431c4ede92b6fd342', '21', 'required', 'no');
REPLACE INTO `question_properties` (`form_id`, `question_id`, `prop`, `value`) VALUES ('334925fe089ed3c431c4ede92b6fd342', '21', 'senderemail', 'no');
REPLACE INTO `question_properties` (`form_id`, `question_id`, `prop`, `value`) VALUES ('334925fe089ed3c431c4ede92b6fd342', '21', 'size', '20');
REPLACE INTO `question_properties` (`form_id`, `question_id`, `prop`, `value`) VALUES ('334925fe089ed3c431c4ede92b6fd342', '21', 'text', 'Nombor Lot / PT');
REPLACE INTO `question_properties` (`form_id`, `question_id`, `prop`, `value`) VALUES ('334925fe089ed3c431c4ede92b6fd342', '21', 'validation', 'no');
REPLACE INTO `question_properties` (`form_id`, `question_id`, `prop`, `value`) VALUES ('334925fe089ed3c431c4ede92b6fd342', '22', 'desc', NULL);
REPLACE INTO `question_properties` (`form_id`, `question_id`, `prop`, `value`) VALUES ('334925fe089ed3c431c4ede92b6fd342', '22', 'options', 'Lelaki<br>Perempuan<br>');
REPLACE INTO `question_properties` (`form_id`, `question_id`, `prop`, `value`) VALUES ('334925fe089ed3c431c4ede92b6fd342', '22', 'required', 'yes');
REPLACE INTO `question_properties` (`form_id`, `question_id`, `prop`, `value`) VALUES ('334925fe089ed3c431c4ede92b6fd342', '22', 'size', '1');
REPLACE INTO `question_properties` (`form_id`, `question_id`, `prop`, `value`) VALUES ('334925fe089ed3c431c4ede92b6fd342', '22', 'special', 'none');
REPLACE INTO `question_properties` (`form_id`, `question_id`, `prop`, `value`) VALUES ('334925fe089ed3c431c4ede92b6fd342', '22', 'text', 'Jantina');
REPLACE INTO `question_properties` (`form_id`, `question_id`, `prop`, `value`) VALUES ('334925fe089ed3c431c4ede92b6fd342', '23', 'desc', NULL);
REPLACE INTO `question_properties` (`form_id`, `question_id`, `prop`, `value`) VALUES ('334925fe089ed3c431c4ede92b6fd342', '23', 'maxsize', '100');
REPLACE INTO `question_properties` (`form_id`, `question_id`, `prop`, `value`) VALUES ('334925fe089ed3c431c4ede92b6fd342', '23', 'required', 'yes');
REPLACE INTO `question_properties` (`form_id`, `question_id`, `prop`, `value`) VALUES ('334925fe089ed3c431c4ede92b6fd342', '23', 'senderemail', 'no');
REPLACE INTO `question_properties` (`form_id`, `question_id`, `prop`, `value`) VALUES ('334925fe089ed3c431c4ede92b6fd342', '23', 'size', '20');
REPLACE INTO `question_properties` (`form_id`, `question_id`, `prop`, `value`) VALUES ('334925fe089ed3c431c4ede92b6fd342', '23', 'text', 'No. Telefon (Rumah/tetap)');
REPLACE INTO `question_properties` (`form_id`, `question_id`, `prop`, `value`) VALUES ('334925fe089ed3c431c4ede92b6fd342', '23', 'validation', 'no');
REPLACE INTO `question_properties` (`form_id`, `question_id`, `prop`, `value`) VALUES ('334925fe089ed3c431c4ede92b6fd342', '24', 'desc', NULL);
REPLACE INTO `question_properties` (`form_id`, `question_id`, `prop`, `value`) VALUES ('334925fe089ed3c431c4ede92b6fd342', '24', 'options', 'Melayu<br>Cina<br>India<br>Lain-lain');
REPLACE INTO `question_properties` (`form_id`, `question_id`, `prop`, `value`) VALUES ('334925fe089ed3c431c4ede92b6fd342', '24', 'required', 'yes');
REPLACE INTO `question_properties` (`form_id`, `question_id`, `prop`, `value`) VALUES ('334925fe089ed3c431c4ede92b6fd342', '24', 'size', '1');
REPLACE INTO `question_properties` (`form_id`, `question_id`, `prop`, `value`) VALUES ('334925fe089ed3c431c4ede92b6fd342', '24', 'special', 'none');
REPLACE INTO `question_properties` (`form_id`, `question_id`, `prop`, `value`) VALUES ('334925fe089ed3c431c4ede92b6fd342', '24', 'text', 'Bangsa');
REPLACE INTO `question_properties` (`form_id`, `question_id`, `prop`, `value`) VALUES ('334925fe089ed3c431c4ede92b6fd342', '25', 'desc', NULL);
REPLACE INTO `question_properties` (`form_id`, `question_id`, `prop`, `value`) VALUES ('334925fe089ed3c431c4ede92b6fd342', '25', 'options', 'Bujang<br>Berkahwin<br>Lain-lain');
REPLACE INTO `question_properties` (`form_id`, `question_id`, `prop`, `value`) VALUES ('334925fe089ed3c431c4ede92b6fd342', '25', 'required', 'yes');
REPLACE INTO `question_properties` (`form_id`, `question_id`, `prop`, `value`) VALUES ('334925fe089ed3c431c4ede92b6fd342', '25', 'size', '1');
REPLACE INTO `question_properties` (`form_id`, `question_id`, `prop`, `value`) VALUES ('334925fe089ed3c431c4ede92b6fd342', '25', 'special', 'none');
REPLACE INTO `question_properties` (`form_id`, `question_id`, `prop`, `value`) VALUES ('334925fe089ed3c431c4ede92b6fd342', '25', 'text', 'Status Perkahwinan');
REPLACE INTO `question_properties` (`form_id`, `question_id`, `prop`, `value`) VALUES ('334925fe089ed3c431c4ede92b6fd342', '26', 'desc', NULL);
REPLACE INTO `question_properties` (`form_id`, `question_id`, `prop`, `value`) VALUES ('334925fe089ed3c431c4ede92b6fd342', '26', 'options', 'Warganegara<br>Bukan Warganegara');
REPLACE INTO `question_properties` (`form_id`, `question_id`, `prop`, `value`) VALUES ('334925fe089ed3c431c4ede92b6fd342', '26', 'required', 'yes');
REPLACE INTO `question_properties` (`form_id`, `question_id`, `prop`, `value`) VALUES ('334925fe089ed3c431c4ede92b6fd342', '26', 'size', '1');
REPLACE INTO `question_properties` (`form_id`, `question_id`, `prop`, `value`) VALUES ('334925fe089ed3c431c4ede92b6fd342', '26', 'special', 'none');
REPLACE INTO `question_properties` (`form_id`, `question_id`, `prop`, `value`) VALUES ('334925fe089ed3c431c4ede92b6fd342', '26', 'text', 'Warganegara');
REPLACE INTO `question_properties` (`form_id`, `question_id`, `prop`, `value`) VALUES ('334925fe089ed3c431c4ede92b6fd342', '27', 'text', '1. MAKLUMAT PEMOHON');
REPLACE INTO `question_properties` (`form_id`, `question_id`, `prop`, `value`) VALUES ('334925fe089ed3c431c4ede92b6fd342', '28', 'text', 'undefined');
REPLACE INTO `question_properties` (`form_id`, `question_id`, `prop`, `value`) VALUES ('334925fe089ed3c431c4ede92b6fd342', '28', 'value', NULL);
REPLACE INTO `question_properties` (`form_id`, `question_id`, `prop`, `value`) VALUES ('334925fe089ed3c431c4ede92b6fd342', '29', 'text', '2. PEKERJAAN');
REPLACE INTO `question_properties` (`form_id`, `question_id`, `prop`, `value`) VALUES ('334925fe089ed3c431c4ede92b6fd342', '30', 'text', 'undefined');
REPLACE INTO `question_properties` (`form_id`, `question_id`, `prop`, `value`) VALUES ('334925fe089ed3c431c4ede92b6fd342', '30', 'value', NULL);
REPLACE INTO `question_properties` (`form_id`, `question_id`, `prop`, `value`) VALUES ('334925fe089ed3c431c4ede92b6fd342', '31', 'desc', NULL);
REPLACE INTO `question_properties` (`form_id`, `question_id`, `prop`, `value`) VALUES ('334925fe089ed3c431c4ede92b6fd342', '31', 'options', 'RM6,500.00 ke atas<br>RM5,500.00 - RM6,499.00<br>RM4,500.00 - RM5,499.00<br>RM3,500.00 - RM4,499.00<br>RM3,000.00 - RM3,499.00<br>RM2,500.00 - RM2,999.00<br>RM2,000.00 - RM2,499.00<br>RM1,500.00 - RM1,999.00<br>RM1,200.00 - RM1,499.00<br>Bawah RM1,199.00');
REPLACE INTO `question_properties` (`form_id`, `question_id`, `prop`, `value`) VALUES ('334925fe089ed3c431c4ede92b6fd342', '31', 'required', 'yes');
REPLACE INTO `question_properties` (`form_id`, `question_id`, `prop`, `value`) VALUES ('334925fe089ed3c431c4ede92b6fd342', '31', 'size', '1');
REPLACE INTO `question_properties` (`form_id`, `question_id`, `prop`, `value`) VALUES ('334925fe089ed3c431c4ede92b6fd342', '31', 'special', 'none');
REPLACE INTO `question_properties` (`form_id`, `question_id`, `prop`, `value`) VALUES ('334925fe089ed3c431c4ede92b6fd342', '31', 'text', 'Pendapatan Bulanan');
REPLACE INTO `question_properties` (`form_id`, `question_id`, `prop`, `value`) VALUES ('334925fe089ed3c431c4ede92b6fd342', '32', 'cols', '36');
REPLACE INTO `question_properties` (`form_id`, `question_id`, `prop`, `value`) VALUES ('334925fe089ed3c431c4ede92b6fd342', '32', 'desc', NULL);
REPLACE INTO `question_properties` (`form_id`, `question_id`, `prop`, `value`) VALUES ('334925fe089ed3c431c4ede92b6fd342', '32', 'required', 'no');
REPLACE INTO `question_properties` (`form_id`, `question_id`, `prop`, `value`) VALUES ('334925fe089ed3c431c4ede92b6fd342', '32', 'rows', '8');
REPLACE INTO `question_properties` (`form_id`, `question_id`, `prop`, `value`) VALUES ('334925fe089ed3c431c4ede92b6fd342', '32', 'text', 'Alamat Majikan');
REPLACE INTO `question_properties` (`form_id`, `question_id`, `prop`, `value`) VALUES ('334925fe089ed3c431c4ede92b6fd342', '32', 'validation', 'no');
REPLACE INTO `question_properties` (`form_id`, `question_id`, `prop`, `value`) VALUES ('334925fe089ed3c431c4ede92b6fd342', '33', 'text', 'undefined');
REPLACE INTO `question_properties` (`form_id`, `question_id`, `prop`, `value`) VALUES ('334925fe089ed3c431c4ede92b6fd342', '33', 'value', NULL);
REPLACE INTO `question_properties` (`form_id`, `question_id`, `prop`, `value`) VALUES ('334925fe089ed3c431c4ede92b6fd342', '34', 'text', '3. JENIS LOT RUMAH / BANGUNAN YANG DIPOHON');
REPLACE INTO `question_properties` (`form_id`, `question_id`, `prop`, `value`) VALUES ('334925fe089ed3c431c4ede92b6fd342', '35', 'desc', NULL);
REPLACE INTO `question_properties` (`form_id`, `question_id`, `prop`, `value`) VALUES ('334925fe089ed3c431c4ede92b6fd342', '35', 'options', 'Tepi<br>Tengah');
REPLACE INTO `question_properties` (`form_id`, `question_id`, `prop`, `value`) VALUES ('334925fe089ed3c431c4ede92b6fd342', '35', 'required', 'yes');
REPLACE INTO `question_properties` (`form_id`, `question_id`, `prop`, `value`) VALUES ('334925fe089ed3c431c4ede92b6fd342', '35', 'size', '1');
REPLACE INTO `question_properties` (`form_id`, `question_id`, `prop`, `value`) VALUES ('334925fe089ed3c431c4ede92b6fd342', '35', 'special', 'none');
REPLACE INTO `question_properties` (`form_id`, `question_id`, `prop`, `value`) VALUES ('334925fe089ed3c431c4ede92b6fd342', '35', 'text', 'Jenis Lot');
REPLACE INTO `question_properties` (`form_id`, `question_id`, `prop`, `value`) VALUES ('334925fe089ed3c431c4ede92b6fd342', '36', 'text', 'undefined');
REPLACE INTO `question_properties` (`form_id`, `question_id`, `prop`, `value`) VALUES ('334925fe089ed3c431c4ede92b6fd342', '36', 'value', NULL);
REPLACE INTO `question_properties` (`form_id`, `question_id`, `prop`, `value`) VALUES ('334925fe089ed3c431c4ede92b6fd342', '37', 'text', '4. CARA PEMBAYARAN');
REPLACE INTO `question_properties` (`form_id`, `question_id`, `prop`, `value`) VALUES ('334925fe089ed3c431c4ede92b6fd342', '38', 'checked', 'no');
REPLACE INTO `question_properties` (`form_id`, `question_id`, `prop`, `value`) VALUES ('334925fe089ed3c431c4ede92b6fd342', '38', 'desc', NULL);
REPLACE INTO `question_properties` (`form_id`, `question_id`, `prop`, `value`) VALUES ('334925fe089ed3c431c4ede92b6fd342', '38', 'options', 'Institusi Kewangan / Bank<br>Kerajaan<br>Majikan<br>Tunai<br>Lain-lain');
REPLACE INTO `question_properties` (`form_id`, `question_id`, `prop`, `value`) VALUES ('334925fe089ed3c431c4ede92b6fd342', '38', 'required', 'yes');
REPLACE INTO `question_properties` (`form_id`, `question_id`, `prop`, `value`) VALUES ('334925fe089ed3c431c4ede92b6fd342', '38', 'text', 'Pinjaman Perumahan');
REPLACE INTO `question_properties` (`form_id`, `question_id`, `prop`, `value`) VALUES ('334925fe089ed3c431c4ede92b6fd342', '39', 'desc', NULL);
REPLACE INTO `question_properties` (`form_id`, `question_id`, `prop`, `value`) VALUES ('334925fe089ed3c431c4ede92b6fd342', '39', 'extensions', 'doc, docx, xls, xlsx, pdf, ppt, pptx, txt, html, htm, rtf, pps, ppsx, zip, tar, gzip, bzip, sit, dmg, jpg, jpeg, gif, png, asf, asx, flv, h264, mov, mp3, mp4, swf, wax, wma, wmv, wvx, wpl, xspf');
REPLACE INTO `question_properties` (`form_id`, `question_id`, `prop`, `value`) VALUES ('334925fe089ed3c431c4ede92b6fd342', '39', 'maxsize', '5000');
REPLACE INTO `question_properties` (`form_id`, `question_id`, `prop`, `value`) VALUES ('334925fe089ed3c431c4ede92b6fd342', '39', 'required', 'no');
REPLACE INTO `question_properties` (`form_id`, `question_id`, `prop`, `value`) VALUES ('334925fe089ed3c431c4ede92b6fd342', '39', 'text', 'Slip Gaji Terkini');
REPLACE INTO `question_properties` (`form_id`, `question_id`, `prop`, `value`) VALUES ('334925fe089ed3c431c4ede92b6fd342', '40', 'desc', NULL);
REPLACE INTO `question_properties` (`form_id`, `question_id`, `prop`, `value`) VALUES ('334925fe089ed3c431c4ede92b6fd342', '40', 'text', 'Pengesahan');
REPLACE INTO `question_properties` (`form_id`, `question_id`, `prop`, `value`) VALUES ('334925fe089ed3c431c4ede92b6fd342', '41', 'text', 'undefined');
REPLACE INTO `question_properties` (`form_id`, `question_id`, `prop`, `value`) VALUES ('334925fe089ed3c431c4ede92b6fd342', '41', 'value', NULL);
REPLACE INTO `question_properties` (`form_id`, `question_id`, `prop`, `value`) VALUES ('334925fe089ed3c431c4ede92b6fd342', '42', 'text', 'undefined');
REPLACE INTO `question_properties` (`form_id`, `question_id`, `prop`, `value`) VALUES ('334925fe089ed3c431c4ede92b6fd342', '42', 'value', NULL);
REPLACE INTO `question_properties` (`form_id`, `question_id`, `prop`, `value`) VALUES ('334925fe089ed3c431c4ede92b6fd342', '43', 'text', 'undefined');
REPLACE INTO `question_properties` (`form_id`, `question_id`, `prop`, `value`) VALUES ('334925fe089ed3c431c4ede92b6fd342', '43', 'value', NULL);
REPLACE INTO `question_properties` (`form_id`, `question_id`, `prop`, `value`) VALUES ('334925fe089ed3c431c4ede92b6fd342', '44', 'text', 'NOTA : [1. KOPERAT berhak menolak pendaftaran jika maklumat tidak lengkap / tepat.] [2. KOPERAT berhad membatalkan pendaftaran selepas 6 bulan tanpa notis.] [3. Harga adalah tertakluk kepada pindaan terakhir.]');
REPLACE INTO `question_properties` (`form_id`, `question_id`, `prop`, `value`) VALUES ('334925fe089ed3c431c4ede92b6fd342', '45', 'text', 'undefined');
REPLACE INTO `question_properties` (`form_id`, `question_id`, `prop`, `value`) VALUES ('334925fe089ed3c431c4ede92b6fd342', '999', 'alignment', 'default');
REPLACE INTO `question_properties` (`form_id`, `question_id`, `prop`, `value`) VALUES ('334925fe089ed3c431c4ede92b6fd342', '999', 'background', 'white');
REPLACE INTO `question_properties` (`form_id`, `question_id`, `prop`, `value`) VALUES ('334925fe089ed3c431c4ede92b6fd342', '999', 'conf_body', 'Thanks for submitting our form, we will get back to you as soon as possible.');
REPLACE INTO `question_properties` (`form_id`, `question_id`, `prop`, `value`) VALUES ('334925fe089ed3c431c4ede92b6fd342', '999', 'conf_send', 'no');
REPLACE INTO `question_properties` (`form_id`, `question_id`, `prop`, `value`) VALUES ('334925fe089ed3c431c4ede92b6fd342', '999', 'conf_subj', 'Borang TRB Fasa 5A-KP');
REPLACE INTO `question_properties` (`form_id`, `question_id`, `prop`, `value`) VALUES ('334925fe089ed3c431c4ede92b6fd342', '999', 'disabled', 'Enabled');
REPLACE INTO `question_properties` (`form_id`, `question_id`, `prop`, `value`) VALUES ('334925fe089ed3c431c4ede92b6fd342', '999', 'email', 'yes');
REPLACE INTO `question_properties` (`form_id`, `question_id`, `prop`, `value`) VALUES ('334925fe089ed3c431c4ede92b6fd342', '999', 'email_addr', 'sales@koperat.com.my');
REPLACE INTO `question_properties` (`form_id`, `question_id`, `prop`, `value`) VALUES ('334925fe089ed3c431c4ede92b6fd342', '999', 'ext_sendpostdata', 'no');
REPLACE INTO `question_properties` (`form_id`, `question_id`, `prop`, `value`) VALUES ('334925fe089ed3c431c4ede92b6fd342', '999', 'font', 'Verdana');
REPLACE INTO `question_properties` (`form_id`, `question_id`, `prop`, `value`) VALUES ('334925fe089ed3c431c4ede92b6fd342', '999', 'fontcolor', '#48345a');
REPLACE INTO `question_properties` (`form_id`, `question_id`, `prop`, `value`) VALUES ('334925fe089ed3c431c4ede92b6fd342', '999', 'fontsize', '12');
REPLACE INTO `question_properties` (`form_id`, `question_id`, `prop`, `value`) VALUES ('334925fe089ed3c431c4ede92b6fd342', '999', 'not_subj', 'New Submission: {qForm Title}');
REPLACE INTO `question_properties` (`form_id`, `question_id`, `prop`, `value`) VALUES ('334925fe089ed3c431c4ede92b6fd342', '999', 'rvcolor', 'JF062.ini.php');
REPLACE INTO `question_properties` (`form_id`, `question_id`, `prop`, `value`) VALUES ('334925fe089ed3c431c4ede92b6fd342', '999', 'sendpostdata', 'yes');
REPLACE INTO `question_properties` (`form_id`, `question_id`, `prop`, `value`) VALUES ('334925fe089ed3c431c4ede92b6fd342', '999', 'spamcheck', 'Enabled');
REPLACE INTO `question_properties` (`form_id`, `question_id`, `prop`, `value`) VALUES ('334925fe089ed3c431c4ede92b6fd342', '999', 'thanktext', '<div>\n<div>\n<div>Terima kasih atas pengisian. Pihak KOPERAT akan memproses permohonan Anda.</div></div>\n<div>\n<div>&nbsp;</div></div>\n<div>\n<div>\n<div><strong><font color=\"#ff00aa\">Sila hantarkan</font></strong> 2 salinan dokuken-dokumen berikut ke pejabat kami dengan segera;</div>\n<div>(Nyatakan Projek / Kategori Rumah yang dipohon)<br />\n<br />\n&nbsp;<br />\na) Salinan Kad Pengenalan.<br />\n&nbsp;<br />\nb) Slip Gaji 6 bulan terkini ( pinjaman Bank / Kerajaan ).<br />\n&nbsp;<br />\nc) Surat Pengesahan Jawatan ( pinjaman Bank )<br />\n&nbsp;<br />\nd) Surat Pengesahan Perkhidmatan ( pinjaman Kerajaan ).<br />\n&nbsp;<br />\ne) Surat Pengesahan Lantikan ( pinjaman Kerajaan ).<br />\n<br />f) Surat Iringan - mengikut format ( pinjaman Kerajaan ).<br />\n&nbsp;<br />\ng) Borang EA/Cukai Pendapatan LHDN beserta resit bayaran ( pinjaman Bank / Berniaga ).<br />\n&nbsp;<br />\nh) Salinan Penyata Akaun Bank 6 bulan terkini ( pinjaman Bank / Kerajaan / Berniaga ).<br />\n&nbsp;<br />\ni) Pendaftaran Perniagaan ( pinjaman Bank / Berniaga ).<br />\n&nbsp;<br />\nj) Penyata Bank Syarikat 6 bulan terkini ( pinjaman Bank / Berniaga ).<br />\n&nbsp;<br />\nk) Penyata KWSP terkini ( pinjaman Bank ).<br />\n<br />l) Lain-lain dokumen, jika berkaitan.<br />\n&nbsp;<br />\n<br /><br />\n* <strong><font color=\"#ff0000\">Sila Pastikan</font></strong> <u><font color=\"#aa00ff\">E-mail dan Maklumat</font></u> Anda Adalah Betul Untuk Penerimaan Maklumbalas Daripada KOPERAT.<br />\n&nbsp;<br />\n&nbsp;<br />\n<br />Makluman Lanjut Sila Hubungi, Hantar @ Fax kan Borang anda ke;<br />\n&nbsp;<br />\n<strong>KONSORTIUM PERUMAHAN RAKYAT TERENGGANU SDN. BHD.<br />\n</strong><br />\nWisma GPQ, Lot 4564, Tingkat 1 &amp; 2<br />\n<br />Desa MPKT, Chendering, 21080 Kuala Terengganu<br />\n<br />Tel : 09-617 3405 / 617 6405&nbsp;&nbsp;&nbsp; Fax : 09-617 7404<br />\n<br />Website : <a href=\"http://www.koperat.com.my/\" title=\"\" target=\"_blank\"><strong>www.koperat.com.my</strong></a><br />\n<br />Page : <strong><a href=\"http://www.facebook.com/pages/Koperat/197111670306770\" title=\"\" target=\"_blank\">facebook.com / koperat</a></strong><br />\n<br />Email : koperat96@gmail.com<br />\n&nbsp;<br />\n&nbsp; </div></div></div></div>');
REPLACE INTO `question_properties` (`form_id`, `question_id`, `prop`, `value`) VALUES ('334925fe089ed3c431c4ede92b6fd342', '999', 'theme', 'Default');
REPLACE INTO `question_properties` (`form_id`, `question_id`, `prop`, `value`) VALUES ('334925fe089ed3c431c4ede92b6fd342', '999', 'use_buildin_formmail', 'yes');
REPLACE INTO `question_properties` (`form_id`, `question_id`, `prop`, `value`) VALUES ('334925fe089ed3c431c4ede92b6fd342', '999', 'width', '100%');
REPLACE INTO `question_utf8` (`form_id`, `utf8format`) VALUES ('334925fe089ed3c431c4ede92b6fd342', '1');
REPLACE INTO `forms` (`id`, `username`, `title`, `height`, `status`) VALUES ('423dae8eecd20d5bf9fecd4966e3f150', 'a7ec09dce63b814be39611d58a2e3078', 'contact us', '1780', 'undefined');
REPLACE INTO `questions` (`form_id`, `id`, `order`, `type`) VALUES ('423dae8eecd20d5bf9fecd4966e3f150', '0', '8', 'control_textbox');
REPLACE INTO `questions` (`form_id`, `id`, `order`, `type`) VALUES ('423dae8eecd20d5bf9fecd4966e3f150', '1', '10', 'control_textbox');
REPLACE INTO `questions` (`form_id`, `id`, `order`, `type`) VALUES ('423dae8eecd20d5bf9fecd4966e3f150', '2', '17', 'control_textbox');
REPLACE INTO `questions` (`form_id`, `id`, `order`, `type`) VALUES ('423dae8eecd20d5bf9fecd4966e3f150', '7', '9', 'control_textarea');
REPLACE INTO `questions` (`form_id`, `id`, `order`, `type`) VALUES ('423dae8eecd20d5bf9fecd4966e3f150', '8', '39', 'control_button');
REPLACE INTO `questions` (`form_id`, `id`, `order`, `type`) VALUES ('423dae8eecd20d5bf9fecd4966e3f150', '12', '15', 'control_textbox');
REPLACE INTO `questions` (`form_id`, `id`, `order`, `type`) VALUES ('423dae8eecd20d5bf9fecd4966e3f150', '13', '1', 'control_head');
REPLACE INTO `questions` (`form_id`, `id`, `order`, `type`) VALUES ('423dae8eecd20d5bf9fecd4966e3f150', '14', '2', 'control_text');
REPLACE INTO `questions` (`form_id`, `id`, `order`, `type`) VALUES ('423dae8eecd20d5bf9fecd4966e3f150', '15', '3', 'control_text');
REPLACE INTO `questions` (`form_id`, `id`, `order`, `type`) VALUES ('423dae8eecd20d5bf9fecd4966e3f150', '16', '4', 'control_text');
REPLACE INTO `questions` (`form_id`, `id`, `order`, `type`) VALUES ('423dae8eecd20d5bf9fecd4966e3f150', '17', '5', 'control_text');
REPLACE INTO `questions` (`form_id`, `id`, `order`, `type`) VALUES ('423dae8eecd20d5bf9fecd4966e3f150', '18', '22', 'control_textbox');
REPLACE INTO `questions` (`form_id`, `id`, `order`, `type`) VALUES ('423dae8eecd20d5bf9fecd4966e3f150', '19', '24', 'control_textbox');
REPLACE INTO `questions` (`form_id`, `id`, `order`, `type`) VALUES ('423dae8eecd20d5bf9fecd4966e3f150', '20', '20', 'control_textbox');
REPLACE INTO `questions` (`form_id`, `id`, `order`, `type`) VALUES ('423dae8eecd20d5bf9fecd4966e3f150', '21', '28', 'control_textbox');
REPLACE INTO `questions` (`form_id`, `id`, `order`, `type`) VALUES ('423dae8eecd20d5bf9fecd4966e3f150', '22', '11', 'control_dropdown');
REPLACE INTO `questions` (`form_id`, `id`, `order`, `type`) VALUES ('423dae8eecd20d5bf9fecd4966e3f150', '23', '16', 'control_textbox');
REPLACE INTO `questions` (`form_id`, `id`, `order`, `type`) VALUES ('423dae8eecd20d5bf9fecd4966e3f150', '24', '12', 'control_dropdown');
REPLACE INTO `questions` (`form_id`, `id`, `order`, `type`) VALUES ('423dae8eecd20d5bf9fecd4966e3f150', '25', '14', 'control_dropdown');
REPLACE INTO `questions` (`form_id`, `id`, `order`, `type`) VALUES ('423dae8eecd20d5bf9fecd4966e3f150', '26', '13', 'control_dropdown');
REPLACE INTO `questions` (`form_id`, `id`, `order`, `type`) VALUES ('423dae8eecd20d5bf9fecd4966e3f150', '27', '7', 'control_text');
REPLACE INTO `questions` (`form_id`, `id`, `order`, `type`) VALUES ('423dae8eecd20d5bf9fecd4966e3f150', '28', '6', 'control_hidden');
REPLACE INTO `questions` (`form_id`, `id`, `order`, `type`) VALUES ('423dae8eecd20d5bf9fecd4966e3f150', '29', '19', 'control_text');
REPLACE INTO `questions` (`form_id`, `id`, `order`, `type`) VALUES ('423dae8eecd20d5bf9fecd4966e3f150', '30', '18', 'control_hidden');
REPLACE INTO `questions` (`form_id`, `id`, `order`, `type`) VALUES ('423dae8eecd20d5bf9fecd4966e3f150', '31', '21', 'control_dropdown');
REPLACE INTO `questions` (`form_id`, `id`, `order`, `type`) VALUES ('423dae8eecd20d5bf9fecd4966e3f150', '32', '23', 'control_textarea');
REPLACE INTO `questions` (`form_id`, `id`, `order`, `type`) VALUES ('423dae8eecd20d5bf9fecd4966e3f150', '33', '25', 'control_hidden');
REPLACE INTO `questions` (`form_id`, `id`, `order`, `type`) VALUES ('423dae8eecd20d5bf9fecd4966e3f150', '34', '26', 'control_text');
REPLACE INTO `questions` (`form_id`, `id`, `order`, `type`) VALUES ('423dae8eecd20d5bf9fecd4966e3f150', '35', '27', 'control_dropdown');
REPLACE INTO `questions` (`form_id`, `id`, `order`, `type`) VALUES ('423dae8eecd20d5bf9fecd4966e3f150', '36', '29', 'control_hidden');
REPLACE INTO `questions` (`form_id`, `id`, `order`, `type`) VALUES ('423dae8eecd20d5bf9fecd4966e3f150', '37', '30', 'control_text');
REPLACE INTO `questions` (`form_id`, `id`, `order`, `type`) VALUES ('423dae8eecd20d5bf9fecd4966e3f150', '38', '31', 'control_checkbox');
REPLACE INTO `questions` (`form_id`, `id`, `order`, `type`) VALUES ('423dae8eecd20d5bf9fecd4966e3f150', '39', '33', 'control_fileupload');
REPLACE INTO `questions` (`form_id`, `id`, `order`, `type`) VALUES ('423dae8eecd20d5bf9fecd4966e3f150', '40', '37', 'control_captcha');
REPLACE INTO `questions` (`form_id`, `id`, `order`, `type`) VALUES ('423dae8eecd20d5bf9fecd4966e3f150', '41', '32', 'control_hidden');
REPLACE INTO `questions` (`form_id`, `id`, `order`, `type`) VALUES ('423dae8eecd20d5bf9fecd4966e3f150', '42', '34', 'control_hidden');
REPLACE INTO `questions` (`form_id`, `id`, `order`, `type`) VALUES ('423dae8eecd20d5bf9fecd4966e3f150', '43', '38', 'control_hidden');
REPLACE INTO `questions` (`form_id`, `id`, `order`, `type`) VALUES ('423dae8eecd20d5bf9fecd4966e3f150', '44', '35', 'control_text');
REPLACE INTO `questions` (`form_id`, `id`, `order`, `type`) VALUES ('423dae8eecd20d5bf9fecd4966e3f150', '45', '36', 'control_hidden');
REPLACE INTO `question_properties` (`form_id`, `question_id`, `prop`, `value`) VALUES ('423dae8eecd20d5bf9fecd4966e3f150', '0', 'desc', NULL);
REPLACE INTO `question_properties` (`form_id`, `question_id`, `prop`, `value`) VALUES ('423dae8eecd20d5bf9fecd4966e3f150', '0', 'maxsize', '100');
REPLACE INTO `question_properties` (`form_id`, `question_id`, `prop`, `value`) VALUES ('423dae8eecd20d5bf9fecd4966e3f150', '0', 'required', 'yes');
REPLACE INTO `question_properties` (`form_id`, `question_id`, `prop`, `value`) VALUES ('423dae8eecd20d5bf9fecd4966e3f150', '0', 'senderemail', 'no');
REPLACE INTO `question_properties` (`form_id`, `question_id`, `prop`, `value`) VALUES ('423dae8eecd20d5bf9fecd4966e3f150', '0', 'size', '48');
REPLACE INTO `question_properties` (`form_id`, `question_id`, `prop`, `value`) VALUES ('423dae8eecd20d5bf9fecd4966e3f150', '0', 'text', 'Nama Penuh');
REPLACE INTO `question_properties` (`form_id`, `question_id`, `prop`, `value`) VALUES ('423dae8eecd20d5bf9fecd4966e3f150', '0', 'validation', 'no');
REPLACE INTO `question_properties` (`form_id`, `question_id`, `prop`, `value`) VALUES ('423dae8eecd20d5bf9fecd4966e3f150', '1', 'desc', NULL);
REPLACE INTO `question_properties` (`form_id`, `question_id`, `prop`, `value`) VALUES ('423dae8eecd20d5bf9fecd4966e3f150', '1', 'maxsize', '100');
REPLACE INTO `question_properties` (`form_id`, `question_id`, `prop`, `value`) VALUES ('423dae8eecd20d5bf9fecd4966e3f150', '1', 'required', 'yes');
REPLACE INTO `question_properties` (`form_id`, `question_id`, `prop`, `value`) VALUES ('423dae8eecd20d5bf9fecd4966e3f150', '1', 'senderemail', 'no');
REPLACE INTO `question_properties` (`form_id`, `question_id`, `prop`, `value`) VALUES ('423dae8eecd20d5bf9fecd4966e3f150', '1', 'size', '20');
REPLACE INTO `question_properties` (`form_id`, `question_id`, `prop`, `value`) VALUES ('423dae8eecd20d5bf9fecd4966e3f150', '1', 'text', 'No. K/P Pengenalan');
REPLACE INTO `question_properties` (`form_id`, `question_id`, `prop`, `value`) VALUES ('423dae8eecd20d5bf9fecd4966e3f150', '1', 'validation', 'no');
REPLACE INTO `question_properties` (`form_id`, `question_id`, `prop`, `value`) VALUES ('423dae8eecd20d5bf9fecd4966e3f150', '2', 'desc', NULL);
REPLACE INTO `question_properties` (`form_id`, `question_id`, `prop`, `value`) VALUES ('423dae8eecd20d5bf9fecd4966e3f150', '2', 'maxsize', '100');
REPLACE INTO `question_properties` (`form_id`, `question_id`, `prop`, `value`) VALUES ('423dae8eecd20d5bf9fecd4966e3f150', '2', 'required', 'yes');
REPLACE INTO `question_properties` (`form_id`, `question_id`, `prop`, `value`) VALUES ('423dae8eecd20d5bf9fecd4966e3f150', '2', 'senderemail', 'no');
REPLACE INTO `question_properties` (`form_id`, `question_id`, `prop`, `value`) VALUES ('423dae8eecd20d5bf9fecd4966e3f150', '2', 'size', '30');
REPLACE INTO `question_properties` (`form_id`, `question_id`, `prop`, `value`) VALUES ('423dae8eecd20d5bf9fecd4966e3f150', '2', 'text', 'E-mail');
REPLACE INTO `question_properties` (`form_id`, `question_id`, `prop`, `value`) VALUES ('423dae8eecd20d5bf9fecd4966e3f150', '2', 'validation', 'Email');
REPLACE INTO `question_properties` (`form_id`, `question_id`, `prop`, `value`) VALUES ('423dae8eecd20d5bf9fecd4966e3f150', '7', 'cols', '36');
REPLACE INTO `question_properties` (`form_id`, `question_id`, `prop`, `value`) VALUES ('423dae8eecd20d5bf9fecd4966e3f150', '7', 'desc', NULL);
REPLACE INTO `question_properties` (`form_id`, `question_id`, `prop`, `value`) VALUES ('423dae8eecd20d5bf9fecd4966e3f150', '7', 'required', 'yes');
REPLACE INTO `question_properties` (`form_id`, `question_id`, `prop`, `value`) VALUES ('423dae8eecd20d5bf9fecd4966e3f150', '7', 'rows', '8');
REPLACE INTO `question_properties` (`form_id`, `question_id`, `prop`, `value`) VALUES ('423dae8eecd20d5bf9fecd4966e3f150', '7', 'text', 'Alamat Penuh');
REPLACE INTO `question_properties` (`form_id`, `question_id`, `prop`, `value`) VALUES ('423dae8eecd20d5bf9fecd4966e3f150', '7', 'validation', 'no');
REPLACE INTO `question_properties` (`form_id`, `question_id`, `prop`, `value`) VALUES ('423dae8eecd20d5bf9fecd4966e3f150', '8', 'clear', 'no');
REPLACE INTO `question_properties` (`form_id`, `question_id`, `prop`, `value`) VALUES ('423dae8eecd20d5bf9fecd4966e3f150', '8', 'resettext', 'clear');
REPLACE INTO `question_properties` (`form_id`, `question_id`, `prop`, `value`) VALUES ('423dae8eecd20d5bf9fecd4966e3f150', '8', 'submittext', 'Hantar');
REPLACE INTO `question_properties` (`form_id`, `question_id`, `prop`, `value`) VALUES ('423dae8eecd20d5bf9fecd4966e3f150', '8', 'text', NULL);
REPLACE INTO `question_properties` (`form_id`, `question_id`, `prop`, `value`) VALUES ('423dae8eecd20d5bf9fecd4966e3f150', '12', 'desc', NULL);
REPLACE INTO `question_properties` (`form_id`, `question_id`, `prop`, `value`) VALUES ('423dae8eecd20d5bf9fecd4966e3f150', '12', 'maxsize', '100');
REPLACE INTO `question_properties` (`form_id`, `question_id`, `prop`, `value`) VALUES ('423dae8eecd20d5bf9fecd4966e3f150', '12', 'required', 'yes');
REPLACE INTO `question_properties` (`form_id`, `question_id`, `prop`, `value`) VALUES ('423dae8eecd20d5bf9fecd4966e3f150', '12', 'senderemail', 'no');
REPLACE INTO `question_properties` (`form_id`, `question_id`, `prop`, `value`) VALUES ('423dae8eecd20d5bf9fecd4966e3f150', '12', 'size', '20');
REPLACE INTO `question_properties` (`form_id`, `question_id`, `prop`, `value`) VALUES ('423dae8eecd20d5bf9fecd4966e3f150', '12', 'text', 'No. Telefon (HandPhone)');
REPLACE INTO `question_properties` (`form_id`, `question_id`, `prop`, `value`) VALUES ('423dae8eecd20d5bf9fecd4966e3f150', '12', 'validation', 'no');
REPLACE INTO `question_properties` (`form_id`, `question_id`, `prop`, `value`) VALUES ('423dae8eecd20d5bf9fecd4966e3f150', '13', 'text', 'TAMAN KOPERAT PERADONG');
REPLACE INTO `question_properties` (`form_id`, `question_id`, `prop`, `value`) VALUES ('423dae8eecd20d5bf9fecd4966e3f150', '14', 'text', 'TAMAN KOPERAT PERADONG, BANGGOL PERADONG');
REPLACE INTO `question_properties` (`form_id`, `question_id`, `prop`, `value`) VALUES ('423dae8eecd20d5bf9fecd4966e3f150', '15', 'text', 'MANIR, KUALA TERENGGANU');
REPLACE INTO `question_properties` (`form_id`, `question_id`, `prop`, `value`) VALUES ('423dae8eecd20d5bf9fecd4966e3f150', '16', 'text', 'RUMAH KEDAI 2 LAPIS - FASA 1G');
REPLACE INTO `question_properties` (`form_id`, `question_id`, `prop`, `value`) VALUES ('423dae8eecd20d5bf9fecd4966e3f150', '17', 'text', '[ RM 350,000.00 dan ke atas / unit (bergantung kepada keluasan tanah) ]');
REPLACE INTO `question_properties` (`form_id`, `question_id`, `prop`, `value`) VALUES ('423dae8eecd20d5bf9fecd4966e3f150', '18', 'desc', NULL);
REPLACE INTO `question_properties` (`form_id`, `question_id`, `prop`, `value`) VALUES ('423dae8eecd20d5bf9fecd4966e3f150', '18', 'maxsize', '100');
REPLACE INTO `question_properties` (`form_id`, `question_id`, `prop`, `value`) VALUES ('423dae8eecd20d5bf9fecd4966e3f150', '18', 'required', 'no');
REPLACE INTO `question_properties` (`form_id`, `question_id`, `prop`, `value`) VALUES ('423dae8eecd20d5bf9fecd4966e3f150', '18', 'senderemail', 'no');
REPLACE INTO `question_properties` (`form_id`, `question_id`, `prop`, `value`) VALUES ('423dae8eecd20d5bf9fecd4966e3f150', '18', 'size', '48');
REPLACE INTO `question_properties` (`form_id`, `question_id`, `prop`, `value`) VALUES ('423dae8eecd20d5bf9fecd4966e3f150', '18', 'text', 'Nama Majikan');
REPLACE INTO `question_properties` (`form_id`, `question_id`, `prop`, `value`) VALUES ('423dae8eecd20d5bf9fecd4966e3f150', '18', 'validation', 'no');
REPLACE INTO `question_properties` (`form_id`, `question_id`, `prop`, `value`) VALUES ('423dae8eecd20d5bf9fecd4966e3f150', '19', 'desc', NULL);
REPLACE INTO `question_properties` (`form_id`, `question_id`, `prop`, `value`) VALUES ('423dae8eecd20d5bf9fecd4966e3f150', '19', 'maxsize', '100');
REPLACE INTO `question_properties` (`form_id`, `question_id`, `prop`, `value`) VALUES ('423dae8eecd20d5bf9fecd4966e3f150', '19', 'required', 'no');
REPLACE INTO `question_properties` (`form_id`, `question_id`, `prop`, `value`) VALUES ('423dae8eecd20d5bf9fecd4966e3f150', '19', 'senderemail', 'no');
REPLACE INTO `question_properties` (`form_id`, `question_id`, `prop`, `value`) VALUES ('423dae8eecd20d5bf9fecd4966e3f150', '19', 'size', '20');
REPLACE INTO `question_properties` (`form_id`, `question_id`, `prop`, `value`) VALUES ('423dae8eecd20d5bf9fecd4966e3f150', '19', 'text', 'No. Telefon Pejabat');
REPLACE INTO `question_properties` (`form_id`, `question_id`, `prop`, `value`) VALUES ('423dae8eecd20d5bf9fecd4966e3f150', '19', 'validation', 'no');
REPLACE INTO `question_properties` (`form_id`, `question_id`, `prop`, `value`) VALUES ('423dae8eecd20d5bf9fecd4966e3f150', '20', 'desc', NULL);
REPLACE INTO `question_properties` (`form_id`, `question_id`, `prop`, `value`) VALUES ('423dae8eecd20d5bf9fecd4966e3f150', '20', 'maxsize', '100');
REPLACE INTO `question_properties` (`form_id`, `question_id`, `prop`, `value`) VALUES ('423dae8eecd20d5bf9fecd4966e3f150', '20', 'required', 'no');
REPLACE INTO `question_properties` (`form_id`, `question_id`, `prop`, `value`) VALUES ('423dae8eecd20d5bf9fecd4966e3f150', '20', 'senderemail', 'no');
REPLACE INTO `question_properties` (`form_id`, `question_id`, `prop`, `value`) VALUES ('423dae8eecd20d5bf9fecd4966e3f150', '20', 'size', '30');
REPLACE INTO `question_properties` (`form_id`, `question_id`, `prop`, `value`) VALUES ('423dae8eecd20d5bf9fecd4966e3f150', '20', 'text', 'Jawatan Pemohon');
REPLACE INTO `question_properties` (`form_id`, `question_id`, `prop`, `value`) VALUES ('423dae8eecd20d5bf9fecd4966e3f150', '20', 'validation', 'no');
REPLACE INTO `question_properties` (`form_id`, `question_id`, `prop`, `value`) VALUES ('423dae8eecd20d5bf9fecd4966e3f150', '21', 'desc', NULL);
REPLACE INTO `question_properties` (`form_id`, `question_id`, `prop`, `value`) VALUES ('423dae8eecd20d5bf9fecd4966e3f150', '21', 'maxsize', '100');
REPLACE INTO `question_properties` (`form_id`, `question_id`, `prop`, `value`) VALUES ('423dae8eecd20d5bf9fecd4966e3f150', '21', 'required', 'no');
REPLACE INTO `question_properties` (`form_id`, `question_id`, `prop`, `value`) VALUES ('423dae8eecd20d5bf9fecd4966e3f150', '21', 'senderemail', 'no');
REPLACE INTO `question_properties` (`form_id`, `question_id`, `prop`, `value`) VALUES ('423dae8eecd20d5bf9fecd4966e3f150', '21', 'size', '20');
REPLACE INTO `question_properties` (`form_id`, `question_id`, `prop`, `value`) VALUES ('423dae8eecd20d5bf9fecd4966e3f150', '21', 'text', 'Nombor Lot / PT');
REPLACE INTO `question_properties` (`form_id`, `question_id`, `prop`, `value`) VALUES ('423dae8eecd20d5bf9fecd4966e3f150', '21', 'validation', 'no');
REPLACE INTO `question_properties` (`form_id`, `question_id`, `prop`, `value`) VALUES ('423dae8eecd20d5bf9fecd4966e3f150', '22', 'desc', NULL);
REPLACE INTO `question_properties` (`form_id`, `question_id`, `prop`, `value`) VALUES ('423dae8eecd20d5bf9fecd4966e3f150', '22', 'options', 'Lelaki<br>Perempuan<br>');
REPLACE INTO `question_properties` (`form_id`, `question_id`, `prop`, `value`) VALUES ('423dae8eecd20d5bf9fecd4966e3f150', '22', 'required', 'yes');
REPLACE INTO `question_properties` (`form_id`, `question_id`, `prop`, `value`) VALUES ('423dae8eecd20d5bf9fecd4966e3f150', '22', 'size', '1');
REPLACE INTO `question_properties` (`form_id`, `question_id`, `prop`, `value`) VALUES ('423dae8eecd20d5bf9fecd4966e3f150', '22', 'special', 'none');
REPLACE INTO `question_properties` (`form_id`, `question_id`, `prop`, `value`) VALUES ('423dae8eecd20d5bf9fecd4966e3f150', '22', 'text', 'Jantina');
REPLACE INTO `question_properties` (`form_id`, `question_id`, `prop`, `value`) VALUES ('423dae8eecd20d5bf9fecd4966e3f150', '23', 'desc', NULL);
REPLACE INTO `question_properties` (`form_id`, `question_id`, `prop`, `value`) VALUES ('423dae8eecd20d5bf9fecd4966e3f150', '23', 'maxsize', '100');
REPLACE INTO `question_properties` (`form_id`, `question_id`, `prop`, `value`) VALUES ('423dae8eecd20d5bf9fecd4966e3f150', '23', 'required', 'yes');
REPLACE INTO `question_properties` (`form_id`, `question_id`, `prop`, `value`) VALUES ('423dae8eecd20d5bf9fecd4966e3f150', '23', 'senderemail', 'no');
REPLACE INTO `question_properties` (`form_id`, `question_id`, `prop`, `value`) VALUES ('423dae8eecd20d5bf9fecd4966e3f150', '23', 'size', '20');
REPLACE INTO `question_properties` (`form_id`, `question_id`, `prop`, `value`) VALUES ('423dae8eecd20d5bf9fecd4966e3f150', '23', 'text', 'No. Telefon (Rumah/tetap)');
REPLACE INTO `question_properties` (`form_id`, `question_id`, `prop`, `value`) VALUES ('423dae8eecd20d5bf9fecd4966e3f150', '23', 'validation', 'no');
REPLACE INTO `question_properties` (`form_id`, `question_id`, `prop`, `value`) VALUES ('423dae8eecd20d5bf9fecd4966e3f150', '24', 'desc', NULL);
REPLACE INTO `question_properties` (`form_id`, `question_id`, `prop`, `value`) VALUES ('423dae8eecd20d5bf9fecd4966e3f150', '24', 'options', 'Melayu<br>Cina<br>India<br>Lain-lain');
REPLACE INTO `question_properties` (`form_id`, `question_id`, `prop`, `value`) VALUES ('423dae8eecd20d5bf9fecd4966e3f150', '24', 'required', 'yes');
REPLACE INTO `question_properties` (`form_id`, `question_id`, `prop`, `value`) VALUES ('423dae8eecd20d5bf9fecd4966e3f150', '24', 'size', '1');
REPLACE INTO `question_properties` (`form_id`, `question_id`, `prop`, `value`) VALUES ('423dae8eecd20d5bf9fecd4966e3f150', '24', 'special', 'none');
REPLACE INTO `question_properties` (`form_id`, `question_id`, `prop`, `value`) VALUES ('423dae8eecd20d5bf9fecd4966e3f150', '24', 'text', 'Bangsa');
REPLACE INTO `question_properties` (`form_id`, `question_id`, `prop`, `value`) VALUES ('423dae8eecd20d5bf9fecd4966e3f150', '25', 'desc', NULL);
REPLACE INTO `question_properties` (`form_id`, `question_id`, `prop`, `value`) VALUES ('423dae8eecd20d5bf9fecd4966e3f150', '25', 'options', 'Bujang<br>Berkahwin<br>Lain-lain');
REPLACE INTO `question_properties` (`form_id`, `question_id`, `prop`, `value`) VALUES ('423dae8eecd20d5bf9fecd4966e3f150', '25', 'required', 'yes');
REPLACE INTO `question_properties` (`form_id`, `question_id`, `prop`, `value`) VALUES ('423dae8eecd20d5bf9fecd4966e3f150', '25', 'size', '1');
REPLACE INTO `question_properties` (`form_id`, `question_id`, `prop`, `value`) VALUES ('423dae8eecd20d5bf9fecd4966e3f150', '25', 'special', 'none');
REPLACE INTO `question_properties` (`form_id`, `question_id`, `prop`, `value`) VALUES ('423dae8eecd20d5bf9fecd4966e3f150', '25', 'text', 'Status Perkahwinan');
REPLACE INTO `question_properties` (`form_id`, `question_id`, `prop`, `value`) VALUES ('423dae8eecd20d5bf9fecd4966e3f150', '26', 'desc', NULL);
REPLACE INTO `question_properties` (`form_id`, `question_id`, `prop`, `value`) VALUES ('423dae8eecd20d5bf9fecd4966e3f150', '26', 'options', 'Warganegara<br>Bukan Warganegara');
REPLACE INTO `question_properties` (`form_id`, `question_id`, `prop`, `value`) VALUES ('423dae8eecd20d5bf9fecd4966e3f150', '26', 'required', 'yes');
REPLACE INTO `question_properties` (`form_id`, `question_id`, `prop`, `value`) VALUES ('423dae8eecd20d5bf9fecd4966e3f150', '26', 'size', '1');
REPLACE INTO `question_properties` (`form_id`, `question_id`, `prop`, `value`) VALUES ('423dae8eecd20d5bf9fecd4966e3f150', '26', 'special', 'none');
REPLACE INTO `question_properties` (`form_id`, `question_id`, `prop`, `value`) VALUES ('423dae8eecd20d5bf9fecd4966e3f150', '26', 'text', 'Warganegara');
REPLACE INTO `question_properties` (`form_id`, `question_id`, `prop`, `value`) VALUES ('423dae8eecd20d5bf9fecd4966e3f150', '27', 'text', '1. MAKLUMAT PEMOHON');
REPLACE INTO `question_properties` (`form_id`, `question_id`, `prop`, `value`) VALUES ('423dae8eecd20d5bf9fecd4966e3f150', '28', 'text', '>undefined<');
REPLACE INTO `question_properties` (`form_id`, `question_id`, `prop`, `value`) VALUES ('423dae8eecd20d5bf9fecd4966e3f150', '28', 'value', NULL);
REPLACE INTO `question_properties` (`form_id`, `question_id`, `prop`, `value`) VALUES ('423dae8eecd20d5bf9fecd4966e3f150', '29', 'text', '2. PEKERJAAN');
REPLACE INTO `question_properties` (`form_id`, `question_id`, `prop`, `value`) VALUES ('423dae8eecd20d5bf9fecd4966e3f150', '30', 'text', '>undefined<');
REPLACE INTO `question_properties` (`form_id`, `question_id`, `prop`, `value`) VALUES ('423dae8eecd20d5bf9fecd4966e3f150', '30', 'value', NULL);
REPLACE INTO `question_properties` (`form_id`, `question_id`, `prop`, `value`) VALUES ('423dae8eecd20d5bf9fecd4966e3f150', '31', 'desc', NULL);
REPLACE INTO `question_properties` (`form_id`, `question_id`, `prop`, `value`) VALUES ('423dae8eecd20d5bf9fecd4966e3f150', '31', 'options', 'RM6,500.00 ke atas<br>RM5,500.00 - RM6,499.00<br>RM4,500.00 - RM5,499.00<br>RM3,500.00 - RM4,499.00<br>RM3,000.00 - RM3,499.00<br>RM2,500.00 - RM2,999.00<br>RM2,000.00 - RM2,499.00<br>RM1,500.00 - RM1,999.00<br>RM1,200.00 - RM1,499.00<br>Bawah RM1,199.00');
REPLACE INTO `question_properties` (`form_id`, `question_id`, `prop`, `value`) VALUES ('423dae8eecd20d5bf9fecd4966e3f150', '31', 'required', 'yes');
REPLACE INTO `question_properties` (`form_id`, `question_id`, `prop`, `value`) VALUES ('423dae8eecd20d5bf9fecd4966e3f150', '31', 'size', '1');
REPLACE INTO `question_properties` (`form_id`, `question_id`, `prop`, `value`) VALUES ('423dae8eecd20d5bf9fecd4966e3f150', '31', 'special', 'none');
REPLACE INTO `question_properties` (`form_id`, `question_id`, `prop`, `value`) VALUES ('423dae8eecd20d5bf9fecd4966e3f150', '31', 'text', 'Pendapatan Bulanan');
REPLACE INTO `question_properties` (`form_id`, `question_id`, `prop`, `value`) VALUES ('423dae8eecd20d5bf9fecd4966e3f150', '32', 'cols', '36');
REPLACE INTO `question_properties` (`form_id`, `question_id`, `prop`, `value`) VALUES ('423dae8eecd20d5bf9fecd4966e3f150', '32', 'desc', NULL);
REPLACE INTO `question_properties` (`form_id`, `question_id`, `prop`, `value`) VALUES ('423dae8eecd20d5bf9fecd4966e3f150', '32', 'required', 'no');
REPLACE INTO `question_properties` (`form_id`, `question_id`, `prop`, `value`) VALUES ('423dae8eecd20d5bf9fecd4966e3f150', '32', 'rows', '8');
REPLACE INTO `question_properties` (`form_id`, `question_id`, `prop`, `value`) VALUES ('423dae8eecd20d5bf9fecd4966e3f150', '32', 'text', 'Alamat Majikan');
REPLACE INTO `question_properties` (`form_id`, `question_id`, `prop`, `value`) VALUES ('423dae8eecd20d5bf9fecd4966e3f150', '32', 'validation', 'no');
REPLACE INTO `question_properties` (`form_id`, `question_id`, `prop`, `value`) VALUES ('423dae8eecd20d5bf9fecd4966e3f150', '33', 'text', '>undefined<');
REPLACE INTO `question_properties` (`form_id`, `question_id`, `prop`, `value`) VALUES ('423dae8eecd20d5bf9fecd4966e3f150', '33', 'value', NULL);
REPLACE INTO `question_properties` (`form_id`, `question_id`, `prop`, `value`) VALUES ('423dae8eecd20d5bf9fecd4966e3f150', '34', 'text', '3. JENIS LOT RUMAH / BANGUNAN YANG DIPOHON');
REPLACE INTO `question_properties` (`form_id`, `question_id`, `prop`, `value`) VALUES ('423dae8eecd20d5bf9fecd4966e3f150', '35', 'desc', NULL);
REPLACE INTO `question_properties` (`form_id`, `question_id`, `prop`, `value`) VALUES ('423dae8eecd20d5bf9fecd4966e3f150', '35', 'options', 'Tepi<br>Tengah');
REPLACE INTO `question_properties` (`form_id`, `question_id`, `prop`, `value`) VALUES ('423dae8eecd20d5bf9fecd4966e3f150', '35', 'required', 'yes');
REPLACE INTO `question_properties` (`form_id`, `question_id`, `prop`, `value`) VALUES ('423dae8eecd20d5bf9fecd4966e3f150', '35', 'size', '1');
REPLACE INTO `question_properties` (`form_id`, `question_id`, `prop`, `value`) VALUES ('423dae8eecd20d5bf9fecd4966e3f150', '35', 'special', 'none');
REPLACE INTO `question_properties` (`form_id`, `question_id`, `prop`, `value`) VALUES ('423dae8eecd20d5bf9fecd4966e3f150', '35', 'text', 'Jenis Lot');
REPLACE INTO `question_properties` (`form_id`, `question_id`, `prop`, `value`) VALUES ('423dae8eecd20d5bf9fecd4966e3f150', '36', 'text', '>undefined<');
REPLACE INTO `question_properties` (`form_id`, `question_id`, `prop`, `value`) VALUES ('423dae8eecd20d5bf9fecd4966e3f150', '36', 'value', NULL);
REPLACE INTO `question_properties` (`form_id`, `question_id`, `prop`, `value`) VALUES ('423dae8eecd20d5bf9fecd4966e3f150', '37', 'text', '4. CARA PEMBAYARAN');
REPLACE INTO `question_properties` (`form_id`, `question_id`, `prop`, `value`) VALUES ('423dae8eecd20d5bf9fecd4966e3f150', '38', 'checked', 'no');
REPLACE INTO `question_properties` (`form_id`, `question_id`, `prop`, `value`) VALUES ('423dae8eecd20d5bf9fecd4966e3f150', '38', 'desc', NULL);
REPLACE INTO `question_properties` (`form_id`, `question_id`, `prop`, `value`) VALUES ('423dae8eecd20d5bf9fecd4966e3f150', '38', 'options', 'Institusi Kewangan / Bank<br>Kerajaan<br>Majikan<br>Tunai<br>Lain-lain');
REPLACE INTO `question_properties` (`form_id`, `question_id`, `prop`, `value`) VALUES ('423dae8eecd20d5bf9fecd4966e3f150', '38', 'required', 'yes');
REPLACE INTO `question_properties` (`form_id`, `question_id`, `prop`, `value`) VALUES ('423dae8eecd20d5bf9fecd4966e3f150', '38', 'text', 'Pinjaman Perumahan');
REPLACE INTO `question_properties` (`form_id`, `question_id`, `prop`, `value`) VALUES ('423dae8eecd20d5bf9fecd4966e3f150', '39', 'desc', NULL);
REPLACE INTO `question_properties` (`form_id`, `question_id`, `prop`, `value`) VALUES ('423dae8eecd20d5bf9fecd4966e3f150', '39', 'extensions', 'doc, docx, xls, xlsx, pdf, ppt, pptx, txt, html, htm, rtf, pps, ppsx, zip, tar, gzip, bzip, sit, dmg, jpg, jpeg, gif, png, asf, asx, flv, h264, mov, mp3, mp4, swf, wax, wma, wmv, wvx, wpl, xspf');
REPLACE INTO `question_properties` (`form_id`, `question_id`, `prop`, `value`) VALUES ('423dae8eecd20d5bf9fecd4966e3f150', '39', 'maxsize', '5000');
REPLACE INTO `question_properties` (`form_id`, `question_id`, `prop`, `value`) VALUES ('423dae8eecd20d5bf9fecd4966e3f150', '39', 'required', 'no');
REPLACE INTO `question_properties` (`form_id`, `question_id`, `prop`, `value`) VALUES ('423dae8eecd20d5bf9fecd4966e3f150', '39', 'text', 'Slip Gaji Terkini');
REPLACE INTO `question_properties` (`form_id`, `question_id`, `prop`, `value`) VALUES ('423dae8eecd20d5bf9fecd4966e3f150', '40', 'desc', NULL);
REPLACE INTO `question_properties` (`form_id`, `question_id`, `prop`, `value`) VALUES ('423dae8eecd20d5bf9fecd4966e3f150', '40', 'text', 'Pengesahan');
REPLACE INTO `question_properties` (`form_id`, `question_id`, `prop`, `value`) VALUES ('423dae8eecd20d5bf9fecd4966e3f150', '41', 'text', '>undefined<');
REPLACE INTO `question_properties` (`form_id`, `question_id`, `prop`, `value`) VALUES ('423dae8eecd20d5bf9fecd4966e3f150', '41', 'value', NULL);
REPLACE INTO `question_properties` (`form_id`, `question_id`, `prop`, `value`) VALUES ('423dae8eecd20d5bf9fecd4966e3f150', '42', 'text', '>undefined<');
REPLACE INTO `question_properties` (`form_id`, `question_id`, `prop`, `value`) VALUES ('423dae8eecd20d5bf9fecd4966e3f150', '42', 'value', NULL);
REPLACE INTO `question_properties` (`form_id`, `question_id`, `prop`, `value`) VALUES ('423dae8eecd20d5bf9fecd4966e3f150', '43', 'text', '>undefined<');
REPLACE INTO `question_properties` (`form_id`, `question_id`, `prop`, `value`) VALUES ('423dae8eecd20d5bf9fecd4966e3f150', '43', 'value', NULL);
REPLACE INTO `question_properties` (`form_id`, `question_id`, `prop`, `value`) VALUES ('423dae8eecd20d5bf9fecd4966e3f150', '44', 'text', 'NOTA : [1. KOPERAT berhak menolak pendaftaran jika maklumat tidak lengkap / tepat.] [2. KOPERAT berhad membatalkan pendaftaran selepas 6 bulan tanpa notis.] [3. Harga adalah tertakluk kepada pindaan terakhir.]');
REPLACE INTO `question_properties` (`form_id`, `question_id`, `prop`, `value`) VALUES ('423dae8eecd20d5bf9fecd4966e3f150', '45', 'text', '>undefined<');
REPLACE INTO `question_properties` (`form_id`, `question_id`, `prop`, `value`) VALUES ('423dae8eecd20d5bf9fecd4966e3f150', '45', 'value', NULL);
REPLACE INTO `question_properties` (`form_id`, `question_id`, `prop`, `value`) VALUES ('423dae8eecd20d5bf9fecd4966e3f150', '999', 'alignment', 'default');
REPLACE INTO `question_properties` (`form_id`, `question_id`, `prop`, `value`) VALUES ('423dae8eecd20d5bf9fecd4966e3f150', '999', 'background', 'white');
REPLACE INTO `question_properties` (`form_id`, `question_id`, `prop`, `value`) VALUES ('423dae8eecd20d5bf9fecd4966e3f150', '999', 'conf_body', 'Thanks for submitting our form, we will get back to you as soon as possible.');
REPLACE INTO `question_properties` (`form_id`, `question_id`, `prop`, `value`) VALUES ('423dae8eecd20d5bf9fecd4966e3f150', '999', 'conf_send', 'no');
REPLACE INTO `question_properties` (`form_id`, `question_id`, `prop`, `value`) VALUES ('423dae8eecd20d5bf9fecd4966e3f150', '999', 'conf_subj', 'Borang TKP Fasa 1G');
REPLACE INTO `question_properties` (`form_id`, `question_id`, `prop`, `value`) VALUES ('423dae8eecd20d5bf9fecd4966e3f150', '999', 'disabled', 'Enabled');
REPLACE INTO `question_properties` (`form_id`, `question_id`, `prop`, `value`) VALUES ('423dae8eecd20d5bf9fecd4966e3f150', '999', 'email', 'yes');
REPLACE INTO `question_properties` (`form_id`, `question_id`, `prop`, `value`) VALUES ('423dae8eecd20d5bf9fecd4966e3f150', '999', 'email_addr', 'sales@koperat.com.my');
REPLACE INTO `question_properties` (`form_id`, `question_id`, `prop`, `value`) VALUES ('423dae8eecd20d5bf9fecd4966e3f150', '999', 'ext_sendpostdata', 'no');
REPLACE INTO `question_properties` (`form_id`, `question_id`, `prop`, `value`) VALUES ('423dae8eecd20d5bf9fecd4966e3f150', '999', 'font', 'Verdana');
REPLACE INTO `question_properties` (`form_id`, `question_id`, `prop`, `value`) VALUES ('423dae8eecd20d5bf9fecd4966e3f150', '999', 'fontcolor', '#48345a');
REPLACE INTO `question_properties` (`form_id`, `question_id`, `prop`, `value`) VALUES ('423dae8eecd20d5bf9fecd4966e3f150', '999', 'fontsize', '12');
REPLACE INTO `question_properties` (`form_id`, `question_id`, `prop`, `value`) VALUES ('423dae8eecd20d5bf9fecd4966e3f150', '999', 'not_subj', 'New Submission: {qForm Title}');
REPLACE INTO `question_properties` (`form_id`, `question_id`, `prop`, `value`) VALUES ('423dae8eecd20d5bf9fecd4966e3f150', '999', 'rvcolor', 'JF062.ini.php');
REPLACE INTO `question_properties` (`form_id`, `question_id`, `prop`, `value`) VALUES ('423dae8eecd20d5bf9fecd4966e3f150', '999', 'sendpostdata', 'yes');
REPLACE INTO `question_properties` (`form_id`, `question_id`, `prop`, `value`) VALUES ('423dae8eecd20d5bf9fecd4966e3f150', '999', 'spamcheck', 'Enabled');
REPLACE INTO `question_properties` (`form_id`, `question_id`, `prop`, `value`) VALUES ('423dae8eecd20d5bf9fecd4966e3f150', '999', 'thanktext', '<div>\n<div>\n<div>Terima kasih atas pengisian. Pihak KOPERAT akan memproses permohonan Anda.</div></div>\n<div>\n<div>&nbsp;</div></div>\n<div>\n<div>\n<div><strong><font color=\"#ff00aa\">Sila hantarkan</font></strong> 2 salinan dokuken-dokumen berikut ke pejabat kami dengan segera;</div>\n<div>Sekiranya Permohonan Anda Berjaya.&nbsp; </div>\n<div>(Nyatakan Projek / Kategori Rumah yang dipohon)<br />\n<br />\n&nbsp;<br />\na) Salinan Kad Pengenalan.<br />\n&nbsp;<br />\nb) Slip Gaji 6 bulan terkini ( pinjaman Bank / Kerajaan ).<br />\n&nbsp;<br />\nc) Surat Pengesahan Jawatan ( pinjaman Bank )<br />\n&nbsp;<br />\nd) Surat Pengesahan Perkhidmatan ( pinjaman Kerajaan ).<br />\n&nbsp;<br />\ne) Surat Pengesahan Lantikan ( pinjaman Kerajaan ).<br />\n<br />f) Surat Iringan - mengikut format ( pinjaman Kerajaan ).<br />\n&nbsp;<br />\ng) Borang EA/Cukai Pendapatan LHDN beserta resit bayaran ( pinjaman Bank / Berniaga ).<br />\n&nbsp;<br />\nh) Salinan Penyata Akaun Bank 6 bulan terkini ( pinjaman Bank / Kerajaan / Berniaga ).<br />\n&nbsp;<br />\ni) Pendaftaran Perniagaan ( pinjaman Bank / Berniaga ).<br />\n&nbsp;<br />\nj) Penyata Bank Syarikat 6 bulan terkini ( pinjaman Bank / Berniaga ).<br />\n&nbsp;<br />\nk) Penyata KWSP terkini ( pinjaman Bank ).<br />\n<br />l) Lain-lain dokumen, jika berkaitan.<br />\n&nbsp;<br />\n<br /><br />\n* <strong><font color=\"#ff0000\">Sila Pastikan</font></strong> <u><font color=\"#aa00ff\">E-mail dan Maklumat</font></u> Anda Adalah Betul Untuk Penerimaan Maklumbalas Daripada KOPERAT.<br />\n&nbsp;<br />\n&nbsp;<br />\n<br />Makluman Lanjut Sila Hubungi, Hantar @ Fax kan Borang anda ke;<br />\n&nbsp;<br />\n<strong>KONSORTIUM PERUMAHAN RAKYAT TERENGGANU SDN. BHD.<br />\n</strong><br />\nWisma GPQ, Lot 4564, Tingkat 1 &amp; 2<br />\n<br />Desa MPKT, Chendering, 21080 Kuala Terengganu<br />\n<br />Tel : 09-617 3405 / 617 6405&nbsp;&nbsp;&nbsp; Fax : 09-617 7404<br />\n<br />Website : <a href=\"http://www.koperat.com.my/\" title=\"\" target=\"_blank\"><strong>www.koperat.com.my</strong></a><br />\n<br />Page : <strong><a href=\"http://www.facebook.com/pages/Koperat/197111670306770\" title=\"\" target=\"_blank\">facebook.com / koperat</a></strong><br />\n<br />Email : koperat96@gmail.com<br />\n&nbsp;<br />\n&nbsp; </div></div></div></div>');
REPLACE INTO `question_properties` (`form_id`, `question_id`, `prop`, `value`) VALUES ('423dae8eecd20d5bf9fecd4966e3f150', '999', 'theme', 'Default');
REPLACE INTO `question_properties` (`form_id`, `question_id`, `prop`, `value`) VALUES ('423dae8eecd20d5bf9fecd4966e3f150', '999', 'use_buildin_formmail', 'yes');
REPLACE INTO `question_properties` (`form_id`, `question_id`, `prop`, `value`) VALUES ('423dae8eecd20d5bf9fecd4966e3f150', '999', 'width', '100%');
REPLACE INTO `question_utf8` (`form_id`, `utf8format`) VALUES ('423dae8eecd20d5bf9fecd4966e3f150', '1');
REPLACE INTO `forms` (`id`, `username`, `title`, `height`, `status`) VALUES ('aec53ec4397fdc8e546a0903a802ec23', 'a7ec09dce63b814be39611d58a2e3078', 'contact us', '1767', 'undefined');
REPLACE INTO `questions` (`form_id`, `id`, `order`, `type`) VALUES ('aec53ec4397fdc8e546a0903a802ec23', '0', '8', 'control_textbox');
REPLACE INTO `questions` (`form_id`, `id`, `order`, `type`) VALUES ('aec53ec4397fdc8e546a0903a802ec23', '1', '10', 'control_textbox');
REPLACE INTO `questions` (`form_id`, `id`, `order`, `type`) VALUES ('aec53ec4397fdc8e546a0903a802ec23', '2', '17', 'control_textbox');
REPLACE INTO `questions` (`form_id`, `id`, `order`, `type`) VALUES ('aec53ec4397fdc8e546a0903a802ec23', '7', '9', 'control_textarea');
REPLACE INTO `questions` (`form_id`, `id`, `order`, `type`) VALUES ('aec53ec4397fdc8e546a0903a802ec23', '8', '39', 'control_button');
REPLACE INTO `questions` (`form_id`, `id`, `order`, `type`) VALUES ('aec53ec4397fdc8e546a0903a802ec23', '12', '15', 'control_textbox');
REPLACE INTO `questions` (`form_id`, `id`, `order`, `type`) VALUES ('aec53ec4397fdc8e546a0903a802ec23', '13', '1', 'control_head');
REPLACE INTO `questions` (`form_id`, `id`, `order`, `type`) VALUES ('aec53ec4397fdc8e546a0903a802ec23', '14', '2', 'control_text');
REPLACE INTO `questions` (`form_id`, `id`, `order`, `type`) VALUES ('aec53ec4397fdc8e546a0903a802ec23', '15', '3', 'control_text');
REPLACE INTO `questions` (`form_id`, `id`, `order`, `type`) VALUES ('aec53ec4397fdc8e546a0903a802ec23', '16', '4', 'control_text');
REPLACE INTO `questions` (`form_id`, `id`, `order`, `type`) VALUES ('aec53ec4397fdc8e546a0903a802ec23', '17', '5', 'control_text');
REPLACE INTO `questions` (`form_id`, `id`, `order`, `type`) VALUES ('aec53ec4397fdc8e546a0903a802ec23', '18', '22', 'control_textbox');
REPLACE INTO `questions` (`form_id`, `id`, `order`, `type`) VALUES ('aec53ec4397fdc8e546a0903a802ec23', '19', '24', 'control_textbox');
REPLACE INTO `questions` (`form_id`, `id`, `order`, `type`) VALUES ('aec53ec4397fdc8e546a0903a802ec23', '20', '20', 'control_textbox');
REPLACE INTO `questions` (`form_id`, `id`, `order`, `type`) VALUES ('aec53ec4397fdc8e546a0903a802ec23', '21', '28', 'control_textbox');
REPLACE INTO `questions` (`form_id`, `id`, `order`, `type`) VALUES ('aec53ec4397fdc8e546a0903a802ec23', '22', '11', 'control_dropdown');
REPLACE INTO `questions` (`form_id`, `id`, `order`, `type`) VALUES ('aec53ec4397fdc8e546a0903a802ec23', '23', '16', 'control_textbox');
REPLACE INTO `questions` (`form_id`, `id`, `order`, `type`) VALUES ('aec53ec4397fdc8e546a0903a802ec23', '24', '12', 'control_dropdown');
REPLACE INTO `questions` (`form_id`, `id`, `order`, `type`) VALUES ('aec53ec4397fdc8e546a0903a802ec23', '25', '14', 'control_dropdown');
REPLACE INTO `questions` (`form_id`, `id`, `order`, `type`) VALUES ('aec53ec4397fdc8e546a0903a802ec23', '26', '13', 'control_dropdown');
REPLACE INTO `questions` (`form_id`, `id`, `order`, `type`) VALUES ('aec53ec4397fdc8e546a0903a802ec23', '27', '7', 'control_text');
REPLACE INTO `questions` (`form_id`, `id`, `order`, `type`) VALUES ('aec53ec4397fdc8e546a0903a802ec23', '28', '6', 'control_hidden');
REPLACE INTO `questions` (`form_id`, `id`, `order`, `type`) VALUES ('aec53ec4397fdc8e546a0903a802ec23', '29', '19', 'control_text');
REPLACE INTO `questions` (`form_id`, `id`, `order`, `type`) VALUES ('aec53ec4397fdc8e546a0903a802ec23', '30', '18', 'control_hidden');
REPLACE INTO `questions` (`form_id`, `id`, `order`, `type`) VALUES ('aec53ec4397fdc8e546a0903a802ec23', '31', '21', 'control_dropdown');
REPLACE INTO `questions` (`form_id`, `id`, `order`, `type`) VALUES ('aec53ec4397fdc8e546a0903a802ec23', '32', '23', 'control_textarea');
REPLACE INTO `questions` (`form_id`, `id`, `order`, `type`) VALUES ('aec53ec4397fdc8e546a0903a802ec23', '33', '25', 'control_hidden');
REPLACE INTO `questions` (`form_id`, `id`, `order`, `type`) VALUES ('aec53ec4397fdc8e546a0903a802ec23', '34', '26', 'control_text');
REPLACE INTO `questions` (`form_id`, `id`, `order`, `type`) VALUES ('aec53ec4397fdc8e546a0903a802ec23', '35', '27', 'control_dropdown');
REPLACE INTO `questions` (`form_id`, `id`, `order`, `type`) VALUES ('aec53ec4397fdc8e546a0903a802ec23', '36', '29', 'control_hidden');
REPLACE INTO `questions` (`form_id`, `id`, `order`, `type`) VALUES ('aec53ec4397fdc8e546a0903a802ec23', '37', '30', 'control_text');
REPLACE INTO `questions` (`form_id`, `id`, `order`, `type`) VALUES ('aec53ec4397fdc8e546a0903a802ec23', '38', '31', 'control_checkbox');
REPLACE INTO `questions` (`form_id`, `id`, `order`, `type`) VALUES ('aec53ec4397fdc8e546a0903a802ec23', '39', '33', 'control_fileupload');
REPLACE INTO `questions` (`form_id`, `id`, `order`, `type`) VALUES ('aec53ec4397fdc8e546a0903a802ec23', '40', '37', 'control_captcha');
REPLACE INTO `questions` (`form_id`, `id`, `order`, `type`) VALUES ('aec53ec4397fdc8e546a0903a802ec23', '41', '32', 'control_hidden');
REPLACE INTO `questions` (`form_id`, `id`, `order`, `type`) VALUES ('aec53ec4397fdc8e546a0903a802ec23', '42', '34', 'control_hidden');
REPLACE INTO `questions` (`form_id`, `id`, `order`, `type`) VALUES ('aec53ec4397fdc8e546a0903a802ec23', '43', '38', 'control_hidden');
REPLACE INTO `questions` (`form_id`, `id`, `order`, `type`) VALUES ('aec53ec4397fdc8e546a0903a802ec23', '44', '35', 'control_text');
REPLACE INTO `questions` (`form_id`, `id`, `order`, `type`) VALUES ('aec53ec4397fdc8e546a0903a802ec23', '45', '36', 'control_hidden');
REPLACE INTO `question_properties` (`form_id`, `question_id`, `prop`, `value`) VALUES ('aec53ec4397fdc8e546a0903a802ec23', '0', 'desc', NULL);
REPLACE INTO `question_properties` (`form_id`, `question_id`, `prop`, `value`) VALUES ('aec53ec4397fdc8e546a0903a802ec23', '0', 'maxsize', '100');
REPLACE INTO `question_properties` (`form_id`, `question_id`, `prop`, `value`) VALUES ('aec53ec4397fdc8e546a0903a802ec23', '0', 'required', 'yes');
REPLACE INTO `question_properties` (`form_id`, `question_id`, `prop`, `value`) VALUES ('aec53ec4397fdc8e546a0903a802ec23', '0', 'senderemail', 'no');
REPLACE INTO `question_properties` (`form_id`, `question_id`, `prop`, `value`) VALUES ('aec53ec4397fdc8e546a0903a802ec23', '0', 'size', '48');
REPLACE INTO `question_properties` (`form_id`, `question_id`, `prop`, `value`) VALUES ('aec53ec4397fdc8e546a0903a802ec23', '0', 'text', 'Nama Penuh');
REPLACE INTO `question_properties` (`form_id`, `question_id`, `prop`, `value`) VALUES ('aec53ec4397fdc8e546a0903a802ec23', '0', 'validation', 'no');
REPLACE INTO `question_properties` (`form_id`, `question_id`, `prop`, `value`) VALUES ('aec53ec4397fdc8e546a0903a802ec23', '1', 'desc', NULL);
REPLACE INTO `question_properties` (`form_id`, `question_id`, `prop`, `value`) VALUES ('aec53ec4397fdc8e546a0903a802ec23', '1', 'maxsize', '100');
REPLACE INTO `question_properties` (`form_id`, `question_id`, `prop`, `value`) VALUES ('aec53ec4397fdc8e546a0903a802ec23', '1', 'required', 'yes');
REPLACE INTO `question_properties` (`form_id`, `question_id`, `prop`, `value`) VALUES ('aec53ec4397fdc8e546a0903a802ec23', '1', 'senderemail', 'no');
REPLACE INTO `question_properties` (`form_id`, `question_id`, `prop`, `value`) VALUES ('aec53ec4397fdc8e546a0903a802ec23', '1', 'size', '20');
REPLACE INTO `question_properties` (`form_id`, `question_id`, `prop`, `value`) VALUES ('aec53ec4397fdc8e546a0903a802ec23', '1', 'text', 'No. K/P Pengenalan');
REPLACE INTO `question_properties` (`form_id`, `question_id`, `prop`, `value`) VALUES ('aec53ec4397fdc8e546a0903a802ec23', '1', 'validation', 'no');
REPLACE INTO `question_properties` (`form_id`, `question_id`, `prop`, `value`) VALUES ('aec53ec4397fdc8e546a0903a802ec23', '2', 'desc', NULL);
REPLACE INTO `question_properties` (`form_id`, `question_id`, `prop`, `value`) VALUES ('aec53ec4397fdc8e546a0903a802ec23', '2', 'maxsize', '100');
REPLACE INTO `question_properties` (`form_id`, `question_id`, `prop`, `value`) VALUES ('aec53ec4397fdc8e546a0903a802ec23', '2', 'required', 'yes');
REPLACE INTO `question_properties` (`form_id`, `question_id`, `prop`, `value`) VALUES ('aec53ec4397fdc8e546a0903a802ec23', '2', 'senderemail', 'no');
REPLACE INTO `question_properties` (`form_id`, `question_id`, `prop`, `value`) VALUES ('aec53ec4397fdc8e546a0903a802ec23', '2', 'size', '30');
REPLACE INTO `question_properties` (`form_id`, `question_id`, `prop`, `value`) VALUES ('aec53ec4397fdc8e546a0903a802ec23', '2', 'text', 'E-mail');
REPLACE INTO `question_properties` (`form_id`, `question_id`, `prop`, `value`) VALUES ('aec53ec4397fdc8e546a0903a802ec23', '2', 'validation', 'Email');
REPLACE INTO `question_properties` (`form_id`, `question_id`, `prop`, `value`) VALUES ('aec53ec4397fdc8e546a0903a802ec23', '7', 'cols', '36');
REPLACE INTO `question_properties` (`form_id`, `question_id`, `prop`, `value`) VALUES ('aec53ec4397fdc8e546a0903a802ec23', '7', 'desc', NULL);
REPLACE INTO `question_properties` (`form_id`, `question_id`, `prop`, `value`) VALUES ('aec53ec4397fdc8e546a0903a802ec23', '7', 'required', 'yes');
REPLACE INTO `question_properties` (`form_id`, `question_id`, `prop`, `value`) VALUES ('aec53ec4397fdc8e546a0903a802ec23', '7', 'rows', '8');
REPLACE INTO `question_properties` (`form_id`, `question_id`, `prop`, `value`) VALUES ('aec53ec4397fdc8e546a0903a802ec23', '7', 'text', 'Alamat Penuh');
REPLACE INTO `question_properties` (`form_id`, `question_id`, `prop`, `value`) VALUES ('aec53ec4397fdc8e546a0903a802ec23', '7', 'validation', 'no');
REPLACE INTO `question_properties` (`form_id`, `question_id`, `prop`, `value`) VALUES ('aec53ec4397fdc8e546a0903a802ec23', '8', 'clear', 'no');
REPLACE INTO `question_properties` (`form_id`, `question_id`, `prop`, `value`) VALUES ('aec53ec4397fdc8e546a0903a802ec23', '8', 'resettext', 'clear');
REPLACE INTO `question_properties` (`form_id`, `question_id`, `prop`, `value`) VALUES ('aec53ec4397fdc8e546a0903a802ec23', '8', 'submittext', 'Hantar');
REPLACE INTO `question_properties` (`form_id`, `question_id`, `prop`, `value`) VALUES ('aec53ec4397fdc8e546a0903a802ec23', '8', 'text', NULL);
REPLACE INTO `question_properties` (`form_id`, `question_id`, `prop`, `value`) VALUES ('aec53ec4397fdc8e546a0903a802ec23', '12', 'desc', NULL);
REPLACE INTO `question_properties` (`form_id`, `question_id`, `prop`, `value`) VALUES ('aec53ec4397fdc8e546a0903a802ec23', '12', 'maxsize', '100');
REPLACE INTO `question_properties` (`form_id`, `question_id`, `prop`, `value`) VALUES ('aec53ec4397fdc8e546a0903a802ec23', '12', 'required', 'yes');
REPLACE INTO `question_properties` (`form_id`, `question_id`, `prop`, `value`) VALUES ('aec53ec4397fdc8e546a0903a802ec23', '12', 'senderemail', 'no');
REPLACE INTO `question_properties` (`form_id`, `question_id`, `prop`, `value`) VALUES ('aec53ec4397fdc8e546a0903a802ec23', '12', 'size', '20');
REPLACE INTO `question_properties` (`form_id`, `question_id`, `prop`, `value`) VALUES ('aec53ec4397fdc8e546a0903a802ec23', '12', 'text', 'No. Telefon (HandPhone)');
REPLACE INTO `question_properties` (`form_id`, `question_id`, `prop`, `value`) VALUES ('aec53ec4397fdc8e546a0903a802ec23', '12', 'validation', 'no');
REPLACE INTO `question_properties` (`form_id`, `question_id`, `prop`, `value`) VALUES ('aec53ec4397fdc8e546a0903a802ec23', '13', 'text', 'TAMAN RAKYAT HARMONI');
REPLACE INTO `question_properties` (`form_id`, `question_id`, `prop`, `value`) VALUES ('aec53ec4397fdc8e546a0903a802ec23', '14', 'text', 'TAMAN RAKYAT HARMONI, JABI');
REPLACE INTO `question_properties` (`form_id`, `question_id`, `prop`, `value`) VALUES ('aec53ec4397fdc8e546a0903a802ec23', '15', 'text', 'BESUT, KUALA TERENGGANU');
REPLACE INTO `question_properties` (`form_id`, `question_id`, `prop`, `value`) VALUES ('aec53ec4397fdc8e546a0903a802ec23', '16', 'text', 'RUMAH TERES 1 TINGKAT - FASA IV');
REPLACE INTO `question_properties` (`form_id`, `question_id`, `prop`, `value`) VALUES ('aec53ec4397fdc8e546a0903a802ec23', '17', 'text', '[ RM 180,000.00 dan ke atas / unit (bergantung kepada keluasan tanah) ]');
REPLACE INTO `question_properties` (`form_id`, `question_id`, `prop`, `value`) VALUES ('aec53ec4397fdc8e546a0903a802ec23', '18', 'desc', NULL);
REPLACE INTO `question_properties` (`form_id`, `question_id`, `prop`, `value`) VALUES ('aec53ec4397fdc8e546a0903a802ec23', '18', 'maxsize', '100');
REPLACE INTO `question_properties` (`form_id`, `question_id`, `prop`, `value`) VALUES ('aec53ec4397fdc8e546a0903a802ec23', '18', 'required', 'no');
REPLACE INTO `question_properties` (`form_id`, `question_id`, `prop`, `value`) VALUES ('aec53ec4397fdc8e546a0903a802ec23', '18', 'senderemail', 'no');
REPLACE INTO `question_properties` (`form_id`, `question_id`, `prop`, `value`) VALUES ('aec53ec4397fdc8e546a0903a802ec23', '18', 'size', '48');
REPLACE INTO `question_properties` (`form_id`, `question_id`, `prop`, `value`) VALUES ('aec53ec4397fdc8e546a0903a802ec23', '18', 'text', 'Nama Majikan');
REPLACE INTO `question_properties` (`form_id`, `question_id`, `prop`, `value`) VALUES ('aec53ec4397fdc8e546a0903a802ec23', '18', 'validation', 'no');
REPLACE INTO `question_properties` (`form_id`, `question_id`, `prop`, `value`) VALUES ('aec53ec4397fdc8e546a0903a802ec23', '19', 'desc', NULL);
REPLACE INTO `question_properties` (`form_id`, `question_id`, `prop`, `value`) VALUES ('aec53ec4397fdc8e546a0903a802ec23', '19', 'maxsize', '100');
REPLACE INTO `question_properties` (`form_id`, `question_id`, `prop`, `value`) VALUES ('aec53ec4397fdc8e546a0903a802ec23', '19', 'required', 'no');
REPLACE INTO `question_properties` (`form_id`, `question_id`, `prop`, `value`) VALUES ('aec53ec4397fdc8e546a0903a802ec23', '19', 'senderemail', 'no');
REPLACE INTO `question_properties` (`form_id`, `question_id`, `prop`, `value`) VALUES ('aec53ec4397fdc8e546a0903a802ec23', '19', 'size', '20');
REPLACE INTO `question_properties` (`form_id`, `question_id`, `prop`, `value`) VALUES ('aec53ec4397fdc8e546a0903a802ec23', '19', 'text', 'No. Telefon Pejabat');
REPLACE INTO `question_properties` (`form_id`, `question_id`, `prop`, `value`) VALUES ('aec53ec4397fdc8e546a0903a802ec23', '19', 'validation', 'no');
REPLACE INTO `question_properties` (`form_id`, `question_id`, `prop`, `value`) VALUES ('aec53ec4397fdc8e546a0903a802ec23', '20', 'desc', NULL);
REPLACE INTO `question_properties` (`form_id`, `question_id`, `prop`, `value`) VALUES ('aec53ec4397fdc8e546a0903a802ec23', '20', 'maxsize', '100');
REPLACE INTO `question_properties` (`form_id`, `question_id`, `prop`, `value`) VALUES ('aec53ec4397fdc8e546a0903a802ec23', '20', 'required', 'no');
REPLACE INTO `question_properties` (`form_id`, `question_id`, `prop`, `value`) VALUES ('aec53ec4397fdc8e546a0903a802ec23', '20', 'senderemail', 'no');
REPLACE INTO `question_properties` (`form_id`, `question_id`, `prop`, `value`) VALUES ('aec53ec4397fdc8e546a0903a802ec23', '20', 'size', '30');
REPLACE INTO `question_properties` (`form_id`, `question_id`, `prop`, `value`) VALUES ('aec53ec4397fdc8e546a0903a802ec23', '20', 'text', 'Jawatan Pemohon');
REPLACE INTO `question_properties` (`form_id`, `question_id`, `prop`, `value`) VALUES ('aec53ec4397fdc8e546a0903a802ec23', '20', 'validation', 'no');
REPLACE INTO `question_properties` (`form_id`, `question_id`, `prop`, `value`) VALUES ('aec53ec4397fdc8e546a0903a802ec23', '21', 'desc', NULL);
REPLACE INTO `question_properties` (`form_id`, `question_id`, `prop`, `value`) VALUES ('aec53ec4397fdc8e546a0903a802ec23', '21', 'maxsize', '100');
REPLACE INTO `question_properties` (`form_id`, `question_id`, `prop`, `value`) VALUES ('aec53ec4397fdc8e546a0903a802ec23', '21', 'required', 'no');
REPLACE INTO `question_properties` (`form_id`, `question_id`, `prop`, `value`) VALUES ('aec53ec4397fdc8e546a0903a802ec23', '21', 'senderemail', 'no');
REPLACE INTO `question_properties` (`form_id`, `question_id`, `prop`, `value`) VALUES ('aec53ec4397fdc8e546a0903a802ec23', '21', 'size', '20');
REPLACE INTO `question_properties` (`form_id`, `question_id`, `prop`, `value`) VALUES ('aec53ec4397fdc8e546a0903a802ec23', '21', 'text', 'Nombor Lot / PT');
REPLACE INTO `question_properties` (`form_id`, `question_id`, `prop`, `value`) VALUES ('aec53ec4397fdc8e546a0903a802ec23', '21', 'validation', 'no');
REPLACE INTO `question_properties` (`form_id`, `question_id`, `prop`, `value`) VALUES ('aec53ec4397fdc8e546a0903a802ec23', '22', 'desc', NULL);
REPLACE INTO `question_properties` (`form_id`, `question_id`, `prop`, `value`) VALUES ('aec53ec4397fdc8e546a0903a802ec23', '22', 'options', 'Lelaki<br>Perempuan<br>');
REPLACE INTO `question_properties` (`form_id`, `question_id`, `prop`, `value`) VALUES ('aec53ec4397fdc8e546a0903a802ec23', '22', 'required', 'yes');
REPLACE INTO `question_properties` (`form_id`, `question_id`, `prop`, `value`) VALUES ('aec53ec4397fdc8e546a0903a802ec23', '22', 'size', '1');
REPLACE INTO `question_properties` (`form_id`, `question_id`, `prop`, `value`) VALUES ('aec53ec4397fdc8e546a0903a802ec23', '22', 'special', 'none');
REPLACE INTO `question_properties` (`form_id`, `question_id`, `prop`, `value`) VALUES ('aec53ec4397fdc8e546a0903a802ec23', '22', 'text', 'Jantina');
REPLACE INTO `question_properties` (`form_id`, `question_id`, `prop`, `value`) VALUES ('aec53ec4397fdc8e546a0903a802ec23', '23', 'desc', NULL);
REPLACE INTO `question_properties` (`form_id`, `question_id`, `prop`, `value`) VALUES ('aec53ec4397fdc8e546a0903a802ec23', '23', 'maxsize', '100');
REPLACE INTO `question_properties` (`form_id`, `question_id`, `prop`, `value`) VALUES ('aec53ec4397fdc8e546a0903a802ec23', '23', 'required', 'yes');
REPLACE INTO `question_properties` (`form_id`, `question_id`, `prop`, `value`) VALUES ('aec53ec4397fdc8e546a0903a802ec23', '23', 'senderemail', 'no');
REPLACE INTO `question_properties` (`form_id`, `question_id`, `prop`, `value`) VALUES ('aec53ec4397fdc8e546a0903a802ec23', '23', 'size', '20');
REPLACE INTO `question_properties` (`form_id`, `question_id`, `prop`, `value`) VALUES ('aec53ec4397fdc8e546a0903a802ec23', '23', 'text', 'No. Telefon (Rumah/tetap)');
REPLACE INTO `question_properties` (`form_id`, `question_id`, `prop`, `value`) VALUES ('aec53ec4397fdc8e546a0903a802ec23', '23', 'validation', 'no');
REPLACE INTO `question_properties` (`form_id`, `question_id`, `prop`, `value`) VALUES ('aec53ec4397fdc8e546a0903a802ec23', '24', 'desc', NULL);
REPLACE INTO `question_properties` (`form_id`, `question_id`, `prop`, `value`) VALUES ('aec53ec4397fdc8e546a0903a802ec23', '24', 'options', 'Melayu<br>Cina<br>India<br>Lain-lain');
REPLACE INTO `question_properties` (`form_id`, `question_id`, `prop`, `value`) VALUES ('aec53ec4397fdc8e546a0903a802ec23', '24', 'required', 'yes');
REPLACE INTO `question_properties` (`form_id`, `question_id`, `prop`, `value`) VALUES ('aec53ec4397fdc8e546a0903a802ec23', '24', 'size', '1');
REPLACE INTO `question_properties` (`form_id`, `question_id`, `prop`, `value`) VALUES ('aec53ec4397fdc8e546a0903a802ec23', '24', 'special', 'none');
REPLACE INTO `question_properties` (`form_id`, `question_id`, `prop`, `value`) VALUES ('aec53ec4397fdc8e546a0903a802ec23', '24', 'text', 'Bangsa');
REPLACE INTO `question_properties` (`form_id`, `question_id`, `prop`, `value`) VALUES ('aec53ec4397fdc8e546a0903a802ec23', '25', 'desc', NULL);
REPLACE INTO `question_properties` (`form_id`, `question_id`, `prop`, `value`) VALUES ('aec53ec4397fdc8e546a0903a802ec23', '25', 'options', 'Bujang<br>Berkahwin<br>Lain-lain');
REPLACE INTO `question_properties` (`form_id`, `question_id`, `prop`, `value`) VALUES ('aec53ec4397fdc8e546a0903a802ec23', '25', 'required', 'yes');
REPLACE INTO `question_properties` (`form_id`, `question_id`, `prop`, `value`) VALUES ('aec53ec4397fdc8e546a0903a802ec23', '25', 'size', '1');
REPLACE INTO `question_properties` (`form_id`, `question_id`, `prop`, `value`) VALUES ('aec53ec4397fdc8e546a0903a802ec23', '25', 'special', 'none');
REPLACE INTO `question_properties` (`form_id`, `question_id`, `prop`, `value`) VALUES ('aec53ec4397fdc8e546a0903a802ec23', '25', 'text', 'Status Perkahwinan');
REPLACE INTO `question_properties` (`form_id`, `question_id`, `prop`, `value`) VALUES ('aec53ec4397fdc8e546a0903a802ec23', '26', 'desc', NULL);
REPLACE INTO `question_properties` (`form_id`, `question_id`, `prop`, `value`) VALUES ('aec53ec4397fdc8e546a0903a802ec23', '26', 'options', 'Warganegara<br>Bukan Warganegara');
REPLACE INTO `question_properties` (`form_id`, `question_id`, `prop`, `value`) VALUES ('aec53ec4397fdc8e546a0903a802ec23', '26', 'required', 'yes');
REPLACE INTO `question_properties` (`form_id`, `question_id`, `prop`, `value`) VALUES ('aec53ec4397fdc8e546a0903a802ec23', '26', 'size', '1');
REPLACE INTO `question_properties` (`form_id`, `question_id`, `prop`, `value`) VALUES ('aec53ec4397fdc8e546a0903a802ec23', '26', 'special', 'none');
REPLACE INTO `question_properties` (`form_id`, `question_id`, `prop`, `value`) VALUES ('aec53ec4397fdc8e546a0903a802ec23', '26', 'text', 'Warganegara');
REPLACE INTO `question_properties` (`form_id`, `question_id`, `prop`, `value`) VALUES ('aec53ec4397fdc8e546a0903a802ec23', '27', 'text', '1. MAKLUMAT PEMOHON');
REPLACE INTO `question_properties` (`form_id`, `question_id`, `prop`, `value`) VALUES ('aec53ec4397fdc8e546a0903a802ec23', '28', 'text', 'undefined');
REPLACE INTO `question_properties` (`form_id`, `question_id`, `prop`, `value`) VALUES ('aec53ec4397fdc8e546a0903a802ec23', '28', 'value', NULL);
REPLACE INTO `question_properties` (`form_id`, `question_id`, `prop`, `value`) VALUES ('aec53ec4397fdc8e546a0903a802ec23', '29', 'text', '2. PEKERJAAN');
REPLACE INTO `question_properties` (`form_id`, `question_id`, `prop`, `value`) VALUES ('aec53ec4397fdc8e546a0903a802ec23', '30', 'text', 'undefined');
REPLACE INTO `question_properties` (`form_id`, `question_id`, `prop`, `value`) VALUES ('aec53ec4397fdc8e546a0903a802ec23', '30', 'value', NULL);
REPLACE INTO `question_properties` (`form_id`, `question_id`, `prop`, `value`) VALUES ('aec53ec4397fdc8e546a0903a802ec23', '31', 'desc', NULL);
REPLACE INTO `question_properties` (`form_id`, `question_id`, `prop`, `value`) VALUES ('aec53ec4397fdc8e546a0903a802ec23', '31', 'options', 'RM6,500.00 ke atas<br>RM5,500.00 - RM6,499.00<br>RM4,500.00 - RM5,499.00<br>RM3,500.00 - RM4,499.00<br>RM3,000.00 - RM3,499.00<br>RM2,500.00 - RM2,999.00<br>RM2,000.00 - RM2,499.00<br>RM1,500.00 - RM1,999.00<br>RM1,200.00 - RM1,499.00<br>Bawah RM1,199.00');
REPLACE INTO `question_properties` (`form_id`, `question_id`, `prop`, `value`) VALUES ('aec53ec4397fdc8e546a0903a802ec23', '31', 'required', 'yes');
REPLACE INTO `question_properties` (`form_id`, `question_id`, `prop`, `value`) VALUES ('aec53ec4397fdc8e546a0903a802ec23', '31', 'size', '1');
REPLACE INTO `question_properties` (`form_id`, `question_id`, `prop`, `value`) VALUES ('aec53ec4397fdc8e546a0903a802ec23', '31', 'special', 'none');
REPLACE INTO `question_properties` (`form_id`, `question_id`, `prop`, `value`) VALUES ('aec53ec4397fdc8e546a0903a802ec23', '31', 'text', 'Pendapatan Bulanan');
REPLACE INTO `question_properties` (`form_id`, `question_id`, `prop`, `value`) VALUES ('aec53ec4397fdc8e546a0903a802ec23', '32', 'cols', '36');
REPLACE INTO `question_properties` (`form_id`, `question_id`, `prop`, `value`) VALUES ('aec53ec4397fdc8e546a0903a802ec23', '32', 'desc', NULL);
REPLACE INTO `question_properties` (`form_id`, `question_id`, `prop`, `value`) VALUES ('aec53ec4397fdc8e546a0903a802ec23', '32', 'required', 'no');
REPLACE INTO `question_properties` (`form_id`, `question_id`, `prop`, `value`) VALUES ('aec53ec4397fdc8e546a0903a802ec23', '32', 'rows', '8');
REPLACE INTO `question_properties` (`form_id`, `question_id`, `prop`, `value`) VALUES ('aec53ec4397fdc8e546a0903a802ec23', '32', 'text', 'Alamat Majikan');
REPLACE INTO `question_properties` (`form_id`, `question_id`, `prop`, `value`) VALUES ('aec53ec4397fdc8e546a0903a802ec23', '32', 'validation', 'no');
REPLACE INTO `question_properties` (`form_id`, `question_id`, `prop`, `value`) VALUES ('aec53ec4397fdc8e546a0903a802ec23', '33', 'text', 'undefined');
REPLACE INTO `question_properties` (`form_id`, `question_id`, `prop`, `value`) VALUES ('aec53ec4397fdc8e546a0903a802ec23', '33', 'value', NULL);
REPLACE INTO `question_properties` (`form_id`, `question_id`, `prop`, `value`) VALUES ('aec53ec4397fdc8e546a0903a802ec23', '34', 'text', '3. JENIS LOT RUMAH / BANGUNAN YANG DIPOHON');
REPLACE INTO `question_properties` (`form_id`, `question_id`, `prop`, `value`) VALUES ('aec53ec4397fdc8e546a0903a802ec23', '35', 'desc', NULL);
REPLACE INTO `question_properties` (`form_id`, `question_id`, `prop`, `value`) VALUES ('aec53ec4397fdc8e546a0903a802ec23', '35', 'options', 'Tepi<br>Tengah');
REPLACE INTO `question_properties` (`form_id`, `question_id`, `prop`, `value`) VALUES ('aec53ec4397fdc8e546a0903a802ec23', '35', 'required', 'yes');
REPLACE INTO `question_properties` (`form_id`, `question_id`, `prop`, `value`) VALUES ('aec53ec4397fdc8e546a0903a802ec23', '35', 'size', '1');
REPLACE INTO `question_properties` (`form_id`, `question_id`, `prop`, `value`) VALUES ('aec53ec4397fdc8e546a0903a802ec23', '35', 'special', 'none');
REPLACE INTO `question_properties` (`form_id`, `question_id`, `prop`, `value`) VALUES ('aec53ec4397fdc8e546a0903a802ec23', '35', 'text', 'Jenis Lot');
REPLACE INTO `question_properties` (`form_id`, `question_id`, `prop`, `value`) VALUES ('aec53ec4397fdc8e546a0903a802ec23', '36', 'text', 'undefined');
REPLACE INTO `question_properties` (`form_id`, `question_id`, `prop`, `value`) VALUES ('aec53ec4397fdc8e546a0903a802ec23', '36', 'value', NULL);
REPLACE INTO `question_properties` (`form_id`, `question_id`, `prop`, `value`) VALUES ('aec53ec4397fdc8e546a0903a802ec23', '37', 'text', '4. CARA PEMBAYARAN');
REPLACE INTO `question_properties` (`form_id`, `question_id`, `prop`, `value`) VALUES ('aec53ec4397fdc8e546a0903a802ec23', '38', 'checked', 'no');
REPLACE INTO `question_properties` (`form_id`, `question_id`, `prop`, `value`) VALUES ('aec53ec4397fdc8e546a0903a802ec23', '38', 'desc', NULL);
