REPLACE INTO `rvs_category` (`rvs_category_id`, `category_name`, `category_sh_name`) VALUES ('11', 'Home and Garden', 'hg');
REPLACE INTO `rvs_charset` (`charset_id`, `charset_name`, `charset_value`, `xml_lang`) VALUES ('17', 'english', 'iso-8859-15', 'en');
REPLACE INTO `rvs_color` (`color_id`, `color_name`, `color_code`) VALUES ('62', 'Purple', '800080');
REPLACE INTO `rvs_color_group` (`color_group_id`, `color_id`) VALUES ('11', '62');
REPLACE INTO `rvs_color_group_name` (`color_group_id`, `default_color_id`) VALUES ('11', '62');
REPLACE INTO `rvs_component` (`rvs_component_id`, `component_name`, `rvs_owner_usr_id`, `use_wysiwyg`) VALUES ('4a60683c1fd1e6c5ee8edd8f1e86673b', 'Online_Form', 'f6a41abef49a7160596442421bb1272e', '0');
REPLACE INTO `rvs_component` (`rvs_component_id`, `component_name`, `rvs_owner_usr_id`, `use_wysiwyg`) VALUES ('44216f06c0b1096ec740a04f3f6a512d', 'ComponentAndUserFramework', 'f6a41abef49a7160596442421bb1272e', '0');
REPLACE INTO `rvs_component_config` (`rvs_component_id`, `component_config`, `component_value`) VALUES ('4a60683c1fd1e6c5ee8edd8f1e86673b', 'active', '1');
REPLACE INTO `rvs_component_config` (`rvs_component_id`, `component_config`, `component_value`) VALUES ('4a60683c1fd1e6c5ee8edd8f1e86673b', 'isResellerConfig', '1');
REPLACE INTO `rvs_component_config` (`rvs_component_id`, `component_config`, `component_value`) VALUES ('4a60683c1fd1e6c5ee8edd8f1e86673b', 'isAdminActiveKey', '1');
REPLACE INTO `rvs_component_config` (`rvs_component_id`, `component_config`, `component_value`) VALUES ('4a60683c1fd1e6c5ee8edd8f1e86673b', 'active', '0');
REPLACE INTO `rvs_component_config` (`rvs_component_id`, `component_config`, `component_value`) VALUES ('4a60683c1fd1e6c5ee8edd8f1e86673b', 'isResellerConfig', '0');
REPLACE INTO `rvs_component_config` (`rvs_component_id`, `component_config`, `component_value`) VALUES ('4a60683c1fd1e6c5ee8edd8f1e86673b', 'isAdminActiveKey', '0');
REPLACE INTO `rvs_component_config` (`rvs_component_id`, `component_config`, `component_value`) VALUES ('44216f06c0b1096ec740a04f3f6a512d', 'active', '1');
REPLACE INTO `rvs_component_config` (`rvs_component_id`, `component_config`, `component_value`) VALUES ('44216f06c0b1096ec740a04f3f6a512d', 'isResellerConfig', '0');
REPLACE INTO `rvs_font` (`font_id`, `font_name`) VALUES ('12', 'Verdana');
REPLACE INTO `rvs_internal_page` (`internal_page_id`, `project_id`, `project_page_id`) VALUES ('f6fdaf0b8b00d9c2d7a379dfaaa04141', 'a7ec09dce63b814be39611d58a2e3078', 'e831ef54675ab8358c96828d6c51971d');
REPLACE INTO `rvs_internal_page` (`internal_page_id`, `project_id`, `project_page_id`) VALUES ('ed36578870f7d51ea92b81d40237695f', 'a7ec09dce63b814be39611d58a2e3078', '428bff34d4142fdc8280092be5baff29');
REPLACE INTO `rvs_internal_page` (`internal_page_id`, `project_id`, `project_page_id`) VALUES ('3687e0b3b04a1eef6d7b677aad511474', 'a7ec09dce63b814be39611d58a2e3078', 'fc709fb0f54a5cf1582071e3376e7f09');
REPLACE INTO `rvs_internal_page` (`internal_page_id`, `project_id`, `project_page_id`) VALUES ('e9e790fc9338c221024bf9d011cc7842', 'a7ec09dce63b814be39611d58a2e3078', '186bf122d32241f3d41c9b8c3acfff38');
REPLACE INTO `rvs_internal_page` (`internal_page_id`, `project_id`, `project_page_id`) VALUES ('1103260d788bca931629fa40d0d2eec7', 'a7ec09dce63b814be39611d58a2e3078', '1f57a4e8a81a2507530b50756e1fe057');
REPLACE INTO `rvs_internal_page` (`internal_page_id`, `project_id`, `project_page_id`) VALUES ('e897e70991b15db7ca13e50af8789b28', 'a7ec09dce63b814be39611d58a2e3078', '84bbbdf82535d0b77e1e6ac249a40bc0');
REPLACE INTO `rvs_internal_page` (`internal_page_id`, `project_id`, `project_page_id`) VALUES ('3f52c2d623b37379e5a60f1bf32832d1', 'a7ec09dce63b814be39611d58a2e3078', '1a00c688585e0515533775146b1fb1ca');
REPLACE INTO `rvs_internal_page` (`internal_page_id`, `project_id`, `project_page_id`) VALUES ('7df4299210cd933f1897669478538278', 'a7ec09dce63b814be39611d58a2e3078', '33c36e690064123fde93b1fd664a6e07');
REPLACE INTO `rvs_internal_page` (`internal_page_id`, `project_id`, `project_page_id`) VALUES ('d53ecc6ce008d54597092afe1db6e7a3', 'a7ec09dce63b814be39611d58a2e3078', '4cea5f385ab66f4e2702a6f86804ea0e');
REPLACE INTO `rvs_internal_page` (`internal_page_id`, `project_id`, `project_page_id`) VALUES ('64ff678256c7aada9dfb45793eb01fec', 'a7ec09dce63b814be39611d58a2e3078', '8e65f6ee065495fa2b4d5abd51002d6f');
REPLACE INTO `rvs_internal_page` (`internal_page_id`, `project_id`, `project_page_id`) VALUES ('84e15a592e31a38c0d74ab4145016a78', 'a7ec09dce63b814be39611d58a2e3078', '010f533e93c4dc887cbc9507a4ddcf37');
REPLACE INTO `rvs_internal_page` (`internal_page_id`, `project_id`, `project_page_id`) VALUES ('9e9cc76cfb1bfdae56e0dd75c092ad45', 'a7ec09dce63b814be39611d58a2e3078', '5f601eb34c394fbf815b478985f824d7');
REPLACE INTO `rvs_internal_page` (`internal_page_id`, `project_id`, `project_page_id`) VALUES ('987e3034a195d683c78ca52f0b864d38', 'a7ec09dce63b814be39611d58a2e3078', '4e5ca5d8aade5022f653e974f855db98');
REPLACE INTO `rvs_internal_page` (`internal_page_id`, `project_id`, `project_page_id`) VALUES ('4ac2f0afdd55330424588b27a87a5642', 'a7ec09dce63b814be39611d58a2e3078', '9d50c6508fe40b916a2e6b54dbe2cb09');
REPLACE INTO `rvs_internal_page` (`internal_page_id`, `project_id`, `project_page_id`) VALUES ('ef6bc21fd436b56a229cbfb93f1a919b', 'a7ec09dce63b814be39611d58a2e3078', '3b58dbed0c24985dcc097fac4df43a50');
REPLACE INTO `rvs_internal_page` (`internal_page_id`, `project_id`, `project_page_id`) VALUES ('7cd3c43bd0baed4f69e27ca3473ff205', 'a7ec09dce63b814be39611d58a2e3078', 'bdaeb9319e5482b1804fd5a36eddfd08');
REPLACE INTO `rvs_internal_page` (`internal_page_id`, `project_id`, `project_page_id`) VALUES ('71c3e640087521c866a23ad61598d783', 'a7ec09dce63b814be39611d58a2e3078', '000a9920a030a748155aa4c702454a61');
REPLACE INTO `rvs_internal_page` (`internal_page_id`, `project_id`, `project_page_id`) VALUES ('85db91a943c1bf0f109c5e616af96f2c', 'a7ec09dce63b814be39611d58a2e3078', '576b90475a2c47f5a42f6de8059d9011');
REPLACE INTO `rvs_internal_page` (`internal_page_id`, `project_id`, `project_page_id`) VALUES ('69e771c8f617381b7d747ede8877b5b5', 'a7ec09dce63b814be39611d58a2e3078', '63f7ca66f65f58fcdb6b291bfb8a6f0a');
REPLACE INTO `rvs_internal_page` (`internal_page_id`, `project_id`, `project_page_id`) VALUES ('ab259a7519d211054f70c1040a11e18a', 'a7ec09dce63b814be39611d58a2e3078', '6f99b9e05c49214cd307806a76e9aab6');
REPLACE INTO `rvs_internal_page` (`internal_page_id`, `project_id`, `project_page_id`) VALUES ('7990919fb47499a5be37e4a7cd53a7e8', 'a7ec09dce63b814be39611d58a2e3078', 'b6e48ffdb51555e2b7681f1fa70b414b');
REPLACE INTO `rvs_internal_page` (`internal_page_id`, `project_id`, `project_page_id`) VALUES ('3d3265e50ee18c28ea8aee83aed94567', 'a7ec09dce63b814be39611d58a2e3078', '5ee55ffa7860222db6e921d88ab641ed');
REPLACE INTO `rvs_internal_page` (`internal_page_id`, `project_id`, `project_page_id`) VALUES ('9dfe4ee7f72004baac248db4ac2951a7', 'a7ec09dce63b814be39611d58a2e3078', 'e6cdb1002445fa344b7f1d8223ae5fa9');
REPLACE INTO `rvs_internal_page` (`internal_page_id`, `project_id`, `project_page_id`) VALUES ('6a78440e2e6c31f2b169cf5f55051815', 'a7ec09dce63b814be39611d58a2e3078', '38a70ae64c54e4e43fa4f28f55505d6a');
REPLACE INTO `rvs_internal_page` (`internal_page_id`, `project_id`, `project_page_id`) VALUES ('ba9b885f5cf722716f393ee0280cb922', 'a7ec09dce63b814be39611d58a2e3078', '1b3b3584ef0f755cb061a74cd03a2c3a');
REPLACE INTO `rvs_internal_page` (`internal_page_id`, `project_id`, `project_page_id`) VALUES ('d5ab48a973ec0c4c9aeadeb22e474d04', 'a7ec09dce63b814be39611d58a2e3078', 'a74022a2edbb1b786b38c0bee4516f09');
REPLACE INTO `rvs_internal_page` (`internal_page_id`, `project_id`, `project_page_id`) VALUES ('fd0f76f2b15d50fa21c67523b18d1ea2', 'a7ec09dce63b814be39611d58a2e3078', 'd128a219654c00206c63f47126d897f1');
REPLACE INTO `rvs_internal_page` (`internal_page_id`, `project_id`, `project_page_id`) VALUES ('d5e60e206c4379c2ed6db2d1d63e0b11', 'a7ec09dce63b814be39611d58a2e3078', '11941c3eda57b190e08b8d7ae3c2f03d');
REPLACE INTO `rvs_internal_page` (`internal_page_id`, `project_id`, `project_page_id`) VALUES ('fd50a43c676f41d187a50379cbc1a2dc', 'a7ec09dce63b814be39611d58a2e3078', '6f126a8522a2b1ee3e8b3798dbff2cb5');
REPLACE INTO `rvs_internal_page` (`internal_page_id`, `project_id`, `project_page_id`) VALUES ('0914aaa3ca55b6b8034f92f08845cb3d', 'a7ec09dce63b814be39611d58a2e3078', '1b4cc54fb4570207b02d5efd07f9da03');
REPLACE INTO `rvs_internal_page` (`internal_page_id`, `project_id`, `project_page_id`) VALUES ('f3994fcfe5e58de965e1b6bf0e4062f2', 'a7ec09dce63b814be39611d58a2e3078', 'ba70572a21c19d18feed02746988972d');
REPLACE INTO `rvs_internal_page` (`internal_page_id`, `project_id`, `project_page_id`) VALUES ('ad1347130ac35ebb586dcadb750bb159', 'a7ec09dce63b814be39611d58a2e3078', '298eaa7b2a0353cdcfd12f4be456c917');
REPLACE INTO `rvs_internal_page` (`internal_page_id`, `project_id`, `project_page_id`) VALUES ('6d4edf75930726c9824c5f3019f32633', 'a7ec09dce63b814be39611d58a2e3078', '8bef1c67749e72d1aa83a14ef6f36a0b');
REPLACE INTO `rvs_internal_page` (`internal_page_id`, `project_id`, `project_page_id`) VALUES ('894aa0a29014ad0168e463586c1f4bfc', 'a7ec09dce63b814be39611d58a2e3078', '064b18139b76be58367afcee2adb6cdf');
REPLACE INTO `rvs_internal_page` (`internal_page_id`, `project_id`, `project_page_id`) VALUES ('fb0d994ed0039c212df310420975fa6c', 'a7ec09dce63b814be39611d58a2e3078', 'e874d2ecc0b7869fb5d6da560e804256');
REPLACE INTO `rvs_internal_page` (`internal_page_id`, `project_id`, `project_page_id`) VALUES ('a869fd4692e6d7dc4f86e2cdae6c7eaf', 'a7ec09dce63b814be39611d58a2e3078', 'f9ca3f49925860647b2ea2d157bd9eeb');
REPLACE INTO `rvs_internal_page` (`internal_page_id`, `project_id`, `project_page_id`) VALUES ('89cdd7be6fa7f246af7f422d1f5b899b', 'a7ec09dce63b814be39611d58a2e3078', 'baa366ccc5578c9af1d696be67211b3a');
REPLACE INTO `rvs_internal_page` (`internal_page_id`, `project_id`, `project_page_id`) VALUES ('0a5af32d36cb8aff02b39acb26bfb077', 'a7ec09dce63b814be39611d58a2e3078', '1e2cb1c4685fc6849e59d87b383ae9d0');
REPLACE INTO `rvs_internal_page` (`internal_page_id`, `project_id`, `project_page_id`) VALUES ('cb1b217a9334d04ae46807fd25261a35', 'a7ec09dce63b814be39611d58a2e3078', 'c565ab587e36e647fbb931fb0955ccee');
REPLACE INTO `rvs_internal_page` (`internal_page_id`, `project_id`, `project_page_id`) VALUES ('cd4e1cb0e5bd3c4dffc347e660fa51cf', 'a7ec09dce63b814be39611d58a2e3078', '52e88e93c3c9dbaa1499da545beac92f');
REPLACE INTO `rvs_internal_page` (`internal_page_id`, `project_id`, `project_page_id`) VALUES ('d40dce7934ef75ec0e558010282fda6c', 'a7ec09dce63b814be39611d58a2e3078', '2e45e05739f0677d89bf9c9b656d6a44');
REPLACE INTO `rvs_internal_page` (`internal_page_id`, `project_id`, `project_page_id`) VALUES ('0ba063c4d85d4eee1f9a1edbb2283ef5', 'a7ec09dce63b814be39611d58a2e3078', '8573c8cc03aa579b48523aa131626375');
REPLACE INTO `rvs_internal_page` (`internal_page_id`, `project_id`, `project_page_id`) VALUES ('a72e7dd823983dc21eb506fd82764334', 'a7ec09dce63b814be39611d58a2e3078', '3958a412bab18fa9f153e4faf518045e');
REPLACE INTO `rvs_internal_page` (`internal_page_id`, `project_id`, `project_page_id`) VALUES ('e4cd4cdca2dcf849ed7e56ad909b0cf0', 'a7ec09dce63b814be39611d58a2e3078', '89d2698459187d705203bece1a892fa3');
REPLACE INTO `rvs_internal_page` (`internal_page_id`, `project_id`, `project_page_id`) VALUES ('81c821987ecc6ed14aa23fac668f4e37', 'a7ec09dce63b814be39611d58a2e3078', '4451b16299785bd46c11d09e51394e2c');
REPLACE INTO `rvs_internal_page` (`internal_page_id`, `project_id`, `project_page_id`) VALUES ('819de32b60f8882c91d4519618ad27d1', 'a7ec09dce63b814be39611d58a2e3078', '29c1898db5db626c3abfe60aebbf1fa5');
REPLACE INTO `rvs_internal_page` (`internal_page_id`, `project_id`, `project_page_id`) VALUES ('18fcd53245b59cc5c36edf62e92c756b', 'a7ec09dce63b814be39611d58a2e3078', '318a4fdd25d7a551ac51d3b70997ffd1');
REPLACE INTO `rvs_internal_page` (`internal_page_id`, `project_id`, `project_page_id`) VALUES ('e81c9dfcfc650be785df95666a92d241', 'a7ec09dce63b814be39611d58a2e3078', 'f2fb8ae20f83d8622854626d8d928f7a');
REPLACE INTO `rvs_internal_page` (`internal_page_id`, `project_id`, `project_page_id`) VALUES ('4ae316f9214efc0c89450fe68470d3a0', 'a7ec09dce63b814be39611d58a2e3078', '51da60d4d9a9e27c264564fc37f2754f');
REPLACE INTO `rvs_internal_page` (`internal_page_id`, `project_id`, `project_page_id`) VALUES ('7e048b300cf22641c10b2ad13c6df88a', 'a7ec09dce63b814be39611d58a2e3078', '76c1eefa62254a9b079431a71ded75e0');
REPLACE INTO `rvs_internal_page` (`internal_page_id`, `project_id`, `project_page_id`) VALUES ('e06b2159ac8e2e0b8e8658fc61fdf68c', 'a7ec09dce63b814be39611d58a2e3078', '7e977f2cd2a6a2292d270dc55755987a');
REPLACE INTO `rvs_internal_page` (`internal_page_id`, `project_id`, `project_page_id`) VALUES ('cae9365a858c7a5fa123b182443efa52', 'a7ec09dce63b814be39611d58a2e3078', 'f80074e43466efbc1d4d592607a9f5d7');
REPLACE INTO `rvs_internal_page` (`internal_page_id`, `project_id`, `project_page_id`) VALUES ('1abfc8be982d323ed64f3240c6372413', 'a7ec09dce63b814be39611d58a2e3078', '9b6785bbc1ef3e1e02083bbce4768958');
REPLACE INTO `rvs_internal_page` (`internal_page_id`, `project_id`, `project_page_id`) VALUES ('db433a58409922fdeefe4f7809790de6', 'a7ec09dce63b814be39611d58a2e3078', '0d3501e1099420d8b4d611c77be197ca');
REPLACE INTO `rvs_internal_page` (`internal_page_id`, `project_id`, `project_page_id`) VALUES ('d4bdc9a8bbe566b1f5afddf5b7e64efd', 'a7ec09dce63b814be39611d58a2e3078', '7ca04a94e596eda223ffc024bc483146');
REPLACE INTO `rvs_internal_page` (`internal_page_id`, `project_id`, `project_page_id`) VALUES ('707a897a162451708179b4f39fee3ded', 'a7ec09dce63b814be39611d58a2e3078', 'e38c68e9937f44f20a7e272c238c8094');
REPLACE INTO `rvs_internal_page` (`internal_page_id`, `project_id`, `project_page_id`) VALUES ('18ac808b32bd68e9481deed3d48557b9', 'a7ec09dce63b814be39611d58a2e3078', '2e5d582f5e9625d819c34e1d3f81386b');
REPLACE INTO `forms` (`id`, `username`, `title`, `height`, `status`) VALUES ('293add64a837fdcdcf9b371ded1c016f', 'a7ec09dce63b814be39611d58a2e3078', 'contact us', '1780', 'undefined');
REPLACE INTO `questions` (`form_id`, `id`, `order`, `type`) VALUES ('293add64a837fdcdcf9b371ded1c016f', '26', '13', 'control_dropdown');
REPLACE INTO `questions` (`form_id`, `id`, `order`, `type`) VALUES ('293add64a837fdcdcf9b371ded1c016f', '25', '14', 'control_dropdown');
REPLACE INTO `questions` (`form_id`, `id`, `order`, `type`) VALUES ('293add64a837fdcdcf9b371ded1c016f', '24', '12', 'control_dropdown');
REPLACE INTO `questions` (`form_id`, `id`, `order`, `type`) VALUES ('293add64a837fdcdcf9b371ded1c016f', '23', '16', 'control_textbox');
REPLACE INTO `questions` (`form_id`, `id`, `order`, `type`) VALUES ('293add64a837fdcdcf9b371ded1c016f', '27', '7', 'control_text');
REPLACE INTO `questions` (`form_id`, `id`, `order`, `type`) VALUES ('293add64a837fdcdcf9b371ded1c016f', '28', '6', 'control_hidden');
REPLACE INTO `questions` (`form_id`, `id`, `order`, `type`) VALUES ('293add64a837fdcdcf9b371ded1c016f', '29', '19', 'control_text');
REPLACE INTO `questions` (`form_id`, `id`, `order`, `type`) VALUES ('293add64a837fdcdcf9b371ded1c016f', '30', '18', 'control_hidden');
REPLACE INTO `questions` (`form_id`, `id`, `order`, `type`) VALUES ('293add64a837fdcdcf9b371ded1c016f', '31', '21', 'control_dropdown');
REPLACE INTO `questions` (`form_id`, `id`, `order`, `type`) VALUES ('293add64a837fdcdcf9b371ded1c016f', '36', '29', 'control_hidden');
REPLACE INTO `questions` (`form_id`, `id`, `order`, `type`) VALUES ('293add64a837fdcdcf9b371ded1c016f', '35', '27', 'control_dropdown');
REPLACE INTO `questions` (`form_id`, `id`, `order`, `type`) VALUES ('293add64a837fdcdcf9b371ded1c016f', '34', '26', 'control_text');
REPLACE INTO `questions` (`form_id`, `id`, `order`, `type`) VALUES ('293add64a837fdcdcf9b371ded1c016f', '33', '25', 'control_hidden');
REPLACE INTO `questions` (`form_id`, `id`, `order`, `type`) VALUES ('293add64a837fdcdcf9b371ded1c016f', '32', '23', 'control_textarea');
REPLACE INTO `questions` (`form_id`, `id`, `order`, `type`) VALUES ('293add64a837fdcdcf9b371ded1c016f', '13', '1', 'control_head');
REPLACE INTO `questions` (`form_id`, `id`, `order`, `type`) VALUES ('293add64a837fdcdcf9b371ded1c016f', '12', '15', 'control_textbox');
REPLACE INTO `questions` (`form_id`, `id`, `order`, `type`) VALUES ('293add64a837fdcdcf9b371ded1c016f', '0', '8', 'control_textbox');
REPLACE INTO `questions` (`form_id`, `id`, `order`, `type`) VALUES ('293add64a837fdcdcf9b371ded1c016f', '1', '10', 'control_textbox');
REPLACE INTO `questions` (`form_id`, `id`, `order`, `type`) VALUES ('293add64a837fdcdcf9b371ded1c016f', '2', '17', 'control_textbox');
REPLACE INTO `questions` (`form_id`, `id`, `order`, `type`) VALUES ('293add64a837fdcdcf9b371ded1c016f', '7', '9', 'control_textarea');
REPLACE INTO `questions` (`form_id`, `id`, `order`, `type`) VALUES ('293add64a837fdcdcf9b371ded1c016f', '8', '39', 'control_button');
REPLACE INTO `questions` (`form_id`, `id`, `order`, `type`) VALUES ('293add64a837fdcdcf9b371ded1c016f', '15', '3', 'control_text');
REPLACE INTO `questions` (`form_id`, `id`, `order`, `type`) VALUES ('293add64a837fdcdcf9b371ded1c016f', '14', '2', 'control_text');
REPLACE INTO `questions` (`form_id`, `id`, `order`, `type`) VALUES ('293add64a837fdcdcf9b371ded1c016f', '18', '22', 'control_textbox');
REPLACE INTO `questions` (`form_id`, `id`, `order`, `type`) VALUES ('293add64a837fdcdcf9b371ded1c016f', '16', '4', 'control_text');
REPLACE INTO `questions` (`form_id`, `id`, `order`, `type`) VALUES ('293add64a837fdcdcf9b371ded1c016f', '17', '5', 'control_text');
REPLACE INTO `questions` (`form_id`, `id`, `order`, `type`) VALUES ('293add64a837fdcdcf9b371ded1c016f', '38', '31', 'control_checkbox');
REPLACE INTO `questions` (`form_id`, `id`, `order`, `type`) VALUES ('293add64a837fdcdcf9b371ded1c016f', '45', '36', 'control_hidden');
REPLACE INTO `questions` (`form_id`, `id`, `order`, `type`) VALUES ('293add64a837fdcdcf9b371ded1c016f', '44', '35', 'control_text');
REPLACE INTO `questions` (`form_id`, `id`, `order`, `type`) VALUES ('293add64a837fdcdcf9b371ded1c016f', '43', '38', 'control_hidden');
REPLACE INTO `questions` (`form_id`, `id`, `order`, `type`) VALUES ('293add64a837fdcdcf9b371ded1c016f', '42', '34', 'control_hidden');
REPLACE INTO `questions` (`form_id`, `id`, `order`, `type`) VALUES ('293add64a837fdcdcf9b371ded1c016f', '39', '33', 'control_fileupload');
REPLACE INTO `questions` (`form_id`, `id`, `order`, `type`) VALUES ('293add64a837fdcdcf9b371ded1c016f', '40', '37', 'control_captcha');
REPLACE INTO `questions` (`form_id`, `id`, `order`, `type`) VALUES ('293add64a837fdcdcf9b371ded1c016f', '41', '32', 'control_hidden');
REPLACE INTO `questions` (`form_id`, `id`, `order`, `type`) VALUES ('293add64a837fdcdcf9b371ded1c016f', '21', '28', 'control_textbox');
REPLACE INTO `questions` (`form_id`, `id`, `order`, `type`) VALUES ('293add64a837fdcdcf9b371ded1c016f', '22', '11', 'control_dropdown');
REPLACE INTO `questions` (`form_id`, `id`, `order`, `type`) VALUES ('293add64a837fdcdcf9b371ded1c016f', '37', '30', 'control_text');
REPLACE INTO `questions` (`form_id`, `id`, `order`, `type`) VALUES ('293add64a837fdcdcf9b371ded1c016f', '20', '20', 'control_textbox');
REPLACE INTO `questions` (`form_id`, `id`, `order`, `type`) VALUES ('293add64a837fdcdcf9b371ded1c016f', '19', '24', 'control_textbox');
REPLACE INTO `question_properties` (`form_id`, `question_id`, `prop`, `value`) VALUES ('293add64a837fdcdcf9b371ded1c016f', '0', 'desc', NULL);
REPLACE INTO `question_properties` (`form_id`, `question_id`, `prop`, `value`) VALUES ('293add64a837fdcdcf9b371ded1c016f', '0', 'maxsize', '100');
REPLACE INTO `question_properties` (`form_id`, `question_id`, `prop`, `value`) VALUES ('293add64a837fdcdcf9b371ded1c016f', '0', 'required', 'yes');
REPLACE INTO `question_properties` (`form_id`, `question_id`, `prop`, `value`) VALUES ('293add64a837fdcdcf9b371ded1c016f', '0', 'senderemail', 'no');
REPLACE INTO `question_properties` (`form_id`, `question_id`, `prop`, `value`) VALUES ('293add64a837fdcdcf9b371ded1c016f', '0', 'size', '48');
REPLACE INTO `question_properties` (`form_id`, `question_id`, `prop`, `value`) VALUES ('293add64a837fdcdcf9b371ded1c016f', '0', 'text', 'Nama Penuh');
REPLACE INTO `question_properties` (`form_id`, `question_id`, `prop`, `value`) VALUES ('293add64a837fdcdcf9b371ded1c016f', '0', 'validation', 'no');
REPLACE INTO `question_properties` (`form_id`, `question_id`, `prop`, `value`) VALUES ('293add64a837fdcdcf9b371ded1c016f', '1', 'desc', NULL);
REPLACE INTO `question_properties` (`form_id`, `question_id`, `prop`, `value`) VALUES ('293add64a837fdcdcf9b371ded1c016f', '1', 'maxsize', '100');
REPLACE INTO `question_properties` (`form_id`, `question_id`, `prop`, `value`) VALUES ('293add64a837fdcdcf9b371ded1c016f', '1', 'required', 'yes');
REPLACE INTO `question_properties` (`form_id`, `question_id`, `prop`, `value`) VALUES ('293add64a837fdcdcf9b371ded1c016f', '1', 'senderemail', 'no');
REPLACE INTO `question_properties` (`form_id`, `question_id`, `prop`, `value`) VALUES ('293add64a837fdcdcf9b371ded1c016f', '1', 'size', '20');
REPLACE INTO `question_properties` (`form_id`, `question_id`, `prop`, `value`) VALUES ('293add64a837fdcdcf9b371ded1c016f', '1', 'text', 'No. K/P Pengenalan');
REPLACE INTO `question_properties` (`form_id`, `question_id`, `prop`, `value`) VALUES ('293add64a837fdcdcf9b371ded1c016f', '1', 'validation', 'no');
REPLACE INTO `question_properties` (`form_id`, `question_id`, `prop`, `value`) VALUES ('293add64a837fdcdcf9b371ded1c016f', '2', 'desc', NULL);
REPLACE INTO `question_properties` (`form_id`, `question_id`, `prop`, `value`) VALUES ('293add64a837fdcdcf9b371ded1c016f', '2', 'maxsize', '100');
REPLACE INTO `question_properties` (`form_id`, `question_id`, `prop`, `value`) VALUES ('293add64a837fdcdcf9b371ded1c016f', '2', 'required', 'yes');
REPLACE INTO `question_properties` (`form_id`, `question_id`, `prop`, `value`) VALUES ('293add64a837fdcdcf9b371ded1c016f', '2', 'senderemail', 'no');
REPLACE INTO `question_properties` (`form_id`, `question_id`, `prop`, `value`) VALUES ('293add64a837fdcdcf9b371ded1c016f', '2', 'size', '30');
REPLACE INTO `question_properties` (`form_id`, `question_id`, `prop`, `value`) VALUES ('293add64a837fdcdcf9b371ded1c016f', '2', 'text', 'E-mail');
REPLACE INTO `question_properties` (`form_id`, `question_id`, `prop`, `value`) VALUES ('293add64a837fdcdcf9b371ded1c016f', '2', 'validation', 'Email');
REPLACE INTO `question_properties` (`form_id`, `question_id`, `prop`, `value`) VALUES ('293add64a837fdcdcf9b371ded1c016f', '7', 'cols', '36');
REPLACE INTO `question_properties` (`form_id`, `question_id`, `prop`, `value`) VALUES ('293add64a837fdcdcf9b371ded1c016f', '7', 'desc', NULL);
REPLACE INTO `question_properties` (`form_id`, `question_id`, `prop`, `value`) VALUES ('293add64a837fdcdcf9b371ded1c016f', '7', 'required', 'yes');
REPLACE INTO `question_properties` (`form_id`, `question_id`, `prop`, `value`) VALUES ('293add64a837fdcdcf9b371ded1c016f', '7', 'rows', '8');
REPLACE INTO `question_properties` (`form_id`, `question_id`, `prop`, `value`) VALUES ('293add64a837fdcdcf9b371ded1c016f', '7', 'text', 'Alamat Penuh');
REPLACE INTO `question_properties` (`form_id`, `question_id`, `prop`, `value`) VALUES ('293add64a837fdcdcf9b371ded1c016f', '7', 'validation', 'no');
REPLACE INTO `question_properties` (`form_id`, `question_id`, `prop`, `value`) VALUES ('293add64a837fdcdcf9b371ded1c016f', '8', 'clear', 'no');
REPLACE INTO `question_properties` (`form_id`, `question_id`, `prop`, `value`) VALUES ('293add64a837fdcdcf9b371ded1c016f', '8', 'resettext', 'clear');
REPLACE INTO `question_properties` (`form_id`, `question_id`, `prop`, `value`) VALUES ('293add64a837fdcdcf9b371ded1c016f', '8', 'submittext', 'Hantar');
REPLACE INTO `question_properties` (`form_id`, `question_id`, `prop`, `value`) VALUES ('293add64a837fdcdcf9b371ded1c016f', '8', 'text', NULL);
REPLACE INTO `question_properties` (`form_id`, `question_id`, `prop`, `value`) VALUES ('293add64a837fdcdcf9b371ded1c016f', '12', 'desc', NULL);
REPLACE INTO `question_properties` (`form_id`, `question_id`, `prop`, `value`) VALUES ('293add64a837fdcdcf9b371ded1c016f', '12', 'maxsize', '100');
REPLACE INTO `question_properties` (`form_id`, `question_id`, `prop`, `value`) VALUES ('293add64a837fdcdcf9b371ded1c016f', '12', 'required', 'yes');
REPLACE INTO `question_properties` (`form_id`, `question_id`, `prop`, `value`) VALUES ('293add64a837fdcdcf9b371ded1c016f', '12', 'senderemail', 'no');
REPLACE INTO `question_properties` (`form_id`, `question_id`, `prop`, `value`) VALUES ('293add64a837fdcdcf9b371ded1c016f', '12', 'size', '20');
REPLACE INTO `question_properties` (`form_id`, `question_id`, `prop`, `value`) VALUES ('293add64a837fdcdcf9b371ded1c016f', '12', 'text', 'No. Telefon (HandPhone)');
REPLACE INTO `question_properties` (`form_id`, `question_id`, `prop`, `value`) VALUES ('293add64a837fdcdcf9b371ded1c016f', '12', 'validation', 'no');
REPLACE INTO `question_properties` (`form_id`, `question_id`, `prop`, `value`) VALUES ('293add64a837fdcdcf9b371ded1c016f', '13', 'text', 'TAMAN RAKYAT BISTARI');
REPLACE INTO `question_properties` (`form_id`, `question_id`, `prop`, `value`) VALUES ('293add64a837fdcdcf9b371ded1c016f', '14', 'text', 'TAMAN RAKYAT BISTARI, KEMAMAN');
REPLACE INTO `question_properties` (`form_id`, `question_id`, `prop`, `value`) VALUES ('293add64a837fdcdcf9b371ded1c016f', '15', 'text', 'TELOK KALONG, TERENGGANU');
REPLACE INTO `question_properties` (`form_id`, `question_id`, `prop`, `value`) VALUES ('293add64a837fdcdcf9b371ded1c016f', '16', 'text', 'RUMAH TERES 1 TINGKAT - FASA 2D');
REPLACE INTO `question_properties` (`form_id`, `question_id`, `prop`, `value`) VALUES ('293add64a837fdcdcf9b371ded1c016f', '17', 'text', '[ RM 190,000.00 dan ke atas / unit (bergantung kepada keluasan tanah) ]');
REPLACE INTO `question_properties` (`form_id`, `question_id`, `prop`, `value`) VALUES ('293add64a837fdcdcf9b371ded1c016f', '18', 'desc', NULL);
REPLACE INTO `question_properties` (`form_id`, `question_id`, `prop`, `value`) VALUES ('293add64a837fdcdcf9b371ded1c016f', '18', 'maxsize', '100');
REPLACE INTO `question_properties` (`form_id`, `question_id`, `prop`, `value`) VALUES ('293add64a837fdcdcf9b371ded1c016f', '18', 'required', 'no');
REPLACE INTO `question_properties` (`form_id`, `question_id`, `prop`, `value`) VALUES ('293add64a837fdcdcf9b371ded1c016f', '18', 'senderemail', 'no');
REPLACE INTO `question_properties` (`form_id`, `question_id`, `prop`, `value`) VALUES ('293add64a837fdcdcf9b371ded1c016f', '18', 'size', '48');
REPLACE INTO `question_properties` (`form_id`, `question_id`, `prop`, `value`) VALUES ('293add64a837fdcdcf9b371ded1c016f', '18', 'text', 'Nama Majikan');
REPLACE INTO `question_properties` (`form_id`, `question_id`, `prop`, `value`) VALUES ('293add64a837fdcdcf9b371ded1c016f', '18', 'validation', 'no');
REPLACE INTO `question_properties` (`form_id`, `question_id`, `prop`, `value`) VALUES ('293add64a837fdcdcf9b371ded1c016f', '19', 'desc', NULL);
REPLACE INTO `question_properties` (`form_id`, `question_id`, `prop`, `value`) VALUES ('293add64a837fdcdcf9b371ded1c016f', '19', 'maxsize', '100');
REPLACE INTO `question_properties` (`form_id`, `question_id`, `prop`, `value`) VALUES ('293add64a837fdcdcf9b371ded1c016f', '19', 'required', 'no');
REPLACE INTO `question_properties` (`form_id`, `question_id`, `prop`, `value`) VALUES ('293add64a837fdcdcf9b371ded1c016f', '19', 'senderemail', 'no');
REPLACE INTO `question_properties` (`form_id`, `question_id`, `prop`, `value`) VALUES ('293add64a837fdcdcf9b371ded1c016f', '19', 'size', '20');
REPLACE INTO `question_properties` (`form_id`, `question_id`, `prop`, `value`) VALUES ('293add64a837fdcdcf9b371ded1c016f', '19', 'text', 'No. Telefon Pejabat');
REPLACE INTO `question_properties` (`form_id`, `question_id`, `prop`, `value`) VALUES ('293add64a837fdcdcf9b371ded1c016f', '19', 'validation', 'no');
REPLACE INTO `question_properties` (`form_id`, `question_id`, `prop`, `value`) VALUES ('293add64a837fdcdcf9b371ded1c016f', '20', 'desc', NULL);
REPLACE INTO `question_properties` (`form_id`, `question_id`, `prop`, `value`) VALUES ('293add64a837fdcdcf9b371ded1c016f', '20', 'maxsize', '100');
REPLACE INTO `question_properties` (`form_id`, `question_id`, `prop`, `value`) VALUES ('293add64a837fdcdcf9b371ded1c016f', '20', 'required', 'no');
REPLACE INTO `question_properties` (`form_id`, `question_id`, `prop`, `value`) VALUES ('293add64a837fdcdcf9b371ded1c016f', '20', 'senderemail', 'no');
REPLACE INTO `question_properties` (`form_id`, `question_id`, `prop`, `value`) VALUES ('293add64a837fdcdcf9b371ded1c016f', '20', 'size', '30');
REPLACE INTO `question_properties` (`form_id`, `question_id`, `prop`, `value`) VALUES ('293add64a837fdcdcf9b371ded1c016f', '20', 'text', 'Jawatan Pemohon');
REPLACE INTO `question_properties` (`form_id`, `question_id`, `prop`, `value`) VALUES ('293add64a837fdcdcf9b371ded1c016f', '20', 'validation', 'no');
REPLACE INTO `question_properties` (`form_id`, `question_id`, `prop`, `value`) VALUES ('293add64a837fdcdcf9b371ded1c016f', '21', 'desc', NULL);
REPLACE INTO `question_properties` (`form_id`, `question_id`, `prop`, `value`) VALUES ('293add64a837fdcdcf9b371ded1c016f', '21', 'maxsize', '100');
REPLACE INTO `question_properties` (`form_id`, `question_id`, `prop`, `value`) VALUES ('293add64a837fdcdcf9b371ded1c016f', '21', 'required', 'no');
REPLACE INTO `question_properties` (`form_id`, `question_id`, `prop`, `value`) VALUES ('293add64a837fdcdcf9b371ded1c016f', '21', 'senderemail', 'no');
REPLACE INTO `question_properties` (`form_id`, `question_id`, `prop`, `value`) VALUES ('293add64a837fdcdcf9b371ded1c016f', '21', 'size', '20');
REPLACE INTO `question_properties` (`form_id`, `question_id`, `prop`, `value`) VALUES ('293add64a837fdcdcf9b371ded1c016f', '21', 'text', 'Nombor Lot / PT');
REPLACE INTO `question_properties` (`form_id`, `question_id`, `prop`, `value`) VALUES ('293add64a837fdcdcf9b371ded1c016f', '21', 'validation', 'no');
REPLACE INTO `question_properties` (`form_id`, `question_id`, `prop`, `value`) VALUES ('293add64a837fdcdcf9b371ded1c016f', '22', 'desc', NULL);
REPLACE INTO `question_properties` (`form_id`, `question_id`, `prop`, `value`) VALUES ('293add64a837fdcdcf9b371ded1c016f', '22', 'options', 'Lelaki<br>Perempuan<br>');
REPLACE INTO `question_properties` (`form_id`, `question_id`, `prop`, `value`) VALUES ('293add64a837fdcdcf9b371ded1c016f', '22', 'required', 'yes');
REPLACE INTO `question_properties` (`form_id`, `question_id`, `prop`, `value`) VALUES ('293add64a837fdcdcf9b371ded1c016f', '22', 'size', '1');
REPLACE INTO `question_properties` (`form_id`, `question_id`, `prop`, `value`) VALUES ('293add64a837fdcdcf9b371ded1c016f', '22', 'special', 'none');
REPLACE INTO `question_properties` (`form_id`, `question_id`, `prop`, `value`) VALUES ('293add64a837fdcdcf9b371ded1c016f', '22', 'text', 'Jantina');
REPLACE INTO `question_properties` (`form_id`, `question_id`, `prop`, `value`) VALUES ('293add64a837fdcdcf9b371ded1c016f', '23', 'desc', NULL);
REPLACE INTO `question_properties` (`form_id`, `question_id`, `prop`, `value`) VALUES ('293add64a837fdcdcf9b371ded1c016f', '23', 'maxsize', '100');
REPLACE INTO `question_properties` (`form_id`, `question_id`, `prop`, `value`) VALUES ('293add64a837fdcdcf9b371ded1c016f', '23', 'required', 'yes');
REPLACE INTO `question_properties` (`form_id`, `question_id`, `prop`, `value`) VALUES ('293add64a837fdcdcf9b371ded1c016f', '23', 'senderemail', 'no');
REPLACE INTO `question_properties` (`form_id`, `question_id`, `prop`, `value`) VALUES ('293add64a837fdcdcf9b371ded1c016f', '23', 'size', '20');
REPLACE INTO `question_properties` (`form_id`, `question_id`, `prop`, `value`) VALUES ('293add64a837fdcdcf9b371ded1c016f', '23', 'text', 'No. Telefon (Rumah/tetap)');
REPLACE INTO `question_properties` (`form_id`, `question_id`, `prop`, `value`) VALUES ('293add64a837fdcdcf9b371ded1c016f', '23', 'validation', 'no');
REPLACE INTO `question_properties` (`form_id`, `question_id`, `prop`, `value`) VALUES ('293add64a837fdcdcf9b371ded1c016f', '24', 'desc', NULL);
REPLACE INTO `question_properties` (`form_id`, `question_id`, `prop`, `value`) VALUES ('293add64a837fdcdcf9b371ded1c016f', '24', 'options', 'Melayu<br>Cina<br>India<br>Lain-lain');
REPLACE INTO `question_properties` (`form_id`, `question_id`, `prop`, `value`) VALUES ('293add64a837fdcdcf9b371ded1c016f', '24', 'required', 'yes');
REPLACE INTO `question_properties` (`form_id`, `question_id`, `prop`, `value`) VALUES ('293add64a837fdcdcf9b371ded1c016f', '24', 'size', '1');
REPLACE INTO `question_properties` (`form_id`, `question_id`, `prop`, `value`) VALUES ('293add64a837fdcdcf9b371ded1c016f', '24', 'special', 'none');
REPLACE INTO `question_properties` (`form_id`, `question_id`, `prop`, `value`) VALUES ('293add64a837fdcdcf9b371ded1c016f', '24', 'text', 'Bangsa');
REPLACE INTO `question_properties` (`form_id`, `question_id`, `prop`, `value`) VALUES ('293add64a837fdcdcf9b371ded1c016f', '25', 'desc', NULL);
REPLACE INTO `question_properties` (`form_id`, `question_id`, `prop`, `value`) VALUES ('293add64a837fdcdcf9b371ded1c016f', '25', 'options', 'Bujang<br>Berkahwin<br>Lain-lain');
REPLACE INTO `question_properties` (`form_id`, `question_id`, `prop`, `value`) VALUES ('293add64a837fdcdcf9b371ded1c016f', '25', 'required', 'yes');
REPLACE INTO `question_properties` (`form_id`, `question_id`, `prop`, `value`) VALUES ('293add64a837fdcdcf9b371ded1c016f', '25', 'size', '1');
REPLACE INTO `question_properties` (`form_id`, `question_id`, `prop`, `value`) VALUES ('293add64a837fdcdcf9b371ded1c016f', '25', 'special', 'none');
REPLACE INTO `question_properties` (`form_id`, `question_id`, `prop`, `value`) VALUES ('293add64a837fdcdcf9b371ded1c016f', '25', 'text', 'Status Perkahwinan');
REPLACE INTO `question_properties` (`form_id`, `question_id`, `prop`, `value`) VALUES ('293add64a837fdcdcf9b371ded1c016f', '26', 'desc', NULL);
REPLACE INTO `question_properties` (`form_id`, `question_id`, `prop`, `value`) VALUES ('293add64a837fdcdcf9b371ded1c016f', '26', 'options', 'Warganegara<br>Bukan Warganegara');
REPLACE INTO `question_properties` (`form_id`, `question_id`, `prop`, `value`) VALUES ('293add64a837fdcdcf9b371ded1c016f', '26', 'required', 'yes');
REPLACE INTO `question_properties` (`form_id`, `question_id`, `prop`, `value`) VALUES ('293add64a837fdcdcf9b371ded1c016f', '26', 'size', '1');
REPLACE INTO `question_properties` (`form_id`, `question_id`, `prop`, `value`) VALUES ('293add64a837fdcdcf9b371ded1c016f', '26', 'special', 'none');
REPLACE INTO `question_properties` (`form_id`, `question_id`, `prop`, `value`) VALUES ('293add64a837fdcdcf9b371ded1c016f', '26', 'text', 'Warganegara');
REPLACE INTO `question_properties` (`form_id`, `question_id`, `prop`, `value`) VALUES ('293add64a837fdcdcf9b371ded1c016f', '27', 'text', '1. MAKLUMAT PEMOHON');
REPLACE INTO `question_properties` (`form_id`, `question_id`, `prop`, `value`) VALUES ('293add64a837fdcdcf9b371ded1c016f', '28', 'text', 'undefined');
REPLACE INTO `question_properties` (`form_id`, `question_id`, `prop`, `value`) VALUES ('293add64a837fdcdcf9b371ded1c016f', '28', 'value', NULL);
REPLACE INTO `question_properties` (`form_id`, `question_id`, `prop`, `value`) VALUES ('293add64a837fdcdcf9b371ded1c016f', '29', 'text', '2. PEKERJAAN');
REPLACE INTO `question_properties` (`form_id`, `question_id`, `prop`, `value`) VALUES ('293add64a837fdcdcf9b371ded1c016f', '30', 'text', 'undefined');
REPLACE INTO `question_properties` (`form_id`, `question_id`, `prop`, `value`) VALUES ('293add64a837fdcdcf9b371ded1c016f', '30', 'value', NULL);
REPLACE INTO `question_properties` (`form_id`, `question_id`, `prop`, `value`) VALUES ('293add64a837fdcdcf9b371ded1c016f', '31', 'desc', NULL);
REPLACE INTO `question_properties` (`form_id`, `question_id`, `prop`, `value`) VALUES ('293add64a837fdcdcf9b371ded1c016f', '31', 'options', 'RM6,500.00 ke atas<br>RM5,500.00 - RM6,499.00<br>RM4,500.00 - RM5,499.00<br>RM3,500.00 - RM4,499.00<br>RM3,000.00 - RM3,499.00<br>RM2,500.00 - RM2,999.00<br>RM2,000.00 - RM2,499.00<br>RM1,500.00 - RM1,999.00<br>RM1,200.00 - RM1,499.00<br>Bawah RM1,199.00');
REPLACE INTO `question_properties` (`form_id`, `question_id`, `prop`, `value`) VALUES ('293add64a837fdcdcf9b371ded1c016f', '31', 'required', 'yes');
REPLACE INTO `question_properties` (`form_id`, `question_id`, `prop`, `value`) VALUES ('293add64a837fdcdcf9b371ded1c016f', '31', 'size', '1');
REPLACE INTO `question_properties` (`form_id`, `question_id`, `prop`, `value`) VALUES ('293add64a837fdcdcf9b371ded1c016f', '31', 'special', 'none');
REPLACE INTO `question_properties` (`form_id`, `question_id`, `prop`, `value`) VALUES ('293add64a837fdcdcf9b371ded1c016f', '31', 'text', 'Pendapatan Bulanan');
REPLACE INTO `question_properties` (`form_id`, `question_id`, `prop`, `value`) VALUES ('293add64a837fdcdcf9b371ded1c016f', '32', 'cols', '36');
REPLACE INTO `question_properties` (`form_id`, `question_id`, `prop`, `value`) VALUES ('293add64a837fdcdcf9b371ded1c016f', '32', 'desc', NULL);
REPLACE INTO `question_properties` (`form_id`, `question_id`, `prop`, `value`) VALUES ('293add64a837fdcdcf9b371ded1c016f', '32', 'required', 'no');
REPLACE INTO `question_properties` (`form_id`, `question_id`, `prop`, `value`) VALUES ('293add64a837fdcdcf9b371ded1c016f', '32', 'rows', '8');
REPLACE INTO `question_properties` (`form_id`, `question_id`, `prop`, `value`) VALUES ('293add64a837fdcdcf9b371ded1c016f', '32', 'text', 'Alamat Majikan');
REPLACE INTO `question_properties` (`form_id`, `question_id`, `prop`, `value`) VALUES ('293add64a837fdcdcf9b371ded1c016f', '32', 'validation', 'no');
REPLACE INTO `question_properties` (`form_id`, `question_id`, `prop`, `value`) VALUES ('293add64a837fdcdcf9b371ded1c016f', '33', 'text', 'undefined');
REPLACE INTO `question_properties` (`form_id`, `question_id`, `prop`, `value`) VALUES ('293add64a837fdcdcf9b371ded1c016f', '33', 'value', NULL);
REPLACE INTO `question_properties` (`form_id`, `question_id`, `prop`, `value`) VALUES ('293add64a837fdcdcf9b371ded1c016f', '34', 'text', '3. JENIS LOT RUMAH / BANGUNAN YANG DIPOHON');
REPLACE INTO `question_properties` (`form_id`, `question_id`, `prop`, `value`) VALUES ('293add64a837fdcdcf9b371ded1c016f', '35', 'desc', NULL);
REPLACE INTO `question_properties` (`form_id`, `question_id`, `prop`, `value`) VALUES ('293add64a837fdcdcf9b371ded1c016f', '35', 'options', 'Tepi<br>Tengah');
REPLACE INTO `question_properties` (`form_id`, `question_id`, `prop`, `value`) VALUES ('293add64a837fdcdcf9b371ded1c016f', '35', 'required', 'yes');
REPLACE INTO `question_properties` (`form_id`, `question_id`, `prop`, `value`) VALUES ('293add64a837fdcdcf9b371ded1c016f', '35', 'size', '1');
REPLACE INTO `question_properties` (`form_id`, `question_id`, `prop`, `value`) VALUES ('293add64a837fdcdcf9b371ded1c016f', '35', 'special', 'none');
REPLACE INTO `question_properties` (`form_id`, `question_id`, `prop`, `value`) VALUES ('293add64a837fdcdcf9b371ded1c016f', '35', 'text', 'Jenis Lot');
REPLACE INTO `question_properties` (`form_id`, `question_id`, `prop`, `value`) VALUES ('293add64a837fdcdcf9b371ded1c016f', '36', 'text', 'undefined');
REPLACE INTO `question_properties` (`form_id`, `question_id`, `prop`, `value`) VALUES ('293add64a837fdcdcf9b371ded1c016f', '36', 'value', NULL);
REPLACE INTO `question_properties` (`form_id`, `question_id`, `prop`, `value`) VALUES ('293add64a837fdcdcf9b371ded1c016f', '37', 'text', '4. CARA PEMBAYARAN');
REPLACE INTO `question_properties` (`form_id`, `question_id`, `prop`, `value`) VALUES ('293add64a837fdcdcf9b371ded1c016f', '38', 'checked', 'no');
REPLACE INTO `question_properties` (`form_id`, `question_id`, `prop`, `value`) VALUES ('293add64a837fdcdcf9b371ded1c016f', '38', 'desc', NULL);
REPLACE INTO `question_properties` (`form_id`, `question_id`, `prop`, `value`) VALUES ('293add64a837fdcdcf9b371ded1c016f', '38', 'options', 'Institusi Kewangan / Bank<br>Kerajaan<br>Majikan<br>Tunai<br>Lain-lain');
REPLACE INTO `question_properties` (`form_id`, `question_id`, `prop`, `value`) VALUES ('293add64a837fdcdcf9b371ded1c016f', '38', 'required', 'yes');
REPLACE INTO `question_properties` (`form_id`, `question_id`, `prop`, `value`) VALUES ('293add64a837fdcdcf9b371ded1c016f', '38', 'text', 'Pinjaman Perumahan');
REPLACE INTO `question_properties` (`form_id`, `question_id`, `prop`, `value`) VALUES ('293add64a837fdcdcf9b371ded1c016f', '39', 'desc', NULL);
REPLACE INTO `question_properties` (`form_id`, `question_id`, `prop`, `value`) VALUES ('293add64a837fdcdcf9b371ded1c016f', '39', 'extensions', 'doc, docx, xls, xlsx, pdf, ppt, pptx, txt, html, htm, rtf, pps, ppsx, zip, tar, gzip, bzip, sit, dmg, jpg, jpeg, gif, png, asf, asx, flv, h264, mov, mp3, mp4, swf, wax, wma, wmv, wvx, wpl, xspf');
REPLACE INTO `question_properties` (`form_id`, `question_id`, `prop`, `value`) VALUES ('293add64a837fdcdcf9b371ded1c016f', '39', 'maxsize', '5000');
REPLACE INTO `question_properties` (`form_id`, `question_id`, `prop`, `value`) VALUES ('293add64a837fdcdcf9b371ded1c016f', '39', 'required', 'no');
REPLACE INTO `question_properties` (`form_id`, `question_id`, `prop`, `value`) VALUES ('293add64a837fdcdcf9b371ded1c016f', '39', 'text', 'Slip Gaji Terkini');
REPLACE INTO `question_properties` (`form_id`, `question_id`, `prop`, `value`) VALUES ('293add64a837fdcdcf9b371ded1c016f', '40', 'desc', NULL);
REPLACE INTO `question_properties` (`form_id`, `question_id`, `prop`, `value`) VALUES ('293add64a837fdcdcf9b371ded1c016f', '40', 'text', 'Pengesahan');
REPLACE INTO `question_properties` (`form_id`, `question_id`, `prop`, `value`) VALUES ('293add64a837fdcdcf9b371ded1c016f', '41', 'text', 'undefined');
REPLACE INTO `question_properties` (`form_id`, `question_id`, `prop`, `value`) VALUES ('293add64a837fdcdcf9b371ded1c016f', '41', 'value', NULL);
REPLACE INTO `question_properties` (`form_id`, `question_id`, `prop`, `value`) VALUES ('293add64a837fdcdcf9b371ded1c016f', '42', 'text', 'undefined');
REPLACE INTO `question_properties` (`form_id`, `question_id`, `prop`, `value`) VALUES ('293add64a837fdcdcf9b371ded1c016f', '42', 'value', NULL);
REPLACE INTO `question_properties` (`form_id`, `question_id`, `prop`, `value`) VALUES ('293add64a837fdcdcf9b371ded1c016f', '43', 'text', 'undefined');
REPLACE INTO `question_properties` (`form_id`, `question_id`, `prop`, `value`) VALUES ('293add64a837fdcdcf9b371ded1c016f', '43', 'value', NULL);
REPLACE INTO `question_properties` (`form_id`, `question_id`, `prop`, `value`) VALUES ('293add64a837fdcdcf9b371ded1c016f', '44', 'text', 'NOTA : [1. KOPERAT berhak menolak pendaftaran jika maklumat tidak lengkap / tepat.] [2. KOPERAT berhad membatalkan pendaftaran selepas 6 bulan tanpa notis.] [3. Harga adalah tertakluk kepada pindaan terakhir.]');
REPLACE INTO `question_properties` (`form_id`, `question_id`, `prop`, `value`) VALUES ('293add64a837fdcdcf9b371ded1c016f', '45', 'text', 'undefined');
REPLACE INTO `question_properties` (`form_id`, `question_id`, `prop`, `value`) VALUES ('293add64a837fdcdcf9b371ded1c016f', '999', 'alignment', 'default');
REPLACE INTO `question_properties` (`form_id`, `question_id`, `prop`, `value`) VALUES ('293add64a837fdcdcf9b371ded1c016f', '999', 'background', 'white');
REPLACE INTO `question_properties` (`form_id`, `question_id`, `prop`, `value`) VALUES ('293add64a837fdcdcf9b371ded1c016f', '999', 'conf_body', 'Thanks for submitting our form, we will get back to you as soon as possible.');
REPLACE INTO `question_properties` (`form_id`, `question_id`, `prop`, `value`) VALUES ('293add64a837fdcdcf9b371ded1c016f', '999', 'conf_send', 'no');
REPLACE INTO `question_properties` (`form_id`, `question_id`, `prop`, `value`) VALUES ('293add64a837fdcdcf9b371ded1c016f', '999', 'conf_subj', 'Borang TRB Fasa 2D');
REPLACE INTO `question_properties` (`form_id`, `question_id`, `prop`, `value`) VALUES ('293add64a837fdcdcf9b371ded1c016f', '999', 'disabled', 'Enabled');
REPLACE INTO `question_properties` (`form_id`, `question_id`, `prop`, `value`) VALUES ('293add64a837fdcdcf9b371ded1c016f', '999', 'email', 'yes');
REPLACE INTO `question_properties` (`form_id`, `question_id`, `prop`, `value`) VALUES ('293add64a837fdcdcf9b371ded1c016f', '999', 'email_addr', 'sales@koperat.com.my');
REPLACE INTO `question_properties` (`form_id`, `question_id`, `prop`, `value`) VALUES ('293add64a837fdcdcf9b371ded1c016f', '999', 'ext_sendpostdata', 'no');
REPLACE INTO `question_properties` (`form_id`, `question_id`, `prop`, `value`) VALUES ('293add64a837fdcdcf9b371ded1c016f', '999', 'font', 'Verdana');
REPLACE INTO `question_properties` (`form_id`, `question_id`, `prop`, `value`) VALUES ('293add64a837fdcdcf9b371ded1c016f', '999', 'fontcolor', '#48345a');
REPLACE INTO `question_properties` (`form_id`, `question_id`, `prop`, `value`) VALUES ('293add64a837fdcdcf9b371ded1c016f', '999', 'fontsize', '12');
REPLACE INTO `question_properties` (`form_id`, `question_id`, `prop`, `value`) VALUES ('293add64a837fdcdcf9b371ded1c016f', '999', 'not_subj', 'New Submission: {qForm Title}');
REPLACE INTO `question_properties` (`form_id`, `question_id`, `prop`, `value`) VALUES ('293add64a837fdcdcf9b371ded1c016f', '999', 'rvcolor', 'JF062.ini.php');
REPLACE INTO `question_properties` (`form_id`, `question_id`, `prop`, `value`) VALUES ('293add64a837fdcdcf9b371ded1c016f', '999', 'sendpostdata', 'yes');
REPLACE INTO `question_properties` (`form_id`, `question_id`, `prop`, `value`) VALUES ('293add64a837fdcdcf9b371ded1c016f', '999', 'spamcheck', 'Enabled');
REPLACE INTO `question_properties` (`form_id`, `question_id`, `prop`, `value`) VALUES ('293add64a837fdcdcf9b371ded1c016f', '999', 'thanktext', '<div>\n<div>\n<div>Terima kasih atas pengisian. Pihak KOPERAT akan memproses permohonan Anda.</div></div>\n<div>\n<div>&nbsp;</div></div>\n<div>\n<div>\n<div><br />\n<strong><font color=\"#ff00aa\">Sila hantarkan</font></strong> 2 salinan dokuken-dokumen berikut ke pejabat kami dengan segera;</div>\n<div>Sekiranya Permohonan Anda Berjaya.&nbsp; </div>\n<div>(Nyatakan Projek / Kategori Rumah yang dipohon)<br />\n<br />\n&nbsp;<br />\na) Salinan Kad Pengenalan.<br />\n&nbsp;<br />\nb) Slip Gaji 6 bulan terkini ( pinjaman Bank / Kerajaan ).<br />\n&nbsp;<br />\nc) Surat Pengesahan Jawatan ( pinjaman Bank )<br />\n&nbsp;<br />\nd) Surat Pengesahan Perkhidmatan ( pinjaman Kerajaan ).<br />\n&nbsp;<br />\ne) Surat Pengesahan Lantikan ( pinjaman Kerajaan ).<br />\n<br />f) Surat Iringan - mengikut format ( pinjaman Kerajaan ).<br />\n&nbsp;<br />\ng) Borang EA/Cukai Pendapatan LHDN beserta resit bayaran ( pinjaman Bank / Berniaga ).<br />\n&nbsp;<br />\nh) Salinan Penyata Akaun Bank 6 bulan terkini ( pinjaman Bank / Kerajaan / Berniaga ).<br />\n&nbsp;<br />\ni) Pendaftaran Perniagaan ( pinjaman Bank / Berniaga ).<br />\n&nbsp;<br />\nj) Penyata Bank Syarikat 6 bulan terkini ( pinjaman Bank / Berniaga ).<br />\n&nbsp;<br />\nk) Penyata KWSP terkini ( pinjaman Bank ).<br />\n<br />l) Lain-lain dokumen, jika berkaitan.<br />\n&nbsp;<br />\n<br /><br />\n* <strong><font color=\"#ff0000\">Sila Pastikan</font></strong> <u><font color=\"#aa00ff\">E-mail dan Maklumat</font></u> Anda Adalah Betul Untuk Penerimaan Maklumbalas Daripada KOPERAT.<br />\n&nbsp;<br />\n&nbsp;<br />\n<br />Makluman Lanjut Sila Hubungi, Hantar @ Fax kan Borang anda ke;<br />\n&nbsp;<br />\n<strong>KONSORTIUM PERUMAHAN RAKYAT TERENGGANU SDN. BHD.<br />\n</strong><br />\nWisma GPQ, Lot 4564, Tingkat 1 &amp; 2<br />\n<br />Desa MPKT, Chendering, 21080 Kuala Terengganu<br />\n<br />Tel : 09-617 3405 / 617 6405&nbsp;&nbsp;&nbsp; Fax : 09-617 7404<br />\n<br />Website : <a href=\"http://www.koperat.com.my/\" title=\"\" target=\"_blank\"><strong>www.koperat.com.my</strong></a><br />\n<br />Page : <strong><a href=\"http://www.facebook.com/pages/Koperat/197111670306770\" title=\"\" target=\"_blank\">facebook.com / koperat</a></strong><br />\n<br />Email : koperat96@gmail.com<br />\n&nbsp;<br />\n&nbsp; </div></div></div></div>');
REPLACE INTO `question_properties` (`form_id`, `question_id`, `prop`, `value`) VALUES ('293add64a837fdcdcf9b371ded1c016f', '999', 'theme', 'Default');
REPLACE INTO `question_properties` (`form_id`, `question_id`, `prop`, `value`) VALUES ('293add64a837fdcdcf9b371ded1c016f', '999', 'use_buildin_formmail', 'yes');
REPLACE INTO `question_properties` (`form_id`, `question_id`, `prop`, `value`) VALUES ('293add64a837fdcdcf9b371ded1c016f', '999', 'width', '100%');
REPLACE INTO `question_utf8` (`form_id`, `utf8format`) VALUES ('293add64a837fdcdcf9b371ded1c016f', '1');
REPLACE INTO `forms` (`id`, `username`, `title`, `height`, `status`) VALUES ('fdde1a6556aa9dab9c76993f6869f7a7', 'a7ec09dce63b814be39611d58a2e3078', 'contact us', '40', 'undefined');
REPLACE INTO `questions` (`form_id`, `id`, `order`, `type`) VALUES ('fdde1a6556aa9dab9c76993f6869f7a7', '0', '1', 'control_textbox');
REPLACE INTO `questions` (`form_id`, `id`, `order`, `type`) VALUES ('fdde1a6556aa9dab9c76993f6869f7a7', '2', '2', 'control_textbox');
REPLACE INTO `questions` (`form_id`, `id`, `order`, `type`) VALUES ('fdde1a6556aa9dab9c76993f6869f7a7', '7', '5', 'control_textarea');
REPLACE INTO `questions` (`form_id`, `id`, `order`, `type`) VALUES ('fdde1a6556aa9dab9c76993f6869f7a7', '8', '8', 'control_button');
REPLACE INTO `questions` (`form_id`, `id`, `order`, `type`) VALUES ('fdde1a6556aa9dab9c76993f6869f7a7', '12', '3', 'control_textbox');
REPLACE INTO `questions` (`form_id`, `id`, `order`, `type`) VALUES ('fdde1a6556aa9dab9c76993f6869f7a7', '13', '6', 'control_hidden');
REPLACE INTO `questions` (`form_id`, `id`, `order`, `type`) VALUES ('fdde1a6556aa9dab9c76993f6869f7a7', '14', '4', 'control_textarea');
REPLACE INTO `questions` (`form_id`, `id`, `order`, `type`) VALUES ('fdde1a6556aa9dab9c76993f6869f7a7', '16', '7', 'control_text');
REPLACE INTO `question_properties` (`form_id`, `question_id`, `prop`, `value`) VALUES ('fdde1a6556aa9dab9c76993f6869f7a7', '0', 'desc', NULL);
REPLACE INTO `question_properties` (`form_id`, `question_id`, `prop`, `value`) VALUES ('fdde1a6556aa9dab9c76993f6869f7a7', '0', 'maxsize', '100');
REPLACE INTO `question_properties` (`form_id`, `question_id`, `prop`, `value`) VALUES ('fdde1a6556aa9dab9c76993f6869f7a7', '0', 'required', 'yes');
REPLACE INTO `question_properties` (`form_id`, `question_id`, `prop`, `value`) VALUES ('fdde1a6556aa9dab9c76993f6869f7a7', '0', 'senderemail', 'no');
REPLACE INTO `question_properties` (`form_id`, `question_id`, `prop`, `value`) VALUES ('fdde1a6556aa9dab9c76993f6869f7a7', '0', 'size', '48');
REPLACE INTO `question_properties` (`form_id`, `question_id`, `prop`, `value`) VALUES ('fdde1a6556aa9dab9c76993f6869f7a7', '0', 'text', 'Nama Penuh');
REPLACE INTO `question_properties` (`form_id`, `question_id`, `prop`, `value`) VALUES ('fdde1a6556aa9dab9c76993f6869f7a7', '0', 'validation', 'no');
REPLACE INTO `question_properties` (`form_id`, `question_id`, `prop`, `value`) VALUES ('fdde1a6556aa9dab9c76993f6869f7a7', '2', 'desc', NULL);
REPLACE INTO `question_properties` (`form_id`, `question_id`, `prop`, `value`) VALUES ('fdde1a6556aa9dab9c76993f6869f7a7', '2', 'maxsize', '100');
REPLACE INTO `question_properties` (`form_id`, `question_id`, `prop`, `value`) VALUES ('fdde1a6556aa9dab9c76993f6869f7a7', '2', 'required', 'yes');
REPLACE INTO `question_properties` (`form_id`, `question_id`, `prop`, `value`) VALUES ('fdde1a6556aa9dab9c76993f6869f7a7', '2', 'senderemail', 'no');
REPLACE INTO `question_properties` (`form_id`, `question_id`, `prop`, `value`) VALUES ('fdde1a6556aa9dab9c76993f6869f7a7', '2', 'size', '20');
REPLACE INTO `question_properties` (`form_id`, `question_id`, `prop`, `value`) VALUES ('fdde1a6556aa9dab9c76993f6869f7a7', '2', 'text', 'E-mail');
REPLACE INTO `question_properties` (`form_id`, `question_id`, `prop`, `value`) VALUES ('fdde1a6556aa9dab9c76993f6869f7a7', '2', 'validation', 'Email');
REPLACE INTO `question_properties` (`form_id`, `question_id`, `prop`, `value`) VALUES ('fdde1a6556aa9dab9c76993f6869f7a7', '7', 'cols', '35');
REPLACE INTO `question_properties` (`form_id`, `question_id`, `prop`, `value`) VALUES ('fdde1a6556aa9dab9c76993f6869f7a7', '7', 'desc', NULL);
REPLACE INTO `question_properties` (`form_id`, `question_id`, `prop`, `value`) VALUES ('fdde1a6556aa9dab9c76993f6869f7a7', '7', 'required', 'yes');
REPLACE INTO `question_properties` (`form_id`, `question_id`, `prop`, `value`) VALUES ('fdde1a6556aa9dab9c76993f6869f7a7', '7', 'rows', '10');
REPLACE INTO `question_properties` (`form_id`, `question_id`, `prop`, `value`) VALUES ('fdde1a6556aa9dab9c76993f6869f7a7', '7', 'text', 'Pertanyaan Anda');
REPLACE INTO `question_properties` (`form_id`, `question_id`, `prop`, `value`) VALUES ('fdde1a6556aa9dab9c76993f6869f7a7', '7', 'validation', 'no');
REPLACE INTO `question_properties` (`form_id`, `question_id`, `prop`, `value`) VALUES ('fdde1a6556aa9dab9c76993f6869f7a7', '8', 'clear', 'no');
REPLACE INTO `question_properties` (`form_id`, `question_id`, `prop`, `value`) VALUES ('fdde1a6556aa9dab9c76993f6869f7a7', '8', 'resettext', 'clear');
REPLACE INTO `question_properties` (`form_id`, `question_id`, `prop`, `value`) VALUES ('fdde1a6556aa9dab9c76993f6869f7a7', '8', 'submittext', 'Hantar');
REPLACE INTO `question_properties` (`form_id`, `question_id`, `prop`, `value`) VALUES ('fdde1a6556aa9dab9c76993f6869f7a7', '8', 'text', NULL);
REPLACE INTO `question_properties` (`form_id`, `question_id`, `prop`, `value`) VALUES ('fdde1a6556aa9dab9c76993f6869f7a7', '12', 'desc', NULL);
REPLACE INTO `question_properties` (`form_id`, `question_id`, `prop`, `value`) VALUES ('fdde1a6556aa9dab9c76993f6869f7a7', '12', 'maxsize', '100');
REPLACE INTO `question_properties` (`form_id`, `question_id`, `prop`, `value`) VALUES ('fdde1a6556aa9dab9c76993f6869f7a7', '12', 'required', 'yes');
REPLACE INTO `question_properties` (`form_id`, `question_id`, `prop`, `value`) VALUES ('fdde1a6556aa9dab9c76993f6869f7a7', '12', 'senderemail', 'no');
REPLACE INTO `question_properties` (`form_id`, `question_id`, `prop`, `value`) VALUES ('fdde1a6556aa9dab9c76993f6869f7a7', '12', 'size', '20');
REPLACE INTO `question_properties` (`form_id`, `question_id`, `prop`, `value`) VALUES ('fdde1a6556aa9dab9c76993f6869f7a7', '12', 'text', 'Telefon');
REPLACE INTO `question_properties` (`form_id`, `question_id`, `prop`, `value`) VALUES ('fdde1a6556aa9dab9c76993f6869f7a7', '12', 'validation', 'no');
REPLACE INTO `question_properties` (`form_id`, `question_id`, `prop`, `value`) VALUES ('fdde1a6556aa9dab9c76993f6869f7a7', '13', 'text', 'undefined');
REPLACE INTO `question_properties` (`form_id`, `question_id`, `prop`, `value`) VALUES ('fdde1a6556aa9dab9c76993f6869f7a7', '14', 'cols', '30');
REPLACE INTO `question_properties` (`form_id`, `question_id`, `prop`, `value`) VALUES ('fdde1a6556aa9dab9c76993f6869f7a7', '14', 'desc', NULL);
REPLACE INTO `question_properties` (`form_id`, `question_id`, `prop`, `value`) VALUES ('fdde1a6556aa9dab9c76993f6869f7a7', '14', 'required', 'yes');
REPLACE INTO `question_properties` (`form_id`, `question_id`, `prop`, `value`) VALUES ('fdde1a6556aa9dab9c76993f6869f7a7', '14', 'rows', '2');
REPLACE INTO `question_properties` (`form_id`, `question_id`, `prop`, `value`) VALUES ('fdde1a6556aa9dab9c76993f6869f7a7', '14', 'text', 'Perkara');
REPLACE INTO `question_properties` (`form_id`, `question_id`, `prop`, `value`) VALUES ('fdde1a6556aa9dab9c76993f6869f7a7', '14', 'validation', 'no');
REPLACE INTO `question_properties` (`form_id`, `question_id`, `prop`, `value`) VALUES ('fdde1a6556aa9dab9c76993f6869f7a7', '16', 'text', '* Sila Pastikan E-mail dan Maklumat Anda Adalah Betul Untuk Penerimaan Maklumbalas Daripada KOPERAT.');
REPLACE INTO `question_properties` (`form_id`, `question_id`, `prop`, `value`) VALUES ('fdde1a6556aa9dab9c76993f6869f7a7', '999', 'alignment', 'default');
REPLACE INTO `question_properties` (`form_id`, `question_id`, `prop`, `value`) VALUES ('fdde1a6556aa9dab9c76993f6869f7a7', '999', 'background', 'white');
REPLACE INTO `question_properties` (`form_id`, `question_id`, `prop`, `value`) VALUES ('fdde1a6556aa9dab9c76993f6869f7a7', '999', 'conf_body', 'Thanks for submitting our form, we will get back to you as soon as possible.');
REPLACE INTO `question_properties` (`form_id`, `question_id`, `prop`, `value`) VALUES ('fdde1a6556aa9dab9c76993f6869f7a7', '999', 'conf_send', 'no');
REPLACE INTO `question_properties` (`form_id`, `question_id`, `prop`, `value`) VALUES ('fdde1a6556aa9dab9c76993f6869f7a7', '999', 'conf_subj', 'Email Pertanyaan Diterima');
REPLACE INTO `question_properties` (`form_id`, `question_id`, `prop`, `value`) VALUES ('fdde1a6556aa9dab9c76993f6869f7a7', '999', 'disabled', 'Enabled');
REPLACE INTO `question_properties` (`form_id`, `question_id`, `prop`, `value`) VALUES ('fdde1a6556aa9dab9c76993f6869f7a7', '999', 'email', 'yes');
REPLACE INTO `question_properties` (`form_id`, `question_id`, `prop`, `value`) VALUES ('fdde1a6556aa9dab9c76993f6869f7a7', '999', 'email_addr', 'sales@koperat.com.my');
REPLACE INTO `question_properties` (`form_id`, `question_id`, `prop`, `value`) VALUES ('fdde1a6556aa9dab9c76993f6869f7a7', '999', 'ext_sendpostdata', 'no');
REPLACE INTO `question_properties` (`form_id`, `question_id`, `prop`, `value`) VALUES ('fdde1a6556aa9dab9c76993f6869f7a7', '999', 'font', 'Verdana');
REPLACE INTO `question_properties` (`form_id`, `question_id`, `prop`, `value`) VALUES ('fdde1a6556aa9dab9c76993f6869f7a7', '999', 'fontcolor', '#48345a');
REPLACE INTO `question_properties` (`form_id`, `question_id`, `prop`, `value`) VALUES ('fdde1a6556aa9dab9c76993f6869f7a7', '999', 'fontsize', '12');
REPLACE INTO `question_properties` (`form_id`, `question_id`, `prop`, `value`) VALUES ('fdde1a6556aa9dab9c76993f6869f7a7', '999', 'not_subj', 'New Submission: {qForm Title}');
REPLACE INTO `question_properties` (`form_id`, `question_id`, `prop`, `value`) VALUES ('fdde1a6556aa9dab9c76993f6869f7a7', '999', 'rvcolor', 'JF061.ini.php');
REPLACE INTO `question_properties` (`form_id`, `question_id`, `prop`, `value`) VALUES ('fdde1a6556aa9dab9c76993f6869f7a7', '999', 'rvtheme', 'rvJotformThemeStyle1');
REPLACE INTO `question_properties` (`form_id`, `question_id`, `prop`, `value`) VALUES ('fdde1a6556aa9dab9c76993f6869f7a7', '999', 'sendpostdata', 'yes');
REPLACE INTO `question_properties` (`form_id`, `question_id`, `prop`, `value`) VALUES ('fdde1a6556aa9dab9c76993f6869f7a7', '999', 'spamcheck', 'Enabled');
REPLACE INTO `question_properties` (`form_id`, `question_id`, `prop`, `value`) VALUES ('fdde1a6556aa9dab9c76993f6869f7a7', '999', 'thanktext', '<div>Terima kasih atas pertanyaan anda. Pihak KOPERAT akan membalas / menghubungi anda dengan segera.</div>\n<div>\n<div>&nbsp;</div></div>\n<div>\n<div>&nbsp;</div></div>\n<div>* <strong><font color=\"#ff0000\">Sila Pastikan</font></strong> <u><strong><font color=\"#8f50af\">E-mail dan Maklumat</font></strong></u> Anda Adalah Betul Untuk Penerimaan Maklumbalas Daripada KOPERAT. </div>\n<div>&nbsp;</div>\n<div>&nbsp;</div>\n<div>&nbsp;</div>\n<div>\n<div>\n<div>Makluman Lanjut Sila Hubungi, Hantar @ Fax kan Borang anda ke;</div>\n<div>&nbsp;</div>\n<div><strong>KONSORTIUM PERUMAHAN RAKYAT TERENGGANU SDN. BHD.</strong><br />\n<br />Wisma GPQ, Lot 4564, Tingkat 1 &amp; 2<br />\n<br />Desa MPKT, Chendering, 21080 Kuala Terengganu<br />\n<br />Tel : 09-617 3405 / 617 6405&nbsp;&nbsp;&nbsp; Fax : 09-617 7404<br />\n<br />Website : <strong><a href=\"http://www.koperat.com.my/\" title=\"\" target=\"_blank\">www.koperat.com.my</a></strong><br />\n<br />Page : <strong><a href=\"http://www.facebook.com/pages/Koperat/197111670306770\" title=\"\" target=\"_blank\">facebook.com / koperat</a></strong><br />\n<br />Email : koperat96@gmail.com </div></div>\n<div>\n<div>&nbsp;</div></div>&nbsp; </div>');
REPLACE INTO `question_properties` (`form_id`, `question_id`, `prop`, `value`) VALUES ('fdde1a6556aa9dab9c76993f6869f7a7', '999', 'theme', 'Default');
REPLACE INTO `question_properties` (`form_id`, `question_id`, `prop`, `value`) VALUES ('fdde1a6556aa9dab9c76993f6869f7a7', '999', 'use_buildin_formmail', 'yes');
REPLACE INTO `question_properties` (`form_id`, `question_id`, `prop`, `value`) VALUES ('fdde1a6556aa9dab9c76993f6869f7a7', '999', 'width', '100%');
REPLACE INTO `question_utf8` (`form_id`, `utf8format`) VALUES ('fdde1a6556aa9dab9c76993f6869f7a7', '1');
REPLACE INTO `forms` (`id`, `username`, `title`, `height`, `status`) VALUES ('f5da11578d047e72de17a9ada2e68416', 'a7ec09dce63b814be39611d58a2e3078', 'contact us', '40', 'Enabled');
REPLACE INTO `questions` (`form_id`, `id`, `order`, `type`) VALUES ('f5da11578d047e72de17a9ada2e68416', '0', '1', 'control_textbox');
REPLACE INTO `questions` (`form_id`, `id`, `order`, `type`) VALUES ('f5da11578d047e72de17a9ada2e68416', '1', '2', 'control_textbox');
REPLACE INTO `questions` (`form_id`, `id`, `order`, `type`) VALUES ('f5da11578d047e72de17a9ada2e68416', '2', '3', 'control_textbox');
REPLACE INTO `questions` (`form_id`, `id`, `order`, `type`) VALUES ('f5da11578d047e72de17a9ada2e68416', '7', '5', 'control_textarea');
REPLACE INTO `questions` (`form_id`, `id`, `order`, `type`) VALUES ('f5da11578d047e72de17a9ada2e68416', '8', '6', 'control_button');
REPLACE INTO `questions` (`form_id`, `id`, `order`, `type`) VALUES ('f5da11578d047e72de17a9ada2e68416', '12', '4', 'control_textbox');
REPLACE INTO `question_properties` (`form_id`, `question_id`, `prop`, `value`) VALUES ('f5da11578d047e72de17a9ada2e68416', '0', 'desc', NULL);
REPLACE INTO `question_properties` (`form_id`, `question_id`, `prop`, `value`) VALUES ('f5da11578d047e72de17a9ada2e68416', '0', 'maxsize', '100');
REPLACE INTO `question_properties` (`form_id`, `question_id`, `prop`, `value`) VALUES ('f5da11578d047e72de17a9ada2e68416', '0', 'required', 'yes');
REPLACE INTO `question_properties` (`form_id`, `question_id`, `prop`, `value`) VALUES ('f5da11578d047e72de17a9ada2e68416', '0', 'size', '20');
REPLACE INTO `question_properties` (`form_id`, `question_id`, `prop`, `value`) VALUES ('f5da11578d047e72de17a9ada2e68416', '0', 'text', 'First Name');
REPLACE INTO `question_properties` (`form_id`, `question_id`, `prop`, `value`) VALUES ('f5da11578d047e72de17a9ada2e68416', '0', 'validation', 'no');
REPLACE INTO `question_properties` (`form_id`, `question_id`, `prop`, `value`) VALUES ('f5da11578d047e72de17a9ada2e68416', '1', 'desc', NULL);
REPLACE INTO `question_properties` (`form_id`, `question_id`, `prop`, `value`) VALUES ('f5da11578d047e72de17a9ada2e68416', '1', 'maxsize', '100');
REPLACE INTO `question_properties` (`form_id`, `question_id`, `prop`, `value`) VALUES ('f5da11578d047e72de17a9ada2e68416', '1', 'required', 'yes');
REPLACE INTO `question_properties` (`form_id`, `question_id`, `prop`, `value`) VALUES ('f5da11578d047e72de17a9ada2e68416', '1', 'size', '20');
REPLACE INTO `question_properties` (`form_id`, `question_id`, `prop`, `value`) VALUES ('f5da11578d047e72de17a9ada2e68416', '1', 'text', 'Last Name');
REPLACE INTO `question_properties` (`form_id`, `question_id`, `prop`, `value`) VALUES ('f5da11578d047e72de17a9ada2e68416', '1', 'validation', 'no');
REPLACE INTO `question_properties` (`form_id`, `question_id`, `prop`, `value`) VALUES ('f5da11578d047e72de17a9ada2e68416', '2', 'desc', NULL);
REPLACE INTO `question_properties` (`form_id`, `question_id`, `prop`, `value`) VALUES ('f5da11578d047e72de17a9ada2e68416', '2', 'maxsize', '100');
REPLACE INTO `question_properties` (`form_id`, `question_id`, `prop`, `value`) VALUES ('f5da11578d047e72de17a9ada2e68416', '2', 'required', 'yes');
REPLACE INTO `question_properties` (`form_id`, `question_id`, `prop`, `value`) VALUES ('f5da11578d047e72de17a9ada2e68416', '2', 'size', '20');
REPLACE INTO `question_properties` (`form_id`, `question_id`, `prop`, `value`) VALUES ('f5da11578d047e72de17a9ada2e68416', '2', 'text', 'E-mail');
REPLACE INTO `question_properties` (`form_id`, `question_id`, `prop`, `value`) VALUES ('f5da11578d047e72de17a9ada2e68416', '2', 'validation', 'Email');
REPLACE INTO `question_properties` (`form_id`, `question_id`, `prop`, `value`) VALUES ('f5da11578d047e72de17a9ada2e68416', '7', 'cols', '35');
REPLACE INTO `question_properties` (`form_id`, `question_id`, `prop`, `value`) VALUES ('f5da11578d047e72de17a9ada2e68416', '7', 'desc', NULL);
REPLACE INTO `question_properties` (`form_id`, `question_id`, `prop`, `value`) VALUES ('f5da11578d047e72de17a9ada2e68416', '7', 'required', 'yes');
REPLACE INTO `question_properties` (`form_id`, `question_id`, `prop`, `value`) VALUES ('f5da11578d047e72de17a9ada2e68416', '7', 'rows', '10');
REPLACE INTO `question_properties` (`form_id`, `question_id`, `prop`, `value`) VALUES ('f5da11578d047e72de17a9ada2e68416', '7', 'text', 'Your Message');
REPLACE INTO `question_properties` (`form_id`, `question_id`, `prop`, `value`) VALUES ('f5da11578d047e72de17a9ada2e68416', '7', 'validation', 'no');
REPLACE INTO `question_properties` (`form_id`, `question_id`, `prop`, `value`) VALUES ('f5da11578d047e72de17a9ada2e68416', '8', 'clear', 'no');
REPLACE INTO `question_properties` (`form_id`, `question_id`, `prop`, `value`) VALUES ('f5da11578d047e72de17a9ada2e68416', '8', 'submittext', 'Submit');
REPLACE INTO `question_properties` (`form_id`, `question_id`, `prop`, `value`) VALUES ('f5da11578d047e72de17a9ada2e68416', '8', 'text', NULL);
REPLACE INTO `question_properties` (`form_id`, `question_id`, `prop`, `value`) VALUES ('f5da11578d047e72de17a9ada2e68416', '12', 'desc', NULL);
REPLACE INTO `question_properties` (`form_id`, `question_id`, `prop`, `value`) VALUES ('f5da11578d047e72de17a9ada2e68416', '12', 'maxsize', '100');
REPLACE INTO `question_properties` (`form_id`, `question_id`, `prop`, `value`) VALUES ('f5da11578d047e72de17a9ada2e68416', '12', 'required', 'no');
REPLACE INTO `question_properties` (`form_id`, `question_id`, `prop`, `value`) VALUES ('f5da11578d047e72de17a9ada2e68416', '12', 'size', '20');
REPLACE INTO `question_properties` (`form_id`, `question_id`, `prop`, `value`) VALUES ('f5da11578d047e72de17a9ada2e68416', '12', 'text', 'Phone');
REPLACE INTO `question_properties` (`form_id`, `question_id`, `prop`, `value`) VALUES ('f5da11578d047e72de17a9ada2e68416', '12', 'validation', 'no');
REPLACE INTO `question_properties` (`form_id`, `question_id`, `prop`, `value`) VALUES ('f5da11578d047e72de17a9ada2e68416', '999', 'alignment', 'default');
REPLACE INTO `question_properties` (`form_id`, `question_id`, `prop`, `value`) VALUES ('f5da11578d047e72de17a9ada2e68416', '999', 'background', 'white');
REPLACE INTO `question_properties` (`form_id`, `question_id`, `prop`, `value`) VALUES ('f5da11578d047e72de17a9ada2e68416', '999', 'conf_body', 'Thanks for submitting our form, we will get back to you as soon as possible.');
REPLACE INTO `question_properties` (`form_id`, `question_id`, `prop`, `value`) VALUES ('f5da11578d047e72de17a9ada2e68416', '999', 'conf_send', 'no');
REPLACE INTO `question_properties` (`form_id`, `question_id`, `prop`, `value`) VALUES ('f5da11578d047e72de17a9ada2e68416', '999', 'conf_subj', 'Submission Received');
REPLACE INTO `question_properties` (`form_id`, `question_id`, `prop`, `value`) VALUES ('f5da11578d047e72de17a9ada2e68416', '999', 'disabled', 'Enabled');
REPLACE INTO `question_properties` (`form_id`, `question_id`, `prop`, `value`) VALUES ('f5da11578d047e72de17a9ada2e68416', '999', 'email', 'yes');
REPLACE INTO `question_properties` (`form_id`, `question_id`, `prop`, `value`) VALUES ('f5da11578d047e72de17a9ada2e68416', '999', 'font', 'Verdana');
REPLACE INTO `question_properties` (`form_id`, `question_id`, `prop`, `value`) VALUES ('f5da11578d047e72de17a9ada2e68416', '999', 'fontcolor', 'black');
REPLACE INTO `question_properties` (`form_id`, `question_id`, `prop`, `value`) VALUES ('f5da11578d047e72de17a9ada2e68416', '999', 'fontsize', '12');
REPLACE INTO `question_properties` (`form_id`, `question_id`, `prop`, `value`) VALUES ('f5da11578d047e72de17a9ada2e68416', '999', 'not_subj', 'New Submission: {qForm Title}');
REPLACE INTO `question_properties` (`form_id`, `question_id`, `prop`, `value`) VALUES ('f5da11578d047e72de17a9ada2e68416', '999', 'sendpostdata', 'no');
REPLACE INTO `question_properties` (`form_id`, `question_id`, `prop`, `value`) VALUES ('f5da11578d047e72de17a9ada2e68416', '999', 'spamcheck', 'Enabled');
REPLACE INTO `question_properties` (`form_id`, `question_id`, `prop`, `value`) VALUES ('f5da11578d047e72de17a9ada2e68416', '999', 'theme', 'Default');
REPLACE INTO `question_utf8` (`form_id`, `utf8format`) VALUES ('f5da11578d047e72de17a9ada2e68416', '1');
REPLACE INTO `forms` (`id`, `username`, `title`, `height`, `status`) VALUES ('c2fb41fb656cd47197a3d67d45782b17', 'a7ec09dce63b814be39611d58a2e3078', 'Form 1', NULL, 'Enabled');
REPLACE INTO `questions` (`form_id`, `id`, `order`, `type`) VALUES ('c2fb41fb656cd47197a3d67d45782b17', '0', '2', 'control_button');
REPLACE INTO `questions` (`form_id`, `id`, `order`, `type`) VALUES ('c2fb41fb656cd47197a3d67d45782b17', '1', '1', 'control_text');
REPLACE INTO `question_properties` (`form_id`, `question_id`, `prop`, `value`) VALUES ('c2fb41fb656cd47197a3d67d45782b17', '0', 'clear', 'no');
REPLACE INTO `question_properties` (`form_id`, `question_id`, `prop`, `value`) VALUES ('c2fb41fb656cd47197a3d67d45782b17', '0', 'submittext', 'Submit');
REPLACE INTO `question_properties` (`form_id`, `question_id`, `prop`, `value`) VALUES ('c2fb41fb656cd47197a3d67d45782b17', '0', 'text', NULL);
REPLACE INTO `question_properties` (`form_id`, `question_id`, `prop`, `value`) VALUES ('c2fb41fb656cd47197a3d67d45782b17', '1', 'text', 'Drag and drop questions from the right side to create your form.');
REPLACE INTO `question_properties` (`form_id`, `question_id`, `prop`, `value`) VALUES ('c2fb41fb656cd47197a3d67d45782b17', '999', '', NULL);
REPLACE INTO `question_properties` (`form_id`, `question_id`, `prop`, `value`) VALUES ('c2fb41fb656cd47197a3d67d45782b17', '999', 'alignment', 'default');
REPLACE INTO `question_properties` (`form_id`, `question_id`, `prop`, `value`) VALUES ('c2fb41fb656cd47197a3d67d45782b17', '999', 'background', 'white');
REPLACE INTO `question_properties` (`form_id`, `question_id`, `prop`, `value`) VALUES ('c2fb41fb656cd47197a3d67d45782b17', '999', 'conf_body', 'Thanks for submitting our form, we will get back to you as soon as possible.');
REPLACE INTO `question_properties` (`form_id`, `question_id`, `prop`, `value`) VALUES ('c2fb41fb656cd47197a3d67d45782b17', '999', 'conf_send', 'no');
REPLACE INTO `question_properties` (`form_id`, `question_id`, `prop`, `value`) VALUES ('c2fb41fb656cd47197a3d67d45782b17', '999', 'conf_subj', 'Submission Received');
REPLACE INTO `question_properties` (`form_id`, `question_id`, `prop`, `value`) VALUES ('c2fb41fb656cd47197a3d67d45782b17', '999', 'disabled', 'Enabled');
REPLACE INTO `question_properties` (`form_id`, `question_id`, `prop`, `value`) VALUES ('c2fb41fb656cd47197a3d67d45782b17', '999', 'email', 'yes');
REPLACE INTO `question_properties` (`form_id`, `question_id`, `prop`, `value`) VALUES ('c2fb41fb656cd47197a3d67d45782b17', '999', 'email_addr', 'yout email@192.168.1.65');
REPLACE INTO `question_properties` (`form_id`, `question_id`, `prop`, `value`) VALUES ('c2fb41fb656cd47197a3d67d45782b17', '999', 'ext_sendpostdata', 'no');
REPLACE INTO `question_properties` (`form_id`, `question_id`, `prop`, `value`) VALUES ('c2fb41fb656cd47197a3d67d45782b17', '999', 'font', 'Verdana');
REPLACE INTO `question_properties` (`form_id`, `question_id`, `prop`, `value`) VALUES ('c2fb41fb656cd47197a3d67d45782b17', '999', 'fontcolor', 'black');
REPLACE INTO `question_properties` (`form_id`, `question_id`, `prop`, `value`) VALUES ('c2fb41fb656cd47197a3d67d45782b17', '999', 'fontsize', '12');
REPLACE INTO `question_properties` (`form_id`, `question_id`, `prop`, `value`) VALUES ('c2fb41fb656cd47197a3d67d45782b17', '999', 'not_subj', 'New Submission: {qForm Title}');
REPLACE INTO `question_properties` (`form_id`, `question_id`, `prop`, `value`) VALUES ('c2fb41fb656cd47197a3d67d45782b17', '999', 'sendpostdata', 'yes');
REPLACE INTO `question_properties` (`form_id`, `question_id`, `prop`, `value`) VALUES ('c2fb41fb656cd47197a3d67d45782b17', '999', 'spamcheck', 'Enabled');
REPLACE INTO `question_properties` (`form_id`, `question_id`, `prop`, `value`) VALUES ('c2fb41fb656cd47197a3d67d45782b17', '999', 'thanktext', 'Thanks for submitting our form, we will get back to you as soon as possible.');
REPLACE INTO `question_properties` (`form_id`, `question_id`, `prop`, `value`) VALUES ('c2fb41fb656cd47197a3d67d45782b17', '999', 'theme', 'Default');
REPLACE INTO `question_properties` (`form_id`, `question_id`, `prop`, `value`) VALUES ('c2fb41fb656cd47197a3d67d45782b17', '999', 'use_buildin_formmail', 'yes');
REPLACE INTO `question_utf8` (`form_id`, `utf8format`) VALUES ('c2fb41fb656cd47197a3d67d45782b17', '1');
REPLACE INTO `forms` (`id`, `username`, `title`, `height`, `status`) VALUES ('0024caf2add99deffd5d6e7b64c927af', 'a7ec09dce63b814be39611d58a2e3078', 'Form 4', NULL, 'Enabled');
REPLACE INTO `questions` (`form_id`, `id`, `order`, `type`) VALUES ('0024caf2add99deffd5d6e7b64c927af', '0', '1', 'control_textbox');
REPLACE INTO `questions` (`form_id`, `id`, `order`, `type`) VALUES ('0024caf2add99deffd5d6e7b64c927af', '2', '2', 'control_textbox');
REPLACE INTO `questions` (`form_id`, `id`, `order`, `type`) VALUES ('0024caf2add99deffd5d6e7b64c927af', '3', '3', 'control_textbox');
REPLACE INTO `questions` (`form_id`, `id`, `order`, `type`) VALUES ('0024caf2add99deffd5d6e7b64c927af', '7', '4', 'control_textarea');
REPLACE INTO `questions` (`form_id`, `id`, `order`, `type`) VALUES ('0024caf2add99deffd5d6e7b64c927af', '8', '9', 'control_button');
REPLACE INTO `questions` (`form_id`, `id`, `order`, `type`) VALUES ('0024caf2add99deffd5d6e7b64c927af', '9', '5', 'control_textbox');
REPLACE INTO `questions` (`form_id`, `id`, `order`, `type`) VALUES ('0024caf2add99deffd5d6e7b64c927af', '10', '6', 'control_datetimepicker');
REPLACE INTO `questions` (`form_id`, `id`, `order`, `type`) VALUES ('0024caf2add99deffd5d6e7b64c927af', '11', '7', 'control_textarea');
REPLACE INTO `questions` (`form_id`, `id`, `order`, `type`) VALUES ('0024caf2add99deffd5d6e7b64c927af', '12', '8', 'control_fileupload');
REPLACE INTO `question_properties` (`form_id`, `question_id`, `prop`, `value`) VALUES ('0024caf2add99deffd5d6e7b64c927af', '0', 'desc', NULL);
REPLACE INTO `question_properties` (`form_id`, `question_id`, `prop`, `value`) VALUES ('0024caf2add99deffd5d6e7b64c927af', '0', 'maxsize', '100');
REPLACE INTO `question_properties` (`form_id`, `question_id`, `prop`, `value`) VALUES ('0024caf2add99deffd5d6e7b64c927af', '0', 'required', 'yes');
REPLACE INTO `question_properties` (`form_id`, `question_id`, `prop`, `value`) VALUES ('0024caf2add99deffd5d6e7b64c927af', '0', 'size', '20');
REPLACE INTO `question_properties` (`form_id`, `question_id`, `prop`, `value`) VALUES ('0024caf2add99deffd5d6e7b64c927af', '0', 'text', 'Name:');
REPLACE INTO `question_properties` (`form_id`, `question_id`, `prop`, `value`) VALUES ('0024caf2add99deffd5d6e7b64c927af', '0', 'validation', 'no');
REPLACE INTO `question_properties` (`form_id`, `question_id`, `prop`, `value`) VALUES ('0024caf2add99deffd5d6e7b64c927af', '2', 'desc', NULL);
REPLACE INTO `question_properties` (`form_id`, `question_id`, `prop`, `value`) VALUES ('0024caf2add99deffd5d6e7b64c927af', '2', 'maxsize', '100');
REPLACE INTO `question_properties` (`form_id`, `question_id`, `prop`, `value`) VALUES ('0024caf2add99deffd5d6e7b64c927af', '2', 'required', 'yes');
REPLACE INTO `question_properties` (`form_id`, `question_id`, `prop`, `value`) VALUES ('0024caf2add99deffd5d6e7b64c927af', '2', 'size', '20');
REPLACE INTO `question_properties` (`form_id`, `question_id`, `prop`, `value`) VALUES ('0024caf2add99deffd5d6e7b64c927af', '2', 'text', 'E-mail:');
REPLACE INTO `question_properties` (`form_id`, `question_id`, `prop`, `value`) VALUES ('0024caf2add99deffd5d6e7b64c927af', '2', 'validation', 'Email');
REPLACE INTO `question_properties` (`form_id`, `question_id`, `prop`, `value`) VALUES ('0024caf2add99deffd5d6e7b64c927af', '3', 'desc', NULL);
REPLACE INTO `question_properties` (`form_id`, `question_id`, `prop`, `value`) VALUES ('0024caf2add99deffd5d6e7b64c927af', '3', 'maxsize', '100');
REPLACE INTO `question_properties` (`form_id`, `question_id`, `prop`, `value`) VALUES ('0024caf2add99deffd5d6e7b64c927af', '3', 'required', 'no');
REPLACE INTO `question_properties` (`form_id`, `question_id`, `prop`, `value`) VALUES ('0024caf2add99deffd5d6e7b64c927af', '3', 'size', '20');
REPLACE INTO `question_properties` (`form_id`, `question_id`, `prop`, `value`) VALUES ('0024caf2add99deffd5d6e7b64c927af', '3', 'text', 'Telephone Number:');
REPLACE INTO `question_properties` (`form_id`, `question_id`, `prop`, `value`) VALUES ('0024caf2add99deffd5d6e7b64c927af', '3', 'validation', 'no');
REPLACE INTO `question_properties` (`form_id`, `question_id`, `prop`, `value`) VALUES ('0024caf2add99deffd5d6e7b64c927af', '7', 'cols', '30');
REPLACE INTO `question_properties` (`form_id`, `question_id`, `prop`, `value`) VALUES ('0024caf2add99deffd5d6e7b64c927af', '7', 'desc', NULL);
REPLACE INTO `question_properties` (`form_id`, `question_id`, `prop`, `value`) VALUES ('0024caf2add99deffd5d6e7b64c927af', '7', 'required', 'no');
REPLACE INTO `question_properties` (`form_id`, `question_id`, `prop`, `value`) VALUES ('0024caf2add99deffd5d6e7b64c927af', '7', 'rows', '2');
REPLACE INTO `question_properties` (`form_id`, `question_id`, `prop`, `value`) VALUES ('0024caf2add99deffd5d6e7b64c927af', '7', 'text', 'Address:');
REPLACE INTO `question_properties` (`form_id`, `question_id`, `prop`, `value`) VALUES ('0024caf2add99deffd5d6e7b64c927af', '7', 'validation', 'no');
REPLACE INTO `question_properties` (`form_id`, `question_id`, `prop`, `value`) VALUES ('0024caf2add99deffd5d6e7b64c927af', '8', 'clear', 'no');
REPLACE INTO `question_properties` (`form_id`, `question_id`, `prop`, `value`) VALUES ('0024caf2add99deffd5d6e7b64c927af', '8', 'submittext', 'Submit');
REPLACE INTO `question_properties` (`form_id`, `question_id`, `prop`, `value`) VALUES ('0024caf2add99deffd5d6e7b64c927af', '8', 'text', NULL);
REPLACE INTO `question_properties` (`form_id`, `question_id`, `prop`, `value`) VALUES ('0024caf2add99deffd5d6e7b64c927af', '9', 'desc', NULL);
REPLACE INTO `question_properties` (`form_id`, `question_id`, `prop`, `value`) VALUES ('0024caf2add99deffd5d6e7b64c927af', '9', 'maxsize', '100');
REPLACE INTO `question_properties` (`form_id`, `question_id`, `prop`, `value`) VALUES ('0024caf2add99deffd5d6e7b64c927af', '9', 'required', 'no');
REPLACE INTO `question_properties` (`form_id`, `question_id`, `prop`, `value`) VALUES ('0024caf2add99deffd5d6e7b64c927af', '9', 'size', '20');
REPLACE INTO `question_properties` (`form_id`, `question_id`, `prop`, `value`) VALUES ('0024caf2add99deffd5d6e7b64c927af', '9', 'text', 'Applying for Position:');
REPLACE INTO `question_properties` (`form_id`, `question_id`, `prop`, `value`) VALUES ('0024caf2add99deffd5d6e7b64c927af', '9', 'validation', 'no');
REPLACE INTO `question_properties` (`form_id`, `question_id`, `prop`, `value`) VALUES ('0024caf2add99deffd5d6e7b64c927af', '10', 'desc', NULL);
REPLACE INTO `question_properties` (`form_id`, `question_id`, `prop`, `value`) VALUES ('0024caf2add99deffd5d6e7b64c927af', '10', 'format', 'mmddyyyy');
REPLACE INTO `question_properties` (`form_id`, `question_id`, `prop`, `value`) VALUES ('0024caf2add99deffd5d6e7b64c927af', '10', 'required', 'no');
REPLACE INTO `question_properties` (`form_id`, `question_id`, `prop`, `value`) VALUES ('0024caf2add99deffd5d6e7b64c927af', '10', 'text', 'When can you start');
REPLACE INTO `question_properties` (`form_id`, `question_id`, `prop`, `value`) VALUES ('0024caf2add99deffd5d6e7b64c927af', '11', 'cols', '30');
REPLACE INTO `question_properties` (`form_id`, `question_id`, `prop`, `value`) VALUES ('0024caf2add99deffd5d6e7b64c927af', '11', 'desc', NULL);
REPLACE INTO `question_properties` (`form_id`, `question_id`, `prop`, `value`) VALUES ('0024caf2add99deffd5d6e7b64c927af', '11', 'required', 'no');
REPLACE INTO `question_properties` (`form_id`, `question_id`, `prop`, `value`) VALUES ('0024caf2add99deffd5d6e7b64c927af', '11', 'rows', '5');
REPLACE INTO `question_properties` (`form_id`, `question_id`, `prop`, `value`) VALUES ('0024caf2add99deffd5d6e7b64c927af', '11', 'text', 'Cover Letter');
REPLACE INTO `question_properties` (`form_id`, `question_id`, `prop`, `value`) VALUES ('0024caf2add99deffd5d6e7b64c927af', '11', 'validation', 'no');
REPLACE INTO `question_properties` (`form_id`, `question_id`, `prop`, `value`) VALUES ('0024caf2add99deffd5d6e7b64c927af', '12', 'desc', NULL);
REPLACE INTO `question_properties` (`form_id`, `question_id`, `prop`, `value`) VALUES ('0024caf2add99deffd5d6e7b64c927af', '12', 'extensions', 'doc, xls, jpg, jpeg, gif, png, mp3, mpeg');
REPLACE INTO `question_properties` (`form_id`, `question_id`, `prop`, `value`) VALUES ('0024caf2add99deffd5d6e7b64c927af', '12', 'maxsize', '5000');
REPLACE INTO `question_properties` (`form_id`, `question_id`, `prop`, `value`) VALUES ('0024caf2add99deffd5d6e7b64c927af', '12', 'name', 'fileupload12');
REPLACE INTO `question_properties` (`form_id`, `question_id`, `prop`, `value`) VALUES ('0024caf2add99deffd5d6e7b64c927af', '12', 'required', 'no');
REPLACE INTO `question_properties` (`form_id`, `question_id`, `prop`, `value`) VALUES ('0024caf2add99deffd5d6e7b64c927af', '12', 'text', 'Upload Resume');
REPLACE INTO `question_properties` (`form_id`, `question_id`, `prop`, `value`) VALUES ('0024caf2add99deffd5d6e7b64c927af', '999', '', NULL);
REPLACE INTO `question_properties` (`form_id`, `question_id`, `prop`, `value`) VALUES ('0024caf2add99deffd5d6e7b64c927af', '999', 'alignment', 'default');
REPLACE INTO `question_properties` (`form_id`, `question_id`, `prop`, `value`) VALUES ('0024caf2add99deffd5d6e7b64c927af', '999', 'background', 'white');
REPLACE INTO `question_properties` (`form_id`, `question_id`, `prop`, `value`) VALUES ('0024caf2add99deffd5d6e7b64c927af', '999', 'conf_body', 'Thanks for submitting our form, we will get back to you as soon as possible.');
REPLACE INTO `question_properties` (`form_id`, `question_id`, `prop`, `value`) VALUES ('0024caf2add99deffd5d6e7b64c927af', '999', 'conf_send', 'no');
REPLACE INTO `question_properties` (`form_id`, `question_id`, `prop`, `value`) VALUES ('0024caf2add99deffd5d6e7b64c927af', '999', 'conf_subj', 'Submission Received');
REPLACE INTO `question_properties` (`form_id`, `question_id`, `prop`, `value`) VALUES ('0024caf2add99deffd5d6e7b64c927af', '999', 'disabled', 'Enabled');
REPLACE INTO `question_properties` (`form_id`, `question_id`, `prop`, `value`) VALUES ('0024caf2add99deffd5d6e7b64c927af', '999', 'email', 'yes');
REPLACE INTO `question_properties` (`form_id`, `question_id`, `prop`, `value`) VALUES ('0024caf2add99deffd5d6e7b64c927af', '999', 'email_addr', 'your email@192.168.1.65');
REPLACE INTO `question_properties` (`form_id`, `question_id`, `prop`, `value`) VALUES ('0024caf2add99deffd5d6e7b64c927af', '999', 'ext_sendpostdata', 'no');
REPLACE INTO `question_properties` (`form_id`, `question_id`, `prop`, `value`) VALUES ('0024caf2add99deffd5d6e7b64c927af', '999', 'font', 'Verdana');
REPLACE INTO `question_properties` (`form_id`, `question_id`, `prop`, `value`) VALUES ('0024caf2add99deffd5d6e7b64c927af', '999', 'fontcolor', 'black');
REPLACE INTO `question_properties` (`form_id`, `question_id`, `prop`, `value`) VALUES ('0024caf2add99deffd5d6e7b64c927af', '999', 'fontsize', '12');
REPLACE INTO `question_properties` (`form_id`, `question_id`, `prop`, `value`) VALUES ('0024caf2add99deffd5d6e7b64c927af', '999', 'not_subj', 'New Submission: {qForm Title}');
REPLACE INTO `question_properties` (`form_id`, `question_id`, `prop`, `value`) VALUES ('0024caf2add99deffd5d6e7b64c927af', '999', 'sendpostdata', 'yes');
REPLACE INTO `question_properties` (`form_id`, `question_id`, `prop`, `value`) VALUES ('0024caf2add99deffd5d6e7b64c927af', '999', 'spamcheck', 'Enabled');
REPLACE INTO `question_properties` (`form_id`, `question_id`, `prop`, `value`) VALUES ('0024caf2add99deffd5d6e7b64c927af', '999', 'thanktext', 'Thanks for submitting our form, we will get back to you as soon as possible.');
REPLACE INTO `question_properties` (`form_id`, `question_id`, `prop`, `value`) VALUES ('0024caf2add99deffd5d6e7b64c927af', '999', 'theme', 'Default');
REPLACE INTO `question_properties` (`form_id`, `question_id`, `prop`, `value`) VALUES ('0024caf2add99deffd5d6e7b64c927af', '999', 'use_buildin_formmail', 'yes');
REPLACE INTO `question_utf8` (`form_id`, `utf8format`) VALUES ('0024caf2add99deffd5d6e7b64c927af', '1');
REPLACE INTO `forms` (`id`, `username`, `title`, `height`, `status`) VALUES ('4c76acfbe9ae0141d796eb0a49085f70', 'a7ec09dce63b814be39611d58a2e3078', 'contact us', '40', 'Enabled');
REPLACE INTO `questions` (`form_id`, `id`, `order`, `type`) VALUES ('4c76acfbe9ae0141d796eb0a49085f70', '0', '1', 'control_textbox');
REPLACE INTO `questions` (`form_id`, `id`, `order`, `type`) VALUES ('4c76acfbe9ae0141d796eb0a49085f70', '1', '2', 'control_textbox');
REPLACE INTO `questions` (`form_id`, `id`, `order`, `type`) VALUES ('4c76acfbe9ae0141d796eb0a49085f70', '2', '3', 'control_textbox');
REPLACE INTO `questions` (`form_id`, `id`, `order`, `type`) VALUES ('4c76acfbe9ae0141d796eb0a49085f70', '7', '5', 'control_textarea');
REPLACE INTO `questions` (`form_id`, `id`, `order`, `type`) VALUES ('4c76acfbe9ae0141d796eb0a49085f70', '8', '6', 'control_button');
REPLACE INTO `questions` (`form_id`, `id`, `order`, `type`) VALUES ('4c76acfbe9ae0141d796eb0a49085f70', '12', '4', 'control_textbox');
REPLACE INTO `question_properties` (`form_id`, `question_id`, `prop`, `value`) VALUES ('4c76acfbe9ae0141d796eb0a49085f70', '0', 'desc', NULL);
REPLACE INTO `question_properties` (`form_id`, `question_id`, `prop`, `value`) VALUES ('4c76acfbe9ae0141d796eb0a49085f70', '0', 'maxsize', '100');
REPLACE INTO `question_properties` (`form_id`, `question_id`, `prop`, `value`) VALUES ('4c76acfbe9ae0141d796eb0a49085f70', '0', 'required', 'yes');
REPLACE INTO `question_properties` (`form_id`, `question_id`, `prop`, `value`) VALUES ('4c76acfbe9ae0141d796eb0a49085f70', '0', 'size', '20');
REPLACE INTO `question_properties` (`form_id`, `question_id`, `prop`, `value`) VALUES ('4c76acfbe9ae0141d796eb0a49085f70', '0', 'text', 'First Name');
REPLACE INTO `question_properties` (`form_id`, `question_id`, `prop`, `value`) VALUES ('4c76acfbe9ae0141d796eb0a49085f70', '0', 'validation', 'no');
REPLACE INTO `question_properties` (`form_id`, `question_id`, `prop`, `value`) VALUES ('4c76acfbe9ae0141d796eb0a49085f70', '1', 'desc', NULL);
REPLACE INTO `question_properties` (`form_id`, `question_id`, `prop`, `value`) VALUES ('4c76acfbe9ae0141d796eb0a49085f70', '1', 'maxsize', '100');
REPLACE INTO `question_properties` (`form_id`, `question_id`, `prop`, `value`) VALUES ('4c76acfbe9ae0141d796eb0a49085f70', '1', 'required', 'yes');
REPLACE INTO `question_properties` (`form_id`, `question_id`, `prop`, `value`) VALUES ('4c76acfbe9ae0141d796eb0a49085f70', '1', 'size', '20');
REPLACE INTO `question_properties` (`form_id`, `question_id`, `prop`, `value`) VALUES ('4c76acfbe9ae0141d796eb0a49085f70', '1', 'text', 'Last Name');
REPLACE INTO `question_properties` (`form_id`, `question_id`, `prop`, `value`) VALUES ('4c76acfbe9ae0141d796eb0a49085f70', '1', 'validation', 'no');
REPLACE INTO `question_properties` (`form_id`, `question_id`, `prop`, `value`) VALUES ('4c76acfbe9ae0141d796eb0a49085f70', '2', 'desc', NULL);
REPLACE INTO `question_properties` (`form_id`, `question_id`, `prop`, `value`) VALUES ('4c76acfbe9ae0141d796eb0a49085f70', '2', 'maxsize', '100');
REPLACE INTO `question_properties` (`form_id`, `question_id`, `prop`, `value`) VALUES ('4c76acfbe9ae0141d796eb0a49085f70', '2', 'required', 'yes');
REPLACE INTO `question_properties` (`form_id`, `question_id`, `prop`, `value`) VALUES ('4c76acfbe9ae0141d796eb0a49085f70', '2', 'size', '20');
REPLACE INTO `question_properties` (`form_id`, `question_id`, `prop`, `value`) VALUES ('4c76acfbe9ae0141d796eb0a49085f70', '2', 'text', 'E-mail');
REPLACE INTO `question_properties` (`form_id`, `question_id`, `prop`, `value`) VALUES ('4c76acfbe9ae0141d796eb0a49085f70', '2', 'validation', 'Email');
REPLACE INTO `question_properties` (`form_id`, `question_id`, `prop`, `value`) VALUES ('4c76acfbe9ae0141d796eb0a49085f70', '7', 'cols', '35');
REPLACE INTO `question_properties` (`form_id`, `question_id`, `prop`, `value`) VALUES ('4c76acfbe9ae0141d796eb0a49085f70', '7', 'desc', NULL);
REPLACE INTO `question_properties` (`form_id`, `question_id`, `prop`, `value`) VALUES ('4c76acfbe9ae0141d796eb0a49085f70', '7', 'required', 'yes');
REPLACE INTO `question_properties` (`form_id`, `question_id`, `prop`, `value`) VALUES ('4c76acfbe9ae0141d796eb0a49085f70', '7', 'rows', '10');
REPLACE INTO `question_properties` (`form_id`, `question_id`, `prop`, `value`) VALUES ('4c76acfbe9ae0141d796eb0a49085f70', '7', 'text', 'Your Message');
REPLACE INTO `question_properties` (`form_id`, `question_id`, `prop`, `value`) VALUES ('4c76acfbe9ae0141d796eb0a49085f70', '7', 'validation', 'no');
REPLACE INTO `question_properties` (`form_id`, `question_id`, `prop`, `value`) VALUES ('4c76acfbe9ae0141d796eb0a49085f70', '8', 'clear', 'no');
REPLACE INTO `question_properties` (`form_id`, `question_id`, `prop`, `value`) VALUES ('4c76acfbe9ae0141d796eb0a49085f70', '8', 'submittext', 'Submit');
REPLACE INTO `question_properties` (`form_id`, `question_id`, `prop`, `value`) VALUES ('4c76acfbe9ae0141d796eb0a49085f70', '8', 'text', NULL);
REPLACE INTO `question_properties` (`form_id`, `question_id`, `prop`, `value`) VALUES ('4c76acfbe9ae0141d796eb0a49085f70', '12', 'desc', NULL);
REPLACE INTO `question_properties` (`form_id`, `question_id`, `prop`, `value`) VALUES ('4c76acfbe9ae0141d796eb0a49085f70', '12', 'maxsize', '100');
REPLACE INTO `question_properties` (`form_id`, `question_id`, `prop`, `value`) VALUES ('4c76acfbe9ae0141d796eb0a49085f70', '12', 'required', 'no');
REPLACE INTO `question_properties` (`form_id`, `question_id`, `prop`, `value`) VALUES ('4c76acfbe9ae0141d796eb0a49085f70', '12', 'size', '20');
REPLACE INTO `question_properties` (`form_id`, `question_id`, `prop`, `value`) VALUES ('4c76acfbe9ae0141d796eb0a49085f70', '12', 'text', 'Phone');
REPLACE INTO `question_properties` (`form_id`, `question_id`, `prop`, `value`) VALUES ('4c76acfbe9ae0141d796eb0a49085f70', '12', 'validation', 'no');
REPLACE INTO `question_properties` (`form_id`, `question_id`, `prop`, `value`) VALUES ('4c76acfbe9ae0141d796eb0a49085f70', '999', 'alignment', 'default');
REPLACE INTO `question_properties` (`form_id`, `question_id`, `prop`, `value`) VALUES ('4c76acfbe9ae0141d796eb0a49085f70', '999', 'background', 'white');
REPLACE INTO `question_properties` (`form_id`, `question_id`, `prop`, `value`) VALUES ('4c76acfbe9ae0141d796eb0a49085f70', '999', 'conf_body', 'Thanks for submitting our form, we will get back to you as soon as possible.');
REPLACE INTO `question_properties` (`form_id`, `question_id`, `prop`, `value`) VALUES ('4c76acfbe9ae0141d796eb0a49085f70', '999', 'conf_send', 'no');
REPLACE INTO `question_properties` (`form_id`, `question_id`, `prop`, `value`) VALUES ('4c76acfbe9ae0141d796eb0a49085f70', '999', 'conf_subj', 'Submission Received');
REPLACE INTO `question_properties` (`form_id`, `question_id`, `prop`, `value`) VALUES ('4c76acfbe9ae0141d796eb0a49085f70', '999', 'disabled', 'Enabled');
REPLACE INTO `question_properties` (`form_id`, `question_id`, `prop`, `value`) VALUES ('4c76acfbe9ae0141d796eb0a49085f70', '999', 'email', 'yes');
REPLACE INTO `question_properties` (`form_id`, `question_id`, `prop`, `value`) VALUES ('4c76acfbe9ae0141d796eb0a49085f70', '999', 'font', 'Verdana');
REPLACE INTO `question_properties` (`form_id`, `question_id`, `prop`, `value`) VALUES ('4c76acfbe9ae0141d796eb0a49085f70', '999', 'fontcolor', 'black');
REPLACE INTO `question_properties` (`form_id`, `question_id`, `prop`, `value`) VALUES ('4c76acfbe9ae0141d796eb0a49085f70', '999', 'fontsize', '12');
REPLACE INTO `question_properties` (`form_id`, `question_id`, `prop`, `value`) VALUES ('4c76acfbe9ae0141d796eb0a49085f70', '999', 'not_subj', 'New Submission: {qForm Title}');
REPLACE INTO `question_properties` (`form_id`, `question_id`, `prop`, `value`) VALUES ('4c76acfbe9ae0141d796eb0a49085f70', '999', 'sendpostdata', 'no');
REPLACE INTO `question_properties` (`form_id`, `question_id`, `prop`, `value`) VALUES ('4c76acfbe9ae0141d796eb0a49085f70', '999', 'spamcheck', 'Enabled');
REPLACE INTO `question_properties` (`form_id`, `question_id`, `prop`, `value`) VALUES ('4c76acfbe9ae0141d796eb0a49085f70', '999', 'theme', 'Default');
REPLACE INTO `question_utf8` (`form_id`, `utf8format`) VALUES ('4c76acfbe9ae0141d796eb0a49085f70', '1');
REPLACE INTO `forms` (`id`, `username`, `title`, `height`, `status`) VALUES ('00e9d58b2e5e1792ef65f533c4575516', 'a7ec09dce63b814be39611d58a2e3078', 'contact us', '40', 'Enabled');
REPLACE INTO `questions` (`form_id`, `id`, `order`, `type`) VALUES ('00e9d58b2e5e1792ef65f533c4575516', '0', '1', 'control_textbox');
REPLACE INTO `questions` (`form_id`, `id`, `order`, `type`) VALUES ('00e9d58b2e5e1792ef65f533c4575516', '1', '2', 'control_textbox');
REPLACE INTO `questions` (`form_id`, `id`, `order`, `type`) VALUES ('00e9d58b2e5e1792ef65f533c4575516', '2', '3', 'control_textbox');
REPLACE INTO `questions` (`form_id`, `id`, `order`, `type`) VALUES ('00e9d58b2e5e1792ef65f533c4575516', '7', '5', 'control_textarea');
REPLACE INTO `questions` (`form_id`, `id`, `order`, `type`) VALUES ('00e9d58b2e5e1792ef65f533c4575516', '8', '6', 'control_button');
REPLACE INTO `questions` (`form_id`, `id`, `order`, `type`) VALUES ('00e9d58b2e5e1792ef65f533c4575516', '12', '4', 'control_textbox');
REPLACE INTO `question_properties` (`form_id`, `question_id`, `prop`, `value`) VALUES ('00e9d58b2e5e1792ef65f533c4575516', '0', 'desc', NULL);
REPLACE INTO `question_properties` (`form_id`, `question_id`, `prop`, `value`) VALUES ('00e9d58b2e5e1792ef65f533c4575516', '0', 'maxsize', '100');
REPLACE INTO `question_properties` (`form_id`, `question_id`, `prop`, `value`) VALUES ('00e9d58b2e5e1792ef65f533c4575516', '0', 'required', 'yes');
REPLACE INTO `question_properties` (`form_id`, `question_id`, `prop`, `value`) VALUES ('00e9d58b2e5e1792ef65f533c4575516', '0', 'size', '20');
REPLACE INTO `question_properties` (`form_id`, `question_id`, `prop`, `value`) VALUES ('00e9d58b2e5e1792ef65f533c4575516', '0', 'text', 'First Name');
REPLACE INTO `question_properties` (`form_id`, `question_id`, `prop`, `value`) VALUES ('00e9d58b2e5e1792ef65f533c4575516', '0', 'validation', 'no');
REPLACE INTO `question_properties` (`form_id`, `question_id`, `prop`, `value`) VALUES ('00e9d58b2e5e1792ef65f533c4575516', '1', 'desc', NULL);
REPLACE INTO `question_properties` (`form_id`, `question_id`, `prop`, `value`) VALUES ('00e9d58b2e5e1792ef65f533c4575516', '1', 'maxsize', '100');
REPLACE INTO `question_properties` (`form_id`, `question_id`, `prop`, `value`) VALUES ('00e9d58b2e5e1792ef65f533c4575516', '1', 'required', 'yes');
REPLACE INTO `question_properties` (`form_id`, `question_id`, `prop`, `value`) VALUES ('00e9d58b2e5e1792ef65f533c4575516', '1', 'size', '20');
REPLACE INTO `question_properties` (`form_id`, `question_id`, `prop`, `value`) VALUES ('00e9d58b2e5e1792ef65f533c4575516', '1', 'text', 'Last Name');
REPLACE INTO `question_properties` (`form_id`, `question_id`, `prop`, `value`) VALUES ('00e9d58b2e5e1792ef65f533c4575516', '1', 'validation', 'no');
REPLACE INTO `question_properties` (`form_id`, `question_id`, `prop`, `value`) VALUES ('00e9d58b2e5e1792ef65f533c4575516', '2', 'desc', NULL);
REPLACE INTO `question_properties` (`form_id`, `question_id`, `prop`, `value`) VALUES ('00e9d58b2e5e1792ef65f533c4575516', '2', 'maxsize', '100');
REPLACE INTO `question_properties` (`form_id`, `question_id`, `prop`, `value`) VALUES ('00e9d58b2e5e1792ef65f533c4575516', '2', 'required', 'yes');
REPLACE INTO `question_properties` (`form_id`, `question_id`, `prop`, `value`) VALUES ('00e9d58b2e5e1792ef65f533c4575516', '2', 'size', '20');
REPLACE INTO `question_properties` (`form_id`, `question_id`, `prop`, `value`) VALUES ('00e9d58b2e5e1792ef65f533c4575516', '2', 'text', 'E-mail');
REPLACE INTO `question_properties` (`form_id`, `question_id`, `prop`, `value`) VALUES ('00e9d58b2e5e1792ef65f533c4575516', '2', 'validation', 'Email');
REPLACE INTO `question_properties` (`form_id`, `question_id`, `prop`, `value`) VALUES ('00e9d58b2e5e1792ef65f533c4575516', '7', 'cols', '35');
REPLACE INTO `question_properties` (`form_id`, `question_id`, `prop`, `value`) VALUES ('00e9d58b2e5e1792ef65f533c4575516', '7', 'desc', NULL);
REPLACE INTO `question_properties` (`form_id`, `question_id`, `prop`, `value`) VALUES ('00e9d58b2e5e1792ef65f533c4575516', '7', 'required', 'yes');
REPLACE INTO `question_properties` (`form_id`, `question_id`, `prop`, `value`) VALUES ('00e9d58b2e5e1792ef65f533c4575516', '7', 'rows', '10');
REPLACE INTO `question_properties` (`form_id`, `question_id`, `prop`, `value`) VALUES ('00e9d58b2e5e1792ef65f533c4575516', '7', 'text', 'Your Message');
REPLACE INTO `question_properties` (`form_id`, `question_id`, `prop`, `value`) VALUES ('00e9d58b2e5e1792ef65f533c4575516', '7', 'validation', 'no');
REPLACE INTO `question_properties` (`form_id`, `question_id`, `prop`, `value`) VALUES ('00e9d58b2e5e1792ef65f533c4575516', '8', 'clear', 'no');
REPLACE INTO `question_properties` (`form_id`, `question_id`, `prop`, `value`) VALUES ('00e9d58b2e5e1792ef65f533c4575516', '8', 'submittext', 'Submit');
REPLACE INTO `question_properties` (`form_id`, `question_id`, `prop`, `value`) VALUES ('00e9d58b2e5e1792ef65f533c4575516', '8', 'text', NULL);
REPLACE INTO `question_properties` (`form_id`, `question_id`, `prop`, `value`) VALUES ('00e9d58b2e5e1792ef65f533c4575516', '12', 'desc', NULL);
REPLACE INTO `question_properties` (`form_id`, `question_id`, `prop`, `value`) VALUES ('00e9d58b2e5e1792ef65f533c4575516', '12', 'maxsize', '100');
REPLACE INTO `question_properties` (`form_id`, `question_id`, `prop`, `value`) VALUES ('00e9d58b2e5e1792ef65f533c4575516', '12', 'required', 'no');
REPLACE INTO `question_properties` (`form_id`, `question_id`, `prop`, `value`) VALUES ('00e9d58b2e5e1792ef65f533c4575516', '12', 'size', '20');
REPLACE INTO `question_properties` (`form_id`, `question_id`, `prop`, `value`) VALUES ('00e9d58b2e5e1792ef65f533c4575516', '12', 'text', 'Phone');
REPLACE INTO `question_properties` (`form_id`, `question_id`, `prop`, `value`) VALUES ('00e9d58b2e5e1792ef65f533c4575516', '12', 'validation', 'no');
REPLACE INTO `question_properties` (`form_id`, `question_id`, `prop`, `value`) VALUES ('00e9d58b2e5e1792ef65f533c4575516', '999', 'alignment', 'default');
REPLACE INTO `question_properties` (`form_id`, `question_id`, `prop`, `value`) VALUES ('00e9d58b2e5e1792ef65f533c4575516', '999', 'background', 'white');
REPLACE INTO `question_properties` (`form_id`, `question_id`, `prop`, `value`) VALUES ('00e9d58b2e5e1792ef65f533c4575516', '999', 'conf_body', 'Thanks for submitting our form, we will get back to you as soon as possible.');
REPLACE INTO `question_properties` (`form_id`, `question_id`, `prop`, `value`) VALUES ('00e9d58b2e5e1792ef65f533c4575516', '999', 'conf_send', 'no');
REPLACE INTO `question_properties` (`form_id`, `question_id`, `prop`, `value`) VALUES ('00e9d58b2e5e1792ef65f533c4575516', '999', 'conf_subj', 'Submission Received');
REPLACE INTO `question_properties` (`form_id`, `question_id`, `prop`, `value`) VALUES ('00e9d58b2e5e1792ef65f533c4575516', '999', 'disabled', 'Enabled');
REPLACE INTO `question_properties` (`form_id`, `question_id`, `prop`, `value`) VALUES ('00e9d58b2e5e1792ef65f533c4575516', '999', 'email', 'yes');
REPLACE INTO `question_properties` (`form_id`, `question_id`, `prop`, `value`) VALUES ('00e9d58b2e5e1792ef65f533c4575516', '999', 'font', 'Verdana');
REPLACE INTO `question_properties` (`form_id`, `question_id`, `prop`, `value`) VALUES ('00e9d58b2e5e1792ef65f533c4575516', '999', 'fontcolor', 'black');
REPLACE INTO `question_properties` (`form_id`, `question_id`, `prop`, `value`) VALUES ('00e9d58b2e5e1792ef65f533c4575516', '999', 'fontsize', '12');
REPLACE INTO `question_properties` (`form_id`, `question_id`, `prop`, `value`) VALUES ('00e9d58b2e5e1792ef65f533c4575516', '999', 'not_subj', 'New Submission: {qForm Title}');
REPLACE INTO `question_properties` (`form_id`, `question_id`, `prop`, `value`) VALUES ('00e9d58b2e5e1792ef65f533c4575516', '999', 'sendpostdata', 'no');
REPLACE INTO `question_properties` (`form_id`, `question_id`, `prop`, `value`) VALUES ('00e9d58b2e5e1792ef65f533c4575516', '999', 'spamcheck', 'Enabled');
REPLACE INTO `question_properties` (`form_id`, `question_id`, `prop`, `value`) VALUES ('00e9d58b2e5e1792ef65f533c4575516', '999', 'theme', 'Default');
REPLACE INTO `forms` (`id`, `username`, `title`, `height`, `status`) VALUES ('f260112882a6c0105684d4ed8e8ef2a6', 'a7ec09dce63b814be39611d58a2e3078', 'contact us', '40', 'Enabled');
REPLACE INTO `questions` (`form_id`, `id`, `order`, `type`) VALUES ('f260112882a6c0105684d4ed8e8ef2a6', '0', '1', 'control_textbox');
REPLACE INTO `questions` (`form_id`, `id`, `order`, `type`) VALUES ('f260112882a6c0105684d4ed8e8ef2a6', '1', '2', 'control_textbox');
REPLACE INTO `questions` (`form_id`, `id`, `order`, `type`) VALUES ('f260112882a6c0105684d4ed8e8ef2a6', '2', '3', 'control_textbox');
REPLACE INTO `questions` (`form_id`, `id`, `order`, `type`) VALUES ('f260112882a6c0105684d4ed8e8ef2a6', '7', '5', 'control_textarea');
REPLACE INTO `questions` (`form_id`, `id`, `order`, `type`) VALUES ('f260112882a6c0105684d4ed8e8ef2a6', '8', '6', 'control_button');
REPLACE INTO `questions` (`form_id`, `id`, `order`, `type`) VALUES ('f260112882a6c0105684d4ed8e8ef2a6', '12', '4', 'control_textbox');
REPLACE INTO `question_properties` (`form_id`, `question_id`, `prop`, `value`) VALUES ('f260112882a6c0105684d4ed8e8ef2a6', '0', 'desc', NULL);
REPLACE INTO `question_properties` (`form_id`, `question_id`, `prop`, `value`) VALUES ('f260112882a6c0105684d4ed8e8ef2a6', '0', 'maxsize', '100');
REPLACE INTO `question_properties` (`form_id`, `question_id`, `prop`, `value`) VALUES ('f260112882a6c0105684d4ed8e8ef2a6', '0', 'required', 'yes');
REPLACE INTO `question_properties` (`form_id`, `question_id`, `prop`, `value`) VALUES ('f260112882a6c0105684d4ed8e8ef2a6', '0', 'size', '20');
REPLACE INTO `question_properties` (`form_id`, `question_id`, `prop`, `value`) VALUES ('f260112882a6c0105684d4ed8e8ef2a6', '0', 'text', 'First Name');
REPLACE INTO `question_properties` (`form_id`, `question_id`, `prop`, `value`) VALUES ('f260112882a6c0105684d4ed8e8ef2a6', '0', 'validation', 'no');
REPLACE INTO `question_properties` (`form_id`, `question_id`, `prop`, `value`) VALUES ('f260112882a6c0105684d4ed8e8ef2a6', '1', 'desc', NULL);
REPLACE INTO `question_properties` (`form_id`, `question_id`, `prop`, `value`) VALUES ('f260112882a6c0105684d4ed8e8ef2a6', '1', 'maxsize', '100');
REPLACE INTO `question_properties` (`form_id`, `question_id`, `prop`, `value`) VALUES ('f260112882a6c0105684d4ed8e8ef2a6', '1', 'required', 'yes');
REPLACE INTO `question_properties` (`form_id`, `question_id`, `prop`, `value`) VALUES ('f260112882a6c0105684d4ed8e8ef2a6', '1', 'size', '20');
REPLACE INTO `question_properties` (`form_id`, `question_id`, `prop`, `value`) VALUES ('f260112882a6c0105684d4ed8e8ef2a6', '1', 'text', 'Last Name');
REPLACE INTO `question_properties` (`form_id`, `question_id`, `prop`, `value`) VALUES ('f260112882a6c0105684d4ed8e8ef2a6', '1', 'validation', 'no');
REPLACE INTO `question_properties` (`form_id`, `question_id`, `prop`, `value`) VALUES ('f260112882a6c0105684d4ed8e8ef2a6', '2', 'desc', NULL);
REPLACE INTO `question_properties` (`form_id`, `question_id`, `prop`, `value`) VALUES ('f260112882a6c0105684d4ed8e8ef2a6', '2', 'maxsize', '100');
REPLACE INTO `question_properties` (`form_id`, `question_id`, `prop`, `value`) VALUES ('f260112882a6c0105684d4ed8e8ef2a6', '2', 'required', 'yes');
REPLACE INTO `question_properties` (`form_id`, `question_id`, `prop`, `value`) VALUES ('f260112882a6c0105684d4ed8e8ef2a6', '2', 'size', '20');
REPLACE INTO `question_properties` (`form_id`, `question_id`, `prop`, `value`) VALUES ('f260112882a6c0105684d4ed8e8ef2a6', '2', 'text', 'E-mail');
REPLACE INTO `question_properties` (`form_id`, `question_id`, `prop`, `value`) VALUES ('f260112882a6c0105684d4ed8e8ef2a6', '2', 'validation', 'Email');
REPLACE INTO `question_properties` (`form_id`, `question_id`, `prop`, `value`) VALUES ('f260112882a6c0105684d4ed8e8ef2a6', '7', 'cols', '35');
REPLACE INTO `question_properties` (`form_id`, `question_id`, `prop`, `value`) VALUES ('f260112882a6c0105684d4ed8e8ef2a6', '7', 'desc', NULL);
REPLACE INTO `question_properties` (`form_id`, `question_id`, `prop`, `value`) VALUES ('f260112882a6c0105684d4ed8e8ef2a6', '7', 'required', 'yes');
REPLACE INTO `question_properties` (`form_id`, `question_id`, `prop`, `value`) VALUES ('f260112882a6c0105684d4ed8e8ef2a6', '7', 'rows', '10');
REPLACE INTO `question_properties` (`form_id`, `question_id`, `prop`, `value`) VALUES ('f260112882a6c0105684d4ed8e8ef2a6', '7', 'text', 'Your Message');
REPLACE INTO `question_properties` (`form_id`, `question_id`, `prop`, `value`) VALUES ('f260112882a6c0105684d4ed8e8ef2a6', '7', 'validation', 'no');
REPLACE INTO `question_properties` (`form_id`, `question_id`, `prop`, `value`) VALUES ('f260112882a6c0105684d4ed8e8ef2a6', '8', 'clear', 'no');
REPLACE INTO `question_properties` (`form_id`, `question_id`, `prop`, `value`) VALUES ('f260112882a6c0105684d4ed8e8ef2a6', '8', 'submittext', 'Submit');
REPLACE INTO `question_properties` (`form_id`, `question_id`, `prop`, `value`) VALUES ('f260112882a6c0105684d4ed8e8ef2a6', '8', 'text', NULL);
REPLACE INTO `question_properties` (`form_id`, `question_id`, `prop`, `value`) VALUES ('f260112882a6c0105684d4ed8e8ef2a6', '12', 'desc', NULL);
REPLACE INTO `question_properties` (`form_id`, `question_id`, `prop`, `value`) VALUES ('f260112882a6c0105684d4ed8e8ef2a6', '12', 'maxsize', '100');
REPLACE INTO `question_properties` (`form_id`, `question_id`, `prop`, `value`) VALUES ('f260112882a6c0105684d4ed8e8ef2a6', '12', 'required', 'no');
REPLACE INTO `question_properties` (`form_id`, `question_id`, `prop`, `value`) VALUES ('f260112882a6c0105684d4ed8e8ef2a6', '12', 'size', '20');
REPLACE INTO `question_properties` (`form_id`, `question_id`, `prop`, `value`) VALUES ('f260112882a6c0105684d4ed8e8ef2a6', '12', 'text', 'Phone');
REPLACE INTO `question_properties` (`form_id`, `question_id`, `prop`, `value`) VALUES ('f260112882a6c0105684d4ed8e8ef2a6', '12', 'validation', 'no');
REPLACE INTO `question_properties` (`form_id`, `question_id`, `prop`, `value`) VALUES ('f260112882a6c0105684d4ed8e8ef2a6', '999', 'alignment', 'default');
REPLACE INTO `question_properties` (`form_id`, `question_id`, `prop`, `value`) VALUES ('f260112882a6c0105684d4ed8e8ef2a6', '999', 'background', 'white');
REPLACE INTO `question_properties` (`form_id`, `question_id`, `prop`, `value`) VALUES ('f260112882a6c0105684d4ed8e8ef2a6', '999', 'conf_body', 'Thanks for submitting our form, we will get back to you as soon as possible.');
REPLACE INTO `question_properties` (`form_id`, `question_id`, `prop`, `value`) VALUES ('f260112882a6c0105684d4ed8e8ef2a6', '999', 'conf_send', 'no');
REPLACE INTO `question_properties` (`form_id`, `question_id`, `prop`, `value`) VALUES ('f260112882a6c0105684d4ed8e8ef2a6', '999', 'conf_subj', 'Submission Received');
REPLACE INTO `question_properties` (`form_id`, `question_id`, `prop`, `value`) VALUES ('f260112882a6c0105684d4ed8e8ef2a6', '999', 'disabled', 'Enabled');
REPLACE INTO `question_properties` (`form_id`, `question_id`, `prop`, `value`) VALUES ('f260112882a6c0105684d4ed8e8ef2a6', '999', 'email', 'yes');
REPLACE INTO `question_properties` (`form_id`, `question_id`, `prop`, `value`) VALUES ('f260112882a6c0105684d4ed8e8ef2a6', '999', 'font', 'Verdana');
REPLACE INTO `question_properties` (`form_id`, `question_id`, `prop`, `value`) VALUES ('f260112882a6c0105684d4ed8e8ef2a6', '999', 'fontcolor', 'black');
REPLACE INTO `question_properties` (`form_id`, `question_id`, `prop`, `value`) VALUES ('f260112882a6c0105684d4ed8e8ef2a6', '999', 'fontsize', '12');
REPLACE INTO `question_properties` (`form_id`, `question_id`, `prop`, `value`) VALUES ('f260112882a6c0105684d4ed8e8ef2a6', '999', 'not_subj', 'New Submission: {qForm Title}');
REPLACE INTO `question_properties` (`form_id`, `question_id`, `prop`, `value`) VALUES ('f260112882a6c0105684d4ed8e8ef2a6', '999', 'sendpostdata', 'no');
REPLACE INTO `question_properties` (`form_id`, `question_id`, `prop`, `value`) VALUES ('f260112882a6c0105684d4ed8e8ef2a6', '999', 'spamcheck', 'Enabled');
REPLACE INTO `question_properties` (`form_id`, `question_id`, `prop`, `value`) VALUES ('f260112882a6c0105684d4ed8e8ef2a6', '999', 'theme', 'Default');
REPLACE INTO `question_utf8` (`form_id`, `utf8format`) VALUES ('f260112882a6c0105684d4ed8e8ef2a6', '1');
REPLACE INTO `forms` (`id`, `username`, `title`, `height`, `status`) VALUES ('80d0bdf4afd2d23009a55f6b05d5cb3e', 'a7ec09dce63b814be39611d58a2e3078', 'Reservation', NULL, 'Enabled');
REPLACE INTO `questions` (`form_id`, `id`, `order`, `type`) VALUES ('80d0bdf4afd2d23009a55f6b05d5cb3e', '0', '1', 'control_textbox');
REPLACE INTO `questions` (`form_id`, `id`, `order`, `type`) VALUES ('80d0bdf4afd2d23009a55f6b05d5cb3e', '2', '2', 'control_textbox');
REPLACE INTO `questions` (`form_id`, `id`, `order`, `type`) VALUES ('80d0bdf4afd2d23009a55f6b05d5cb3e', '3', '3', 'control_textbox');
REPLACE INTO `questions` (`form_id`, `id`, `order`, `type`) VALUES ('80d0bdf4afd2d23009a55f6b05d5cb3e', '8', '6', 'control_button');
REPLACE INTO `questions` (`form_id`, `id`, `order`, `type`) VALUES ('80d0bdf4afd2d23009a55f6b05d5cb3e', '9', '5', 'control_textarea');
REPLACE INTO `questions` (`form_id`, `id`, `order`, `type`) VALUES ('80d0bdf4afd2d23009a55f6b05d5cb3e', '10', '4', 'control_datetimepicker');
REPLACE INTO `question_properties` (`form_id`, `question_id`, `prop`, `value`) VALUES ('80d0bdf4afd2d23009a55f6b05d5cb3e', '0', 'desc', NULL);
REPLACE INTO `question_properties` (`form_id`, `question_id`, `prop`, `value`) VALUES ('80d0bdf4afd2d23009a55f6b05d5cb3e', '0', 'maxsize', '100');
REPLACE INTO `question_properties` (`form_id`, `question_id`, `prop`, `value`) VALUES ('80d0bdf4afd2d23009a55f6b05d5cb3e', '0', 'name', 'textbox0');
REPLACE INTO `question_properties` (`form_id`, `question_id`, `prop`, `value`) VALUES ('80d0bdf4afd2d23009a55f6b05d5cb3e', '0', 'required', 'yes');
REPLACE INTO `question_properties` (`form_id`, `question_id`, `prop`, `value`) VALUES ('80d0bdf4afd2d23009a55f6b05d5cb3e', '0', 'senderemail', 'no');
REPLACE INTO `question_properties` (`form_id`, `question_id`, `prop`, `value`) VALUES ('80d0bdf4afd2d23009a55f6b05d5cb3e', '0', 'size', '20');
REPLACE INTO `question_properties` (`form_id`, `question_id`, `prop`, `value`) VALUES ('80d0bdf4afd2d23009a55f6b05d5cb3e', '0', 'text', 'Name:');
REPLACE INTO `question_properties` (`form_id`, `question_id`, `prop`, `value`) VALUES ('80d0bdf4afd2d23009a55f6b05d5cb3e', '0', 'validation', 'no');
REPLACE INTO `question_properties` (`form_id`, `question_id`, `prop`, `value`) VALUES ('80d0bdf4afd2d23009a55f6b05d5cb3e', '2', 'desc', NULL);
REPLACE INTO `question_properties` (`form_id`, `question_id`, `prop`, `value`) VALUES ('80d0bdf4afd2d23009a55f6b05d5cb3e', '2', 'maxsize', '100');
REPLACE INTO `question_properties` (`form_id`, `question_id`, `prop`, `value`) VALUES ('80d0bdf4afd2d23009a55f6b05d5cb3e', '2', 'name', 'textbox2');
REPLACE INTO `question_properties` (`form_id`, `question_id`, `prop`, `value`) VALUES ('80d0bdf4afd2d23009a55f6b05d5cb3e', '2', 'required', 'yes');
REPLACE INTO `question_properties` (`form_id`, `question_id`, `prop`, `value`) VALUES ('80d0bdf4afd2d23009a55f6b05d5cb3e', '2', 'senderemail', 'no');
REPLACE INTO `question_properties` (`form_id`, `question_id`, `prop`, `value`) VALUES ('80d0bdf4afd2d23009a55f6b05d5cb3e', '2', 'size', '20');
REPLACE INTO `question_properties` (`form_id`, `question_id`, `prop`, `value`) VALUES ('80d0bdf4afd2d23009a55f6b05d5cb3e', '2', 'text', 'E-mail:');
REPLACE INTO `question_properties` (`form_id`, `question_id`, `prop`, `value`) VALUES ('80d0bdf4afd2d23009a55f6b05d5cb3e', '2', 'validation', 'Email');
REPLACE INTO `question_properties` (`form_id`, `question_id`, `prop`, `value`) VALUES ('80d0bdf4afd2d23009a55f6b05d5cb3e', '3', 'desc', NULL);
REPLACE INTO `question_properties` (`form_id`, `question_id`, `prop`, `value`) VALUES ('80d0bdf4afd2d23009a55f6b05d5cb3e', '3', 'maxsize', '100');
REPLACE INTO `question_properties` (`form_id`, `question_id`, `prop`, `value`) VALUES ('80d0bdf4afd2d23009a55f6b05d5cb3e', '3', 'name', 'textbox3');
REPLACE INTO `question_properties` (`form_id`, `question_id`, `prop`, `value`) VALUES ('80d0bdf4afd2d23009a55f6b05d5cb3e', '3', 'required', 'yes');
REPLACE INTO `question_properties` (`form_id`, `question_id`, `prop`, `value`) VALUES ('80d0bdf4afd2d23009a55f6b05d5cb3e', '3', 'senderemail', 'no');
REPLACE INTO `question_properties` (`form_id`, `question_id`, `prop`, `value`) VALUES ('80d0bdf4afd2d23009a55f6b05d5cb3e', '3', 'size', '20');
REPLACE INTO `question_properties` (`form_id`, `question_id`, `prop`, `value`) VALUES ('80d0bdf4afd2d23009a55f6b05d5cb3e', '3', 'text', 'Phone:');
REPLACE INTO `question_properties` (`form_id`, `question_id`, `prop`, `value`) VALUES ('80d0bdf4afd2d23009a55f6b05d5cb3e', '3', 'validation', 'no');
REPLACE INTO `question_properties` (`form_id`, `question_id`, `prop`, `value`) VALUES ('80d0bdf4afd2d23009a55f6b05d5cb3e', '8', 'text', NULL);
REPLACE INTO `question_properties` (`form_id`, `question_id`, `prop`, `value`) VALUES ('80d0bdf4afd2d23009a55f6b05d5cb3e', '9', 'cols', '30');
REPLACE INTO `question_properties` (`form_id`, `question_id`, `prop`, `value`) VALUES ('80d0bdf4afd2d23009a55f6b05d5cb3e', '9', 'desc', NULL);
REPLACE INTO `question_properties` (`form_id`, `question_id`, `prop`, `value`) VALUES ('80d0bdf4afd2d23009a55f6b05d5cb3e', '9', 'required', 'no');
REPLACE INTO `question_properties` (`form_id`, `question_id`, `prop`, `value`) VALUES ('80d0bdf4afd2d23009a55f6b05d5cb3e', '9', 'rows', '2');
REPLACE INTO `question_properties` (`form_id`, `question_id`, `prop`, `value`) VALUES ('80d0bdf4afd2d23009a55f6b05d5cb3e', '9', 'text', 'Additional Comments:');
REPLACE INTO `question_properties` (`form_id`, `question_id`, `prop`, `value`) VALUES ('80d0bdf4afd2d23009a55f6b05d5cb3e', '9', 'validation', 'no');
REPLACE INTO `question_properties` (`form_id`, `question_id`, `prop`, `value`) VALUES ('80d0bdf4afd2d23009a55f6b05d5cb3e', '10', 'required', 'no');
REPLACE INTO `question_properties` (`form_id`, `question_id`, `prop`, `value`) VALUES ('80d0bdf4afd2d23009a55f6b05d5cb3e', '10', 'text', 'Date:');
REPLACE INTO `question_properties` (`form_id`, `question_id`, `prop`, `value`) VALUES ('80d0bdf4afd2d23009a55f6b05d5cb3e', '999', '', NULL);
REPLACE INTO `question_properties` (`form_id`, `question_id`, `prop`, `value`) VALUES ('80d0bdf4afd2d23009a55f6b05d5cb3e', '999', 'alignment', 'default');
REPLACE INTO `question_properties` (`form_id`, `question_id`, `prop`, `value`) VALUES ('80d0bdf4afd2d23009a55f6b05d5cb3e', '999', 'background', 'white');
REPLACE INTO `question_properties` (`form_id`, `question_id`, `prop`, `value`) VALUES ('80d0bdf4afd2d23009a55f6b05d5cb3e', '999', 'conf_subj', 'Submission Received');
REPLACE INTO `question_properties` (`form_id`, `question_id`, `prop`, `value`) VALUES ('80d0bdf4afd2d23009a55f6b05d5cb3e', '999', 'email_addr', 'your email@192.168.1.174');
REPLACE INTO `question_properties` (`form_id`, `question_id`, `prop`, `value`) VALUES ('80d0bdf4afd2d23009a55f6b05d5cb3e', '999', 'ext_sendpostdata', 'no');
REPLACE INTO `question_properties` (`form_id`, `question_id`, `prop`, `value`) VALUES ('80d0bdf4afd2d23009a55f6b05d5cb3e', '999', 'font', 'Verdana');
REPLACE INTO `question_properties` (`form_id`, `question_id`, `prop`, `value`) VALUES ('80d0bdf4afd2d23009a55f6b05d5cb3e', '999', 'fontsize', '12');
REPLACE INTO `question_properties` (`form_id`, `question_id`, `prop`, `value`) VALUES ('80d0bdf4afd2d23009a55f6b05d5cb3e', '999', 'sendpostdata', 'yes');
REPLACE INTO `question_properties` (`form_id`, `question_id`, `prop`, `value`) VALUES ('80d0bdf4afd2d23009a55f6b05d5cb3e', '999', 'spamcheck', 'Enabled');
REPLACE INTO `question_properties` (`form_id`, `question_id`, `prop`, `value`) VALUES ('80d0bdf4afd2d23009a55f6b05d5cb3e', '999', 'thanktext', 'Thanks for submitting our form, we will get back to you as soon as possible.');
REPLACE INTO `question_properties` (`form_id`, `question_id`, `prop`, `value`) VALUES ('80d0bdf4afd2d23009a55f6b05d5cb3e', '999', 'theme', 'Default');
REPLACE INTO `question_properties` (`form_id`, `question_id`, `prop`, `value`) VALUES ('80d0bdf4afd2d23009a55f6b05d5cb3e', '999', 'use_buildin_formmail', 'yes');
REPLACE INTO `question_utf8` (`form_id`, `utf8format`) VALUES ('80d0bdf4afd2d23009a55f6b05d5cb3e', '1');
REPLACE INTO `forms` (`id`, `username`, `title`, `height`, `status`) VALUES ('f7f46849765658f237052ddb600e5ec1', 'a7ec09dce63b814be39611d58a2e3078', 'Job Application', NULL, 'Enabled');
REPLACE INTO `questions` (`form_id`, `id`, `order`, `type`) VALUES ('f7f46849765658f237052ddb600e5ec1', '0', '1', 'control_textbox');
REPLACE INTO `questions` (`form_id`, `id`, `order`, `type`) VALUES ('f7f46849765658f237052ddb600e5ec1', '2', '2', 'control_textbox');
REPLACE INTO `questions` (`form_id`, `id`, `order`, `type`) VALUES ('f7f46849765658f237052ddb600e5ec1', '3', '3', 'control_textbox');
REPLACE INTO `questions` (`form_id`, `id`, `order`, `type`) VALUES ('f7f46849765658f237052ddb600e5ec1', '7', '4', 'control_textarea');
REPLACE INTO `questions` (`form_id`, `id`, `order`, `type`) VALUES ('f7f46849765658f237052ddb600e5ec1', '8', '9', 'control_button');
REPLACE INTO `questions` (`form_id`, `id`, `order`, `type`) VALUES ('f7f46849765658f237052ddb600e5ec1', '9', '5', 'control_textbox');
REPLACE INTO `questions` (`form_id`, `id`, `order`, `type`) VALUES ('f7f46849765658f237052ddb600e5ec1', '10', '6', 'control_datetimepicker');
REPLACE INTO `questions` (`form_id`, `id`, `order`, `type`) VALUES ('f7f46849765658f237052ddb600e5ec1', '11', '7', 'control_textarea');
REPLACE INTO `questions` (`form_id`, `id`, `order`, `type`) VALUES ('f7f46849765658f237052ddb600e5ec1', '12', '8', 'control_fileupload');
REPLACE INTO `question_properties` (`form_id`, `question_id`, `prop`, `value`) VALUES ('f7f46849765658f237052ddb600e5ec1', '0', 'desc', NULL);
REPLACE INTO `question_properties` (`form_id`, `question_id`, `prop`, `value`) VALUES ('f7f46849765658f237052ddb600e5ec1', '0', 'maxsize', '100');
REPLACE INTO `question_properties` (`form_id`, `question_id`, `prop`, `value`) VALUES ('f7f46849765658f237052ddb600e5ec1', '0', 'required', 'yes');
REPLACE INTO `question_properties` (`form_id`, `question_id`, `prop`, `value`) VALUES ('f7f46849765658f237052ddb600e5ec1', '0', 'size', '20');
REPLACE INTO `question_properties` (`form_id`, `question_id`, `prop`, `value`) VALUES ('f7f46849765658f237052ddb600e5ec1', '0', 'text', 'Name:');
REPLACE INTO `question_properties` (`form_id`, `question_id`, `prop`, `value`) VALUES ('f7f46849765658f237052ddb600e5ec1', '0', 'validation', 'no');
REPLACE INTO `question_properties` (`form_id`, `question_id`, `prop`, `value`) VALUES ('f7f46849765658f237052ddb600e5ec1', '2', 'desc', NULL);
REPLACE INTO `question_properties` (`form_id`, `question_id`, `prop`, `value`) VALUES ('f7f46849765658f237052ddb600e5ec1', '2', 'maxsize', '100');
REPLACE INTO `question_properties` (`form_id`, `question_id`, `prop`, `value`) VALUES ('f7f46849765658f237052ddb600e5ec1', '2', 'required', 'yes');
REPLACE INTO `question_properties` (`form_id`, `question_id`, `prop`, `value`) VALUES ('f7f46849765658f237052ddb600e5ec1', '2', 'size', '20');
REPLACE INTO `question_properties` (`form_id`, `question_id`, `prop`, `value`) VALUES ('f7f46849765658f237052ddb600e5ec1', '2', 'text', 'E-mail:');
REPLACE INTO `question_properties` (`form_id`, `question_id`, `prop`, `value`) VALUES ('f7f46849765658f237052ddb600e5ec1', '2', 'validation', 'Email');
REPLACE INTO `question_properties` (`form_id`, `question_id`, `prop`, `value`) VALUES ('f7f46849765658f237052ddb600e5ec1', '3', 'desc', NULL);
REPLACE INTO `question_properties` (`form_id`, `question_id`, `prop`, `value`) VALUES ('f7f46849765658f237052ddb600e5ec1', '3', 'maxsize', '100');
REPLACE INTO `question_properties` (`form_id`, `question_id`, `prop`, `value`) VALUES ('f7f46849765658f237052ddb600e5ec1', '3', 'required', 'no');
REPLACE INTO `question_properties` (`form_id`, `question_id`, `prop`, `value`) VALUES ('f7f46849765658f237052ddb600e5ec1', '3', 'size', '20');
REPLACE INTO `question_properties` (`form_id`, `question_id`, `prop`, `value`) VALUES ('f7f46849765658f237052ddb600e5ec1', '3', 'text', 'Telephone Number:');
REPLACE INTO `question_properties` (`form_id`, `question_id`, `prop`, `value`) VALUES ('f7f46849765658f237052ddb600e5ec1', '3', 'validation', 'no');
REPLACE INTO `question_properties` (`form_id`, `question_id`, `prop`, `value`) VALUES ('f7f46849765658f237052ddb600e5ec1', '7', 'cols', '30');
REPLACE INTO `question_properties` (`form_id`, `question_id`, `prop`, `value`) VALUES ('f7f46849765658f237052ddb600e5ec1', '7', 'desc', NULL);
REPLACE INTO `question_properties` (`form_id`, `question_id`, `prop`, `value`) VALUES ('f7f46849765658f237052ddb600e5ec1', '7', 'required', 'no');
REPLACE INTO `question_properties` (`form_id`, `question_id`, `prop`, `value`) VALUES ('f7f46849765658f237052ddb600e5ec1', '7', 'rows', '2');
REPLACE INTO `question_properties` (`form_id`, `question_id`, `prop`, `value`) VALUES ('f7f46849765658f237052ddb600e5ec1', '7', 'text', 'Address:');
REPLACE INTO `question_properties` (`form_id`, `question_id`, `prop`, `value`) VALUES ('f7f46849765658f237052ddb600e5ec1', '7', 'validation', 'no');
REPLACE INTO `question_properties` (`form_id`, `question_id`, `prop`, `value`) VALUES ('f7f46849765658f237052ddb600e5ec1', '8', 'clear', 'no');
REPLACE INTO `question_properties` (`form_id`, `question_id`, `prop`, `value`) VALUES ('f7f46849765658f237052ddb600e5ec1', '8', 'submittext', 'Submit');
REPLACE INTO `question_properties` (`form_id`, `question_id`, `prop`, `value`) VALUES ('f7f46849765658f237052ddb600e5ec1', '8', 'text', NULL);
REPLACE INTO `question_properties` (`form_id`, `question_id`, `prop`, `value`) VALUES ('f7f46849765658f237052ddb600e5ec1', '9', 'desc', NULL);
REPLACE INTO `question_properties` (`form_id`, `question_id`, `prop`, `value`) VALUES ('f7f46849765658f237052ddb600e5ec1', '9', 'maxsize', '100');
REPLACE INTO `question_properties` (`form_id`, `question_id`, `prop`, `value`) VALUES ('f7f46849765658f237052ddb600e5ec1', '9', 'required', 'no');
REPLACE INTO `question_properties` (`form_id`, `question_id`, `prop`, `value`) VALUES ('f7f46849765658f237052ddb600e5ec1', '9', 'size', '20');
REPLACE INTO `question_properties` (`form_id`, `question_id`, `prop`, `value`) VALUES ('f7f46849765658f237052ddb600e5ec1', '9', 'text', 'Applying for Position:');
REPLACE INTO `question_properties` (`form_id`, `question_id`, `prop`, `value`) VALUES ('f7f46849765658f237052ddb600e5ec1', '9', 'validation', 'no');
REPLACE INTO `question_properties` (`form_id`, `question_id`, `prop`, `value`) VALUES ('f7f46849765658f237052ddb600e5ec1', '10', 'desc', NULL);
REPLACE INTO `question_properties` (`form_id`, `question_id`, `prop`, `value`) VALUES ('f7f46849765658f237052ddb600e5ec1', '10', 'format', 'mmddyyyy');
REPLACE INTO `question_properties` (`form_id`, `question_id`, `prop`, `value`) VALUES ('f7f46849765658f237052ddb600e5ec1', '10', 'required', 'no');
REPLACE INTO `question_properties` (`form_id`, `question_id`, `prop`, `value`) VALUES ('f7f46849765658f237052ddb600e5ec1', '10', 'text', 'When can you start');
REPLACE INTO `question_properties` (`form_id`, `question_id`, `prop`, `value`) VALUES ('f7f46849765658f237052ddb600e5ec1', '11', 'cols', '30');
REPLACE INTO `question_properties` (`form_id`, `question_id`, `prop`, `value`) VALUES ('f7f46849765658f237052ddb600e5ec1', '11', 'desc', NULL);
REPLACE INTO `question_properties` (`form_id`, `question_id`, `prop`, `value`) VALUES ('f7f46849765658f237052ddb600e5ec1', '11', 'required', 'no');
REPLACE INTO `question_properties` (`form_id`, `question_id`, `prop`, `value`) VALUES ('f7f46849765658f237052ddb600e5ec1', '11', 'rows', '5');
REPLACE INTO `question_properties` (`form_id`, `question_id`, `prop`, `value`) VALUES ('f7f46849765658f237052ddb600e5ec1', '11', 'text', 'Cover Letter');
REPLACE INTO `question_properties` (`form_id`, `question_id`, `prop`, `value`) VALUES ('f7f46849765658f237052ddb600e5ec1', '11', 'validation', 'no');
REPLACE INTO `question_properties` (`form_id`, `question_id`, `prop`, `value`) VALUES ('f7f46849765658f237052ddb600e5ec1', '12', 'desc', NULL);
REPLACE INTO `question_properties` (`form_id`, `question_id`, `prop`, `value`) VALUES ('f7f46849765658f237052ddb600e5ec1', '12', 'extensions', 'doc, xls, jpg, jpeg, gif, png, mp3, mpeg');
REPLACE INTO `question_properties` (`form_id`, `question_id`, `prop`, `value`) VALUES ('f7f46849765658f237052ddb600e5ec1', '12', 'maxsize', '5000');
REPLACE INTO `question_properties` (`form_id`, `question_id`, `prop`, `value`) VALUES ('f7f46849765658f237052ddb600e5ec1', '12', 'name', 'fileupload12');
REPLACE INTO `question_properties` (`form_id`, `question_id`, `prop`, `value`) VALUES ('f7f46849765658f237052ddb600e5ec1', '12', 'required', 'no');
REPLACE INTO `question_properties` (`form_id`, `question_id`, `prop`, `value`) VALUES ('f7f46849765658f237052ddb600e5ec1', '12', 'text', 'Upload Resume');
REPLACE INTO `question_properties` (`form_id`, `question_id`, `prop`, `value`) VALUES ('f7f46849765658f237052ddb600e5ec1', '999', '', NULL);
REPLACE INTO `question_properties` (`form_id`, `question_id`, `prop`, `value`) VALUES ('f7f46849765658f237052ddb600e5ec1', '999', 'alignment', 'default');
REPLACE INTO `question_properties` (`form_id`, `question_id`, `prop`, `value`) VALUES ('f7f46849765658f237052ddb600e5ec1', '999', 'background', 'white');
REPLACE INTO `question_properties` (`form_id`, `question_id`, `prop`, `value`) VALUES ('f7f46849765658f237052ddb600e5ec1', '999', 'conf_body', 'Thanks for submitting our form, we will get back to you as soon as possible.');
REPLACE INTO `question_properties` (`form_id`, `question_id`, `prop`, `value`) VALUES ('f7f46849765658f237052ddb600e5ec1', '999', 'conf_send', 'no');
REPLACE INTO `question_properties` (`form_id`, `question_id`, `prop`, `value`) VALUES ('f7f46849765658f237052ddb600e5ec1', '999', 'conf_subj', 'Submission Received');
REPLACE INTO `question_properties` (`form_id`, `question_id`, `prop`, `value`) VALUES ('f7f46849765658f237052ddb600e5ec1', '999', 'disabled', 'Enabled');
REPLACE INTO `question_properties` (`form_id`, `question_id`, `prop`, `value`) VALUES ('f7f46849765658f237052ddb600e5ec1', '999', 'email', 'yes');
REPLACE INTO `question_properties` (`form_id`, `question_id`, `prop`, `value`) VALUES ('f7f46849765658f237052ddb600e5ec1', '999', 'email_addr', 'your email@192.168.1.65');
REPLACE INTO `question_properties` (`form_id`, `question_id`, `prop`, `value`) VALUES ('f7f46849765658f237052ddb600e5ec1', '999', 'ext_sendpostdata', 'no');
REPLACE INTO `question_properties` (`form_id`, `question_id`, `prop`, `value`) VALUES ('f7f46849765658f237052ddb600e5ec1', '999', 'font', 'Verdana');
REPLACE INTO `question_properties` (`form_id`, `question_id`, `prop`, `value`) VALUES ('f7f46849765658f237052ddb600e5ec1', '999', 'fontcolor', 'black');
REPLACE INTO `question_properties` (`form_id`, `question_id`, `prop`, `value`) VALUES ('f7f46849765658f237052ddb600e5ec1', '999', 'fontsize', '12');
REPLACE INTO `question_properties` (`form_id`, `question_id`, `prop`, `value`) VALUES ('f7f46849765658f237052ddb600e5ec1', '999', 'not_subj', 'New Submission: {qForm Title}');
REPLACE INTO `question_properties` (`form_id`, `question_id`, `prop`, `value`) VALUES ('f7f46849765658f237052ddb600e5ec1', '999', 'sendpostdata', 'yes');
REPLACE INTO `question_properties` (`form_id`, `question_id`, `prop`, `value`) VALUES ('f7f46849765658f237052ddb600e5ec1', '999', 'spamcheck', 'Enabled');
REPLACE INTO `question_properties` (`form_id`, `question_id`, `prop`, `value`) VALUES ('f7f46849765658f237052ddb600e5ec1', '999', 'thanktext', 'Thanks for submitting our form, we will get back to you as soon as possible.');
REPLACE INTO `question_properties` (`form_id`, `question_id`, `prop`, `value`) VALUES ('f7f46849765658f237052ddb600e5ec1', '999', 'theme', 'Default');
REPLACE INTO `question_properties` (`form_id`, `question_id`, `prop`, `value`) VALUES ('f7f46849765658f237052ddb600e5ec1', '999', 'use_buildin_formmail', 'yes');
REPLACE INTO `question_utf8` (`form_id`, `utf8format`) VALUES ('f7f46849765658f237052ddb600e5ec1', '1');
REPLACE INTO `forms` (`id`, `username`, `title`, `height`, `status`) VALUES ('a9df47375e97dde8be71210445f99700', 'a7ec09dce63b814be39611d58a2e3078', 'Contact Us', NULL, 'Enabled');
REPLACE INTO `questions` (`form_id`, `id`, `order`, `type`) VALUES ('a9df47375e97dde8be71210445f99700', '0', '1', 'control_textbox');
REPLACE INTO `questions` (`form_id`, `id`, `order`, `type`) VALUES ('a9df47375e97dde8be71210445f99700', '1', '2', 'control_textbox');
REPLACE INTO `questions` (`form_id`, `id`, `order`, `type`) VALUES ('a9df47375e97dde8be71210445f99700', '2', '3', 'control_textbox');
REPLACE INTO `questions` (`form_id`, `id`, `order`, `type`) VALUES ('a9df47375e97dde8be71210445f99700', '7', '5', 'control_textarea');
REPLACE INTO `questions` (`form_id`, `id`, `order`, `type`) VALUES ('a9df47375e97dde8be71210445f99700', '8', '6', 'control_button');
REPLACE INTO `questions` (`form_id`, `id`, `order`, `type`) VALUES ('a9df47375e97dde8be71210445f99700', '12', '4', 'control_textbox');
REPLACE INTO `question_properties` (`form_id`, `question_id`, `prop`, `value`) VALUES ('a9df47375e97dde8be71210445f99700', '0', 'desc', NULL);
REPLACE INTO `question_properties` (`form_id`, `question_id`, `prop`, `value`) VALUES ('a9df47375e97dde8be71210445f99700', '0', 'maxsize', '100');
REPLACE INTO `question_properties` (`form_id`, `question_id`, `prop`, `value`) VALUES ('a9df47375e97dde8be71210445f99700', '0', 'required', 'yes');
REPLACE INTO `question_properties` (`form_id`, `question_id`, `prop`, `value`) VALUES ('a9df47375e97dde8be71210445f99700', '0', 'size', '20');
REPLACE INTO `question_properties` (`form_id`, `question_id`, `prop`, `value`) VALUES ('a9df47375e97dde8be71210445f99700', '0', 'text', 'First Name');
REPLACE INTO `question_properties` (`form_id`, `question_id`, `prop`, `value`) VALUES ('a9df47375e97dde8be71210445f99700', '0', 'validation', 'no');
REPLACE INTO `question_properties` (`form_id`, `question_id`, `prop`, `value`) VALUES ('a9df47375e97dde8be71210445f99700', '1', 'desc', NULL);
REPLACE INTO `question_properties` (`form_id`, `question_id`, `prop`, `value`) VALUES ('a9df47375e97dde8be71210445f99700', '1', 'maxsize', '100');
REPLACE INTO `question_properties` (`form_id`, `question_id`, `prop`, `value`) VALUES ('a9df47375e97dde8be71210445f99700', '1', 'required', 'yes');
REPLACE INTO `question_properties` (`form_id`, `question_id`, `prop`, `value`) VALUES ('a9df47375e97dde8be71210445f99700', '1', 'size', '20');
REPLACE INTO `question_properties` (`form_id`, `question_id`, `prop`, `value`) VALUES ('a9df47375e97dde8be71210445f99700', '1', 'text', 'Last Name');
REPLACE INTO `question_properties` (`form_id`, `question_id`, `prop`, `value`) VALUES ('a9df47375e97dde8be71210445f99700', '1', 'validation', 'no');
REPLACE INTO `question_properties` (`form_id`, `question_id`, `prop`, `value`) VALUES ('a9df47375e97dde8be71210445f99700', '2', 'desc', NULL);
REPLACE INTO `question_properties` (`form_id`, `question_id`, `prop`, `value`) VALUES ('a9df47375e97dde8be71210445f99700', '2', 'maxsize', '100');
REPLACE INTO `question_properties` (`form_id`, `question_id`, `prop`, `value`) VALUES ('a9df47375e97dde8be71210445f99700', '2', 'required', 'yes');
REPLACE INTO `question_properties` (`form_id`, `question_id`, `prop`, `value`) VALUES ('a9df47375e97dde8be71210445f99700', '2', 'size', '20');
REPLACE INTO `question_properties` (`form_id`, `question_id`, `prop`, `value`) VALUES ('a9df47375e97dde8be71210445f99700', '2', 'text', 'E-mail');
REPLACE INTO `question_properties` (`form_id`, `question_id`, `prop`, `value`) VALUES ('a9df47375e97dde8be71210445f99700', '2', 'validation', 'Email');
REPLACE INTO `question_properties` (`form_id`, `question_id`, `prop`, `value`) VALUES ('a9df47375e97dde8be71210445f99700', '7', 'cols', '35');
REPLACE INTO `question_properties` (`form_id`, `question_id`, `prop`, `value`) VALUES ('a9df47375e97dde8be71210445f99700', '7', 'desc', NULL);
REPLACE INTO `question_properties` (`form_id`, `question_id`, `prop`, `value`) VALUES ('a9df47375e97dde8be71210445f99700', '7', 'required', 'yes');
REPLACE INTO `question_properties` (`form_id`, `question_id`, `prop`, `value`) VALUES ('a9df47375e97dde8be71210445f99700', '7', 'rows', '10');
REPLACE INTO `question_properties` (`form_id`, `question_id`, `prop`, `value`) VALUES ('a9df47375e97dde8be71210445f99700', '7', 'text', 'Your Message');
REPLACE INTO `question_properties` (`form_id`, `question_id`, `prop`, `value`) VALUES ('a9df47375e97dde8be71210445f99700', '7', 'validation', 'no');
REPLACE INTO `question_properties` (`form_id`, `question_id`, `prop`, `value`) VALUES ('a9df47375e97dde8be71210445f99700', '8', 'clear', 'no');
REPLACE INTO `question_properties` (`form_id`, `question_id`, `prop`, `value`) VALUES ('a9df47375e97dde8be71210445f99700', '8', 'submittext', 'Submit');
REPLACE INTO `question_properties` (`form_id`, `question_id`, `prop`, `value`) VALUES ('a9df47375e97dde8be71210445f99700', '8', 'text', NULL);
REPLACE INTO `question_properties` (`form_id`, `question_id`, `prop`, `value`) VALUES ('a9df47375e97dde8be71210445f99700', '12', 'desc', NULL);
REPLACE INTO `question_properties` (`form_id`, `question_id`, `prop`, `value`) VALUES ('a9df47375e97dde8be71210445f99700', '12', 'maxsize', '100');
REPLACE INTO `question_properties` (`form_id`, `question_id`, `prop`, `value`) VALUES ('a9df47375e97dde8be71210445f99700', '12', 'required', 'no');
REPLACE INTO `question_properties` (`form_id`, `question_id`, `prop`, `value`) VALUES ('a9df47375e97dde8be71210445f99700', '12', 'size', '20');
REPLACE INTO `question_properties` (`form_id`, `question_id`, `prop`, `value`) VALUES ('a9df47375e97dde8be71210445f99700', '12', 'text', 'Phone');
REPLACE INTO `question_properties` (`form_id`, `question_id`, `prop`, `value`) VALUES ('a9df47375e97dde8be71210445f99700', '12', 'validation', 'no');
REPLACE INTO `question_properties` (`form_id`, `question_id`, `prop`, `value`) VALUES ('a9df47375e97dde8be71210445f99700', '999', '', NULL);
REPLACE INTO `question_properties` (`form_id`, `question_id`, `prop`, `value`) VALUES ('a9df47375e97dde8be71210445f99700', '999', 'alignment', 'default');
REPLACE INTO `question_properties` (`form_id`, `question_id`, `prop`, `value`) VALUES ('a9df47375e97dde8be71210445f99700', '999', 'background', 'white');
REPLACE INTO `question_properties` (`form_id`, `question_id`, `prop`, `value`) VALUES ('a9df47375e97dde8be71210445f99700', '999', 'conf_body', 'Thanks for submitting our form, we will get back to you as soon as possible.');
REPLACE INTO `question_properties` (`form_id`, `question_id`, `prop`, `value`) VALUES ('a9df47375e97dde8be71210445f99700', '999', 'conf_send', 'no');
REPLACE INTO `question_properties` (`form_id`, `question_id`, `prop`, `value`) VALUES ('a9df47375e97dde8be71210445f99700', '999', 'conf_subj', 'Submission Received');
REPLACE INTO `question_properties` (`form_id`, `question_id`, `prop`, `value`) VALUES ('a9df47375e97dde8be71210445f99700', '999', 'disabled', 'Enabled');
REPLACE INTO `question_properties` (`form_id`, `question_id`, `prop`, `value`) VALUES ('a9df47375e97dde8be71210445f99700', '999', 'email', 'yes');
REPLACE INTO `question_properties` (`form_id`, `question_id`, `prop`, `value`) VALUES ('a9df47375e97dde8be71210445f99700', '999', 'font', 'Verdana');
REPLACE INTO `question_properties` (`form_id`, `question_id`, `prop`, `value`) VALUES ('a9df47375e97dde8be71210445f99700', '999', 'fontcolor', 'black');
REPLACE INTO `question_properties` (`form_id`, `question_id`, `prop`, `value`) VALUES ('a9df47375e97dde8be71210445f99700', '999', 'fontsize', '12');
REPLACE INTO `question_properties` (`form_id`, `question_id`, `prop`, `value`) VALUES ('a9df47375e97dde8be71210445f99700', '999', 'not_subj', 'New Submission: {qForm Title}');
REPLACE INTO `question_properties` (`form_id`, `question_id`, `prop`, `value`) VALUES ('a9df47375e97dde8be71210445f99700', '999', 'sendpostdata', 'no');
REPLACE INTO `question_properties` (`form_id`, `question_id`, `prop`, `value`) VALUES ('a9df47375e97dde8be71210445f99700', '999', 'spamcheck', 'Enabled');
REPLACE INTO `question_properties` (`form_id`, `question_id`, `prop`, `value`) VALUES ('a9df47375e97dde8be71210445f99700', '999', 'theme', 'Default');
REPLACE INTO `question_utf8` (`form_id`, `utf8format`) VALUES ('a9df47375e97dde8be71210445f99700', '1');
REPLACE INTO `forms` (`id`, `username`, `title`, `height`, `status`) VALUES ('3602047efaa90d8b42dbe83f91cfe448', 'a7ec09dce63b814be39611d58a2e3078', 'Satisfaction Survey', NULL, 'Enabled');
REPLACE INTO `questions` (`form_id`, `id`, `order`, `type`) VALUES ('3602047efaa90d8b42dbe83f91cfe448', '0', '1', 'control_textbox');
REPLACE INTO `questions` (`form_id`, `id`, `order`, `type`) VALUES ('3602047efaa90d8b42dbe83f91cfe448', '1', '2', 'control_textbox');
REPLACE INTO `questions` (`form_id`, `id`, `order`, `type`) VALUES ('3602047efaa90d8b42dbe83f91cfe448', '7', '5', 'control_textarea');
REPLACE INTO `questions` (`form_id`, `id`, `order`, `type`) VALUES ('3602047efaa90d8b42dbe83f91cfe448', '8', '6', 'control_button');
REPLACE INTO `questions` (`form_id`, `id`, `order`, `type`) VALUES ('3602047efaa90d8b42dbe83f91cfe448', '9', '3', 'control_radio');
REPLACE INTO `questions` (`form_id`, `id`, `order`, `type`) VALUES ('3602047efaa90d8b42dbe83f91cfe448', '10', '4', 'control_radio');
REPLACE INTO `question_properties` (`form_id`, `question_id`, `prop`, `value`) VALUES ('3602047efaa90d8b42dbe83f91cfe448', '0', 'desc', NULL);
REPLACE INTO `question_properties` (`form_id`, `question_id`, `prop`, `value`) VALUES ('3602047efaa90d8b42dbe83f91cfe448', '0', 'maxsize', '100');
REPLACE INTO `question_properties` (`form_id`, `question_id`, `prop`, `value`) VALUES ('3602047efaa90d8b42dbe83f91cfe448', '0', 'required', 'no');
REPLACE INTO `question_properties` (`form_id`, `question_id`, `prop`, `value`) VALUES ('3602047efaa90d8b42dbe83f91cfe448', '0', 'size', '20');
REPLACE INTO `question_properties` (`form_id`, `question_id`, `prop`, `value`) VALUES ('3602047efaa90d8b42dbe83f91cfe448', '0', 'text', 'Name: (optional)');
REPLACE INTO `question_properties` (`form_id`, `question_id`, `prop`, `value`) VALUES ('3602047efaa90d8b42dbe83f91cfe448', '0', 'validation', 'no');
REPLACE INTO `question_properties` (`form_id`, `question_id`, `prop`, `value`) VALUES ('3602047efaa90d8b42dbe83f91cfe448', '1', 'desc', NULL);
REPLACE INTO `question_properties` (`form_id`, `question_id`, `prop`, `value`) VALUES ('3602047efaa90d8b42dbe83f91cfe448', '1', 'maxsize', '100');
REPLACE INTO `question_properties` (`form_id`, `question_id`, `prop`, `value`) VALUES ('3602047efaa90d8b42dbe83f91cfe448', '1', 'required', 'yes');
REPLACE INTO `question_properties` (`form_id`, `question_id`, `prop`, `value`) VALUES ('3602047efaa90d8b42dbe83f91cfe448', '1', 'size', '20');
REPLACE INTO `question_properties` (`form_id`, `question_id`, `prop`, `value`) VALUES ('3602047efaa90d8b42dbe83f91cfe448', '1', 'text', 'E-mail: (optional)');
REPLACE INTO `question_properties` (`form_id`, `question_id`, `prop`, `value`) VALUES ('3602047efaa90d8b42dbe83f91cfe448', '1', 'validation', 'Email');
REPLACE INTO `question_properties` (`form_id`, `question_id`, `prop`, `value`) VALUES ('3602047efaa90d8b42dbe83f91cfe448', '2', 'desc', NULL);
REPLACE INTO `question_properties` (`form_id`, `question_id`, `prop`, `value`) VALUES ('3602047efaa90d8b42dbe83f91cfe448', '2', 'maxsize', '100');
REPLACE INTO `question_properties` (`form_id`, `question_id`, `prop`, `value`) VALUES ('3602047efaa90d8b42dbe83f91cfe448', '2', 'required', 'no');
REPLACE INTO `question_properties` (`form_id`, `question_id`, `prop`, `value`) VALUES ('3602047efaa90d8b42dbe83f91cfe448', '2', 'size', '20');
REPLACE INTO `question_properties` (`form_id`, `question_id`, `prop`, `value`) VALUES ('3602047efaa90d8b42dbe83f91cfe448', '2', 'text', 'E-mail');
REPLACE INTO `question_properties` (`form_id`, `question_id`, `prop`, `value`) VALUES ('3602047efaa90d8b42dbe83f91cfe448', '2', 'validation', 'no');
REPLACE INTO `question_properties` (`form_id`, `question_id`, `prop`, `value`) VALUES ('3602047efaa90d8b42dbe83f91cfe448', '3', 'desc', NULL);
REPLACE INTO `question_properties` (`form_id`, `question_id`, `prop`, `value`) VALUES ('3602047efaa90d8b42dbe83f91cfe448', '3', 'maxsize', '100');
REPLACE INTO `question_properties` (`form_id`, `question_id`, `prop`, `value`) VALUES ('3602047efaa90d8b42dbe83f91cfe448', '3', 'required', 'no');
REPLACE INTO `question_properties` (`form_id`, `question_id`, `prop`, `value`) VALUES ('3602047efaa90d8b42dbe83f91cfe448', '3', 'size', '20');
REPLACE INTO `question_properties` (`form_id`, `question_id`, `prop`, `value`) VALUES ('3602047efaa90d8b42dbe83f91cfe448', '3', 'text', 'Address');
REPLACE INTO `question_properties` (`form_id`, `question_id`, `prop`, `value`) VALUES ('3602047efaa90d8b42dbe83f91cfe448', '3', 'validation', 'no');
REPLACE INTO `question_properties` (`form_id`, `question_id`, `prop`, `value`) VALUES ('3602047efaa90d8b42dbe83f91cfe448', '4', 'desc', NULL);
REPLACE INTO `question_properties` (`form_id`, `question_id`, `prop`, `value`) VALUES ('3602047efaa90d8b42dbe83f91cfe448', '4', 'maxsize', '100');
REPLACE INTO `question_properties` (`form_id`, `question_id`, `prop`, `value`) VALUES ('3602047efaa90d8b42dbe83f91cfe448', '4', 'required', 'no');
REPLACE INTO `question_properties` (`form_id`, `question_id`, `prop`, `value`) VALUES ('3602047efaa90d8b42dbe83f91cfe448', '4', 'size', '20');
REPLACE INTO `question_properties` (`form_id`, `question_id`, `prop`, `value`) VALUES ('3602047efaa90d8b42dbe83f91cfe448', '4', 'text', 'City');
REPLACE INTO `question_properties` (`form_id`, `question_id`, `prop`, `value`) VALUES ('3602047efaa90d8b42dbe83f91cfe448', '4', 'validation', 'no');
REPLACE INTO `question_properties` (`form_id`, `question_id`, `prop`, `value`) VALUES ('3602047efaa90d8b42dbe83f91cfe448', '5', 'desc', NULL);
REPLACE INTO `question_properties` (`form_id`, `question_id`, `prop`, `value`) VALUES ('3602047efaa90d8b42dbe83f91cfe448', '5', 'options', 'Option 1<br>Option 2<br>Option 3');
REPLACE INTO `question_properties` (`form_id`, `question_id`, `prop`, `value`) VALUES ('3602047efaa90d8b42dbe83f91cfe448', '5', 'required', 'no');
REPLACE INTO `question_properties` (`form_id`, `question_id`, `prop`, `value`) VALUES ('3602047efaa90d8b42dbe83f91cfe448', '5', 'size', '1');
REPLACE INTO `question_properties` (`form_id`, `question_id`, `prop`, `value`) VALUES ('3602047efaa90d8b42dbe83f91cfe448', '5', 'special', 'US States');
REPLACE INTO `question_properties` (`form_id`, `question_id`, `prop`, `value`) VALUES ('3602047efaa90d8b42dbe83f91cfe448', '5', 'text', 'State');
REPLACE INTO `question_properties` (`form_id`, `question_id`, `prop`, `value`) VALUES ('3602047efaa90d8b42dbe83f91cfe448', '6', 'desc', NULL);
REPLACE INTO `question_properties` (`form_id`, `question_id`, `prop`, `value`) VALUES ('3602047efaa90d8b42dbe83f91cfe448', '6', 'options', 'Option 1<br>Option 2<br>Option 3');
REPLACE INTO `question_properties` (`form_id`, `question_id`, `prop`, `value`) VALUES ('3602047efaa90d8b42dbe83f91cfe448', '6', 'required', 'no');
REPLACE INTO `question_properties` (`form_id`, `question_id`, `prop`, `value`) VALUES ('3602047efaa90d8b42dbe83f91cfe448', '6', 'size', '1');
REPLACE INTO `question_properties` (`form_id`, `question_id`, `prop`, `value`) VALUES ('3602047efaa90d8b42dbe83f91cfe448', '6', 'special', 'Countries');
REPLACE INTO `question_properties` (`form_id`, `question_id`, `prop`, `value`) VALUES ('3602047efaa90d8b42dbe83f91cfe448', '6', 'text', 'Country');
REPLACE INTO `question_properties` (`form_id`, `question_id`, `prop`, `value`) VALUES ('3602047efaa90d8b42dbe83f91cfe448', '7', 'cols', '30');
REPLACE INTO `question_properties` (`form_id`, `question_id`, `prop`, `value`) VALUES ('3602047efaa90d8b42dbe83f91cfe448', '7', 'desc', NULL);
REPLACE INTO `question_properties` (`form_id`, `question_id`, `prop`, `value`) VALUES ('3602047efaa90d8b42dbe83f91cfe448', '7', 'required', 'no');
REPLACE INTO `question_properties` (`form_id`, `question_id`, `prop`, `value`) VALUES ('3602047efaa90d8b42dbe83f91cfe448', '7', 'rows', '2');
REPLACE INTO `question_properties` (`form_id`, `question_id`, `prop`, `value`) VALUES ('3602047efaa90d8b42dbe83f91cfe448', '7', 'text', 'Comments:');
REPLACE INTO `question_properties` (`form_id`, `question_id`, `prop`, `value`) VALUES ('3602047efaa90d8b42dbe83f91cfe448', '7', 'validation', 'no');
REPLACE INTO `question_properties` (`form_id`, `question_id`, `prop`, `value`) VALUES ('3602047efaa90d8b42dbe83f91cfe448', '8', 'text', NULL);
REPLACE INTO `question_properties` (`form_id`, `question_id`, `prop`, `value`) VALUES ('3602047efaa90d8b42dbe83f91cfe448', '9', 'checked', 'no');
REPLACE INTO `question_properties` (`form_id`, `question_id`, `prop`, `value`) VALUES ('3602047efaa90d8b42dbe83f91cfe448', '9', 'desc', NULL);
REPLACE INTO `question_properties` (`form_id`, `question_id`, `prop`, `value`) VALUES ('3602047efaa90d8b42dbe83f91cfe448', '9', 'options', 'Very Satisfied<br>Satisfied<br>Neither satisfied nor unsatisfied<br>Unsatisfied<br>Very Unsatisfied');
REPLACE INTO `question_properties` (`form_id`, `question_id`, `prop`, `value`) VALUES ('3602047efaa90d8b42dbe83f91cfe448', '9', 'required', 'no');
REPLACE INTO `question_properties` (`form_id`, `question_id`, `prop`, `value`) VALUES ('3602047efaa90d8b42dbe83f91cfe448', '9', 'text', 'Product Quality:');
REPLACE INTO `question_properties` (`form_id`, `question_id`, `prop`, `value`) VALUES ('3602047efaa90d8b42dbe83f91cfe448', '10', 'checked', 'no');
REPLACE INTO `question_properties` (`form_id`, `question_id`, `prop`, `value`) VALUES ('3602047efaa90d8b42dbe83f91cfe448', '10', 'desc', NULL);
REPLACE INTO `question_properties` (`form_id`, `question_id`, `prop`, `value`) VALUES ('3602047efaa90d8b42dbe83f91cfe448', '10', 'options', 'Very Satisfied<br>Satisfied<br>Neither satisfied nor unsatisfied<br>Unsatisfied<br>Very Unsatisfied');
REPLACE INTO `question_properties` (`form_id`, `question_id`, `prop`, `value`) VALUES ('3602047efaa90d8b42dbe83f91cfe448', '10', 'required', 'no');
REPLACE INTO `question_properties` (`form_id`, `question_id`, `prop`, `value`) VALUES ('3602047efaa90d8b42dbe83f91cfe448', '10', 'text', 'Customer Service:');
REPLACE INTO `question_properties` (`form_id`, `question_id`, `prop`, `value`) VALUES ('3602047efaa90d8b42dbe83f91cfe448', '999', '', NULL);
REPLACE INTO `question_properties` (`form_id`, `question_id`, `prop`, `value`) VALUES ('3602047efaa90d8b42dbe83f91cfe448', '999', 'alignment', 'default');
REPLACE INTO `question_properties` (`form_id`, `question_id`, `prop`, `value`) VALUES ('3602047efaa90d8b42dbe83f91cfe448', '999', 'background', 'white');
REPLACE INTO `question_properties` (`form_id`, `question_id`, `prop`, `value`) VALUES ('3602047efaa90d8b42dbe83f91cfe448', '999', 'conf_body', 'Thanks for submitting our form, we will get back to you as soon as possible.');
REPLACE INTO `question_properties` (`form_id`, `question_id`, `prop`, `value`) VALUES ('3602047efaa90d8b42dbe83f91cfe448', '999', 'conf_send', 'no');
REPLACE INTO `question_properties` (`form_id`, `question_id`, `prop`, `value`) VALUES ('3602047efaa90d8b42dbe83f91cfe448', '999', 'conf_subj', 'Submission Received');
REPLACE INTO `question_properties` (`form_id`, `question_id`, `prop`, `value`) VALUES ('3602047efaa90d8b42dbe83f91cfe448', '999', 'disabled', 'Enabled');
REPLACE INTO `question_properties` (`form_id`, `question_id`, `prop`, `value`) VALUES ('3602047efaa90d8b42dbe83f91cfe448', '999', 'email', 'yes');
REPLACE INTO `question_properties` (`form_id`, `question_id`, `prop`, `value`) VALUES ('3602047efaa90d8b42dbe83f91cfe448', '999', 'font', 'Verdana');
REPLACE INTO `question_properties` (`form_id`, `question_id`, `prop`, `value`) VALUES ('3602047efaa90d8b42dbe83f91cfe448', '999', 'fontcolor', 'black');
REPLACE INTO `question_properties` (`form_id`, `question_id`, `prop`, `value`) VALUES ('3602047efaa90d8b42dbe83f91cfe448', '999', 'fontsize', '12');
REPLACE INTO `question_properties` (`form_id`, `question_id`, `prop`, `value`) VALUES ('3602047efaa90d8b42dbe83f91cfe448', '999', 'not_subj', 'New Submission: {qForm Title}');
REPLACE INTO `question_properties` (`form_id`, `question_id`, `prop`, `value`) VALUES ('3602047efaa90d8b42dbe83f91cfe448', '999', 'sendpostdata', 'no');
REPLACE INTO `question_properties` (`form_id`, `question_id`, `prop`, `value`) VALUES ('3602047efaa90d8b42dbe83f91cfe448', '999', 'spamcheck', 'Enabled');
REPLACE INTO `question_properties` (`form_id`, `question_id`, `prop`, `value`) VALUES ('3602047efaa90d8b42dbe83f91cfe448', '999', 'theme', 'Default');
REPLACE INTO `question_utf8` (`form_id`, `utf8format`) VALUES ('3602047efaa90d8b42dbe83f91cfe448', '1');
REPLACE INTO `forms` (`id`, `username`, `title`, `height`, `status`) VALUES ('58ba866d3116e2bddc73cef14dfb6950', 'a7ec09dce63b814be39611d58a2e3078', 'Membership Registration', NULL, 'Enabled');
REPLACE INTO `questions` (`form_id`, `id`, `order`, `type`) VALUES ('58ba866d3116e2bddc73cef14dfb6950', '0', '1', 'control_textbox');
REPLACE INTO `questions` (`form_id`, `id`, `order`, `type`) VALUES ('58ba866d3116e2bddc73cef14dfb6950', '2', '2', 'control_textbox');
REPLACE INTO `questions` (`form_id`, `id`, `order`, `type`) VALUES ('58ba866d3116e2bddc73cef14dfb6950', '4', '5', 'control_textbox');
REPLACE INTO `questions` (`form_id`, `id`, `order`, `type`) VALUES ('58ba866d3116e2bddc73cef14dfb6950', '5', '6', 'control_dropdown');
REPLACE INTO `questions` (`form_id`, `id`, `order`, `type`) VALUES ('58ba866d3116e2bddc73cef14dfb6950', '8', '9', 'control_button');
REPLACE INTO `questions` (`form_id`, `id`, `order`, `type`) VALUES ('58ba866d3116e2bddc73cef14dfb6950', '9', '3', 'control_textbox');
REPLACE INTO `questions` (`form_id`, `id`, `order`, `type`) VALUES ('58ba866d3116e2bddc73cef14dfb6950', '10', '4', 'control_textarea');
REPLACE INTO `questions` (`form_id`, `id`, `order`, `type`) VALUES ('58ba866d3116e2bddc73cef14dfb6950', '11', '7', 'control_textbox');
REPLACE INTO `questions` (`form_id`, `id`, `order`, `type`) VALUES ('58ba866d3116e2bddc73cef14dfb6950', '12', '8', 'control_dropdown');
REPLACE INTO `question_properties` (`form_id`, `question_id`, `prop`, `value`) VALUES ('58ba866d3116e2bddc73cef14dfb6950', '0', 'desc', NULL);
REPLACE INTO `question_properties` (`form_id`, `question_id`, `prop`, `value`) VALUES ('58ba866d3116e2bddc73cef14dfb6950', '0', 'maxsize', '100');
REPLACE INTO `question_properties` (`form_id`, `question_id`, `prop`, `value`) VALUES ('58ba866d3116e2bddc73cef14dfb6950', '0', 'required', 'yes');
REPLACE INTO `question_properties` (`form_id`, `question_id`, `prop`, `value`) VALUES ('58ba866d3116e2bddc73cef14dfb6950', '0', 'senderemail', 'no');
REPLACE INTO `question_properties` (`form_id`, `question_id`, `prop`, `value`) VALUES ('58ba866d3116e2bddc73cef14dfb6950', '0', 'size', '20');
REPLACE INTO `question_properties` (`form_id`, `question_id`, `prop`, `value`) VALUES ('58ba866d3116e2bddc73cef14dfb6950', '0', 'text', 'Name:');
REPLACE INTO `question_properties` (`form_id`, `question_id`, `prop`, `value`) VALUES ('58ba866d3116e2bddc73cef14dfb6950', '0', 'validation', 'no');
REPLACE INTO `question_properties` (`form_id`, `question_id`, `prop`, `value`) VALUES ('58ba866d3116e2bddc73cef14dfb6950', '2', 'desc', NULL);
REPLACE INTO `question_properties` (`form_id`, `question_id`, `prop`, `value`) VALUES ('58ba866d3116e2bddc73cef14dfb6950', '2', 'maxsize', '100');
REPLACE INTO `question_properties` (`form_id`, `question_id`, `prop`, `value`) VALUES ('58ba866d3116e2bddc73cef14dfb6950', '2', 'required', 'yes');
REPLACE INTO `question_properties` (`form_id`, `question_id`, `prop`, `value`) VALUES ('58ba866d3116e2bddc73cef14dfb6950', '2', 'senderemail', 'no');
REPLACE INTO `question_properties` (`form_id`, `question_id`, `prop`, `value`) VALUES ('58ba866d3116e2bddc73cef14dfb6950', '2', 'size', '20');
REPLACE INTO `question_properties` (`form_id`, `question_id`, `prop`, `value`) VALUES ('58ba866d3116e2bddc73cef14dfb6950', '2', 'text', 'E-mail:');
REPLACE INTO `question_properties` (`form_id`, `question_id`, `prop`, `value`) VALUES ('58ba866d3116e2bddc73cef14dfb6950', '2', 'validation', 'Email');
REPLACE INTO `question_properties` (`form_id`, `question_id`, `prop`, `value`) VALUES ('58ba866d3116e2bddc73cef14dfb6950', '4', 'desc', NULL);
REPLACE INTO `question_properties` (`form_id`, `question_id`, `prop`, `value`) VALUES ('58ba866d3116e2bddc73cef14dfb6950', '4', 'maxsize', '100');
REPLACE INTO `question_properties` (`form_id`, `question_id`, `prop`, `value`) VALUES ('58ba866d3116e2bddc73cef14dfb6950', '4', 'required', 'no');
REPLACE INTO `question_properties` (`form_id`, `question_id`, `prop`, `value`) VALUES ('58ba866d3116e2bddc73cef14dfb6950', '4', 'senderemail', 'no');
REPLACE INTO `question_properties` (`form_id`, `question_id`, `prop`, `value`) VALUES ('58ba866d3116e2bddc73cef14dfb6950', '4', 'size', '20');
REPLACE INTO `question_properties` (`form_id`, `question_id`, `prop`, `value`) VALUES ('58ba866d3116e2bddc73cef14dfb6950', '4', 'text', 'City:');
REPLACE INTO `question_properties` (`form_id`, `question_id`, `prop`, `value`) VALUES ('58ba866d3116e2bddc73cef14dfb6950', '4', 'validation', 'no');
REPLACE INTO `question_properties` (`form_id`, `question_id`, `prop`, `value`) VALUES ('58ba866d3116e2bddc73cef14dfb6950', '5', 'desc', NULL);
REPLACE INTO `question_properties` (`form_id`, `question_id`, `prop`, `value`) VALUES ('58ba866d3116e2bddc73cef14dfb6950', '5', 'options', 'Option 1<br>Option 2<br>Option 3');
REPLACE INTO `question_properties` (`form_id`, `question_id`, `prop`, `value`) VALUES ('58ba866d3116e2bddc73cef14dfb6950', '5', 'required', 'no');
REPLACE INTO `question_properties` (`form_id`, `question_id`, `prop`, `value`) VALUES ('58ba866d3116e2bddc73cef14dfb6950', '5', 'size', '1');
REPLACE INTO `question_properties` (`form_id`, `question_id`, `prop`, `value`) VALUES ('58ba866d3116e2bddc73cef14dfb6950', '5', 'special', 'Long US  States');
REPLACE INTO `question_properties` (`form_id`, `question_id`, `prop`, `value`) VALUES ('58ba866d3116e2bddc73cef14dfb6950', '5', 'text', 'State:');
REPLACE INTO `question_properties` (`form_id`, `question_id`, `prop`, `value`) VALUES ('58ba866d3116e2bddc73cef14dfb6950', '8', 'text', NULL);
REPLACE INTO `question_properties` (`form_id`, `question_id`, `prop`, `value`) VALUES ('58ba866d3116e2bddc73cef14dfb6950', '9', 'desc', NULL);
REPLACE INTO `question_properties` (`form_id`, `question_id`, `prop`, `value`) VALUES ('58ba866d3116e2bddc73cef14dfb6950', '9', 'maxsize', '100');
REPLACE INTO `question_properties` (`form_id`, `question_id`, `prop`, `value`) VALUES ('58ba866d3116e2bddc73cef14dfb6950', '9', 'required', 'no');
REPLACE INTO `question_properties` (`form_id`, `question_id`, `prop`, `value`) VALUES ('58ba866d3116e2bddc73cef14dfb6950', '9', 'senderemail', 'no');
REPLACE INTO `question_properties` (`form_id`, `question_id`, `prop`, `value`) VALUES ('58ba866d3116e2bddc73cef14dfb6950', '9', 'size', '20');
REPLACE INTO `question_properties` (`form_id`, `question_id`, `prop`, `value`) VALUES ('58ba866d3116e2bddc73cef14dfb6950', '9', 'text', 'Phone:');
REPLACE INTO `question_properties` (`form_id`, `question_id`, `prop`, `value`) VALUES ('58ba866d3116e2bddc73cef14dfb6950', '9', 'validation', 'no');
REPLACE INTO `question_properties` (`form_id`, `question_id`, `prop`, `value`) VALUES ('58ba866d3116e2bddc73cef14dfb6950', '10', 'cols', '30');
REPLACE INTO `question_properties` (`form_id`, `question_id`, `prop`, `value`) VALUES ('58ba866d3116e2bddc73cef14dfb6950', '10', 'desc', NULL);
REPLACE INTO `question_properties` (`form_id`, `question_id`, `prop`, `value`) VALUES ('58ba866d3116e2bddc73cef14dfb6950', '10', 'required', 'no');
REPLACE INTO `question_properties` (`form_id`, `question_id`, `prop`, `value`) VALUES ('58ba866d3116e2bddc73cef14dfb6950', '10', 'rows', '2');
REPLACE INTO `question_properties` (`form_id`, `question_id`, `prop`, `value`) VALUES ('58ba866d3116e2bddc73cef14dfb6950', '10', 'text', 'Address:');
REPLACE INTO `question_properties` (`form_id`, `question_id`, `prop`, `value`) VALUES ('58ba866d3116e2bddc73cef14dfb6950', '10', 'validation', 'no');
REPLACE INTO `question_properties` (`form_id`, `question_id`, `prop`, `value`) VALUES ('58ba866d3116e2bddc73cef14dfb6950', '11', 'desc', NULL);
REPLACE INTO `question_properties` (`form_id`, `question_id`, `prop`, `value`) VALUES ('58ba866d3116e2bddc73cef14dfb6950', '11', 'maxsize', '100');
REPLACE INTO `question_properties` (`form_id`, `question_id`, `prop`, `value`) VALUES ('58ba866d3116e2bddc73cef14dfb6950', '11', 'required', 'no');
REPLACE INTO `question_properties` (`form_id`, `question_id`, `prop`, `value`) VALUES ('58ba866d3116e2bddc73cef14dfb6950', '11', 'senderemail', 'no');
REPLACE INTO `question_properties` (`form_id`, `question_id`, `prop`, `value`) VALUES ('58ba866d3116e2bddc73cef14dfb6950', '11', 'size', '20');
REPLACE INTO `question_properties` (`form_id`, `question_id`, `prop`, `value`) VALUES ('58ba866d3116e2bddc73cef14dfb6950', '11', 'text', 'Zip code:');
REPLACE INTO `question_properties` (`form_id`, `question_id`, `prop`, `value`) VALUES ('58ba866d3116e2bddc73cef14dfb6950', '11', 'validation', 'no');
REPLACE INTO `question_properties` (`form_id`, `question_id`, `prop`, `value`) VALUES ('58ba866d3116e2bddc73cef14dfb6950', '12', 'desc', NULL);
REPLACE INTO `question_properties` (`form_id`, `question_id`, `prop`, `value`) VALUES ('58ba866d3116e2bddc73cef14dfb6950', '12', 'options', 'Option 1<br>Option 2<br>Option 3');
REPLACE INTO `question_properties` (`form_id`, `question_id`, `prop`, `value`) VALUES ('58ba866d3116e2bddc73cef14dfb6950', '12', 'required', 'no');
REPLACE INTO `question_properties` (`form_id`, `question_id`, `prop`, `value`) VALUES ('58ba866d3116e2bddc73cef14dfb6950', '12', 'size', '1');
REPLACE INTO `question_properties` (`form_id`, `question_id`, `prop`, `value`) VALUES ('58ba866d3116e2bddc73cef14dfb6950', '12', 'special', 'Long    EN  Countries');
REPLACE INTO `question_properties` (`form_id`, `question_id`, `prop`, `value`) VALUES ('58ba866d3116e2bddc73cef14dfb6950', '12', 'text', 'Country:');
REPLACE INTO `question_properties` (`form_id`, `question_id`, `prop`, `value`) VALUES ('58ba866d3116e2bddc73cef14dfb6950', '999', '', NULL);
REPLACE INTO `question_properties` (`form_id`, `question_id`, `prop`, `value`) VALUES ('58ba866d3116e2bddc73cef14dfb6950', '999', 'alignment', 'default');
REPLACE INTO `question_properties` (`form_id`, `question_id`, `prop`, `value`) VALUES ('58ba866d3116e2bddc73cef14dfb6950', '999', 'background', 'white');
REPLACE INTO `question_properties` (`form_id`, `question_id`, `prop`, `value`) VALUES ('58ba866d3116e2bddc73cef14dfb6950', '999', 'conf_subj', 'Submission Received');
REPLACE INTO `question_properties` (`form_id`, `question_id`, `prop`, `value`) VALUES ('58ba866d3116e2bddc73cef14dfb6950', '999', 'ext_sendpostdata', 'no');
REPLACE INTO `question_properties` (`form_id`, `question_id`, `prop`, `value`) VALUES ('58ba866d3116e2bddc73cef14dfb6950', '999', 'font', 'Verdana');
REPLACE INTO `question_properties` (`form_id`, `question_id`, `prop`, `value`) VALUES ('58ba866d3116e2bddc73cef14dfb6950', '999', 'fontsize', '12');
REPLACE INTO `question_properties` (`form_id`, `question_id`, `prop`, `value`) VALUES ('58ba866d3116e2bddc73cef14dfb6950', '999', 'sendpostdata', 'yes');
REPLACE INTO `question_properties` (`form_id`, `question_id`, `prop`, `value`) VALUES ('58ba866d3116e2bddc73cef14dfb6950', '999', 'spamcheck', 'Enabled');
REPLACE INTO `question_properties` (`form_id`, `question_id`, `prop`, `value`) VALUES ('58ba866d3116e2bddc73cef14dfb6950', '999', 'thanktext', 'Thanks for submitting our form, we will get back to you as soon as possible.');
REPLACE INTO `question_properties` (`form_id`, `question_id`, `prop`, `value`) VALUES ('58ba866d3116e2bddc73cef14dfb6950', '999', 'theme', 'Default');
REPLACE INTO `question_properties` (`form_id`, `question_id`, `prop`, `value`) VALUES ('58ba866d3116e2bddc73cef14dfb6950', '999', 'use_buildin_formmail', 'yes');
REPLACE INTO `question_utf8` (`form_id`, `utf8format`) VALUES ('58ba866d3116e2bddc73cef14dfb6950', '1');
REPLACE INTO `forms` (`id`, `username`, `title`, `height`, `status`) VALUES ('cd2c97b585456e113e29b66a49dbe76b', 'a7ec09dce63b814be39611d58a2e3078', 'Time Sheet', NULL, 'Enabled');
REPLACE INTO `questions` (`form_id`, `id`, `order`, `type`) VALUES ('cd2c97b585456e113e29b66a49dbe76b', '0', '1', 'control_textbox');
REPLACE INTO `questions` (`form_id`, `id`, `order`, `type`) VALUES ('cd2c97b585456e113e29b66a49dbe76b', '1', '2', 'control_textbox');
REPLACE INTO `questions` (`form_id`, `id`, `order`, `type`) VALUES ('cd2c97b585456e113e29b66a49dbe76b', '8', '6', 'control_button');
REPLACE INTO `questions` (`form_id`, `id`, `order`, `type`) VALUES ('cd2c97b585456e113e29b66a49dbe76b', '9', '3', 'control_datetimepicker');
REPLACE INTO `questions` (`form_id`, `id`, `order`, `type`) VALUES ('cd2c97b585456e113e29b66a49dbe76b', '11', '4', 'control_textbox');
REPLACE INTO `questions` (`form_id`, `id`, `order`, `type`) VALUES ('cd2c97b585456e113e29b66a49dbe76b', '13', '5', 'control_textarea');
REPLACE INTO `question_properties` (`form_id`, `question_id`, `prop`, `value`) VALUES ('cd2c97b585456e113e29b66a49dbe76b', '0', 'desc', NULL);
REPLACE INTO `question_properties` (`form_id`, `question_id`, `prop`, `value`) VALUES ('cd2c97b585456e113e29b66a49dbe76b', '0', 'maxsize', '100');
REPLACE INTO `question_properties` (`form_id`, `question_id`, `prop`, `value`) VALUES ('cd2c97b585456e113e29b66a49dbe76b', '0', 'name', 'textbox0');
REPLACE INTO `question_properties` (`form_id`, `question_id`, `prop`, `value`) VALUES ('cd2c97b585456e113e29b66a49dbe76b', '0', 'required', 'no');
REPLACE INTO `question_properties` (`form_id`, `question_id`, `prop`, `value`) VALUES ('cd2c97b585456e113e29b66a49dbe76b', '0', 'senderemail', 'no');
REPLACE INTO `question_properties` (`form_id`, `question_id`, `prop`, `value`) VALUES ('cd2c97b585456e113e29b66a49dbe76b', '0', 'size', '20');
REPLACE INTO `question_properties` (`form_id`, `question_id`, `prop`, `value`) VALUES ('cd2c97b585456e113e29b66a49dbe76b', '0', 'text', 'Employee Name:');
REPLACE INTO `question_properties` (`form_id`, `question_id`, `prop`, `value`) VALUES ('cd2c97b585456e113e29b66a49dbe76b', '0', 'validation', 'no');
REPLACE INTO `question_properties` (`form_id`, `question_id`, `prop`, `value`) VALUES ('cd2c97b585456e113e29b66a49dbe76b', '1', 'desc', NULL);
REPLACE INTO `question_properties` (`form_id`, `question_id`, `prop`, `value`) VALUES ('cd2c97b585456e113e29b66a49dbe76b', '1', 'maxsize', '100');
REPLACE INTO `question_properties` (`form_id`, `question_id`, `prop`, `value`) VALUES ('cd2c97b585456e113e29b66a49dbe76b', '1', 'name', 'textbox1');
REPLACE INTO `question_properties` (`form_id`, `question_id`, `prop`, `value`) VALUES ('cd2c97b585456e113e29b66a49dbe76b', '1', 'required', 'no');
REPLACE INTO `question_properties` (`form_id`, `question_id`, `prop`, `value`) VALUES ('cd2c97b585456e113e29b66a49dbe76b', '1', 'senderemail', 'no');
REPLACE INTO `question_properties` (`form_id`, `question_id`, `prop`, `value`) VALUES ('cd2c97b585456e113e29b66a49dbe76b', '1', 'size', '20');
REPLACE INTO `question_properties` (`form_id`, `question_id`, `prop`, `value`) VALUES ('cd2c97b585456e113e29b66a49dbe76b', '1', 'text', 'Project:');
REPLACE INTO `question_properties` (`form_id`, `question_id`, `prop`, `value`) VALUES ('cd2c97b585456e113e29b66a49dbe76b', '1', 'validation', 'no');
REPLACE INTO `question_properties` (`form_id`, `question_id`, `prop`, `value`) VALUES ('cd2c97b585456e113e29b66a49dbe76b', '8', 'text', NULL);
REPLACE INTO `question_properties` (`form_id`, `question_id`, `prop`, `value`) VALUES ('cd2c97b585456e113e29b66a49dbe76b', '9', 'desc', NULL);
REPLACE INTO `question_properties` (`form_id`, `question_id`, `prop`, `value`) VALUES ('cd2c97b585456e113e29b66a49dbe76b', '9', 'format', 'mmddyyyy');
REPLACE INTO `question_properties` (`form_id`, `question_id`, `prop`, `value`) VALUES ('cd2c97b585456e113e29b66a49dbe76b', '9', 'required', 'no');
REPLACE INTO `question_properties` (`form_id`, `question_id`, `prop`, `value`) VALUES ('cd2c97b585456e113e29b66a49dbe76b', '9', 'text', 'Date:');
REPLACE INTO `question_properties` (`form_id`, `question_id`, `prop`, `value`) VALUES ('cd2c97b585456e113e29b66a49dbe76b', '11', 'desc', NULL);
REPLACE INTO `question_properties` (`form_id`, `question_id`, `prop`, `value`) VALUES ('cd2c97b585456e113e29b66a49dbe76b', '11', 'maxsize', '100');
REPLACE INTO `question_properties` (`form_id`, `question_id`, `prop`, `value`) VALUES ('cd2c97b585456e113e29b66a49dbe76b', '11', 'name', 'textbox11');
REPLACE INTO `question_properties` (`form_id`, `question_id`, `prop`, `value`) VALUES ('cd2c97b585456e113e29b66a49dbe76b', '11', 'required', 'no');
REPLACE INTO `question_properties` (`form_id`, `question_id`, `prop`, `value`) VALUES ('cd2c97b585456e113e29b66a49dbe76b', '11', 'senderemail', 'no');
REPLACE INTO `question_properties` (`form_id`, `question_id`, `prop`, `value`) VALUES ('cd2c97b585456e113e29b66a49dbe76b', '11', 'size', '5');
REPLACE INTO `question_properties` (`form_id`, `question_id`, `prop`, `value`) VALUES ('cd2c97b585456e113e29b66a49dbe76b', '11', 'text', 'Hours:');
REPLACE INTO `question_properties` (`form_id`, `question_id`, `prop`, `value`) VALUES ('cd2c97b585456e113e29b66a49dbe76b', '11', 'validation', 'no');
REPLACE INTO `question_properties` (`form_id`, `question_id`, `prop`, `value`) VALUES ('cd2c97b585456e113e29b66a49dbe76b', '13', 'text', 'Tasks:');
REPLACE INTO `question_properties` (`form_id`, `question_id`, `prop`, `value`) VALUES ('cd2c97b585456e113e29b66a49dbe76b', '13', 'validation', 'no');
REPLACE INTO `question_properties` (`form_id`, `question_id`, `prop`, `value`) VALUES ('cd2c97b585456e113e29b66a49dbe76b', '999', '', NULL);
REPLACE INTO `question_properties` (`form_id`, `question_id`, `prop`, `value`) VALUES ('cd2c97b585456e113e29b66a49dbe76b', '999', 'alignment', 'default');
REPLACE INTO `question_properties` (`form_id`, `question_id`, `prop`, `value`) VALUES ('cd2c97b585456e113e29b66a49dbe76b', '999', 'background', 'white');
REPLACE INTO `question_properties` (`form_id`, `question_id`, `prop`, `value`) VALUES ('cd2c97b585456e113e29b66a49dbe76b', '999', 'conf_subj', 'Submission Received');
REPLACE INTO `question_properties` (`form_id`, `question_id`, `prop`, `value`) VALUES ('cd2c97b585456e113e29b66a49dbe76b', '999', 'email_addr', 'your email@192.168.1.174');
REPLACE INTO `question_properties` (`form_id`, `question_id`, `prop`, `value`) VALUES ('cd2c97b585456e113e29b66a49dbe76b', '999', 'ext_sendpostdata', 'no');
REPLACE INTO `question_properties` (`form_id`, `question_id`, `prop`, `value`) VALUES ('cd2c97b585456e113e29b66a49dbe76b', '999', 'font', 'Verdana');
REPLACE INTO `question_properties` (`form_id`, `question_id`, `prop`, `value`) VALUES ('cd2c97b585456e113e29b66a49dbe76b', '999', 'fontsize', '12');
REPLACE INTO `question_properties` (`form_id`, `question_id`, `prop`, `value`) VALUES ('cd2c97b585456e113e29b66a49dbe76b', '999', 'sendpostdata', 'yes');
REPLACE INTO `question_properties` (`form_id`, `question_id`, `prop`, `value`) VALUES ('cd2c97b585456e113e29b66a49dbe76b', '999', 'spamcheck', 'Enabled');
REPLACE INTO `question_properties` (`form_id`, `question_id`, `prop`, `value`) VALUES ('cd2c97b585456e113e29b66a49dbe76b', '999', 'thanktext', 'Thanks for submitting our form, we will get back to you as soon as possible.');
REPLACE INTO `question_properties` (`form_id`, `question_id`, `prop`, `value`) VALUES ('cd2c97b585456e113e29b66a49dbe76b', '999', 'theme', 'Default');
REPLACE INTO `question_properties` (`form_id`, `question_id`, `prop`, `value`) VALUES ('cd2c97b585456e113e29b66a49dbe76b', '999', 'use_buildin_formmail', 'yes');
REPLACE INTO `question_utf8` (`form_id`, `utf8format`) VALUES ('cd2c97b585456e113e29b66a49dbe76b', '1');
REPLACE INTO `forms` (`id`, `username`, `title`, `height`, `status`) VALUES ('ef1d12dff5f6904e9adac0db4b5ff8e0', 'a7ec09dce63b814be39611d58a2e3078', 'Submit Product', NULL, 'Enabled');
REPLACE INTO `questions` (`form_id`, `id`, `order`, `type`) VALUES ('ef1d12dff5f6904e9adac0db4b5ff8e0', '0', '1', 'control_textbox');
REPLACE INTO `questions` (`form_id`, `id`, `order`, `type`) VALUES ('ef1d12dff5f6904e9adac0db4b5ff8e0', '8', '6', 'control_button');
REPLACE INTO `questions` (`form_id`, `id`, `order`, `type`) VALUES ('ef1d12dff5f6904e9adac0db4b5ff8e0', '9', '2', 'control_textarea');
REPLACE INTO `questions` (`form_id`, `id`, `order`, `type`) VALUES ('ef1d12dff5f6904e9adac0db4b5ff8e0', '11', '3', 'control_textbox');
REPLACE INTO `questions` (`form_id`, `id`, `order`, `type`) VALUES ('ef1d12dff5f6904e9adac0db4b5ff8e0', '12', '4', 'control_radio');
REPLACE INTO `questions` (`form_id`, `id`, `order`, `type`) VALUES ('ef1d12dff5f6904e9adac0db4b5ff8e0', '13', '5', 'control_textarea');
REPLACE INTO `question_properties` (`form_id`, `question_id`, `prop`, `value`) VALUES ('ef1d12dff5f6904e9adac0db4b5ff8e0', '0', 'desc', NULL);
REPLACE INTO `question_properties` (`form_id`, `question_id`, `prop`, `value`) VALUES ('ef1d12dff5f6904e9adac0db4b5ff8e0', '0', 'maxsize', '100');
REPLACE INTO `question_properties` (`form_id`, `question_id`, `prop`, `value`) VALUES ('ef1d12dff5f6904e9adac0db4b5ff8e0', '0', 'required', 'no');
REPLACE INTO `question_properties` (`form_id`, `question_id`, `prop`, `value`) VALUES ('ef1d12dff5f6904e9adac0db4b5ff8e0', '0', 'senderemail', 'no');
REPLACE INTO `question_properties` (`form_id`, `question_id`, `prop`, `value`) VALUES ('ef1d12dff5f6904e9adac0db4b5ff8e0', '0', 'size', '20');
REPLACE INTO `question_properties` (`form_id`, `question_id`, `prop`, `value`) VALUES ('ef1d12dff5f6904e9adac0db4b5ff8e0', '0', 'text', 'Product Name');
REPLACE INTO `question_properties` (`form_id`, `question_id`, `prop`, `value`) VALUES ('ef1d12dff5f6904e9adac0db4b5ff8e0', '0', 'validation', 'no');
REPLACE INTO `question_properties` (`form_id`, `question_id`, `prop`, `value`) VALUES ('ef1d12dff5f6904e9adac0db4b5ff8e0', '8', 'text', NULL);
REPLACE INTO `question_properties` (`form_id`, `question_id`, `prop`, `value`) VALUES ('ef1d12dff5f6904e9adac0db4b5ff8e0', '9', 'cols', '30');
REPLACE INTO `question_properties` (`form_id`, `question_id`, `prop`, `value`) VALUES ('ef1d12dff5f6904e9adac0db4b5ff8e0', '9', 'desc', NULL);
REPLACE INTO `question_properties` (`form_id`, `question_id`, `prop`, `value`) VALUES ('ef1d12dff5f6904e9adac0db4b5ff8e0', '9', 'required', 'no');
REPLACE INTO `question_properties` (`form_id`, `question_id`, `prop`, `value`) VALUES ('ef1d12dff5f6904e9adac0db4b5ff8e0', '9', 'rows', '2');
REPLACE INTO `question_properties` (`form_id`, `question_id`, `prop`, `value`) VALUES ('ef1d12dff5f6904e9adac0db4b5ff8e0', '9', 'text', 'Description (Optional)');
REPLACE INTO `question_properties` (`form_id`, `question_id`, `prop`, `value`) VALUES ('ef1d12dff5f6904e9adac0db4b5ff8e0', '9', 'validation', 'no');
REPLACE INTO `question_properties` (`form_id`, `question_id`, `prop`, `value`) VALUES ('ef1d12dff5f6904e9adac0db4b5ff8e0', '11', 'desc', NULL);
REPLACE INTO `question_properties` (`form_id`, `question_id`, `prop`, `value`) VALUES ('ef1d12dff5f6904e9adac0db4b5ff8e0', '11', 'maxsize', '100');
REPLACE INTO `question_properties` (`form_id`, `question_id`, `prop`, `value`) VALUES ('ef1d12dff5f6904e9adac0db4b5ff8e0', '11', 'required', 'no');
REPLACE INTO `question_properties` (`form_id`, `question_id`, `prop`, `value`) VALUES ('ef1d12dff5f6904e9adac0db4b5ff8e0', '11', 'senderemail', 'no');
REPLACE INTO `question_properties` (`form_id`, `question_id`, `prop`, `value`) VALUES ('ef1d12dff5f6904e9adac0db4b5ff8e0', '11', 'size', '5');
REPLACE INTO `question_properties` (`form_id`, `question_id`, `prop`, `value`) VALUES ('ef1d12dff5f6904e9adac0db4b5ff8e0', '11', 'text', 'Price');
REPLACE INTO `question_properties` (`form_id`, `question_id`, `prop`, `value`) VALUES ('ef1d12dff5f6904e9adac0db4b5ff8e0', '11', 'validation', 'no');
REPLACE INTO `question_properties` (`form_id`, `question_id`, `prop`, `value`) VALUES ('ef1d12dff5f6904e9adac0db4b5ff8e0', '12', 'checked', 'no');
REPLACE INTO `question_properties` (`form_id`, `question_id`, `prop`, `value`) VALUES ('ef1d12dff5f6904e9adac0db4b5ff8e0', '12', 'desc', NULL);
REPLACE INTO `question_properties` (`form_id`, `question_id`, `prop`, `value`) VALUES ('ef1d12dff5f6904e9adac0db4b5ff8e0', '12', 'options', 'Yes <br>No');
REPLACE INTO `question_properties` (`form_id`, `question_id`, `prop`, `value`) VALUES ('ef1d12dff5f6904e9adac0db4b5ff8e0', '12', 'required', 'no');
REPLACE INTO `question_properties` (`form_id`, `question_id`, `prop`, `value`) VALUES ('ef1d12dff5f6904e9adac0db4b5ff8e0', '12', 'text', 'Volume Discount');
REPLACE INTO `question_properties` (`form_id`, `question_id`, `prop`, `value`) VALUES ('ef1d12dff5f6904e9adac0db4b5ff8e0', '13', 'required', 'no');
REPLACE INTO `question_properties` (`form_id`, `question_id`, `prop`, `value`) VALUES ('ef1d12dff5f6904e9adac0db4b5ff8e0', '13', 'rows', '5');
REPLACE INTO `question_properties` (`form_id`, `question_id`, `prop`, `value`) VALUES ('ef1d12dff5f6904e9adac0db4b5ff8e0', '13', 'text', 'Sizes');
REPLACE INTO `question_properties` (`form_id`, `question_id`, `prop`, `value`) VALUES ('ef1d12dff5f6904e9adac0db4b5ff8e0', '13', 'validation', 'no');
REPLACE INTO `question_properties` (`form_id`, `question_id`, `prop`, `value`) VALUES ('ef1d12dff5f6904e9adac0db4b5ff8e0', '999', '', NULL);
REPLACE INTO `question_properties` (`form_id`, `question_id`, `prop`, `value`) VALUES ('ef1d12dff5f6904e9adac0db4b5ff8e0', '999', 'alignment', 'default');
REPLACE INTO `question_properties` (`form_id`, `question_id`, `prop`, `value`) VALUES ('ef1d12dff5f6904e9adac0db4b5ff8e0', '999', 'background', 'white');
REPLACE INTO `question_properties` (`form_id`, `question_id`, `prop`, `value`) VALUES ('ef1d12dff5f6904e9adac0db4b5ff8e0', '999', 'conf_subj', 'Submission Received');
REPLACE INTO `question_properties` (`form_id`, `question_id`, `prop`, `value`) VALUES ('ef1d12dff5f6904e9adac0db4b5ff8e0', '999', 'email_addr', 'dddddd@192.168.1.174');
REPLACE INTO `question_properties` (`form_id`, `question_id`, `prop`, `value`) VALUES ('ef1d12dff5f6904e9adac0db4b5ff8e0', '999', 'ext_sendpostdata', 'no');
REPLACE INTO `question_properties` (`form_id`, `question_id`, `prop`, `value`) VALUES ('ef1d12dff5f6904e9adac0db4b5ff8e0', '999', 'font', 'Verdana');
REPLACE INTO `question_properties` (`form_id`, `question_id`, `prop`, `value`) VALUES ('ef1d12dff5f6904e9adac0db4b5ff8e0', '999', 'fontsize', '12');
REPLACE INTO `question_properties` (`form_id`, `question_id`, `prop`, `value`) VALUES ('ef1d12dff5f6904e9adac0db4b5ff8e0', '999', 'sendpostdata', 'yes');
REPLACE INTO `question_properties` (`form_id`, `question_id`, `prop`, `value`) VALUES ('ef1d12dff5f6904e9adac0db4b5ff8e0', '999', 'spamcheck', 'Enabled');
REPLACE INTO `question_properties` (`form_id`, `question_id`, `prop`, `value`) VALUES ('ef1d12dff5f6904e9adac0db4b5ff8e0', '999', 'thanktext', 'Thanks for submitting our form, we will get back to you as soon as possible.');
REPLACE INTO `question_properties` (`form_id`, `question_id`, `prop`, `value`) VALUES ('ef1d12dff5f6904e9adac0db4b5ff8e0', '999', 'theme', 'Default');
REPLACE INTO `question_properties` (`form_id`, `question_id`, `prop`, `value`) VALUES ('ef1d12dff5f6904e9adac0db4b5ff8e0', '999', 'use_buildin_formmail', 'yes');
REPLACE INTO `question_utf8` (`form_id`, `utf8format`) VALUES ('ef1d12dff5f6904e9adac0db4b5ff8e0', '1');
REPLACE INTO `forms` (`id`, `username`, `title`, `height`, `status`) VALUES ('e52d087be8c8bfa96dc044cdd99a0be7', 'a7ec09dce63b814be39611d58a2e3078', 'Bug Tracker', NULL, 'Enabled');
REPLACE INTO `questions` (`form_id`, `id`, `order`, `type`) VALUES ('e52d087be8c8bfa96dc044cdd99a0be7', '0', '1', 'control_textbox');
REPLACE INTO `questions` (`form_id`, `id`, `order`, `type`) VALUES ('e52d087be8c8bfa96dc044cdd99a0be7', '2', '2', 'control_textbox');
REPLACE INTO `questions` (`form_id`, `id`, `order`, `type`) VALUES ('e52d087be8c8bfa96dc044cdd99a0be7', '8', '8', 'control_button');
REPLACE INTO `questions` (`form_id`, `id`, `order`, `type`) VALUES ('e52d087be8c8bfa96dc044cdd99a0be7', '9', '3', 'control_radio');
REPLACE INTO `questions` (`form_id`, `id`, `order`, `type`) VALUES ('e52d087be8c8bfa96dc044cdd99a0be7', '10', '4', 'control_radio');
REPLACE INTO `questions` (`form_id`, `id`, `order`, `type`) VALUES ('e52d087be8c8bfa96dc044cdd99a0be7', '11', '5', 'control_dropdown');
REPLACE INTO `questions` (`form_id`, `id`, `order`, `type`) VALUES ('e52d087be8c8bfa96dc044cdd99a0be7', '13', '6', 'control_dropdown');
REPLACE INTO `questions` (`form_id`, `id`, `order`, `type`) VALUES ('e52d087be8c8bfa96dc044cdd99a0be7', '14', '7', 'control_textarea');
REPLACE INTO `question_properties` (`form_id`, `question_id`, `prop`, `value`) VALUES ('e52d087be8c8bfa96dc044cdd99a0be7', '0', 'desc', NULL);
REPLACE INTO `question_properties` (`form_id`, `question_id`, `prop`, `value`) VALUES ('e52d087be8c8bfa96dc044cdd99a0be7', '0', 'maxsize', '100');
REPLACE INTO `question_properties` (`form_id`, `question_id`, `prop`, `value`) VALUES ('e52d087be8c8bfa96dc044cdd99a0be7', '0', 'required', 'no');
REPLACE INTO `question_properties` (`form_id`, `question_id`, `prop`, `value`) VALUES ('e52d087be8c8bfa96dc044cdd99a0be7', '0', 'senderemail', 'no');
REPLACE INTO `question_properties` (`form_id`, `question_id`, `prop`, `value`) VALUES ('e52d087be8c8bfa96dc044cdd99a0be7', '0', 'size', '20');
REPLACE INTO `question_properties` (`form_id`, `question_id`, `prop`, `value`) VALUES ('e52d087be8c8bfa96dc044cdd99a0be7', '0', 'text', 'Name:');
REPLACE INTO `question_properties` (`form_id`, `question_id`, `prop`, `value`) VALUES ('e52d087be8c8bfa96dc044cdd99a0be7', '0', 'validation', 'no');
REPLACE INTO `question_properties` (`form_id`, `question_id`, `prop`, `value`) VALUES ('e52d087be8c8bfa96dc044cdd99a0be7', '2', 'desc', NULL);
REPLACE INTO `question_properties` (`form_id`, `question_id`, `prop`, `value`) VALUES ('e52d087be8c8bfa96dc044cdd99a0be7', '2', 'maxsize', '100');
REPLACE INTO `question_properties` (`form_id`, `question_id`, `prop`, `value`) VALUES ('e52d087be8c8bfa96dc044cdd99a0be7', '2', 'required', 'yes');
REPLACE INTO `question_properties` (`form_id`, `question_id`, `prop`, `value`) VALUES ('e52d087be8c8bfa96dc044cdd99a0be7', '2', 'senderemail', 'no');
REPLACE INTO `question_properties` (`form_id`, `question_id`, `prop`, `value`) VALUES ('e52d087be8c8bfa96dc044cdd99a0be7', '2', 'size', '20');
REPLACE INTO `question_properties` (`form_id`, `question_id`, `prop`, `value`) VALUES ('e52d087be8c8bfa96dc044cdd99a0be7', '2', 'text', 'Email:');
REPLACE INTO `question_properties` (`form_id`, `question_id`, `prop`, `value`) VALUES ('e52d087be8c8bfa96dc044cdd99a0be7', '2', 'validation', 'Email');
REPLACE INTO `question_properties` (`form_id`, `question_id`, `prop`, `value`) VALUES ('e52d087be8c8bfa96dc044cdd99a0be7', '8', 'clear', 'no');
REPLACE INTO `question_properties` (`form_id`, `question_id`, `prop`, `value`) VALUES ('e52d087be8c8bfa96dc044cdd99a0be7', '8', 'submittext', 'Submit');
REPLACE INTO `question_properties` (`form_id`, `question_id`, `prop`, `value`) VALUES ('e52d087be8c8bfa96dc044cdd99a0be7', '8', 'text', NULL);
REPLACE INTO `question_properties` (`form_id`, `question_id`, `prop`, `value`) VALUES ('e52d087be8c8bfa96dc044cdd99a0be7', '9', 'checked', 'no');
REPLACE INTO `question_properties` (`form_id`, `question_id`, `prop`, `value`) VALUES ('e52d087be8c8bfa96dc044cdd99a0be7', '9', 'desc', NULL);
REPLACE INTO `question_properties` (`form_id`, `question_id`, `prop`, `value`) VALUES ('e52d087be8c8bfa96dc044cdd99a0be7', '9', 'options', 'Bug<br>Feature Suggestion<br>Comment');
REPLACE INTO `question_properties` (`form_id`, `question_id`, `prop`, `value`) VALUES ('e52d087be8c8bfa96dc044cdd99a0be7', '9', 'required', 'no');
REPLACE INTO `question_properties` (`form_id`, `question_id`, `prop`, `value`) VALUES ('e52d087be8c8bfa96dc044cdd99a0be7', '9', 'text', 'Type:');
REPLACE INTO `question_properties` (`form_id`, `question_id`, `prop`, `value`) VALUES ('e52d087be8c8bfa96dc044cdd99a0be7', '10', 'checked', 'no');
REPLACE INTO `question_properties` (`form_id`, `question_id`, `prop`, `value`) VALUES ('e52d087be8c8bfa96dc044cdd99a0be7', '10', 'desc', NULL);
REPLACE INTO `question_properties` (`form_id`, `question_id`, `prop`, `value`) VALUES ('e52d087be8c8bfa96dc044cdd99a0be7', '10', 'options', 'Bug<br>Feature Suggestion<br>Comment');
REPLACE INTO `question_properties` (`form_id`, `question_id`, `prop`, `value`) VALUES ('e52d087be8c8bfa96dc044cdd99a0be7', '10', 'required', 'no');
REPLACE INTO `question_properties` (`form_id`, `question_id`, `prop`, `value`) VALUES ('e52d087be8c8bfa96dc044cdd99a0be7', '10', 'text', 'Priority:');
REPLACE INTO `question_properties` (`form_id`, `question_id`, `prop`, `value`) VALUES ('e52d087be8c8bfa96dc044cdd99a0be7', '11', 'desc', NULL);
REPLACE INTO `question_properties` (`form_id`, `question_id`, `prop`, `value`) VALUES ('e52d087be8c8bfa96dc044cdd99a0be7', '11', 'options', 'Internet Explorer<br>Firefox<br>Opera<br>Safari<br>Other');
REPLACE INTO `question_properties` (`form_id`, `question_id`, `prop`, `value`) VALUES ('e52d087be8c8bfa96dc044cdd99a0be7', '11', 'required', 'no');
REPLACE INTO `question_properties` (`form_id`, `question_id`, `prop`, `value`) VALUES ('e52d087be8c8bfa96dc044cdd99a0be7', '11', 'size', '1');
REPLACE INTO `question_properties` (`form_id`, `question_id`, `prop`, `value`) VALUES ('e52d087be8c8bfa96dc044cdd99a0be7', '11', 'special', 'none');
REPLACE INTO `question_properties` (`form_id`, `question_id`, `prop`, `value`) VALUES ('e52d087be8c8bfa96dc044cdd99a0be7', '11', 'text', 'Browser:');
REPLACE INTO `question_properties` (`form_id`, `question_id`, `prop`, `value`) VALUES ('e52d087be8c8bfa96dc044cdd99a0be7', '13', 'desc', NULL);
REPLACE INTO `question_properties` (`form_id`, `question_id`, `prop`, `value`) VALUES ('e52d087be8c8bfa96dc044cdd99a0be7', '13', 'options', 'Windows Vista<br>Windows XP<br>Windows 2000<br>Mac OS X<br>Linux');
REPLACE INTO `question_properties` (`form_id`, `question_id`, `prop`, `value`) VALUES ('e52d087be8c8bfa96dc044cdd99a0be7', '13', 'required', 'no');
REPLACE INTO `question_properties` (`form_id`, `question_id`, `prop`, `value`) VALUES ('e52d087be8c8bfa96dc044cdd99a0be7', '13', 'size', '1');
REPLACE INTO `question_properties` (`form_id`, `question_id`, `prop`, `value`) VALUES ('e52d087be8c8bfa96dc044cdd99a0be7', '13', 'special', 'none');
REPLACE INTO `question_properties` (`form_id`, `question_id`, `prop`, `value`) VALUES ('e52d087be8c8bfa96dc044cdd99a0be7', '13', 'text', 'Operating System:');
REPLACE INTO `question_properties` (`form_id`, `question_id`, `prop`, `value`) VALUES ('e52d087be8c8bfa96dc044cdd99a0be7', '14', 'cols', '30');
REPLACE INTO `question_properties` (`form_id`, `question_id`, `prop`, `value`) VALUES ('e52d087be8c8bfa96dc044cdd99a0be7', '14', 'desc', NULL);
REPLACE INTO `question_properties` (`form_id`, `question_id`, `prop`, `value`) VALUES ('e52d087be8c8bfa96dc044cdd99a0be7', '14', 'required', 'no');
REPLACE INTO `question_properties` (`form_id`, `question_id`, `prop`, `value`) VALUES ('e52d087be8c8bfa96dc044cdd99a0be7', '14', 'rows', '5');
REPLACE INTO `question_properties` (`form_id`, `question_id`, `prop`, `value`) VALUES ('e52d087be8c8bfa96dc044cdd99a0be7', '14', 'text', 'Details:');
REPLACE INTO `question_properties` (`form_id`, `question_id`, `prop`, `value`) VALUES ('e52d087be8c8bfa96dc044cdd99a0be7', '14', 'validation', 'no');
REPLACE INTO `question_properties` (`form_id`, `question_id`, `prop`, `value`) VALUES ('e52d087be8c8bfa96dc044cdd99a0be7', '999', '', NULL);
REPLACE INTO `question_properties` (`form_id`, `question_id`, `prop`, `value`) VALUES ('e52d087be8c8bfa96dc044cdd99a0be7', '999', 'alignment', 'default');
REPLACE INTO `question_properties` (`form_id`, `question_id`, `prop`, `value`) VALUES ('e52d087be8c8bfa96dc044cdd99a0be7', '999', 'background', 'white');
REPLACE INTO `question_properties` (`form_id`, `question_id`, `prop`, `value`) VALUES ('e52d087be8c8bfa96dc044cdd99a0be7', '999', 'conf_subj', 'Submission Received');
REPLACE INTO `question_properties` (`form_id`, `question_id`, `prop`, `value`) VALUES ('e52d087be8c8bfa96dc044cdd99a0be7', '999', 'email_addr', 'your email@192.168.1.1');
REPLACE INTO `question_properties` (`form_id`, `question_id`, `prop`, `value`) VALUES ('e52d087be8c8bfa96dc044cdd99a0be7', '999', 'ext_sendpostdata', 'no');
REPLACE INTO `question_properties` (`form_id`, `question_id`, `prop`, `value`) VALUES ('e52d087be8c8bfa96dc044cdd99a0be7', '999', 'font', 'Verdana');
REPLACE INTO `question_properties` (`form_id`, `question_id`, `prop`, `value`) VALUES ('e52d087be8c8bfa96dc044cdd99a0be7', '999', 'fontsize', '12');
REPLACE INTO `question_properties` (`form_id`, `question_id`, `prop`, `value`) VALUES ('e52d087be8c8bfa96dc044cdd99a0be7', '999', 'sendpostdata', 'yes');
REPLACE INTO `question_properties` (`form_id`, `question_id`, `prop`, `value`) VALUES ('e52d087be8c8bfa96dc044cdd99a0be7', '999', 'spamcheck', 'Enabled');
REPLACE INTO `question_properties` (`form_id`, `question_id`, `prop`, `value`) VALUES ('e52d087be8c8bfa96dc044cdd99a0be7', '999', 'thanktext', 'Thanks for submitting our form, we will get back to you as soon as possible.');
REPLACE INTO `question_properties` (`form_id`, `question_id`, `prop`, `value`) VALUES ('e52d087be8c8bfa96dc044cdd99a0be7', '999', 'theme', 'Default');
REPLACE INTO `question_properties` (`form_id`, `question_id`, `prop`, `value`) VALUES ('e52d087be8c8bfa96dc044cdd99a0be7', '999', 'use_buildin_formmail', 'yes');
REPLACE INTO `question_utf8` (`form_id`, `utf8format`) VALUES ('e52d087be8c8bfa96dc044cdd99a0be7', '1');
REPLACE INTO `forms` (`id`, `username`, `title`, `height`, `status`) VALUES ('23c59c2d8544566356a99c3669a665fb', 'a7ec09dce63b814be39611d58a2e3078', 'Job Application', NULL, 'Enabled');
REPLACE INTO `questions` (`form_id`, `id`, `order`, `type`) VALUES ('23c59c2d8544566356a99c3669a665fb', '0', '1', 'control_textbox');
REPLACE INTO `questions` (`form_id`, `id`, `order`, `type`) VALUES ('23c59c2d8544566356a99c3669a665fb', '2', '2', 'control_textbox');
REPLACE INTO `questions` (`form_id`, `id`, `order`, `type`) VALUES ('23c59c2d8544566356a99c3669a665fb', '3', '3', 'control_textbox');
REPLACE INTO `questions` (`form_id`, `id`, `order`, `type`) VALUES ('23c59c2d8544566356a99c3669a665fb', '7', '4', 'control_textarea');
REPLACE INTO `questions` (`form_id`, `id`, `order`, `type`) VALUES ('23c59c2d8544566356a99c3669a665fb', '8', '9', 'control_button');
REPLACE INTO `questions` (`form_id`, `id`, `order`, `type`) VALUES ('23c59c2d8544566356a99c3669a665fb', '9', '5', 'control_textbox');
REPLACE INTO `questions` (`form_id`, `id`, `order`, `type`) VALUES ('23c59c2d8544566356a99c3669a665fb', '10', '6', 'control_datetimepicker');
REPLACE INTO `questions` (`form_id`, `id`, `order`, `type`) VALUES ('23c59c2d8544566356a99c3669a665fb', '11', '7', 'control_textarea');
REPLACE INTO `questions` (`form_id`, `id`, `order`, `type`) VALUES ('23c59c2d8544566356a99c3669a665fb', '12', '8', 'control_fileupload');
REPLACE INTO `question_properties` (`form_id`, `question_id`, `prop`, `value`) VALUES ('23c59c2d8544566356a99c3669a665fb', '0', 'desc', NULL);
REPLACE INTO `question_properties` (`form_id`, `question_id`, `prop`, `value`) VALUES ('23c59c2d8544566356a99c3669a665fb', '0', 'maxsize', '100');
REPLACE INTO `question_properties` (`form_id`, `question_id`, `prop`, `value`) VALUES ('23c59c2d8544566356a99c3669a665fb', '0', 'required', 'yes');
REPLACE INTO `question_properties` (`form_id`, `question_id`, `prop`, `value`) VALUES ('23c59c2d8544566356a99c3669a665fb', '0', 'size', '20');
REPLACE INTO `question_properties` (`form_id`, `question_id`, `prop`, `value`) VALUES ('23c59c2d8544566356a99c3669a665fb', '0', 'text', 'Name:');
REPLACE INTO `question_properties` (`form_id`, `question_id`, `prop`, `value`) VALUES ('23c59c2d8544566356a99c3669a665fb', '0', 'validation', 'no');
REPLACE INTO `question_properties` (`form_id`, `question_id`, `prop`, `value`) VALUES ('23c59c2d8544566356a99c3669a665fb', '2', 'desc', NULL);
REPLACE INTO `question_properties` (`form_id`, `question_id`, `prop`, `value`) VALUES ('23c59c2d8544566356a99c3669a665fb', '2', 'maxsize', '100');
REPLACE INTO `question_properties` (`form_id`, `question_id`, `prop`, `value`) VALUES ('23c59c2d8544566356a99c3669a665fb', '2', 'required', 'yes');
REPLACE INTO `question_properties` (`form_id`, `question_id`, `prop`, `value`) VALUES ('23c59c2d8544566356a99c3669a665fb', '2', 'size', '20');
REPLACE INTO `question_properties` (`form_id`, `question_id`, `prop`, `value`) VALUES ('23c59c2d8544566356a99c3669a665fb', '2', 'text', 'E-mail:');
REPLACE INTO `question_properties` (`form_id`, `question_id`, `prop`, `value`) VALUES ('23c59c2d8544566356a99c3669a665fb', '2', 'validation', 'Email');
REPLACE INTO `question_properties` (`form_id`, `question_id`, `prop`, `value`) VALUES ('23c59c2d8544566356a99c3669a665fb', '3', 'desc', NULL);
REPLACE INTO `question_properties` (`form_id`, `question_id`, `prop`, `value`) VALUES ('23c59c2d8544566356a99c3669a665fb', '3', 'maxsize', '100');
REPLACE INTO `question_properties` (`form_id`, `question_id`, `prop`, `value`) VALUES ('23c59c2d8544566356a99c3669a665fb', '3', 'required', 'no');
REPLACE INTO `question_properties` (`form_id`, `question_id`, `prop`, `value`) VALUES ('23c59c2d8544566356a99c3669a665fb', '3', 'size', '20');
REPLACE INTO `question_properties` (`form_id`, `question_id`, `prop`, `value`) VALUES ('23c59c2d8544566356a99c3669a665fb', '3', 'text', 'Telephone Number:');
REPLACE INTO `question_properties` (`form_id`, `question_id`, `prop`, `value`) VALUES ('23c59c2d8544566356a99c3669a665fb', '3', 'validation', 'no');
REPLACE INTO `question_properties` (`form_id`, `question_id`, `prop`, `value`) VALUES ('23c59c2d8544566356a99c3669a665fb', '7', 'cols', '30');
REPLACE INTO `question_properties` (`form_id`, `question_id`, `prop`, `value`) VALUES ('23c59c2d8544566356a99c3669a665fb', '7', 'desc', NULL);
REPLACE INTO `question_properties` (`form_id`, `question_id`, `prop`, `value`) VALUES ('23c59c2d8544566356a99c3669a665fb', '7', 'required', 'no');
REPLACE INTO `question_properties` (`form_id`, `question_id`, `prop`, `value`) VALUES ('23c59c2d8544566356a99c3669a665fb', '7', 'rows', '2');
REPLACE INTO `question_properties` (`form_id`, `question_id`, `prop`, `value`) VALUES ('23c59c2d8544566356a99c3669a665fb', '7', 'text', 'Address:');
REPLACE INTO `question_properties` (`form_id`, `question_id`, `prop`, `value`) VALUES ('23c59c2d8544566356a99c3669a665fb', '7', 'validation', 'no');
REPLACE INTO `question_properties` (`form_id`, `question_id`, `prop`, `value`) VALUES ('23c59c2d8544566356a99c3669a665fb', '8', 'clear', 'no');
REPLACE INTO `question_properties` (`form_id`, `question_id`, `prop`, `value`) VALUES ('23c59c2d8544566356a99c3669a665fb', '8', 'submittext', 'Submit');
REPLACE INTO `question_properties` (`form_id`, `question_id`, `prop`, `value`) VALUES ('23c59c2d8544566356a99c3669a665fb', '8', 'text', NULL);
REPLACE INTO `question_properties` (`form_id`, `question_id`, `prop`, `value`) VALUES ('23c59c2d8544566356a99c3669a665fb', '9', 'desc', NULL);
REPLACE INTO `question_properties` (`form_id`, `question_id`, `prop`, `value`) VALUES ('23c59c2d8544566356a99c3669a665fb', '9', 'maxsize', '100');
REPLACE INTO `question_properties` (`form_id`, `question_id`, `prop`, `value`) VALUES ('23c59c2d8544566356a99c3669a665fb', '9', 'required', 'no');
REPLACE INTO `question_properties` (`form_id`, `question_id`, `prop`, `value`) VALUES ('23c59c2d8544566356a99c3669a665fb', '9', 'size', '20');
REPLACE INTO `question_properties` (`form_id`, `question_id`, `prop`, `value`) VALUES ('23c59c2d8544566356a99c3669a665fb', '9', 'text', 'Applying for Position:');
REPLACE INTO `question_properties` (`form_id`, `question_id`, `prop`, `value`) VALUES ('23c59c2d8544566356a99c3669a665fb', '9', 'validation', 'no');
REPLACE INTO `question_properties` (`form_id`, `question_id`, `prop`, `value`) VALUES ('23c59c2d8544566356a99c3669a665fb', '10', 'desc', NULL);
REPLACE INTO `question_properties` (`form_id`, `question_id`, `prop`, `value`) VALUES ('23c59c2d8544566356a99c3669a665fb', '10', 'format', 'mmddyyyy');
REPLACE INTO `question_properties` (`form_id`, `question_id`, `prop`, `value`) VALUES ('23c59c2d8544566356a99c3669a665fb', '10', 'required', 'no');
REPLACE INTO `question_properties` (`form_id`, `question_id`, `prop`, `value`) VALUES ('23c59c2d8544566356a99c3669a665fb', '10', 'text', 'When can you start');
REPLACE INTO `question_properties` (`form_id`, `question_id`, `prop`, `value`) VALUES ('23c59c2d8544566356a99c3669a665fb', '11', 'cols', '30');
REPLACE INTO `question_properties` (`form_id`, `question_id`, `prop`, `value`) VALUES ('23c59c2d8544566356a99c3669a665fb', '11', 'desc', NULL);
REPLACE INTO `question_properties` (`form_id`, `question_id`, `prop`, `value`) VALUES ('23c59c2d8544566356a99c3669a665fb', '11', 'required', 'no');
REPLACE INTO `question_properties` (`form_id`, `question_id`, `prop`, `value`) VALUES ('23c59c2d8544566356a99c3669a665fb', '11', 'rows', '5');
REPLACE INTO `question_properties` (`form_id`, `question_id`, `prop`, `value`) VALUES ('23c59c2d8544566356a99c3669a665fb', '11', 'text', 'Cover Letter');
REPLACE INTO `question_properties` (`form_id`, `question_id`, `prop`, `value`) VALUES ('23c59c2d8544566356a99c3669a665fb', '11', 'validation', 'no');
REPLACE INTO `question_properties` (`form_id`, `question_id`, `prop`, `value`) VALUES ('23c59c2d8544566356a99c3669a665fb', '12', 'desc', NULL);
REPLACE INTO `question_properties` (`form_id`, `question_id`, `prop`, `value`) VALUES ('23c59c2d8544566356a99c3669a665fb', '12', 'extensions', 'doc, xls, jpg, jpeg, gif, png, mp3, mpeg');
REPLACE INTO `question_properties` (`form_id`, `question_id`, `prop`, `value`) VALUES ('23c59c2d8544566356a99c3669a665fb', '12', 'maxsize', '5000');
REPLACE INTO `question_properties` (`form_id`, `question_id`, `prop`, `value`) VALUES ('23c59c2d8544566356a99c3669a665fb', '12', 'name', 'fileupload12');
REPLACE INTO `question_properties` (`form_id`, `question_id`, `prop`, `value`) VALUES ('23c59c2d8544566356a99c3669a665fb', '12', 'required', 'no');
REPLACE INTO `question_properties` (`form_id`, `question_id`, `prop`, `value`) VALUES ('23c59c2d8544566356a99c3669a665fb', '12', 'text', 'Upload Resume');
REPLACE INTO `question_properties` (`form_id`, `question_id`, `prop`, `value`) VALUES ('23c59c2d8544566356a99c3669a665fb', '999', '', NULL);
REPLACE INTO `question_properties` (`form_id`, `question_id`, `prop`, `value`) VALUES ('23c59c2d8544566356a99c3669a665fb', '999', 'alignment', 'default');
REPLACE INTO `question_properties` (`form_id`, `question_id`, `prop`, `value`) VALUES ('23c59c2d8544566356a99c3669a665fb', '999', 'background', 'white');
REPLACE INTO `question_properties` (`form_id`, `question_id`, `prop`, `value`) VALUES ('23c59c2d8544566356a99c3669a665fb', '999', 'conf_body', 'Thanks for submitting our form, we will get back to you as soon as possible.');
REPLACE INTO `question_properties` (`form_id`, `question_id`, `prop`, `value`) VALUES ('23c59c2d8544566356a99c3669a665fb', '999', 'conf_send', 'no');
REPLACE INTO `question_properties` (`form_id`, `question_id`, `prop`, `value`) VALUES ('23c59c2d8544566356a99c3669a665fb', '999', 'conf_subj', 'Submission Received');
REPLACE INTO `question_properties` (`form_id`, `question_id`, `prop`, `value`) VALUES ('23c59c2d8544566356a99c3669a665fb', '999', 'disabled', 'Enabled');
REPLACE INTO `question_properties` (`form_id`, `question_id`, `prop`, `value`) VALUES ('23c59c2d8544566356a99c3669a665fb', '999', 'email', 'yes');
REPLACE INTO `question_properties` (`form_id`, `question_id`, `prop`, `value`) VALUES ('23c59c2d8544566356a99c3669a665fb', '999', 'email_addr', 'your email@192.168.1.65');
REPLACE INTO `question_properties` (`form_id`, `question_id`, `prop`, `value`) VALUES ('23c59c2d8544566356a99c3669a665fb', '999', 'ext_sendpostdata', 'no');
REPLACE INTO `question_properties` (`form_id`, `question_id`, `prop`, `value`) VALUES ('23c59c2d8544566356a99c3669a665fb', '999', 'font', 'Verdana');
REPLACE INTO `question_properties` (`form_id`, `question_id`, `prop`, `value`) VALUES ('23c59c2d8544566356a99c3669a665fb', '999', 'fontcolor', 'black');
REPLACE INTO `question_properties` (`form_id`, `question_id`, `prop`, `value`) VALUES ('23c59c2d8544566356a99c3669a665fb', '999', 'fontsize', '12');
REPLACE INTO `question_properties` (`form_id`, `question_id`, `prop`, `value`) VALUES ('23c59c2d8544566356a99c3669a665fb', '999', 'not_subj', 'New Submission: {qForm Title}');
REPLACE INTO `question_properties` (`form_id`, `question_id`, `prop`, `value`) VALUES ('23c59c2d8544566356a99c3669a665fb', '999', 'sendpostdata', 'yes');
REPLACE INTO `question_properties` (`form_id`, `question_id`, `prop`, `value`) VALUES ('23c59c2d8544566356a99c3669a665fb', '999', 'spamcheck', 'Enabled');
REPLACE INTO `question_properties` (`form_id`, `question_id`, `prop`, `value`) VALUES ('23c59c2d8544566356a99c3669a665fb', '999', 'thanktext', 'Thanks for submitting our form, we will get back to you as soon as possible.');
REPLACE INTO `question_properties` (`form_id`, `question_id`, `prop`, `value`) VALUES ('23c59c2d8544566356a99c3669a665fb', '999', 'theme', 'Default');
REPLACE INTO `question_properties` (`form_id`, `question_id`, `prop`, `value`) VALUES ('23c59c2d8544566356a99c3669a665fb', '999', 'use_buildin_formmail', 'yes');
REPLACE INTO `question_utf8` (`form_id`, `utf8format`) VALUES ('23c59c2d8544566356a99c3669a665fb', '1');
REPLACE INTO `forms` (`id`, `username`, `title`, `height`, `status`) VALUES ('f4e7c5e3f257f31530a578af3acdfb58', 'a7ec09dce63b814be39611d58a2e3078', 'contact us', '40', 'Enabled');
REPLACE INTO `questions` (`form_id`, `id`, `order`, `type`) VALUES ('f4e7c5e3f257f31530a578af3acdfb58', '0', '1', 'control_textbox');
REPLACE INTO `questions` (`form_id`, `id`, `order`, `type`) VALUES ('f4e7c5e3f257f31530a578af3acdfb58', '1', '2', 'control_textbox');
REPLACE INTO `questions` (`form_id`, `id`, `order`, `type`) VALUES ('f4e7c5e3f257f31530a578af3acdfb58', '2', '3', 'control_textbox');
REPLACE INTO `questions` (`form_id`, `id`, `order`, `type`) VALUES ('f4e7c5e3f257f31530a578af3acdfb58', '7', '5', 'control_textarea');
REPLACE INTO `questions` (`form_id`, `id`, `order`, `type`) VALUES ('f4e7c5e3f257f31530a578af3acdfb58', '8', '6', 'control_button');
REPLACE INTO `questions` (`form_id`, `id`, `order`, `type`) VALUES ('f4e7c5e3f257f31530a578af3acdfb58', '12', '4', 'control_textbox');
REPLACE INTO `question_properties` (`form_id`, `question_id`, `prop`, `value`) VALUES ('f4e7c5e3f257f31530a578af3acdfb58', '0', 'desc', NULL);
REPLACE INTO `question_properties` (`form_id`, `question_id`, `prop`, `value`) VALUES ('f4e7c5e3f257f31530a578af3acdfb58', '0', 'maxsize', '100');
REPLACE INTO `question_properties` (`form_id`, `question_id`, `prop`, `value`) VALUES ('f4e7c5e3f257f31530a578af3acdfb58', '0', 'required', 'yes');
REPLACE INTO `question_properties` (`form_id`, `question_id`, `prop`, `value`) VALUES ('f4e7c5e3f257f31530a578af3acdfb58', '0', 'size', '20');
REPLACE INTO `question_properties` (`form_id`, `question_id`, `prop`, `value`) VALUES ('f4e7c5e3f257f31530a578af3acdfb58', '0', 'text', 'First Name');
REPLACE INTO `question_properties` (`form_id`, `question_id`, `prop`, `value`) VALUES ('f4e7c5e3f257f31530a578af3acdfb58', '0', 'validation', 'no');
REPLACE INTO `question_properties` (`form_id`, `question_id`, `prop`, `value`) VALUES ('f4e7c5e3f257f31530a578af3acdfb58', '1', 'desc', NULL);
REPLACE INTO `question_properties` (`form_id`, `question_id`, `prop`, `value`) VALUES ('f4e7c5e3f257f31530a578af3acdfb58', '1', 'maxsize', '100');
REPLACE INTO `question_properties` (`form_id`, `question_id`, `prop`, `value`) VALUES ('f4e7c5e3f257f31530a578af3acdfb58', '1', 'required', 'yes');
REPLACE INTO `question_properties` (`form_id`, `question_id`, `prop`, `value`) VALUES ('f4e7c5e3f257f31530a578af3acdfb58', '1', 'size', '20');
REPLACE INTO `question_properties` (`form_id`, `question_id`, `prop`, `value`) VALUES ('f4e7c5e3f257f31530a578af3acdfb58', '1', 'text', 'Last Name');
REPLACE INTO `question_properties` (`form_id`, `question_id`, `prop`, `value`) VALUES ('f4e7c5e3f257f31530a578af3acdfb58', '1', 'validation', 'no');
REPLACE INTO `question_properties` (`form_id`, `question_id`, `prop`, `value`) VALUES ('f4e7c5e3f257f31530a578af3acdfb58', '2', 'desc', NULL);
REPLACE INTO `question_properties` (`form_id`, `question_id`, `prop`, `value`) VALUES ('f4e7c5e3f257f31530a578af3acdfb58', '2', 'maxsize', '100');
REPLACE INTO `question_properties` (`form_id`, `question_id`, `prop`, `value`) VALUES ('f4e7c5e3f257f31530a578af3acdfb58', '2', 'required', 'yes');
REPLACE INTO `question_properties` (`form_id`, `question_id`, `prop`, `value`) VALUES ('f4e7c5e3f257f31530a578af3acdfb58', '2', 'size', '20');
REPLACE INTO `question_properties` (`form_id`, `question_id`, `prop`, `value`) VALUES ('f4e7c5e3f257f31530a578af3acdfb58', '2', 'text', 'E-mail');
REPLACE INTO `question_properties` (`form_id`, `question_id`, `prop`, `value`) VALUES ('f4e7c5e3f257f31530a578af3acdfb58', '2', 'validation', 'Email');
REPLACE INTO `question_properties` (`form_id`, `question_id`, `prop`, `value`) VALUES ('f4e7c5e3f257f31530a578af3acdfb58', '7', 'cols', '35');
REPLACE INTO `question_properties` (`form_id`, `question_id`, `prop`, `value`) VALUES ('f4e7c5e3f257f31530a578af3acdfb58', '7', 'desc', NULL);
REPLACE INTO `question_properties` (`form_id`, `question_id`, `prop`, `value`) VALUES ('f4e7c5e3f257f31530a578af3acdfb58', '7', 'required', 'yes');
REPLACE INTO `question_properties` (`form_id`, `question_id`, `prop`, `value`) VALUES ('f4e7c5e3f257f31530a578af3acdfb58', '7', 'rows', '10');
REPLACE INTO `question_properties` (`form_id`, `question_id`, `prop`, `value`) VALUES ('f4e7c5e3f257f31530a578af3acdfb58', '7', 'text', 'Your Message');
REPLACE INTO `question_properties` (`form_id`, `question_id`, `prop`, `value`) VALUES ('f4e7c5e3f257f31530a578af3acdfb58', '7', 'validation', 'no');
REPLACE INTO `question_properties` (`form_id`, `question_id`, `prop`, `value`) VALUES ('f4e7c5e3f257f31530a578af3acdfb58', '8', 'clear', 'no');
REPLACE INTO `question_properties` (`form_id`, `question_id`, `prop`, `value`) VALUES ('f4e7c5e3f257f31530a578af3acdfb58', '8', 'submittext', 'Submit');
REPLACE INTO `question_properties` (`form_id`, `question_id`, `prop`, `value`) VALUES ('f4e7c5e3f257f31530a578af3acdfb58', '8', 'text', NULL);
REPLACE INTO `question_properties` (`form_id`, `question_id`, `prop`, `value`) VALUES ('f4e7c5e3f257f31530a578af3acdfb58', '12', 'desc', NULL);
REPLACE INTO `question_properties` (`form_id`, `question_id`, `prop`, `value`) VALUES ('f4e7c5e3f257f31530a578af3acdfb58', '12', 'maxsize', '100');
REPLACE INTO `question_properties` (`form_id`, `question_id`, `prop`, `value`) VALUES ('f4e7c5e3f257f31530a578af3acdfb58', '12', 'required', 'no');
REPLACE INTO `question_properties` (`form_id`, `question_id`, `prop`, `value`) VALUES ('f4e7c5e3f257f31530a578af3acdfb58', '12', 'size', '20');
REPLACE INTO `question_properties` (`form_id`, `question_id`, `prop`, `value`) VALUES ('f4e7c5e3f257f31530a578af3acdfb58', '12', 'text', 'Phone');
REPLACE INTO `question_properties` (`form_id`, `question_id`, `prop`, `value`) VALUES ('f4e7c5e3f257f31530a578af3acdfb58', '12', 'validation', 'no');
REPLACE INTO `question_properties` (`form_id`, `question_id`, `prop`, `value`) VALUES ('f4e7c5e3f257f31530a578af3acdfb58', '999', 'alignment', 'default');
REPLACE INTO `question_properties` (`form_id`, `question_id`, `prop`, `value`) VALUES ('f4e7c5e3f257f31530a578af3acdfb58', '999', 'background', 'white');
REPLACE INTO `question_properties` (`form_id`, `question_id`, `prop`, `value`) VALUES ('f4e7c5e3f257f31530a578af3acdfb58', '999', 'conf_body', 'Thanks for submitting our form, we will get back to you as soon as possible.');
REPLACE INTO `question_properties` (`form_id`, `question_id`, `prop`, `value`) VALUES ('f4e7c5e3f257f31530a578af3acdfb58', '999', 'conf_send', 'no');
REPLACE INTO `question_properties` (`form_id`, `question_id`, `prop`, `value`) VALUES ('f4e7c5e3f257f31530a578af3acdfb58', '999', 'conf_subj', 'Submission Received');
REPLACE INTO `question_properties` (`form_id`, `question_id`, `prop`, `value`) VALUES ('f4e7c5e3f257f31530a578af3acdfb58', '999', 'disabled', 'Enabled');
REPLACE INTO `question_properties` (`form_id`, `question_id`, `prop`, `value`) VALUES ('f4e7c5e3f257f31530a578af3acdfb58', '999', 'email', 'yes');
REPLACE INTO `question_properties` (`form_id`, `question_id`, `prop`, `value`) VALUES ('f4e7c5e3f257f31530a578af3acdfb58', '999', 'font', 'Verdana');
REPLACE INTO `question_properties` (`form_id`, `question_id`, `prop`, `value`) VALUES ('f4e7c5e3f257f31530a578af3acdfb58', '999', 'fontcolor', 'black');
REPLACE INTO `question_properties` (`form_id`, `question_id`, `prop`, `value`) VALUES ('f4e7c5e3f257f31530a578af3acdfb58', '999', 'fontsize', '12');
REPLACE INTO `question_properties` (`form_id`, `question_id`, `prop`, `value`) VALUES ('f4e7c5e3f257f31530a578af3acdfb58', '999', 'not_subj', 'New Submission: {qForm Title}');
REPLACE INTO `question_properties` (`form_id`, `question_id`, `prop`, `value`) VALUES ('f4e7c5e3f257f31530a578af3acdfb58', '999', 'sendpostdata', 'no');
REPLACE INTO `question_properties` (`form_id`, `question_id`, `prop`, `value`) VALUES ('f4e7c5e3f257f31530a578af3acdfb58', '999', 'spamcheck', 'Enabled');
REPLACE INTO `question_properties` (`form_id`, `question_id`, `prop`, `value`) VALUES ('f4e7c5e3f257f31530a578af3acdfb58', '999', 'theme', 'Default');
REPLACE INTO `question_utf8` (`form_id`, `utf8format`) VALUES ('f4e7c5e3f257f31530a578af3acdfb58', '1');
REPLACE INTO `forms` (`id`, `username`, `title`, `height`, `status`) VALUES ('ea0f2944d84f1344a98e334759491972', 'a7ec09dce63b814be39611d58a2e3078', 'contact us', '40', 'Enabled');
REPLACE INTO `questions` (`form_id`, `id`, `order`, `type`) VALUES ('ea0f2944d84f1344a98e334759491972', '0', '1', 'control_textbox');
REPLACE INTO `questions` (`form_id`, `id`, `order`, `type`) VALUES ('ea0f2944d84f1344a98e334759491972', '1', '2', 'control_textbox');
REPLACE INTO `questions` (`form_id`, `id`, `order`, `type`) VALUES ('ea0f2944d84f1344a98e334759491972', '2', '3', 'control_textbox');
REPLACE INTO `questions` (`form_id`, `id`, `order`, `type`) VALUES ('ea0f2944d84f1344a98e334759491972', '7', '5', 'control_textarea');
REPLACE INTO `questions` (`form_id`, `id`, `order`, `type`) VALUES ('ea0f2944d84f1344a98e334759491972', '8', '6', 'control_button');
REPLACE INTO `questions` (`form_id`, `id`, `order`, `type`) VALUES ('ea0f2944d84f1344a98e334759491972', '12', '4', 'control_textbox');
REPLACE INTO `question_properties` (`form_id`, `question_id`, `prop`, `value`) VALUES ('ea0f2944d84f1344a98e334759491972', '0', 'desc', NULL);
REPLACE INTO `question_properties` (`form_id`, `question_id`, `prop`, `value`) VALUES ('ea0f2944d84f1344a98e334759491972', '0', 'maxsize', '100');
REPLACE INTO `question_properties` (`form_id`, `question_id`, `prop`, `value`) VALUES ('ea0f2944d84f1344a98e334759491972', '0', 'required', 'yes');
REPLACE INTO `question_properties` (`form_id`, `question_id`, `prop`, `value`) VALUES ('ea0f2944d84f1344a98e334759491972', '0', 'size', '20');
REPLACE INTO `question_properties` (`form_id`, `question_id`, `prop`, `value`) VALUES ('ea0f2944d84f1344a98e334759491972', '0', 'text', 'First Name');
REPLACE INTO `question_properties` (`form_id`, `question_id`, `prop`, `value`) VALUES ('ea0f2944d84f1344a98e334759491972', '0', 'validation', 'no');
REPLACE INTO `question_properties` (`form_id`, `question_id`, `prop`, `value`) VALUES ('ea0f2944d84f1344a98e334759491972', '1', 'desc', NULL);
REPLACE INTO `question_properties` (`form_id`, `question_id`, `prop`, `value`) VALUES ('ea0f2944d84f1344a98e334759491972', '1', 'maxsize', '100');
REPLACE INTO `question_properties` (`form_id`, `question_id`, `prop`, `value`) VALUES ('ea0f2944d84f1344a98e334759491972', '1', 'required', 'yes');
REPLACE INTO `question_properties` (`form_id`, `question_id`, `prop`, `value`) VALUES ('ea0f2944d84f1344a98e334759491972', '1', 'size', '20');
REPLACE INTO `question_properties` (`form_id`, `question_id`, `prop`, `value`) VALUES ('ea0f2944d84f1344a98e334759491972', '1', 'text', 'Last Name');
REPLACE INTO `question_properties` (`form_id`, `question_id`, `prop`, `value`) VALUES ('ea0f2944d84f1344a98e334759491972', '1', 'validation', 'no');
REPLACE INTO `question_properties` (`form_id`, `question_id`, `prop`, `value`) VALUES ('ea0f2944d84f1344a98e334759491972', '2', 'desc', NULL);
REPLACE INTO `question_properties` (`form_id`, `question_id`, `prop`, `value`) VALUES ('ea0f2944d84f1344a98e334759491972', '2', 'maxsize', '100');
REPLACE INTO `question_properties` (`form_id`, `question_id`, `prop`, `value`) VALUES ('ea0f2944d84f1344a98e334759491972', '2', 'required', 'yes');
REPLACE INTO `question_properties` (`form_id`, `question_id`, `prop`, `value`) VALUES ('ea0f2944d84f1344a98e334759491972', '2', 'size', '20');
REPLACE INTO `question_properties` (`form_id`, `question_id`, `prop`, `value`) VALUES ('ea0f2944d84f1344a98e334759491972', '2', 'text', 'E-mail');
REPLACE INTO `question_properties` (`form_id`, `question_id`, `prop`, `value`) VALUES ('ea0f2944d84f1344a98e334759491972', '2', 'validation', 'Email');
REPLACE INTO `question_properties` (`form_id`, `question_id`, `prop`, `value`) VALUES ('ea0f2944d84f1344a98e334759491972', '7', 'cols', '35');
REPLACE INTO `question_properties` (`form_id`, `question_id`, `prop`, `value`) VALUES ('ea0f2944d84f1344a98e334759491972', '7', 'desc', NULL);
REPLACE INTO `question_properties` (`form_id`, `question_id`, `prop`, `value`) VALUES ('ea0f2944d84f1344a98e334759491972', '7', 'required', 'yes');
REPLACE INTO `question_properties` (`form_id`, `question_id`, `prop`, `value`) VALUES ('ea0f2944d84f1344a98e334759491972', '7', 'rows', '10');
REPLACE INTO `question_properties` (`form_id`, `question_id`, `prop`, `value`) VALUES ('ea0f2944d84f1344a98e334759491972', '7', 'text', 'Your Message');
REPLACE INTO `question_properties` (`form_id`, `question_id`, `prop`, `value`) VALUES ('ea0f2944d84f1344a98e334759491972', '7', 'validation', 'no');
REPLACE INTO `question_properties` (`form_id`, `question_id`, `prop`, `value`) VALUES ('ea0f2944d84f1344a98e334759491972', '8', 'clear', 'no');
REPLACE INTO `question_properties` (`form_id`, `question_id`, `prop`, `value`) VALUES ('ea0f2944d84f1344a98e334759491972', '8', 'submittext', 'Submit');
REPLACE INTO `question_properties` (`form_id`, `question_id`, `prop`, `value`) VALUES ('ea0f2944d84f1344a98e334759491972', '8', 'text', NULL);
REPLACE INTO `question_properties` (`form_id`, `question_id`, `prop`, `value`) VALUES ('ea0f2944d84f1344a98e334759491972', '12', 'desc', NULL);
REPLACE INTO `question_properties` (`form_id`, `question_id`, `prop`, `value`) VALUES ('ea0f2944d84f1344a98e334759491972', '12', 'maxsize', '100');
REPLACE INTO `question_properties` (`form_id`, `question_id`, `prop`, `value`) VALUES ('ea0f2944d84f1344a98e334759491972', '12', 'required', 'no');
REPLACE INTO `question_properties` (`form_id`, `question_id`, `prop`, `value`) VALUES ('ea0f2944d84f1344a98e334759491972', '12', 'size', '20');
REPLACE INTO `question_properties` (`form_id`, `question_id`, `prop`, `value`) VALUES ('ea0f2944d84f1344a98e334759491972', '12', 'text', 'Phone');
REPLACE INTO `question_properties` (`form_id`, `question_id`, `prop`, `value`) VALUES ('ea0f2944d84f1344a98e334759491972', '12', 'validation', 'no');
REPLACE INTO `question_properties` (`form_id`, `question_id`, `prop`, `value`) VALUES ('ea0f2944d84f1344a98e334759491972', '999', 'alignment', 'default');
REPLACE INTO `question_properties` (`form_id`, `question_id`, `prop`, `value`) VALUES ('ea0f2944d84f1344a98e334759491972', '999', 'background', 'white');
REPLACE INTO `question_properties` (`form_id`, `question_id`, `prop`, `value`) VALUES ('ea0f2944d84f1344a98e334759491972', '999', 'conf_body', 'Thanks for submitting our form, we will get back to you as soon as possible.');
REPLACE INTO `question_properties` (`form_id`, `question_id`, `prop`, `value`) VALUES ('ea0f2944d84f1344a98e334759491972', '999', 'conf_send', 'no');
REPLACE INTO `question_properties` (`form_id`, `question_id`, `prop`, `value`) VALUES ('ea0f2944d84f1344a98e334759491972', '999', 'conf_subj', 'Submission Received');
REPLACE INTO `question_properties` (`form_id`, `question_id`, `prop`, `value`) VALUES ('ea0f2944d84f1344a98e334759491972', '999', 'disabled', 'Enabled');
REPLACE INTO `question_properties` (`form_id`, `question_id`, `prop`, `value`) VALUES ('ea0f2944d84f1344a98e334759491972', '999', 'email', 'yes');
REPLACE INTO `question_properties` (`form_id`, `question_id`, `prop`, `value`) VALUES ('ea0f2944d84f1344a98e334759491972', '999', 'font', 'Verdana');
REPLACE INTO `question_properties` (`form_id`, `question_id`, `prop`, `value`) VALUES ('ea0f2944d84f1344a98e334759491972', '999', 'fontcolor', 'black');
REPLACE INTO `question_properties` (`form_id`, `question_id`, `prop`, `value`) VALUES ('ea0f2944d84f1344a98e334759491972', '999', 'fontsize', '12');
REPLACE INTO `question_properties` (`form_id`, `question_id`, `prop`, `value`) VALUES ('ea0f2944d84f1344a98e334759491972', '999', 'not_subj', 'New Submission: {qForm Title}');
REPLACE INTO `question_properties` (`form_id`, `question_id`, `prop`, `value`) VALUES ('ea0f2944d84f1344a98e334759491972', '999', 'sendpostdata', 'no');
REPLACE INTO `question_properties` (`form_id`, `question_id`, `prop`, `value`) VALUES ('ea0f2944d84f1344a98e334759491972', '999', 'spamcheck', 'Enabled');
REPLACE INTO `question_properties` (`form_id`, `question_id`, `prop`, `value`) VALUES ('ea0f2944d84f1344a98e334759491972', '999', 'theme', 'Default');
REPLACE INTO `forms` (`id`, `username`, `title`, `height`, `status`) VALUES ('79fec494470ce401595c511296fcea36', 'a7ec09dce63b814be39611d58a2e3078', 'contact us', '40', 'Enabled');
REPLACE INTO `questions` (`form_id`, `id`, `order`, `type`) VALUES ('79fec494470ce401595c511296fcea36', '0', '1', 'control_textbox');
REPLACE INTO `questions` (`form_id`, `id`, `order`, `type`) VALUES ('79fec494470ce401595c511296fcea36', '1', '2', 'control_textbox');
REPLACE INTO `questions` (`form_id`, `id`, `order`, `type`) VALUES ('79fec494470ce401595c511296fcea36', '2', '3', 'control_textbox');
REPLACE INTO `questions` (`form_id`, `id`, `order`, `type`) VALUES ('79fec494470ce401595c511296fcea36', '7', '5', 'control_textarea');
REPLACE INTO `questions` (`form_id`, `id`, `order`, `type`) VALUES ('79fec494470ce401595c511296fcea36', '8', '6', 'control_button');
REPLACE INTO `questions` (`form_id`, `id`, `order`, `type`) VALUES ('79fec494470ce401595c511296fcea36', '12', '4', 'control_textbox');
REPLACE INTO `question_properties` (`form_id`, `question_id`, `prop`, `value`) VALUES ('79fec494470ce401595c511296fcea36', '0', 'desc', NULL);
REPLACE INTO `question_properties` (`form_id`, `question_id`, `prop`, `value`) VALUES ('79fec494470ce401595c511296fcea36', '0', 'maxsize', '100');
REPLACE INTO `question_properties` (`form_id`, `question_id`, `prop`, `value`) VALUES ('79fec494470ce401595c511296fcea36', '0', 'required', 'yes');
REPLACE INTO `question_properties` (`form_id`, `question_id`, `prop`, `value`) VALUES ('79fec494470ce401595c511296fcea36', '0', 'size', '20');
REPLACE INTO `question_properties` (`form_id`, `question_id`, `prop`, `value`) VALUES ('79fec494470ce401595c511296fcea36', '0', 'text', 'First Name');
REPLACE INTO `question_properties` (`form_id`, `question_id`, `prop`, `value`) VALUES ('79fec494470ce401595c511296fcea36', '0', 'validation', 'no');
REPLACE INTO `question_properties` (`form_id`, `question_id`, `prop`, `value`) VALUES ('79fec494470ce401595c511296fcea36', '1', 'desc', NULL);
REPLACE INTO `question_properties` (`form_id`, `question_id`, `prop`, `value`) VALUES ('79fec494470ce401595c511296fcea36', '1', 'maxsize', '100');
REPLACE INTO `question_properties` (`form_id`, `question_id`, `prop`, `value`) VALUES ('79fec494470ce401595c511296fcea36', '1', 'required', 'yes');
REPLACE INTO `question_properties` (`form_id`, `question_id`, `prop`, `value`) VALUES ('79fec494470ce401595c511296fcea36', '1', 'size', '20');
REPLACE INTO `question_properties` (`form_id`, `question_id`, `prop`, `value`) VALUES ('79fec494470ce401595c511296fcea36', '1', 'text', 'Last Name');
REPLACE INTO `question_properties` (`form_id`, `question_id`, `prop`, `value`) VALUES ('79fec494470ce401595c511296fcea36', '1', 'validation', 'no');
REPLACE INTO `question_properties` (`form_id`, `question_id`, `prop`, `value`) VALUES ('79fec494470ce401595c511296fcea36', '2', 'desc', NULL);
REPLACE INTO `question_properties` (`form_id`, `question_id`, `prop`, `value`) VALUES ('79fec494470ce401595c511296fcea36', '2', 'maxsize', '100');
REPLACE INTO `question_properties` (`form_id`, `question_id`, `prop`, `value`) VALUES ('79fec494470ce401595c511296fcea36', '2', 'required', 'yes');
REPLACE INTO `question_properties` (`form_id`, `question_id`, `prop`, `value`) VALUES ('79fec494470ce401595c511296fcea36', '2', 'size', '20');
REPLACE INTO `question_properties` (`form_id`, `question_id`, `prop`, `value`) VALUES ('79fec494470ce401595c511296fcea36', '2', 'text', 'E-mail');
REPLACE INTO `question_properties` (`form_id`, `question_id`, `prop`, `value`) VALUES ('79fec494470ce401595c511296fcea36', '2', 'validation', 'Email');
REPLACE INTO `question_properties` (`form_id`, `question_id`, `prop`, `value`) VALUES ('79fec494470ce401595c511296fcea36', '7', 'cols', '35');
REPLACE INTO `question_properties` (`form_id`, `question_id`, `prop`, `value`) VALUES ('79fec494470ce401595c511296fcea36', '7', 'desc', NULL);
REPLACE INTO `question_properties` (`form_id`, `question_id`, `prop`, `value`) VALUES ('79fec494470ce401595c511296fcea36', '7', 'required', 'yes');
REPLACE INTO `question_properties` (`form_id`, `question_id`, `prop`, `value`) VALUES ('79fec494470ce401595c511296fcea36', '7', 'rows', '10');
REPLACE INTO `question_properties` (`form_id`, `question_id`, `prop`, `value`) VALUES ('79fec494470ce401595c511296fcea36', '7', 'text', 'Your Message');
REPLACE INTO `question_properties` (`form_id`, `question_id`, `prop`, `value`) VALUES ('79fec494470ce401595c511296fcea36', '7', 'validation', 'no');
REPLACE INTO `question_properties` (`form_id`, `question_id`, `prop`, `value`) VALUES ('79fec494470ce401595c511296fcea36', '8', 'clear', 'no');
REPLACE INTO `question_properties` (`form_id`, `question_id`, `prop`, `value`) VALUES ('79fec494470ce401595c511296fcea36', '8', 'submittext', 'Submit');
REPLACE INTO `question_properties` (`form_id`, `question_id`, `prop`, `value`) VALUES ('79fec494470ce401595c511296fcea36', '8', 'text', NULL);
REPLACE INTO `question_properties` (`form_id`, `question_id`, `prop`, `value`) VALUES ('79fec494470ce401595c511296fcea36', '12', 'desc', NULL);
REPLACE INTO `question_properties` (`form_id`, `question_id`, `prop`, `value`) VALUES ('79fec494470ce401595c511296fcea36', '12', 'maxsize', '100');
REPLACE INTO `question_properties` (`form_id`, `question_id`, `prop`, `value`) VALUES ('79fec494470ce401595c511296fcea36', '12', 'required', 'no');
REPLACE INTO `question_properties` (`form_id`, `question_id`, `prop`, `value`) VALUES ('79fec494470ce401595c511296fcea36', '12', 'size', '20');
REPLACE INTO `question_properties` (`form_id`, `question_id`, `prop`, `value`) VALUES ('79fec494470ce401595c511296fcea36', '12', 'text', 'Phone');
REPLACE INTO `question_properties` (`form_id`, `question_id`, `prop`, `value`) VALUES ('79fec494470ce401595c511296fcea36', '12', 'validation', 'no');
REPLACE INTO `question_properties` (`form_id`, `question_id`, `prop`, `value`) VALUES ('79fec494470ce401595c511296fcea36', '999', 'alignment', 'default');
REPLACE INTO `question_properties` (`form_id`, `question_id`, `prop`, `value`) VALUES ('79fec494470ce401595c511296fcea36', '999', 'background', 'white');
REPLACE INTO `question_properties` (`form_id`, `question_id`, `prop`, `value`) VALUES ('79fec494470ce401595c511296fcea36', '999', 'conf_body', 'Thanks for submitting our form, we will get back to you as soon as possible.');
REPLACE INTO `question_properties` (`form_id`, `question_id`, `prop`, `value`) VALUES ('79fec494470ce401595c511296fcea36', '999', 'conf_send', 'no');
REPLACE INTO `question_properties` (`form_id`, `question_id`, `prop`, `value`) VALUES ('79fec494470ce401595c511296fcea36', '999', 'conf_subj', 'Submission Received');
REPLACE INTO `question_properties` (`form_id`, `question_id`, `prop`, `value`) VALUES ('79fec494470ce401595c511296fcea36', '999', 'disabled', 'Enabled');
REPLACE INTO `question_properties` (`form_id`, `question_id`, `prop`, `value`) VALUES ('79fec494470ce401595c511296fcea36', '999', 'email', 'yes');
REPLACE INTO `question_properties` (`form_id`, `question_id`, `prop`, `value`) VALUES ('79fec494470ce401595c511296fcea36', '999', 'font', 'Verdana');
REPLACE INTO `question_properties` (`form_id`, `question_id`, `prop`, `value`) VALUES ('79fec494470ce401595c511296fcea36', '999', 'fontcolor', 'black');
REPLACE INTO `question_properties` (`form_id`, `question_id`, `prop`, `value`) VALUES ('79fec494470ce401595c511296fcea36', '999', 'fontsize', '12');
REPLACE INTO `question_properties` (`form_id`, `question_id`, `prop`, `value`) VALUES ('79fec494470ce401595c511296fcea36', '999', 'not_subj', 'New Submission: {qForm Title}');
REPLACE INTO `question_properties` (`form_id`, `question_id`, `prop`, `value`) VALUES ('79fec494470ce401595c511296fcea36', '999', 'sendpostdata', 'no');
REPLACE INTO `question_properties` (`form_id`, `question_id`, `prop`, `value`) VALUES ('79fec494470ce401595c511296fcea36', '999', 'spamcheck', 'Enabled');
REPLACE INTO `question_properties` (`form_id`, `question_id`, `prop`, `value`) VALUES ('79fec494470ce401595c511296fcea36', '999', 'theme', 'Default');
REPLACE INTO `forms` (`id`, `username`, `title`, `height`, `status`) VALUES ('adf7f9325c97e4b87623237590c6af20', 'a7ec09dce63b814be39611d58a2e3078', 'contact us', '1780', 'undefined');
REPLACE INTO `questions` (`form_id`, `id`, `order`, `type`) VALUES ('adf7f9325c97e4b87623237590c6af20', '0', '8', 'control_textbox');
REPLACE INTO `questions` (`form_id`, `id`, `order`, `type`) VALUES ('adf7f9325c97e4b87623237590c6af20', '1', '10', 'control_textbox');
REPLACE INTO `questions` (`form_id`, `id`, `order`, `type`) VALUES ('adf7f9325c97e4b87623237590c6af20', '2', '17', 'control_textbox');
REPLACE INTO `questions` (`form_id`, `id`, `order`, `type`) VALUES ('adf7f9325c97e4b87623237590c6af20', '7', '9', 'control_textarea');
REPLACE INTO `questions` (`form_id`, `id`, `order`, `type`) VALUES ('adf7f9325c97e4b87623237590c6af20', '8', '39', 'control_button');
REPLACE INTO `questions` (`form_id`, `id`, `order`, `type`) VALUES ('adf7f9325c97e4b87623237590c6af20', '12', '15', 'control_textbox');
REPLACE INTO `questions` (`form_id`, `id`, `order`, `type`) VALUES ('adf7f9325c97e4b87623237590c6af20', '13', '1', 'control_head');
REPLACE INTO `questions` (`form_id`, `id`, `order`, `type`) VALUES ('adf7f9325c97e4b87623237590c6af20', '14', '2', 'control_text');
REPLACE INTO `questions` (`form_id`, `id`, `order`, `type`) VALUES ('adf7f9325c97e4b87623237590c6af20', '15', '3', 'control_text');
REPLACE INTO `questions` (`form_id`, `id`, `order`, `type`) VALUES ('adf7f9325c97e4b87623237590c6af20', '16', '4', 'control_text');
REPLACE INTO `questions` (`form_id`, `id`, `order`, `type`) VALUES ('adf7f9325c97e4b87623237590c6af20', '17', '5', 'control_text');
REPLACE INTO `questions` (`form_id`, `id`, `order`, `type`) VALUES ('adf7f9325c97e4b87623237590c6af20', '18', '22', 'control_textbox');
REPLACE INTO `questions` (`form_id`, `id`, `order`, `type`) VALUES ('adf7f9325c97e4b87623237590c6af20', '19', '24', 'control_textbox');
REPLACE INTO `questions` (`form_id`, `id`, `order`, `type`) VALUES ('adf7f9325c97e4b87623237590c6af20', '20', '20', 'control_textbox');
REPLACE INTO `questions` (`form_id`, `id`, `order`, `type`) VALUES ('adf7f9325c97e4b87623237590c6af20', '21', '28', 'control_textbox');
REPLACE INTO `questions` (`form_id`, `id`, `order`, `type`) VALUES ('adf7f9325c97e4b87623237590c6af20', '22', '11', 'control_dropdown');
REPLACE INTO `questions` (`form_id`, `id`, `order`, `type`) VALUES ('adf7f9325c97e4b87623237590c6af20', '23', '16', 'control_textbox');
REPLACE INTO `questions` (`form_id`, `id`, `order`, `type`) VALUES ('adf7f9325c97e4b87623237590c6af20', '24', '12', 'control_dropdown');
REPLACE INTO `questions` (`form_id`, `id`, `order`, `type`) VALUES ('adf7f9325c97e4b87623237590c6af20', '25', '14', 'control_dropdown');
REPLACE INTO `questions` (`form_id`, `id`, `order`, `type`) VALUES ('adf7f9325c97e4b87623237590c6af20', '26', '13', 'control_dropdown');
REPLACE INTO `questions` (`form_id`, `id`, `order`, `type`) VALUES ('adf7f9325c97e4b87623237590c6af20', '27', '7', 'control_text');
REPLACE INTO `questions` (`form_id`, `id`, `order`, `type`) VALUES ('adf7f9325c97e4b87623237590c6af20', '28', '6', 'control_hidden');
REPLACE INTO `questions` (`form_id`, `id`, `order`, `type`) VALUES ('adf7f9325c97e4b87623237590c6af20', '29', '19', 'control_text');
REPLACE INTO `questions` (`form_id`, `id`, `order`, `type`) VALUES ('adf7f9325c97e4b87623237590c6af20', '30', '18', 'control_hidden');
REPLACE INTO `questions` (`form_id`, `id`, `order`, `type`) VALUES ('adf7f9325c97e4b87623237590c6af20', '31', '21', 'control_dropdown');
REPLACE INTO `questions` (`form_id`, `id`, `order`, `type`) VALUES ('adf7f9325c97e4b87623237590c6af20', '32', '23', 'control_textarea');
REPLACE INTO `questions` (`form_id`, `id`, `order`, `type`) VALUES ('adf7f9325c97e4b87623237590c6af20', '33', '25', 'control_hidden');
REPLACE INTO `questions` (`form_id`, `id`, `order`, `type`) VALUES ('adf7f9325c97e4b87623237590c6af20', '34', '26', 'control_text');
REPLACE INTO `questions` (`form_id`, `id`, `order`, `type`) VALUES ('adf7f9325c97e4b87623237590c6af20', '35', '27', 'control_dropdown');
REPLACE INTO `questions` (`form_id`, `id`, `order`, `type`) VALUES ('adf7f9325c97e4b87623237590c6af20', '36', '29', 'control_hidden');
REPLACE INTO `questions` (`form_id`, `id`, `order`, `type`) VALUES ('adf7f9325c97e4b87623237590c6af20', '37', '30', 'control_text');
REPLACE INTO `questions` (`form_id`, `id`, `order`, `type`) VALUES ('adf7f9325c97e4b87623237590c6af20', '38', '31', 'control_checkbox');
REPLACE INTO `questions` (`form_id`, `id`, `order`, `type`) VALUES ('adf7f9325c97e4b87623237590c6af20', '39', '33', 'control_fileupload');
REPLACE INTO `questions` (`form_id`, `id`, `order`, `type`) VALUES ('adf7f9325c97e4b87623237590c6af20', '40', '37', 'control_captcha');
REPLACE INTO `questions` (`form_id`, `id`, `order`, `type`) VALUES ('adf7f9325c97e4b87623237590c6af20', '41', '32', 'control_hidden');
REPLACE INTO `questions` (`form_id`, `id`, `order`, `type`) VALUES ('adf7f9325c97e4b87623237590c6af20', '42', '34', 'control_hidden');
REPLACE INTO `questions` (`form_id`, `id`, `order`, `type`) VALUES ('adf7f9325c97e4b87623237590c6af20', '43', '38', 'control_hidden');
REPLACE INTO `questions` (`form_id`, `id`, `order`, `type`) VALUES ('adf7f9325c97e4b87623237590c6af20', '44', '35', 'control_text');
REPLACE INTO `questions` (`form_id`, `id`, `order`, `type`) VALUES ('adf7f9325c97e4b87623237590c6af20', '45', '36', 'control_hidden');
REPLACE INTO `question_properties` (`form_id`, `question_id`, `prop`, `value`) VALUES ('adf7f9325c97e4b87623237590c6af20', '0', 'desc', NULL);
REPLACE INTO `question_properties` (`form_id`, `question_id`, `prop`, `value`) VALUES ('adf7f9325c97e4b87623237590c6af20', '0', 'maxsize', '100');
REPLACE INTO `question_properties` (`form_id`, `question_id`, `prop`, `value`) VALUES ('adf7f9325c97e4b87623237590c6af20', '0', 'required', 'yes');
REPLACE INTO `question_properties` (`form_id`, `question_id`, `prop`, `value`) VALUES ('adf7f9325c97e4b87623237590c6af20', '0', 'senderemail', 'no');
REPLACE INTO `question_properties` (`form_id`, `question_id`, `prop`, `value`) VALUES ('adf7f9325c97e4b87623237590c6af20', '0', 'size', '48');
REPLACE INTO `question_properties` (`form_id`, `question_id`, `prop`, `value`) VALUES ('adf7f9325c97e4b87623237590c6af20', '0', 'text', 'Nama Penuh');
REPLACE INTO `question_properties` (`form_id`, `question_id`, `prop`, `value`) VALUES ('adf7f9325c97e4b87623237590c6af20', '0', 'validation', 'no');
REPLACE INTO `question_properties` (`form_id`, `question_id`, `prop`, `value`) VALUES ('adf7f9325c97e4b87623237590c6af20', '1', 'desc', NULL);
REPLACE INTO `question_properties` (`form_id`, `question_id`, `prop`, `value`) VALUES ('adf7f9325c97e4b87623237590c6af20', '1', 'maxsize', '100');
REPLACE INTO `question_properties` (`form_id`, `question_id`, `prop`, `value`) VALUES ('adf7f9325c97e4b87623237590c6af20', '1', 'required', 'yes');
REPLACE INTO `question_properties` (`form_id`, `question_id`, `prop`, `value`) VALUES ('adf7f9325c97e4b87623237590c6af20', '1', 'senderemail', 'no');
REPLACE INTO `question_properties` (`form_id`, `question_id`, `prop`, `value`) VALUES ('adf7f9325c97e4b87623237590c6af20', '1', 'size', '20');
REPLACE INTO `question_properties` (`form_id`, `question_id`, `prop`, `value`) VALUES ('adf7f9325c97e4b87623237590c6af20', '1', 'text', 'No. K/P Pengenalan');
REPLACE INTO `question_properties` (`form_id`, `question_id`, `prop`, `value`) VALUES ('adf7f9325c97e4b87623237590c6af20', '1', 'validation', 'no');
REPLACE INTO `question_properties` (`form_id`, `question_id`, `prop`, `value`) VALUES ('adf7f9325c97e4b87623237590c6af20', '2', 'desc', NULL);
REPLACE INTO `question_properties` (`form_id`, `question_id`, `prop`, `value`) VALUES ('adf7f9325c97e4b87623237590c6af20', '2', 'maxsize', '100');
REPLACE INTO `question_properties` (`form_id`, `question_id`, `prop`, `value`) VALUES ('adf7f9325c97e4b87623237590c6af20', '2', 'required', 'yes');
REPLACE INTO `question_properties` (`form_id`, `question_id`, `prop`, `value`) VALUES ('adf7f9325c97e4b87623237590c6af20', '2', 'senderemail', 'no');
REPLACE INTO `question_properties` (`form_id`, `question_id`, `prop`, `value`) VALUES ('adf7f9325c97e4b87623237590c6af20', '2', 'size', '30');
REPLACE INTO `question_properties` (`form_id`, `question_id`, `prop`, `value`) VALUES ('adf7f9325c97e4b87623237590c6af20', '2', 'text', 'E-mail');
REPLACE INTO `question_properties` (`form_id`, `question_id`, `prop`, `value`) VALUES ('adf7f9325c97e4b87623237590c6af20', '2', 'validation', 'Email');
REPLACE INTO `question_properties` (`form_id`, `question_id`, `prop`, `value`) VALUES ('adf7f9325c97e4b87623237590c6af20', '7', 'cols', '36');
REPLACE INTO `question_properties` (`form_id`, `question_id`, `prop`, `value`) VALUES ('adf7f9325c97e4b87623237590c6af20', '7', 'desc', NULL);
REPLACE INTO `question_properties` (`form_id`, `question_id`, `prop`, `value`) VALUES ('adf7f9325c97e4b87623237590c6af20', '7', 'required', 'yes');
REPLACE INTO `question_properties` (`form_id`, `question_id`, `prop`, `value`) VALUES ('adf7f9325c97e4b87623237590c6af20', '7', 'rows', '8');
REPLACE INTO `question_properties` (`form_id`, `question_id`, `prop`, `value`) VALUES ('adf7f9325c97e4b87623237590c6af20', '7', 'text', 'Alamat Penuh');
REPLACE INTO `question_properties` (`form_id`, `question_id`, `prop`, `value`) VALUES ('adf7f9325c97e4b87623237590c6af20', '7', 'validation', 'no');
REPLACE INTO `question_properties` (`form_id`, `question_id`, `prop`, `value`) VALUES ('adf7f9325c97e4b87623237590c6af20', '8', 'clear', 'no');
REPLACE INTO `question_properties` (`form_id`, `question_id`, `prop`, `value`) VALUES ('adf7f9325c97e4b87623237590c6af20', '8', 'resettext', 'clear');
REPLACE INTO `question_properties` (`form_id`, `question_id`, `prop`, `value`) VALUES ('adf7f9325c97e4b87623237590c6af20', '8', 'submittext', 'Hantar');
REPLACE INTO `question_properties` (`form_id`, `question_id`, `prop`, `value`) VALUES ('adf7f9325c97e4b87623237590c6af20', '8', 'text', NULL);
REPLACE INTO `question_properties` (`form_id`, `question_id`, `prop`, `value`) VALUES ('adf7f9325c97e4b87623237590c6af20', '12', 'desc', NULL);
REPLACE INTO `question_properties` (`form_id`, `question_id`, `prop`, `value`) VALUES ('adf7f9325c97e4b87623237590c6af20', '12', 'maxsize', '100');
REPLACE INTO `question_properties` (`form_id`, `question_id`, `prop`, `value`) VALUES ('adf7f9325c97e4b87623237590c6af20', '12', 'required', 'yes');
REPLACE INTO `question_properties` (`form_id`, `question_id`, `prop`, `value`) VALUES ('adf7f9325c97e4b87623237590c6af20', '12', 'senderemail', 'no');
REPLACE INTO `question_properties` (`form_id`, `question_id`, `prop`, `value`) VALUES ('adf7f9325c97e4b87623237590c6af20', '12', 'size', '20');
REPLACE INTO `question_properties` (`form_id`, `question_id`, `prop`, `value`) VALUES ('adf7f9325c97e4b87623237590c6af20', '12', 'text', 'No. Telefon (HandPhone)');
REPLACE INTO `question_properties` (`form_id`, `question_id`, `prop`, `value`) VALUES ('adf7f9325c97e4b87623237590c6af20', '12', 'validation', 'no');
REPLACE INTO `question_properties` (`form_id`, `question_id`, `prop`, `value`) VALUES ('adf7f9325c97e4b87623237590c6af20', '13', 'text', 'TAMAN KOPERAT PERADONG');
REPLACE INTO `question_properties` (`form_id`, `question_id`, `prop`, `value`) VALUES ('adf7f9325c97e4b87623237590c6af20', '14', 'text', 'TAMAN KOPERAT PERADONG, BANGGOL PERADONG');
REPLACE INTO `question_properties` (`form_id`, `question_id`, `prop`, `value`) VALUES ('adf7f9325c97e4b87623237590c6af20', '15', 'text', 'MANIR, KUALA TERENGGANU');
REPLACE INTO `question_properties` (`form_id`, `question_id`, `prop`, `value`) VALUES ('adf7f9325c97e4b87623237590c6af20', '16', 'text', 'RUMAH TERES SATU LAPIS - FASA 1A');
REPLACE INTO `question_properties` (`form_id`, `question_id`, `prop`, `value`) VALUES ('adf7f9325c97e4b87623237590c6af20', '17', 'text', '[ RM 173,000.00 dan ke atas / unit (bergantung kepada keluasan tanah) ]');
REPLACE INTO `question_properties` (`form_id`, `question_id`, `prop`, `value`) VALUES ('adf7f9325c97e4b87623237590c6af20', '18', 'desc', NULL);
REPLACE INTO `question_properties` (`form_id`, `question_id`, `prop`, `value`) VALUES ('adf7f9325c97e4b87623237590c6af20', '18', 'maxsize', '100');
REPLACE INTO `question_properties` (`form_id`, `question_id`, `prop`, `value`) VALUES ('adf7f9325c97e4b87623237590c6af20', '18', 'required', 'no');
REPLACE INTO `question_properties` (`form_id`, `question_id`, `prop`, `value`) VALUES ('adf7f9325c97e4b87623237590c6af20', '18', 'senderemail', 'no');
REPLACE INTO `question_properties` (`form_id`, `question_id`, `prop`, `value`) VALUES ('adf7f9325c97e4b87623237590c6af20', '18', 'size', '48');
REPLACE INTO `question_properties` (`form_id`, `question_id`, `prop`, `value`) VALUES ('adf7f9325c97e4b87623237590c6af20', '18', 'text', 'Nama Majikan');
REPLACE INTO `question_properties` (`form_id`, `question_id`, `prop`, `value`) VALUES ('adf7f9325c97e4b87623237590c6af20', '18', 'validation', 'no');
REPLACE INTO `question_properties` (`form_id`, `question_id`, `prop`, `value`) VALUES ('adf7f9325c97e4b87623237590c6af20', '19', 'desc', NULL);
REPLACE INTO `question_properties` (`form_id`, `question_id`, `prop`, `value`) VALUES ('adf7f9325c97e4b87623237590c6af20', '19', 'maxsize', '100');
REPLACE INTO `question_properties` (`form_id`, `question_id`, `prop`, `value`) VALUES ('adf7f9325c97e4b87623237590c6af20', '19', 'required', 'no');
REPLACE INTO `question_properties` (`form_id`, `question_id`, `prop`, `value`) VALUES ('adf7f9325c97e4b87623237590c6af20', '19', 'senderemail', 'no');
REPLACE INTO `question_properties` (`form_id`, `question_id`, `prop`, `value`) VALUES ('adf7f9325c97e4b87623237590c6af20', '19', 'size', '20');
REPLACE INTO `question_properties` (`form_id`, `question_id`, `prop`, `value`) VALUES ('adf7f9325c97e4b87623237590c6af20', '19', 'text', 'No. Telefon Pejabat');
REPLACE INTO `question_properties` (`form_id`, `question_id`, `prop`, `value`) VALUES ('adf7f9325c97e4b87623237590c6af20', '19', 'validation', 'no');
REPLACE INTO `question_properties` (`form_id`, `question_id`, `prop`, `value`) VALUES ('adf7f9325c97e4b87623237590c6af20', '20', 'desc', NULL);
REPLACE INTO `question_properties` (`form_id`, `question_id`, `prop`, `value`) VALUES ('adf7f9325c97e4b87623237590c6af20', '20', 'maxsize', '100');
REPLACE INTO `question_properties` (`form_id`, `question_id`, `prop`, `value`) VALUES ('adf7f9325c97e4b87623237590c6af20', '20', 'required', 'no');
REPLACE INTO `question_properties` (`form_id`, `question_id`, `prop`, `value`) VALUES ('adf7f9325c97e4b87623237590c6af20', '20', 'senderemail', 'no');
REPLACE INTO `question_properties` (`form_id`, `question_id`, `prop`, `value`) VALUES ('adf7f9325c97e4b87623237590c6af20', '20', 'size', '30');
REPLACE INTO `question_properties` (`form_id`, `question_id`, `prop`, `value`) VALUES ('adf7f9325c97e4b87623237590c6af20', '20', 'text', 'Jawatan Pemohon');
REPLACE INTO `question_properties` (`form_id`, `question_id`, `prop`, `value`) VALUES ('adf7f9325c97e4b87623237590c6af20', '20', 'validation', 'no');
REPLACE INTO `question_properties` (`form_id`, `question_id`, `prop`, `value`) VALUES ('adf7f9325c97e4b87623237590c6af20', '21', 'desc', NULL);
REPLACE INTO `question_properties` (`form_id`, `question_id`, `prop`, `value`) VALUES ('adf7f9325c97e4b87623237590c6af20', '21', 'maxsize', '100');
REPLACE INTO `question_properties` (`form_id`, `question_id`, `prop`, `value`) VALUES ('adf7f9325c97e4b87623237590c6af20', '21', 'required', 'no');
REPLACE INTO `question_properties` (`form_id`, `question_id`, `prop`, `value`) VALUES ('adf7f9325c97e4b87623237590c6af20', '21', 'senderemail', 'no');
REPLACE INTO `question_properties` (`form_id`, `question_id`, `prop`, `value`) VALUES ('adf7f9325c97e4b87623237590c6af20', '21', 'size', '20');
REPLACE INTO `question_properties` (`form_id`, `question_id`, `prop`, `value`) VALUES ('adf7f9325c97e4b87623237590c6af20', '21', 'text', 'Nombor Lot / PT');
REPLACE INTO `question_properties` (`form_id`, `question_id`, `prop`, `value`) VALUES ('adf7f9325c97e4b87623237590c6af20', '21', 'validation', 'no');
REPLACE INTO `question_properties` (`form_id`, `question_id`, `prop`, `value`) VALUES ('adf7f9325c97e4b87623237590c6af20', '22', 'desc', NULL);
REPLACE INTO `question_properties` (`form_id`, `question_id`, `prop`, `value`) VALUES ('adf7f9325c97e4b87623237590c6af20', '22', 'options', 'Lelaki<br>Perempuan<br>');
REPLACE INTO `question_properties` (`form_id`, `question_id`, `prop`, `value`) VALUES ('adf7f9325c97e4b87623237590c6af20', '22', 'required', 'yes');
REPLACE INTO `question_properties` (`form_id`, `question_id`, `prop`, `value`) VALUES ('adf7f9325c97e4b87623237590c6af20', '22', 'size', '1');
REPLACE INTO `question_properties` (`form_id`, `question_id`, `prop`, `value`) VALUES ('adf7f9325c97e4b87623237590c6af20', '22', 'special', 'none');
REPLACE INTO `question_properties` (`form_id`, `question_id`, `prop`, `value`) VALUES ('adf7f9325c97e4b87623237590c6af20', '22', 'text', 'Jantina');
REPLACE INTO `question_properties` (`form_id`, `question_id`, `prop`, `value`) VALUES ('adf7f9325c97e4b87623237590c6af20', '23', 'desc', NULL);
REPLACE INTO `question_properties` (`form_id`, `question_id`, `prop`, `value`) VALUES ('adf7f9325c97e4b87623237590c6af20', '23', 'maxsize', '100');
REPLACE INTO `question_properties` (`form_id`, `question_id`, `prop`, `value`) VALUES ('adf7f9325c97e4b87623237590c6af20', '23', 'required', 'yes');
REPLACE INTO `question_properties` (`form_id`, `question_id`, `prop`, `value`) VALUES ('adf7f9325c97e4b87623237590c6af20', '23', 'senderemail', 'no');
REPLACE INTO `question_properties` (`form_id`, `question_id`, `prop`, `value`) VALUES ('adf7f9325c97e4b87623237590c6af20', '23', 'size', '20');
REPLACE INTO `question_properties` (`form_id`, `question_id`, `prop`, `value`) VALUES ('adf7f9325c97e4b87623237590c6af20', '23', 'text', 'No. Telefon (Rumah/tetap)');
REPLACE INTO `question_properties` (`form_id`, `question_id`, `prop`, `value`) VALUES ('adf7f9325c97e4b87623237590c6af20', '23', 'validation', 'no');
REPLACE INTO `question_properties` (`form_id`, `question_id`, `prop`, `value`) VALUES ('adf7f9325c97e4b87623237590c6af20', '24', 'desc', NULL);
REPLACE INTO `question_properties` (`form_id`, `question_id`, `prop`, `value`) VALUES ('adf7f9325c97e4b87623237590c6af20', '24', 'options', 'Melayu<br>Cina<br>India<br>Lain-lain');
REPLACE INTO `question_properties` (`form_id`, `question_id`, `prop`, `value`) VALUES ('adf7f9325c97e4b87623237590c6af20', '24', 'required', 'yes');
REPLACE INTO `question_properties` (`form_id`, `question_id`, `prop`, `value`) VALUES ('adf7f9325c97e4b87623237590c6af20', '24', 'size', '1');
REPLACE INTO `question_properties` (`form_id`, `question_id`, `prop`, `value`) VALUES ('adf7f9325c97e4b87623237590c6af20', '24', 'special', 'none');
REPLACE INTO `question_properties` (`form_id`, `question_id`, `prop`, `value`) VALUES ('adf7f9325c97e4b87623237590c6af20', '24', 'text', 'Bangsa');
REPLACE INTO `question_properties` (`form_id`, `question_id`, `prop`, `value`) VALUES ('adf7f9325c97e4b87623237590c6af20', '25', 'desc', NULL);
REPLACE INTO `question_properties` (`form_id`, `question_id`, `prop`, `value`) VALUES ('adf7f9325c97e4b87623237590c6af20', '25', 'options', 'Bujang<br>Berkahwin<br>Lain-lain');
REPLACE INTO `question_properties` (`form_id`, `question_id`, `prop`, `value`) VALUES ('adf7f9325c97e4b87623237590c6af20', '25', 'required', 'yes');
REPLACE INTO `question_properties` (`form_id`, `question_id`, `prop`, `value`) VALUES ('adf7f9325c97e4b87623237590c6af20', '25', 'size', '1');
REPLACE INTO `question_properties` (`form_id`, `question_id`, `prop`, `value`) VALUES ('adf7f9325c97e4b87623237590c6af20', '25', 'special', 'none');
REPLACE INTO `question_properties` (`form_id`, `question_id`, `prop`, `value`) VALUES ('adf7f9325c97e4b87623237590c6af20', '25', 'text', 'Status Perkahwinan');
REPLACE INTO `question_properties` (`form_id`, `question_id`, `prop`, `value`) VALUES ('adf7f9325c97e4b87623237590c6af20', '26', 'desc', NULL);
REPLACE INTO `question_properties` (`form_id`, `question_id`, `prop`, `value`) VALUES ('adf7f9325c97e4b87623237590c6af20', '26', 'options', 'Warganegara<br>Bukan Warganegara');
REPLACE INTO `question_properties` (`form_id`, `question_id`, `prop`, `value`) VALUES ('adf7f9325c97e4b87623237590c6af20', '26', 'required', 'yes');
REPLACE INTO `question_properties` (`form_id`, `question_id`, `prop`, `value`) VALUES ('adf7f9325c97e4b87623237590c6af20', '26', 'size', '1');
REPLACE INTO `question_properties` (`form_id`, `question_id`, `prop`, `value`) VALUES ('adf7f9325c97e4b87623237590c6af20', '26', 'special', 'none');
REPLACE INTO `question_properties` (`form_id`, `question_id`, `prop`, `value`) VALUES ('adf7f9325c97e4b87623237590c6af20', '26', 'text', 'Warganegara');
REPLACE INTO `question_properties` (`form_id`, `question_id`, `prop`, `value`) VALUES ('adf7f9325c97e4b87623237590c6af20', '27', 'text', '1. MAKLUMAT PEMOHON');
REPLACE INTO `question_properties` (`form_id`, `question_id`, `prop`, `value`) VALUES ('adf7f9325c97e4b87623237590c6af20', '28', 'text', '>undefined<');
REPLACE INTO `question_properties` (`form_id`, `question_id`, `prop`, `value`) VALUES ('adf7f9325c97e4b87623237590c6af20', '28', 'value', NULL);
REPLACE INTO `question_properties` (`form_id`, `question_id`, `prop`, `value`) VALUES ('adf7f9325c97e4b87623237590c6af20', '29', 'text', '2. PEKERJAAN');
REPLACE INTO `question_properties` (`form_id`, `question_id`, `prop`, `value`) VALUES ('adf7f9325c97e4b87623237590c6af20', '30', 'text', '>undefined<');
REPLACE INTO `question_properties` (`form_id`, `question_id`, `prop`, `value`) VALUES ('adf7f9325c97e4b87623237590c6af20', '30', 'value', NULL);
REPLACE INTO `question_properties` (`form_id`, `question_id`, `prop`, `value`) VALUES ('adf7f9325c97e4b87623237590c6af20', '31', 'desc', NULL);
REPLACE INTO `question_properties` (`form_id`, `question_id`, `prop`, `value`) VALUES ('adf7f9325c97e4b87623237590c6af20', '31', 'options', 'RM6,500 ke atas<br>RM5,500.00 - RM6,499.00<br>RM4,500.00 - RM5,499.00<br>RM3,500.00 - RM4,499.00<br>RM3,000.00 - RM3,499.00<br>RM2,500.00 - RM2,999.00<br>RM2,000.00 - RM2,499.00<br>RM1,500.00 - RM1,999.00<br>RM1,200.00 - RM1,499.00<br>Bawah RM1,199.00');
REPLACE INTO `question_properties` (`form_id`, `question_id`, `prop`, `value`) VALUES ('adf7f9325c97e4b87623237590c6af20', '31', 'required', 'yes');
REPLACE INTO `question_properties` (`form_id`, `question_id`, `prop`, `value`) VALUES ('adf7f9325c97e4b87623237590c6af20', '31', 'size', '1');
REPLACE INTO `question_properties` (`form_id`, `question_id`, `prop`, `value`) VALUES ('adf7f9325c97e4b87623237590c6af20', '31', 'special', 'none');
REPLACE INTO `question_properties` (`form_id`, `question_id`, `prop`, `value`) VALUES ('adf7f9325c97e4b87623237590c6af20', '31', 'text', 'Pendapatan Bulanan');
REPLACE INTO `question_properties` (`form_id`, `question_id`, `prop`, `value`) VALUES ('adf7f9325c97e4b87623237590c6af20', '32', 'cols', '36');
REPLACE INTO `question_properties` (`form_id`, `question_id`, `prop`, `value`) VALUES ('adf7f9325c97e4b87623237590c6af20', '32', 'desc', NULL);
REPLACE INTO `question_properties` (`form_id`, `question_id`, `prop`, `value`) VALUES ('adf7f9325c97e4b87623237590c6af20', '32', 'required', 'no');
REPLACE INTO `question_properties` (`form_id`, `question_id`, `prop`, `value`) VALUES ('adf7f9325c97e4b87623237590c6af20', '32', 'rows', '8');
REPLACE INTO `question_properties` (`form_id`, `question_id`, `prop`, `value`) VALUES ('adf7f9325c97e4b87623237590c6af20', '32', 'text', 'Alamat Majikan');
REPLACE INTO `question_properties` (`form_id`, `question_id`, `prop`, `value`) VALUES ('adf7f9325c97e4b87623237590c6af20', '32', 'validation', 'no');
REPLACE INTO `question_properties` (`form_id`, `question_id`, `prop`, `value`) VALUES ('adf7f9325c97e4b87623237590c6af20', '33', 'text', '>undefined<');
REPLACE INTO `question_properties` (`form_id`, `question_id`, `prop`, `value`) VALUES ('adf7f9325c97e4b87623237590c6af20', '33', 'value', NULL);
REPLACE INTO `question_properties` (`form_id`, `question_id`, `prop`, `value`) VALUES ('adf7f9325c97e4b87623237590c6af20', '34', 'text', '3. JENIS LOT RUMAH / BANGUNAN YANG DIPOHON');
REPLACE INTO `question_properties` (`form_id`, `question_id`, `prop`, `value`) VALUES ('adf7f9325c97e4b87623237590c6af20', '35', 'desc', NULL);
REPLACE INTO `question_properties` (`form_id`, `question_id`, `prop`, `value`) VALUES ('adf7f9325c97e4b87623237590c6af20', '35', 'options', 'Tepi<br>Tengah');
REPLACE INTO `question_properties` (`form_id`, `question_id`, `prop`, `value`) VALUES ('adf7f9325c97e4b87623237590c6af20', '35', 'required', 'yes');
REPLACE INTO `question_properties` (`form_id`, `question_id`, `prop`, `value`) VALUES ('adf7f9325c97e4b87623237590c6af20', '35', 'size', '1');
REPLACE INTO `question_properties` (`form_id`, `question_id`, `prop`, `value`) VALUES ('adf7f9325c97e4b87623237590c6af20', '35', 'special', 'none');
REPLACE INTO `question_properties` (`form_id`, `question_id`, `prop`, `value`) VALUES ('adf7f9325c97e4b87623237590c6af20', '35', 'text', 'Jenis Lot');
REPLACE INTO `question_properties` (`form_id`, `question_id`, `prop`, `value`) VALUES ('adf7f9325c97e4b87623237590c6af20', '36', 'text', '>undefined<');
REPLACE INTO `question_properties` (`form_id`, `question_id`, `prop`, `value`) VALUES ('adf7f9325c97e4b87623237590c6af20', '36', 'value', NULL);
REPLACE INTO `question_properties` (`form_id`, `question_id`, `prop`, `value`) VALUES ('adf7f9325c97e4b87623237590c6af20', '37', 'text', '4. CARA PEMBAYARAN');
REPLACE INTO `question_properties` (`form_id`, `question_id`, `prop`, `value`) VALUES ('adf7f9325c97e4b87623237590c6af20', '38', 'checked', 'no');
REPLACE INTO `question_properties` (`form_id`, `question_id`, `prop`, `value`) VALUES ('adf7f9325c97e4b87623237590c6af20', '38', 'desc', NULL);
REPLACE INTO `question_properties` (`form_id`, `question_id`, `prop`, `value`) VALUES ('adf7f9325c97e4b87623237590c6af20', '38', 'options', 'Institusi Kewangan / Bank<br>Kerajaan<br>Majikan<br>Tunai<br>Lain-lain');
REPLACE INTO `question_properties` (`form_id`, `question_id`, `prop`, `value`) VALUES ('adf7f9325c97e4b87623237590c6af20', '38', 'required', 'yes');
REPLACE INTO `question_properties` (`form_id`, `question_id`, `prop`, `value`) VALUES ('adf7f9325c97e4b87623237590c6af20', '38', 'text', 'Pinjaman Perumahan');
REPLACE INTO `question_properties` (`form_id`, `question_id`, `prop`, `value`) VALUES ('adf7f9325c97e4b87623237590c6af20', '39', 'desc', NULL);
REPLACE INTO `question_properties` (`form_id`, `question_id`, `prop`, `value`) VALUES ('adf7f9325c97e4b87623237590c6af20', '39', 'extensions', 'doc, docx, xls, xlsx, pdf, ppt, pptx, txt, html, htm, rtf, pps, ppsx, zip, tar, gzip, bzip, sit, dmg, jpg, jpeg, gif, png, asf, asx, flv, h264, mov, mp3, mp4, swf, wax, wma, wmv, wvx, wpl, xspf');
REPLACE INTO `question_properties` (`form_id`, `question_id`, `prop`, `value`) VALUES ('adf7f9325c97e4b87623237590c6af20', '39', 'maxsize', '5000');
REPLACE INTO `question_properties` (`form_id`, `question_id`, `prop`, `value`) VALUES ('adf7f9325c97e4b87623237590c6af20', '39', 'required', 'no');
REPLACE INTO `question_properties` (`form_id`, `question_id`, `prop`, `value`) VALUES ('adf7f9325c97e4b87623237590c6af20', '39', 'text', 'Slip Gaji Terkini');
REPLACE INTO `question_properties` (`form_id`, `question_id`, `prop`, `value`) VALUES ('adf7f9325c97e4b87623237590c6af20', '40', 'desc', NULL);
REPLACE INTO `question_properties` (`form_id`, `question_id`, `prop`, `value`) VALUES ('adf7f9325c97e4b87623237590c6af20', '40', 'text', 'Pengesahan');
REPLACE INTO `question_properties` (`form_id`, `question_id`, `prop`, `value`) VALUES ('adf7f9325c97e4b87623237590c6af20', '41', 'text', '>undefined<');
REPLACE INTO `question_properties` (`form_id`, `question_id`, `prop`, `value`) VALUES ('adf7f9325c97e4b87623237590c6af20', '41', 'value', NULL);
REPLACE INTO `question_properties` (`form_id`, `question_id`, `prop`, `value`) VALUES ('adf7f9325c97e4b87623237590c6af20', '42', 'text', '>undefined<');
REPLACE INTO `question_properties` (`form_id`, `question_id`, `prop`, `value`) VALUES ('adf7f9325c97e4b87623237590c6af20', '42', 'value', NULL);
REPLACE INTO `question_properties` (`form_id`, `question_id`, `prop`, `value`) VALUES ('adf7f9325c97e4b87623237590c6af20', '43', 'text', '>undefined<');
REPLACE INTO `question_properties` (`form_id`, `question_id`, `prop`, `value`) VALUES ('adf7f9325c97e4b87623237590c6af20', '43', 'value', NULL);
REPLACE INTO `question_properties` (`form_id`, `question_id`, `prop`, `value`) VALUES ('adf7f9325c97e4b87623237590c6af20', '44', 'text', 'NOTA : [1. KOPERAT berhak menolak pendaftaran jika maklumat tidak lengkap / tepat.] [2. KOPERAT berhad membatalkan pendaftaran selepas 6 bulan tanpa notis.] [3. Harga adalah tertakluk kepada pindaan terakhir.]');
REPLACE INTO `question_properties` (`form_id`, `question_id`, `prop`, `value`) VALUES ('adf7f9325c97e4b87623237590c6af20', '45', 'text', '>undefined<');
REPLACE INTO `question_properties` (`form_id`, `question_id`, `prop`, `value`) VALUES ('adf7f9325c97e4b87623237590c6af20', '45', 'value', NULL);
REPLACE INTO `question_properties` (`form_id`, `question_id`, `prop`, `value`) VALUES ('adf7f9325c97e4b87623237590c6af20', '999', 'alignment', 'default');
REPLACE INTO `question_properties` (`form_id`, `question_id`, `prop`, `value`) VALUES ('adf7f9325c97e4b87623237590c6af20', '999', 'background', 'white');
REPLACE INTO `question_properties` (`form_id`, `question_id`, `prop`, `value`) VALUES ('adf7f9325c97e4b87623237590c6af20', '999', 'conf_body', 'Thanks for submitting our form, we will get back to you as soon as possible.');
REPLACE INTO `question_properties` (`form_id`, `question_id`, `prop`, `value`) VALUES ('adf7f9325c97e4b87623237590c6af20', '999', 'conf_send', 'no');
REPLACE INTO `question_properties` (`form_id`, `question_id`, `prop`, `value`) VALUES ('adf7f9325c97e4b87623237590c6af20', '999', 'conf_subj', 'Borang TKP Fasa 1A');
REPLACE INTO `question_properties` (`form_id`, `question_id`, `prop`, `value`) VALUES ('adf7f9325c97e4b87623237590c6af20', '999', 'disabled', 'Enabled');
REPLACE INTO `question_properties` (`form_id`, `question_id`, `prop`, `value`) VALUES ('adf7f9325c97e4b87623237590c6af20', '999', 'email', 'yes');
REPLACE INTO `question_properties` (`form_id`, `question_id`, `prop`, `value`) VALUES ('adf7f9325c97e4b87623237590c6af20', '999', 'email_addr', 'sales@koperat.com.my');
REPLACE INTO `question_properties` (`form_id`, `question_id`, `prop`, `value`) VALUES ('adf7f9325c97e4b87623237590c6af20', '999', 'ext_sendpostdata', 'no');
REPLACE INTO `question_properties` (`form_id`, `question_id`, `prop`, `value`) VALUES ('adf7f9325c97e4b87623237590c6af20', '999', 'font', 'Verdana');
REPLACE INTO `question_properties` (`form_id`, `question_id`, `prop`, `value`) VALUES ('adf7f9325c97e4b87623237590c6af20', '999', 'fontcolor', '#48345a');
REPLACE INTO `question_properties` (`form_id`, `question_id`, `prop`, `value`) VALUES ('adf7f9325c97e4b87623237590c6af20', '999', 'fontsize', '12');
REPLACE INTO `question_properties` (`form_id`, `question_id`, `prop`, `value`) VALUES ('adf7f9325c97e4b87623237590c6af20', '999', 'not_subj', 'New Submission: {qForm Title}');
REPLACE INTO `question_properties` (`form_id`, `question_id`, `prop`, `value`) VALUES ('adf7f9325c97e4b87623237590c6af20', '999', 'rvcolor', 'JF062.ini.php');
REPLACE INTO `question_properties` (`form_id`, `question_id`, `prop`, `value`) VALUES ('adf7f9325c97e4b87623237590c6af20', '999', 'sendpostdata', 'yes');
REPLACE INTO `question_properties` (`form_id`, `question_id`, `prop`, `value`) VALUES ('adf7f9325c97e4b87623237590c6af20', '999', 'spamcheck', 'Enabled');
REPLACE INTO `question_properties` (`form_id`, `question_id`, `prop`, `value`) VALUES ('adf7f9325c97e4b87623237590c6af20', '999', 'thanktext', '<div>\n<div>\n<div>Terima kasih atas pengisian. Pihak KOPERAT akan memproses permohonan Anda.</div></div>\n<div>\n<div>&nbsp;</div></div>\n<div>\n<div>\n<div><strong><font color=\"#ff00aa\">Sila hantarkan</font></strong> 2 salinan dokuken-dokumen berikut ke pejabat kami dengan segera;</div>\n<div>Sekiranya Permohonan Anda Berjaya.&nbsp; </div>\n<div>(Nyatakan Projek / Kategori Rumah yang dipohon)<br />\n<br />\n&nbsp;<br />\na) Salinan Kad Pengenalan.<br />\n&nbsp;<br />\nb) Slip Gaji 4 bulan terkini ( pinjaman Bank / Kerajaan ).<br />\n&nbsp;<br />\nc) Surat Pengesahan Jawatan ( pinjaman Bank )<br />\n&nbsp;<br />\nd) Surat Pengesahan Perkhidmatan ( pinjaman Kerajaan ).<br />\n&nbsp;<br />\ne) Surat Pengesahan Lantikan ( pinjaman Kerajaan ).<br />\n<br />f) Surat Iringan - mengikut format ( pinjaman Kerajaan ).<br />\n&nbsp;<br />\ng) Borang EA/Cukai Pendapatan LHDN beserta resit bayaran ( pinjaman Bank / Berniaga ).<br />\n&nbsp;<br />\nh) Salinan Penyata Akaun Bank 4 bulan terkini ( pinjaman Bank / Kerajaan / Berniaga ).<br />\n&nbsp;<br />\ni) Pendaftaran Perniagaan ( pinjaman Bank / Berniaga ).<br />\n&nbsp;<br />\nj) Penyata Bank Syarikat 6 bulan terkini ( pinjaman Bank / Berniaga ).<br />\n&nbsp;<br />\nk) Penyata KWSP terkini ( pinjaman Bank ).<br />\n<br />l) Lain-lain dokumen, jika berkaitan.<br />\n&nbsp;<br />\n<br /><br />\n* <strong><font color=\"#ff0000\">Sila Pastikan</font></strong> <u><font color=\"#aa00ff\">E-mail dan Maklumat</font></u> Anda Adalah Betul Untuk Penerimaan Maklumbalas Daripada KOPERAT.<br />\n&nbsp;<br />\n&nbsp;<br />\n<br />Makluman Lanjut Sila Hubungi, Hantar @ Fax kan Borang anda ke;<br />\n&nbsp;<br />\n<strong>KONSORTIUM PERUMAHAN RAKYAT TERENGGANU SDN. BHD.<br />\n</strong><br />\nWisma GPQ, Lot 4564, Tingkat 1 &amp; 2<br />\n<br />Desa MPKT, Chendering, 21080 Kuala Terengganu<br />\n<br />Tel : 09-617 3405 / 617 6405&nbsp;&nbsp;&nbsp; Fax : 09-617 7404<br />\n<br />Website : <a href=\"http://www.koperat.com.my/\" title=\"\" target=\"_blank\"><strong>www.koperat.com.my</strong></a><br />\n<br />Page : <strong><a href=\"http://www.facebook.com/pages/Koperat/197111670306770\" title=\"\" target=\"_blank\">facebook.com / koperat</a></strong><br />\n<br />Email : koperat96@gmail.com<br />\n&nbsp;<br />\n&nbsp; </div></div></div></div>');
REPLACE INTO `question_properties` (`form_id`, `question_id`, `prop`, `value`) VALUES ('adf7f9325c97e4b87623237590c6af20', '999', 'theme', 'Default');
REPLACE INTO `question_properties` (`form_id`, `question_id`, `prop`, `value`) VALUES ('adf7f9325c97e4b87623237590c6af20', '999', 'use_buildin_formmail', 'yes');
REPLACE INTO `question_properties` (`form_id`, `question_id`, `prop`, `value`) VALUES ('adf7f9325c97e4b87623237590c6af20', '999', 'width', '100%');
REPLACE INTO `question_utf8` (`form_id`, `utf8format`) VALUES ('adf7f9325c97e4b87623237590c6af20', '1');
REPLACE INTO `forms` (`id`, `username`, `title`, `height`, `status`) VALUES ('624d39ba2c10dac9729b95a6e179f9b4', 'a7ec09dce63b814be39611d58a2e3078', 'Blank Form', NULL, 'Enabled');
REPLACE INTO `questions` (`form_id`, `id`, `order`, `type`) VALUES ('624d39ba2c10dac9729b95a6e179f9b4', '0', '2', 'control_button');
REPLACE INTO `questions` (`form_id`, `id`, `order`, `type`) VALUES ('624d39ba2c10dac9729b95a6e179f9b4', '1', '1', 'control_text');
REPLACE INTO `question_properties` (`form_id`, `question_id`, `prop`, `value`) VALUES ('624d39ba2c10dac9729b95a6e179f9b4', '0', 'clear', 'no');
REPLACE INTO `question_properties` (`form_id`, `question_id`, `prop`, `value`) VALUES ('624d39ba2c10dac9729b95a6e179f9b4', '0', 'submittext', 'Submit');
REPLACE INTO `question_properties` (`form_id`, `question_id`, `prop`, `value`) VALUES ('624d39ba2c10dac9729b95a6e179f9b4', '0', 'text', NULL);
REPLACE INTO `question_properties` (`form_id`, `question_id`, `prop`, `value`) VALUES ('624d39ba2c10dac9729b95a6e179f9b4', '1', 'text', 'Drag and drop questions from the right side to create your form.');
REPLACE INTO `question_properties` (`form_id`, `question_id`, `prop`, `value`) VALUES ('624d39ba2c10dac9729b95a6e179f9b4', '999', '', NULL);
REPLACE INTO `question_properties` (`form_id`, `question_id`, `prop`, `value`) VALUES ('624d39ba2c10dac9729b95a6e179f9b4', '999', 'alignment', 'default');
REPLACE INTO `question_properties` (`form_id`, `question_id`, `prop`, `value`) VALUES ('624d39ba2c10dac9729b95a6e179f9b4', '999', 'background', 'white');
REPLACE INTO `question_properties` (`form_id`, `question_id`, `prop`, `value`) VALUES ('624d39ba2c10dac9729b95a6e179f9b4', '999', 'conf_body', 'Thanks for submitting our form, we will get back to you as soon as possible.');
REPLACE INTO `question_properties` (`form_id`, `question_id`, `prop`, `value`) VALUES ('624d39ba2c10dac9729b95a6e179f9b4', '999', 'conf_send', 'no');
REPLACE INTO `question_properties` (`form_id`, `question_id`, `prop`, `value`) VALUES ('624d39ba2c10dac9729b95a6e179f9b4', '999', 'conf_subj', 'Submission Received');
REPLACE INTO `question_properties` (`form_id`, `question_id`, `prop`, `value`) VALUES ('624d39ba2c10dac9729b95a6e179f9b4', '999', 'disabled', 'Enabled');
REPLACE INTO `question_properties` (`form_id`, `question_id`, `prop`, `value`) VALUES ('624d39ba2c10dac9729b95a6e179f9b4', '999', 'email', 'yes');
REPLACE INTO `question_properties` (`form_id`, `question_id`, `prop`, `value`) VALUES ('624d39ba2c10dac9729b95a6e179f9b4', '999', 'email_addr', 'yout email@192.168.1.65');
REPLACE INTO `question_properties` (`form_id`, `question_id`, `prop`, `value`) VALUES ('624d39ba2c10dac9729b95a6e179f9b4', '999', 'ext_sendpostdata', 'no');
REPLACE INTO `question_properties` (`form_id`, `question_id`, `prop`, `value`) VALUES ('624d39ba2c10dac9729b95a6e179f9b4', '999', 'font', 'Verdana');
REPLACE INTO `question_properties` (`form_id`, `question_id`, `prop`, `value`) VALUES ('624d39ba2c10dac9729b95a6e179f9b4', '999', 'fontcolor', 'black');
REPLACE INTO `question_properties` (`form_id`, `question_id`, `prop`, `value`) VALUES ('624d39ba2c10dac9729b95a6e179f9b4', '999', 'fontsize', '12');
REPLACE INTO `question_properties` (`form_id`, `question_id`, `prop`, `value`) VALUES ('624d39ba2c10dac9729b95a6e179f9b4', '999', 'not_subj', 'New Submission: {qForm Title}');
REPLACE INTO `question_properties` (`form_id`, `question_id`, `prop`, `value`) VALUES ('624d39ba2c10dac9729b95a6e179f9b4', '999', 'sendpostdata', 'yes');
REPLACE INTO `question_properties` (`form_id`, `question_id`, `prop`, `value`) VALUES ('624d39ba2c10dac9729b95a6e179f9b4', '999', 'spamcheck', 'Enabled');
REPLACE INTO `question_properties` (`form_id`, `question_id`, `prop`, `value`) VALUES ('624d39ba2c10dac9729b95a6e179f9b4', '999', 'thanktext', 'Thanks for submitting our form, we will get back to you as soon as possible.');
REPLACE INTO `question_properties` (`form_id`, `question_id`, `prop`, `value`) VALUES ('624d39ba2c10dac9729b95a6e179f9b4', '999', 'theme', 'Default');
REPLACE INTO `question_properties` (`form_id`, `question_id`, `prop`, `value`) VALUES ('624d39ba2c10dac9729b95a6e179f9b4', '999', 'use_buildin_formmail', 'yes');
REPLACE INTO `question_utf8` (`form_id`, `utf8format`) VALUES ('624d39ba2c10dac9729b95a6e179f9b4', '1');
REPLACE INTO `forms` (`id`, `username`, `title`, `height`, `status`) VALUES ('be0771e360e179f3fc86e287fad4832d', 'a7ec09dce63b814be39611d58a2e3078', 'Job Application', NULL, 'Enabled');
REPLACE INTO `questions` (`form_id`, `id`, `order`, `type`) VALUES ('be0771e360e179f3fc86e287fad4832d', '0', '1', 'control_textbox');
REPLACE INTO `questions` (`form_id`, `id`, `order`, `type`) VALUES ('be0771e360e179f3fc86e287fad4832d', '2', '2', 'control_textbox');
REPLACE INTO `questions` (`form_id`, `id`, `order`, `type`) VALUES ('be0771e360e179f3fc86e287fad4832d', '3', '3', 'control_textbox');
REPLACE INTO `questions` (`form_id`, `id`, `order`, `type`) VALUES ('be0771e360e179f3fc86e287fad4832d', '7', '4', 'control_textarea');
REPLACE INTO `questions` (`form_id`, `id`, `order`, `type`) VALUES ('be0771e360e179f3fc86e287fad4832d', '8', '9', 'control_button');
REPLACE INTO `questions` (`form_id`, `id`, `order`, `type`) VALUES ('be0771e360e179f3fc86e287fad4832d', '9', '5', 'control_textbox');
REPLACE INTO `questions` (`form_id`, `id`, `order`, `type`) VALUES ('be0771e360e179f3fc86e287fad4832d', '10', '6', 'control_datetimepicker');
REPLACE INTO `questions` (`form_id`, `id`, `order`, `type`) VALUES ('be0771e360e179f3fc86e287fad4832d', '11', '7', 'control_textarea');
REPLACE INTO `questions` (`form_id`, `id`, `order`, `type`) VALUES ('be0771e360e179f3fc86e287fad4832d', '12', '8', 'control_fileupload');
REPLACE INTO `question_properties` (`form_id`, `question_id`, `prop`, `value`) VALUES ('be0771e360e179f3fc86e287fad4832d', '0', 'desc', NULL);
REPLACE INTO `question_properties` (`form_id`, `question_id`, `prop`, `value`) VALUES ('be0771e360e179f3fc86e287fad4832d', '0', 'maxsize', '100');
REPLACE INTO `question_properties` (`form_id`, `question_id`, `prop`, `value`) VALUES ('be0771e360e179f3fc86e287fad4832d', '0', 'required', 'yes');
REPLACE INTO `question_properties` (`form_id`, `question_id`, `prop`, `value`) VALUES ('be0771e360e179f3fc86e287fad4832d', '0', 'size', '20');
REPLACE INTO `question_properties` (`form_id`, `question_id`, `prop`, `value`) VALUES ('be0771e360e179f3fc86e287fad4832d', '0', 'text', 'Name:');
REPLACE INTO `question_properties` (`form_id`, `question_id`, `prop`, `value`) VALUES ('be0771e360e179f3fc86e287fad4832d', '0', 'validation', 'no');
REPLACE INTO `question_properties` (`form_id`, `question_id`, `prop`, `value`) VALUES ('be0771e360e179f3fc86e287fad4832d', '2', 'desc', NULL);
REPLACE INTO `question_properties` (`form_id`, `question_id`, `prop`, `value`) VALUES ('be0771e360e179f3fc86e287fad4832d', '2', 'maxsize', '100');
REPLACE INTO `question_properties` (`form_id`, `question_id`, `prop`, `value`) VALUES ('be0771e360e179f3fc86e287fad4832d', '2', 'required', 'yes');
REPLACE INTO `question_properties` (`form_id`, `question_id`, `prop`, `value`) VALUES ('be0771e360e179f3fc86e287fad4832d', '2', 'size', '20');
REPLACE INTO `question_properties` (`form_id`, `question_id`, `prop`, `value`) VALUES ('be0771e360e179f3fc86e287fad4832d', '2', 'text', 'E-mail:');
REPLACE INTO `question_properties` (`form_id`, `question_id`, `prop`, `value`) VALUES ('be0771e360e179f3fc86e287fad4832d', '2', 'validation', 'Email');
REPLACE INTO `question_properties` (`form_id`, `question_id`, `prop`, `value`) VALUES ('be0771e360e179f3fc86e287fad4832d', '3', 'desc', NULL);
REPLACE INTO `question_properties` (`form_id`, `question_id`, `prop`, `value`) VALUES ('be0771e360e179f3fc86e287fad4832d', '3', 'maxsize', '100');
REPLACE INTO `question_properties` (`form_id`, `question_id`, `prop`, `value`) VALUES ('be0771e360e179f3fc86e287fad4832d', '3', 'required', 'no');
REPLACE INTO `question_properties` (`form_id`, `question_id`, `prop`, `value`) VALUES ('be0771e360e179f3fc86e287fad4832d', '3', 'size', '20');
REPLACE INTO `question_properties` (`form_id`, `question_id`, `prop`, `value`) VALUES ('be0771e360e179f3fc86e287fad4832d', '3', 'text', 'Telephone Number:');
REPLACE INTO `question_properties` (`form_id`, `question_id`, `prop`, `value`) VALUES ('be0771e360e179f3fc86e287fad4832d', '3', 'validation', 'no');
REPLACE INTO `question_properties` (`form_id`, `question_id`, `prop`, `value`) VALUES ('be0771e360e179f3fc86e287fad4832d', '7', 'cols', '30');
REPLACE INTO `question_properties` (`form_id`, `question_id`, `prop`, `value`) VALUES ('be0771e360e179f3fc86e287fad4832d', '7', 'desc', NULL);
REPLACE INTO `question_properties` (`form_id`, `question_id`, `prop`, `value`) VALUES ('be0771e360e179f3fc86e287fad4832d', '7', 'required', 'no');
REPLACE INTO `question_properties` (`form_id`, `question_id`, `prop`, `value`) VALUES ('be0771e360e179f3fc86e287fad4832d', '7', 'rows', '2');
REPLACE INTO `question_properties` (`form_id`, `question_id`, `prop`, `value`) VALUES ('be0771e360e179f3fc86e287fad4832d', '7', 'text', 'Address:');
REPLACE INTO `question_properties` (`form_id`, `question_id`, `prop`, `value`) VALUES ('be0771e360e179f3fc86e287fad4832d', '7', 'validation', 'no');
REPLACE INTO `question_properties` (`form_id`, `question_id`, `prop`, `value`) VALUES ('be0771e360e179f3fc86e287fad4832d', '8', 'clear', 'no');
REPLACE INTO `question_properties` (`form_id`, `question_id`, `prop`, `value`) VALUES ('be0771e360e179f3fc86e287fad4832d', '8', 'submittext', 'Submit');
REPLACE INTO `question_properties` (`form_id`, `question_id`, `prop`, `value`) VALUES ('be0771e360e179f3fc86e287fad4832d', '8', 'text', NULL);
REPLACE INTO `question_properties` (`form_id`, `question_id`, `prop`, `value`) VALUES ('be0771e360e179f3fc86e287fad4832d', '9', 'desc', NULL);
REPLACE INTO `question_properties` (`form_id`, `question_id`, `prop`, `value`) VALUES ('be0771e360e179f3fc86e287fad4832d', '9', 'maxsize', '100');
REPLACE INTO `question_properties` (`form_id`, `question_id`, `prop`, `value`) VALUES ('be0771e360e179f3fc86e287fad4832d', '9', 'required', 'no');
REPLACE INTO `question_properties` (`form_id`, `question_id`, `prop`, `value`) VALUES ('be0771e360e179f3fc86e287fad4832d', '9', 'size', '20');
REPLACE INTO `question_properties` (`form_id`, `question_id`, `prop`, `value`) VALUES ('be0771e360e179f3fc86e287fad4832d', '9', 'text', 'Applying for Position:');
REPLACE INTO `question_properties` (`form_id`, `question_id`, `prop`, `value`) VALUES ('be0771e360e179f3fc86e287fad4832d', '9', 'validation', 'no');
REPLACE INTO `question_properties` (`form_id`, `question_id`, `prop`, `value`) VALUES ('be0771e360e179f3fc86e287fad4832d', '10', 'desc', NULL);
REPLACE INTO `question_properties` (`form_id`, `question_id`, `prop`, `value`) VALUES ('be0771e360e179f3fc86e287fad4832d', '10', 'format', 'mmddyyyy');
REPLACE INTO `question_properties` (`form_id`, `question_id`, `prop`, `value`) VALUES ('be0771e360e179f3fc86e287fad4832d', '10', 'required', 'no');
REPLACE INTO `question_properties` (`form_id`, `question_id`, `prop`, `value`) VALUES ('be0771e360e179f3fc86e287fad4832d', '10', 'text', 'When can you start');
REPLACE INTO `question_properties` (`form_id`, `question_id`, `prop`, `value`) VALUES ('be0771e360e179f3fc86e287fad4832d', '11', 'cols', '30');
REPLACE INTO `question_properties` (`form_id`, `question_id`, `prop`, `value`) VALUES ('be0771e360e179f3fc86e287fad4832d', '11', 'desc', NULL);
REPLACE INTO `question_properties` (`form_id`, `question_id`, `prop`, `value`) VALUES ('be0771e360e179f3fc86e287fad4832d', '11', 'required', 'no');
REPLACE INTO `question_properties` (`form_id`, `question_id`, `prop`, `value`) VALUES ('be0771e360e179f3fc86e287fad4832d', '11', 'rows', '5');
REPLACE INTO `question_properties` (`form_id`, `question_id`, `prop`, `value`) VALUES ('be0771e360e179f3fc86e287fad4832d', '11', 'text', 'Cover Letter');
REPLACE INTO `question_properties` (`form_id`, `question_id`, `prop`, `value`) VALUES ('be0771e360e179f3fc86e287fad4832d', '11', 'validation', 'no');
REPLACE INTO `question_properties` (`form_id`, `question_id`, `prop`, `value`) VALUES ('be0771e360e179f3fc86e287fad4832d', '12', 'desc', NULL);
REPLACE INTO `question_properties` (`form_id`, `question_id`, `prop`, `value`) VALUES ('be0771e360e179f3fc86e287fad4832d', '12', 'extensions', 'doc, xls, jpg, jpeg, gif, png, mp3, mpeg');
REPLACE INTO `question_properties` (`form_id`, `question_id`, `prop`, `value`) VALUES ('be0771e360e179f3fc86e287fad4832d', '12', 'maxsize', '5000');
REPLACE INTO `question_properties` (`form_id`, `question_id`, `prop`, `value`) VALUES ('be0771e360e179f3fc86e287fad4832d', '12', 'name', 'fileupload12');
REPLACE INTO `question_properties` (`form_id`, `question_id`, `prop`, `value`) VALUES ('be0771e360e179f3fc86e287fad4832d', '12', 'required', 'no');
REPLACE INTO `question_properties` (`form_id`, `question_id`, `prop`, `value`) VALUES ('be0771e360e179f3fc86e287fad4832d', '12', 'text', 'Upload Resume');
REPLACE INTO `question_properties` (`form_id`, `question_id`, `prop`, `value`) VALUES ('be0771e360e179f3fc86e287fad4832d', '999', '', NULL);
REPLACE INTO `question_properties` (`form_id`, `question_id`, `prop`, `value`) VALUES ('be0771e360e179f3fc86e287fad4832d', '999', 'alignment', 'default');
REPLACE INTO `question_properties` (`form_id`, `question_id`, `prop`, `value`) VALUES ('be0771e360e179f3fc86e287fad4832d', '999', 'background', 'white');
REPLACE INTO `question_properties` (`form_id`, `question_id`, `prop`, `value`) VALUES ('be0771e360e179f3fc86e287fad4832d', '999', 'conf_body', 'Thanks for submitting our form, we will get back to you as soon as possible.');
REPLACE INTO `question_properties` (`form_id`, `question_id`, `prop`, `value`) VALUES ('be0771e360e179f3fc86e287fad4832d', '999', 'conf_send', 'no');
REPLACE INTO `question_properties` (`form_id`, `question_id`, `prop`, `value`) VALUES ('be0771e360e179f3fc86e287fad4832d', '999', 'conf_subj', 'Submission Received');
REPLACE INTO `question_properties` (`form_id`, `question_id`, `prop`, `value`) VALUES ('be0771e360e179f3fc86e287fad4832d', '999', 'disabled', 'Enabled');
REPLACE INTO `question_properties` (`form_id`, `question_id`, `prop`, `value`) VALUES ('be0771e360e179f3fc86e287fad4832d', '999', 'email', 'yes');
REPLACE INTO `question_properties` (`form_id`, `question_id`, `prop`, `value`) VALUES ('be0771e360e179f3fc86e287fad4832d', '999', 'email_addr', 'your email@192.168.1.65');
REPLACE INTO `question_properties` (`form_id`, `question_id`, `prop`, `value`) VALUES ('be0771e360e179f3fc86e287fad4832d', '999', 'ext_sendpostdata', 'no');
REPLACE INTO `question_properties` (`form_id`, `question_id`, `prop`, `value`) VALUES ('be0771e360e179f3fc86e287fad4832d', '999', 'font', 'Verdana');
REPLACE INTO `question_properties` (`form_id`, `question_id`, `prop`, `value`) VALUES ('be0771e360e179f3fc86e287fad4832d', '999', 'fontcolor', 'black');
REPLACE INTO `question_properties` (`form_id`, `question_id`, `prop`, `value`) VALUES ('be0771e360e179f3fc86e287fad4832d', '999', 'fontsize', '12');
REPLACE INTO `question_properties` (`form_id`, `question_id`, `prop`, `value`) VALUES ('be0771e360e179f3fc86e287fad4832d', '999', 'not_subj', 'New Submission: {qForm Title}');
REPLACE INTO `question_properties` (`form_id`, `question_id`, `prop`, `value`) VALUES ('be0771e360e179f3fc86e287fad4832d', '999', 'sendpostdata', 'yes');
REPLACE INTO `question_properties` (`form_id`, `question_id`, `prop`, `value`) VALUES ('be0771e360e179f3fc86e287fad4832d', '999', 'spamcheck', 'Enabled');
REPLACE INTO `question_properties` (`form_id`, `question_id`, `prop`, `value`) VALUES ('be0771e360e179f3fc86e287fad4832d', '999', 'thanktext', 'Thanks for submitting our form, we will get back to you as soon as possible.');
REPLACE INTO `question_properties` (`form_id`, `question_id`, `prop`, `value`) VALUES ('be0771e360e179f3fc86e287fad4832d', '999', 'theme', 'Default');
REPLACE INTO `question_properties` (`form_id`, `question_id`, `prop`, `value`) VALUES ('be0771e360e179f3fc86e287fad4832d', '999', 'use_buildin_formmail', 'yes');
REPLACE INTO `question_utf8` (`form_id`, `utf8format`) VALUES ('be0771e360e179f3fc86e287fad4832d', '1');
REPLACE INTO `forms` (`id`, `username`, `title`, `height`, `status`) VALUES ('2aa03bafa2ce78b9b2e6a8f6ab6eb81d', 'a7ec09dce63b814be39611d58a2e3078', 'contact us', '1765', 'undefined');
REPLACE INTO `questions` (`form_id`, `id`, `order`, `type`) VALUES ('2aa03bafa2ce78b9b2e6a8f6ab6eb81d', '0', '8', 'control_textbox');
REPLACE INTO `questions` (`form_id`, `id`, `order`, `type`) VALUES ('2aa03bafa2ce78b9b2e6a8f6ab6eb81d', '1', '10', 'control_textbox');
REPLACE INTO `questions` (`form_id`, `id`, `order`, `type`) VALUES ('2aa03bafa2ce78b9b2e6a8f6ab6eb81d', '2', '17', 'control_textbox');
REPLACE INTO `questions` (`form_id`, `id`, `order`, `type`) VALUES ('2aa03bafa2ce78b9b2e6a8f6ab6eb81d', '7', '9', 'control_textarea');
REPLACE INTO `questions` (`form_id`, `id`, `order`, `type`) VALUES ('2aa03bafa2ce78b9b2e6a8f6ab6eb81d', '8', '39', 'control_button');
REPLACE INTO `questions` (`form_id`, `id`, `order`, `type`) VALUES ('2aa03bafa2ce78b9b2e6a8f6ab6eb81d', '12', '15', 'control_textbox');
REPLACE INTO `questions` (`form_id`, `id`, `order`, `type`) VALUES ('2aa03bafa2ce78b9b2e6a8f6ab6eb81d', '13', '1', 'control_head');
REPLACE INTO `questions` (`form_id`, `id`, `order`, `type`) VALUES ('2aa03bafa2ce78b9b2e6a8f6ab6eb81d', '14', '2', 'control_text');
REPLACE INTO `questions` (`form_id`, `id`, `order`, `type`) VALUES ('2aa03bafa2ce78b9b2e6a8f6ab6eb81d', '15', '3', 'control_text');
REPLACE INTO `questions` (`form_id`, `id`, `order`, `type`) VALUES ('2aa03bafa2ce78b9b2e6a8f6ab6eb81d', '16', '4', 'control_text');
REPLACE INTO `questions` (`form_id`, `id`, `order`, `type`) VALUES ('2aa03bafa2ce78b9b2e6a8f6ab6eb81d', '17', '5', 'control_text');
REPLACE INTO `questions` (`form_id`, `id`, `order`, `type`) VALUES ('2aa03bafa2ce78b9b2e6a8f6ab6eb81d', '18', '22', 'control_textbox');
REPLACE INTO `questions` (`form_id`, `id`, `order`, `type`) VALUES ('2aa03bafa2ce78b9b2e6a8f6ab6eb81d', '19', '24', 'control_textbox');
REPLACE INTO `questions` (`form_id`, `id`, `order`, `type`) VALUES ('2aa03bafa2ce78b9b2e6a8f6ab6eb81d', '20', '20', 'control_textbox');
REPLACE INTO `questions` (`form_id`, `id`, `order`, `type`) VALUES ('2aa03bafa2ce78b9b2e6a8f6ab6eb81d', '21', '28', 'control_textbox');
REPLACE INTO `questions` (`form_id`, `id`, `order`, `type`) VALUES ('2aa03bafa2ce78b9b2e6a8f6ab6eb81d', '22', '11', 'control_dropdown');
REPLACE INTO `questions` (`form_id`, `id`, `order`, `type`) VALUES ('2aa03bafa2ce78b9b2e6a8f6ab6eb81d', '23', '16', 'control_textbox');
REPLACE INTO `questions` (`form_id`, `id`, `order`, `type`) VALUES ('2aa03bafa2ce78b9b2e6a8f6ab6eb81d', '24', '12', 'control_dropdown');
REPLACE INTO `questions` (`form_id`, `id`, `order`, `type`) VALUES ('2aa03bafa2ce78b9b2e6a8f6ab6eb81d', '25', '14', 'control_dropdown');
REPLACE INTO `questions` (`form_id`, `id`, `order`, `type`) VALUES ('2aa03bafa2ce78b9b2e6a8f6ab6eb81d', '26', '13', 'control_dropdown');
REPLACE INTO `questions` (`form_id`, `id`, `order`, `type`) VALUES ('2aa03bafa2ce78b9b2e6a8f6ab6eb81d', '27', '7', 'control_text');
REPLACE INTO `questions` (`form_id`, `id`, `order`, `type`) VALUES ('2aa03bafa2ce78b9b2e6a8f6ab6eb81d', '28', '6', 'control_hidden');
REPLACE INTO `questions` (`form_id`, `id`, `order`, `type`) VALUES ('2aa03bafa2ce78b9b2e6a8f6ab6eb81d', '29', '19', 'control_text');
REPLACE INTO `questions` (`form_id`, `id`, `order`, `type`) VALUES ('2aa03bafa2ce78b9b2e6a8f6ab6eb81d', '30', '18', 'control_hidden');
REPLACE INTO `questions` (`form_id`, `id`, `order`, `type`) VALUES ('2aa03bafa2ce78b9b2e6a8f6ab6eb81d', '31', '21', 'control_dropdown');
REPLACE INTO `questions` (`form_id`, `id`, `order`, `type`) VALUES ('2aa03bafa2ce78b9b2e6a8f6ab6eb81d', '32', '23', 'control_textarea');
REPLACE INTO `questions` (`form_id`, `id`, `order`, `type`) VALUES ('2aa03bafa2ce78b9b2e6a8f6ab6eb81d', '33', '25', 'control_hidden');
REPLACE INTO `questions` (`form_id`, `id`, `order`, `type`) VALUES ('2aa03bafa2ce78b9b2e6a8f6ab6eb81d', '34', '26', 'control_text');
REPLACE INTO `questions` (`form_id`, `id`, `order`, `type`) VALUES ('2aa03bafa2ce78b9b2e6a8f6ab6eb81d', '35', '27', 'control_dropdown');
REPLACE INTO `questions` (`form_id`, `id`, `order`, `type`) VALUES ('2aa03bafa2ce78b9b2e6a8f6ab6eb81d', '36', '29', 'control_hidden');
REPLACE INTO `questions` (`form_id`, `id`, `order`, `type`) VALUES ('2aa03bafa2ce78b9b2e6a8f6ab6eb81d', '37', '30', 'control_text');
REPLACE INTO `questions` (`form_id`, `id`, `order`, `type`) VALUES ('2aa03bafa2ce78b9b2e6a8f6ab6eb81d', '38', '31', 'control_checkbox');
REPLACE INTO `questions` (`form_id`, `id`, `order`, `type`) VALUES ('2aa03bafa2ce78b9b2e6a8f6ab6eb81d', '39', '33', 'control_fileupload');
REPLACE INTO `questions` (`form_id`, `id`, `order`, `type`) VALUES ('2aa03bafa2ce78b9b2e6a8f6ab6eb81d', '40', '37', 'control_captcha');
REPLACE INTO `questions` (`form_id`, `id`, `order`, `type`) VALUES ('2aa03bafa2ce78b9b2e6a8f6ab6eb81d', '41', '32', 'control_hidden');
REPLACE INTO `questions` (`form_id`, `id`, `order`, `type`) VALUES ('2aa03bafa2ce78b9b2e6a8f6ab6eb81d', '42', '34', 'control_hidden');
REPLACE INTO `questions` (`form_id`, `id`, `order`, `type`) VALUES ('2aa03bafa2ce78b9b2e6a8f6ab6eb81d', '43', '38', 'control_hidden');
REPLACE INTO `questions` (`form_id`, `id`, `order`, `type`) VALUES ('2aa03bafa2ce78b9b2e6a8f6ab6eb81d', '44', '35', 'control_text');
REPLACE INTO `questions` (`form_id`, `id`, `order`, `type`) VALUES ('2aa03bafa2ce78b9b2e6a8f6ab6eb81d', '45', '36', 'control_hidden');
REPLACE INTO `question_properties` (`form_id`, `question_id`, `prop`, `value`) VALUES ('2aa03bafa2ce78b9b2e6a8f6ab6eb81d', '0', 'desc', NULL);
REPLACE INTO `question_properties` (`form_id`, `question_id`, `prop`, `value`) VALUES ('2aa03bafa2ce78b9b2e6a8f6ab6eb81d', '0', 'maxsize', '100');
REPLACE INTO `question_properties` (`form_id`, `question_id`, `prop`, `value`) VALUES ('2aa03bafa2ce78b9b2e6a8f6ab6eb81d', '0', 'required', 'yes');
REPLACE INTO `question_properties` (`form_id`, `question_id`, `prop`, `value`) VALUES ('2aa03bafa2ce78b9b2e6a8f6ab6eb81d', '0', 'senderemail', 'no');
REPLACE INTO `question_properties` (`form_id`, `question_id`, `prop`, `value`) VALUES ('2aa03bafa2ce78b9b2e6a8f6ab6eb81d', '0', 'size', '48');
REPLACE INTO `question_properties` (`form_id`, `question_id`, `prop`, `value`) VALUES ('2aa03bafa2ce78b9b2e6a8f6ab6eb81d', '0', 'text', 'Nama Penuh');
REPLACE INTO `question_properties` (`form_id`, `question_id`, `prop`, `value`) VALUES ('2aa03bafa2ce78b9b2e6a8f6ab6eb81d', '0', 'validation', 'no');
REPLACE INTO `question_properties` (`form_id`, `question_id`, `prop`, `value`) VALUES ('2aa03bafa2ce78b9b2e6a8f6ab6eb81d', '1', 'desc', NULL);
REPLACE INTO `question_properties` (`form_id`, `question_id`, `prop`, `value`) VALUES ('2aa03bafa2ce78b9b2e6a8f6ab6eb81d', '1', 'maxsize', '100');
REPLACE INTO `question_properties` (`form_id`, `question_id`, `prop`, `value`) VALUES ('2aa03bafa2ce78b9b2e6a8f6ab6eb81d', '1', 'required', 'yes');
REPLACE INTO `question_properties` (`form_id`, `question_id`, `prop`, `value`) VALUES ('2aa03bafa2ce78b9b2e6a8f6ab6eb81d', '1', 'senderemail', 'no');
REPLACE INTO `question_properties` (`form_id`, `question_id`, `prop`, `value`) VALUES ('2aa03bafa2ce78b9b2e6a8f6ab6eb81d', '1', 'size', '20');
REPLACE INTO `question_properties` (`form_id`, `question_id`, `prop`, `value`) VALUES ('2aa03bafa2ce78b9b2e6a8f6ab6eb81d', '1', 'text', 'No. K/P Pengenalan');
REPLACE INTO `question_properties` (`form_id`, `question_id`, `prop`, `value`) VALUES ('2aa03bafa2ce78b9b2e6a8f6ab6eb81d', '1', 'validation', 'no');
REPLACE INTO `question_properties` (`form_id`, `question_id`, `prop`, `value`) VALUES ('2aa03bafa2ce78b9b2e6a8f6ab6eb81d', '2', 'desc', NULL);
REPLACE INTO `question_properties` (`form_id`, `question_id`, `prop`, `value`) VALUES ('2aa03bafa2ce78b9b2e6a8f6ab6eb81d', '2', 'maxsize', '100');
REPLACE INTO `question_properties` (`form_id`, `question_id`, `prop`, `value`) VALUES ('2aa03bafa2ce78b9b2e6a8f6ab6eb81d', '2', 'required', 'yes');
REPLACE INTO `question_properties` (`form_id`, `question_id`, `prop`, `value`) VALUES ('2aa03bafa2ce78b9b2e6a8f6ab6eb81d', '2', 'senderemail', 'no');
REPLACE INTO `question_properties` (`form_id`, `question_id`, `prop`, `value`) VALUES ('2aa03bafa2ce78b9b2e6a8f6ab6eb81d', '2', 'size', '30');
REPLACE INTO `question_properties` (`form_id`, `question_id`, `prop`, `value`) VALUES ('2aa03bafa2ce78b9b2e6a8f6ab6eb81d', '2', 'text', 'E-mail');
REPLACE INTO `question_properties` (`form_id`, `question_id`, `prop`, `value`) VALUES ('2aa03bafa2ce78b9b2e6a8f6ab6eb81d', '2', 'validation', 'Email');
REPLACE INTO `question_properties` (`form_id`, `question_id`, `prop`, `value`) VALUES ('2aa03bafa2ce78b9b2e6a8f6ab6eb81d', '7', 'cols', '36');
REPLACE INTO `question_properties` (`form_id`, `question_id`, `prop`, `value`) VALUES ('2aa03bafa2ce78b9b2e6a8f6ab6eb81d', '7', 'desc', NULL);
REPLACE INTO `question_properties` (`form_id`, `question_id`, `prop`, `value`) VALUES ('2aa03bafa2ce78b9b2e6a8f6ab6eb81d', '7', 'required', 'yes');
REPLACE INTO `question_properties` (`form_id`, `question_id`, `prop`, `value`) VALUES ('2aa03bafa2ce78b9b2e6a8f6ab6eb81d', '7', 'rows', '8');
REPLACE INTO `question_properties` (`form_id`, `question_id`, `prop`, `value`) VALUES ('2aa03bafa2ce78b9b2e6a8f6ab6eb81d', '7', 'text', 'Alamat Penuh');
REPLACE INTO `question_properties` (`form_id`, `question_id`, `prop`, `value`) VALUES ('2aa03bafa2ce78b9b2e6a8f6ab6eb81d', '7', 'validation', 'no');
REPLACE INTO `question_properties` (`form_id`, `question_id`, `prop`, `value`) VALUES ('2aa03bafa2ce78b9b2e6a8f6ab6eb81d', '8', 'clear', 'no');
REPLACE INTO `question_properties` (`form_id`, `question_id`, `prop`, `value`) VALUES ('2aa03bafa2ce78b9b2e6a8f6ab6eb81d', '8', 'resettext', 'clear');
REPLACE INTO `question_properties` (`form_id`, `question_id`, `prop`, `value`) VALUES ('2aa03bafa2ce78b9b2e6a8f6ab6eb81d', '8', 'submittext', 'Hantar');
REPLACE INTO `question_properties` (`form_id`, `question_id`, `prop`, `value`) VALUES ('2aa03bafa2ce78b9b2e6a8f6ab6eb81d', '8', 'text', NULL);
REPLACE INTO `question_properties` (`form_id`, `question_id`, `prop`, `value`) VALUES ('2aa03bafa2ce78b9b2e6a8f6ab6eb81d', '12', 'desc', NULL);
REPLACE INTO `question_properties` (`form_id`, `question_id`, `prop`, `value`) VALUES ('2aa03bafa2ce78b9b2e6a8f6ab6eb81d', '12', 'maxsize', '100');
REPLACE INTO `question_properties` (`form_id`, `question_id`, `prop`, `value`) VALUES ('2aa03bafa2ce78b9b2e6a8f6ab6eb81d', '12', 'required', 'yes');
REPLACE INTO `question_properties` (`form_id`, `question_id`, `prop`, `value`) VALUES ('2aa03bafa2ce78b9b2e6a8f6ab6eb81d', '12', 'senderemail', 'no');
REPLACE INTO `question_properties` (`form_id`, `question_id`, `prop`, `value`) VALUES ('2aa03bafa2ce78b9b2e6a8f6ab6eb81d', '12', 'size', '20');
REPLACE INTO `question_properties` (`form_id`, `question_id`, `prop`, `value`) VALUES ('2aa03bafa2ce78b9b2e6a8f6ab6eb81d', '12', 'text', 'No. Telefon (HandPhone)');
REPLACE INTO `question_properties` (`form_id`, `question_id`, `prop`, `value`) VALUES ('2aa03bafa2ce78b9b2e6a8f6ab6eb81d', '12', 'validation', 'no');
REPLACE INTO `question_properties` (`form_id`, `question_id`, `prop`, `value`) VALUES ('2aa03bafa2ce78b9b2e6a8f6ab6eb81d', '13', 'text', 'TAMAN RAKYAT BISTARI');
REPLACE INTO `question_properties` (`form_id`, `question_id`, `prop`, `value`) VALUES ('2aa03bafa2ce78b9b2e6a8f6ab6eb81d', '14', 'text', 'TAMAN RAKYAT BISTARI, KEMAMAN');
REPLACE INTO `question_properties` (`form_id`, `question_id`, `prop`, `value`) VALUES ('2aa03bafa2ce78b9b2e6a8f6ab6eb81d', '15', 'text', 'TELOK KALONG, TERENGGANU');
REPLACE INTO `question_properties` (`form_id`, `question_id`, `prop`, `value`) VALUES ('2aa03bafa2ce78b9b2e6a8f6ab6eb81d', '16', 'text', 'RUMAH TERES 1 TINGKAT - FASA 2C');
REPLACE INTO `question_properties` (`form_id`, `question_id`, `prop`, `value`) VALUES ('2aa03bafa2ce78b9b2e6a8f6ab6eb81d', '17', 'text', '[ RM 190,000.00 dan ke atas / unit (bergantung kepada keluasan tanah) ]');
REPLACE INTO `question_properties` (`form_id`, `question_id`, `prop`, `value`) VALUES ('2aa03bafa2ce78b9b2e6a8f6ab6eb81d', '18', 'desc', NULL);
REPLACE INTO `question_properties` (`form_id`, `question_id`, `prop`, `value`) VALUES ('2aa03bafa2ce78b9b2e6a8f6ab6eb81d', '18', 'maxsize', '100');
REPLACE INTO `question_properties` (`form_id`, `question_id`, `prop`, `value`) VALUES ('2aa03bafa2ce78b9b2e6a8f6ab6eb81d', '18', 'required', 'no');
REPLACE INTO `question_properties` (`form_id`, `question_id`, `prop`, `value`) VALUES ('2aa03bafa2ce78b9b2e6a8f6ab6eb81d', '18', 'senderemail', 'no');
REPLACE INTO `question_properties` (`form_id`, `question_id`, `prop`, `value`) VALUES ('2aa03bafa2ce78b9b2e6a8f6ab6eb81d', '18', 'size', '48');
REPLACE INTO `question_properties` (`form_id`, `question_id`, `prop`, `value`) VALUES ('2aa03bafa2ce78b9b2e6a8f6ab6eb81d', '18', 'text', 'Nama Majikan');
REPLACE INTO `question_properties` (`form_id`, `question_id`, `prop`, `value`) VALUES ('2aa03bafa2ce78b9b2e6a8f6ab6eb81d', '18', 'validation', 'no');
REPLACE INTO `question_properties` (`form_id`, `question_id`, `prop`, `value`) VALUES ('2aa03bafa2ce78b9b2e6a8f6ab6eb81d', '19', 'desc', NULL);
REPLACE INTO `question_properties` (`form_id`, `question_id`, `prop`, `value`) VALUES ('2aa03bafa2ce78b9b2e6a8f6ab6eb81d', '19', 'maxsize', '100');
REPLACE INTO `question_properties` (`form_id`, `question_id`, `prop`, `value`) VALUES ('2aa03bafa2ce78b9b2e6a8f6ab6eb81d', '19', 'required', 'no');
REPLACE INTO `question_properties` (`form_id`, `question_id`, `prop`, `value`) VALUES ('2aa03bafa2ce78b9b2e6a8f6ab6eb81d', '19', 'senderemail', 'no');
REPLACE INTO `question_properties` (`form_id`, `question_id`, `prop`, `value`) VALUES ('2aa03bafa2ce78b9b2e6a8f6ab6eb81d', '19', 'size', '20');
REPLACE INTO `question_properties` (`form_id`, `question_id`, `prop`, `value`) VALUES ('2aa03bafa2ce78b9b2e6a8f6ab6eb81d', '19', 'text', 'No. Telefon Pejabat');
REPLACE INTO `question_properties` (`form_id`, `question_id`, `prop`, `value`) VALUES ('2aa03bafa2ce78b9b2e6a8f6ab6eb81d', '19', 'validation', 'no');
REPLACE INTO `question_properties` (`form_id`, `question_id`, `prop`, `value`) VALUES ('2aa03bafa2ce78b9b2e6a8f6ab6eb81d', '20', 'desc', NULL);
REPLACE INTO `question_properties` (`form_id`, `question_id`, `prop`, `value`) VALUES ('2aa03bafa2ce78b9b2e6a8f6ab6eb81d', '20', 'maxsize', '100');
REPLACE INTO `question_properties` (`form_id`, `question_id`, `prop`, `value`) VALUES ('2aa03bafa2ce78b9b2e6a8f6ab6eb81d', '20', 'required', 'no');
REPLACE INTO `question_properties` (`form_id`, `question_id`, `prop`, `value`) VALUES ('2aa03bafa2ce78b9b2e6a8f6ab6eb81d', '20', 'senderemail', 'no');
REPLACE INTO `question_properties` (`form_id`, `question_id`, `prop`, `value`) VALUES ('2aa03bafa2ce78b9b2e6a8f6ab6eb81d', '20', 'size', '30');
REPLACE INTO `question_properties` (`form_id`, `question_id`, `prop`, `value`) VALUES ('2aa03bafa2ce78b9b2e6a8f6ab6eb81d', '20', 'text', 'Jawatan Pemohon');
REPLACE INTO `question_properties` (`form_id`, `question_id`, `prop`, `value`) VALUES ('2aa03bafa2ce78b9b2e6a8f6ab6eb81d', '20', 'validation', 'no');
REPLACE INTO `question_properties` (`form_id`, `question_id`, `prop`, `value`) VALUES ('2aa03bafa2ce78b9b2e6a8f6ab6eb81d', '21', 'desc', NULL);
REPLACE INTO `question_properties` (`form_id`, `question_id`, `prop`, `value`) VALUES ('2aa03bafa2ce78b9b2e6a8f6ab6eb81d', '21', 'maxsize', '100');
REPLACE INTO `question_properties` (`form_id`, `question_id`, `prop`, `value`) VALUES ('2aa03bafa2ce78b9b2e6a8f6ab6eb81d', '21', 'required', 'no');
REPLACE INTO `question_properties` (`form_id`, `question_id`, `prop`, `value`) VALUES ('2aa03bafa2ce78b9b2e6a8f6ab6eb81d', '21', 'senderemail', 'no');
REPLACE INTO `question_properties` (`form_id`, `question_id`, `prop`, `value`) VALUES ('2aa03bafa2ce78b9b2e6a8f6ab6eb81d', '21', 'size', '20');
REPLACE INTO `question_properties` (`form_id`, `question_id`, `prop`, `value`) VALUES ('2aa03bafa2ce78b9b2e6a8f6ab6eb81d', '21', 'text', 'Nombor Lot / PT');
REPLACE INTO `question_properties` (`form_id`, `question_id`, `prop`, `value`) VALUES ('2aa03bafa2ce78b9b2e6a8f6ab6eb81d', '21', 'validation', 'no');
REPLACE INTO `question_properties` (`form_id`, `question_id`, `prop`, `value`) VALUES ('2aa03bafa2ce78b9b2e6a8f6ab6eb81d', '22', 'desc', NULL);
REPLACE INTO `question_properties` (`form_id`, `question_id`, `prop`, `value`) VALUES ('2aa03bafa2ce78b9b2e6a8f6ab6eb81d', '22', 'options', 'Lelaki<br>Perempuan<br>');
REPLACE INTO `question_properties` (`form_id`, `question_id`, `prop`, `value`) VALUES ('2aa03bafa2ce78b9b2e6a8f6ab6eb81d', '22', 'required', 'yes');
REPLACE INTO `question_properties` (`form_id`, `question_id`, `prop`, `value`) VALUES ('2aa03bafa2ce78b9b2e6a8f6ab6eb81d', '22', 'size', '1');
REPLACE INTO `question_properties` (`form_id`, `question_id`, `prop`, `value`) VALUES ('2aa03bafa2ce78b9b2e6a8f6ab6eb81d', '22', 'special', 'none');
REPLACE INTO `question_properties` (`form_id`, `question_id`, `prop`, `value`) VALUES ('2aa03bafa2ce78b9b2e6a8f6ab6eb81d', '22', 'text', 'Jantina');
REPLACE INTO `question_properties` (`form_id`, `question_id`, `prop`, `value`) VALUES ('2aa03bafa2ce78b9b2e6a8f6ab6eb81d', '23', 'desc', NULL);
REPLACE INTO `question_properties` (`form_id`, `question_id`, `prop`, `value`) VALUES ('2aa03bafa2ce78b9b2e6a8f6ab6eb81d', '23', 'maxsize', '100');
REPLACE INTO `question_properties` (`form_id`, `question_id`, `prop`, `value`) VALUES ('2aa03bafa2ce78b9b2e6a8f6ab6eb81d', '23', 'required', 'yes');
REPLACE INTO `question_properties` (`form_id`, `question_id`, `prop`, `value`) VALUES ('2aa03bafa2ce78b9b2e6a8f6ab6eb81d', '23', 'senderemail', 'no');
REPLACE INTO `question_properties` (`form_id`, `question_id`, `prop`, `value`) VALUES ('2aa03bafa2ce78b9b2e6a8f6ab6eb81d', '23', 'size', '20');
REPLACE INTO `question_properties` (`form_id`, `question_id`, `prop`, `value`) VALUES ('2aa03bafa2ce78b9b2e6a8f6ab6eb81d', '23', 'text', 'No. Telefon (Rumah/tetap)');
REPLACE INTO `question_properties` (`form_id`, `question_id`, `prop`, `value`) VALUES ('2aa03bafa2ce78b9b2e6a8f6ab6eb81d', '23', 'validation', 'no');
REPLACE INTO `question_properties` (`form_id`, `question_id`, `prop`, `value`) VALUES ('2aa03bafa2ce78b9b2e6a8f6ab6eb81d', '24', 'desc', NULL);
REPLACE INTO `question_properties` (`form_id`, `question_id`, `prop`, `value`) VALUES ('2aa03bafa2ce78b9b2e6a8f6ab6eb81d', '24', 'options', 'Melayu<br>Cina<br>India<br>Lain-lain');
REPLACE INTO `question_properties` (`form_id`, `question_id`, `prop`, `value`) VALUES ('2aa03bafa2ce78b9b2e6a8f6ab6eb81d', '24', 'required', 'yes');
REPLACE INTO `question_properties` (`form_id`, `question_id`, `prop`, `value`) VALUES ('2aa03bafa2ce78b9b2e6a8f6ab6eb81d', '24', 'size', '1');
REPLACE INTO `question_properties` (`form_id`, `question_id`, `prop`, `value`) VALUES ('2aa03bafa2ce78b9b2e6a8f6ab6eb81d', '24', 'special', 'none');
REPLACE INTO `question_properties` (`form_id`, `question_id`, `prop`, `value`) VALUES ('2aa03bafa2ce78b9b2e6a8f6ab6eb81d', '24', 'text', 'Bangsa');
REPLACE INTO `question_properties` (`form_id`, `question_id`, `prop`, `value`) VALUES ('2aa03bafa2ce78b9b2e6a8f6ab6eb81d', '25', 'desc', NULL);
REPLACE INTO `question_properties` (`form_id`, `question_id`, `prop`, `value`) VALUES ('2aa03bafa2ce78b9b2e6a8f6ab6eb81d', '25', 'options', 'Bujang<br>Berkahwin<br>Lain-lain');
REPLACE INTO `question_properties` (`form_id`, `question_id`, `prop`, `value`) VALUES ('2aa03bafa2ce78b9b2e6a8f6ab6eb81d', '25', 'required', 'yes');
REPLACE INTO `question_properties` (`form_id`, `question_id`, `prop`, `value`) VALUES ('2aa03bafa2ce78b9b2e6a8f6ab6eb81d', '25', 'size', '1');
REPLACE INTO `question_properties` (`form_id`, `question_id`, `prop`, `value`) VALUES ('2aa03bafa2ce78b9b2e6a8f6ab6eb81d', '25', 'special', 'none');
REPLACE INTO `question_properties` (`form_id`, `question_id`, `prop`, `value`) VALUES ('2aa03bafa2ce78b9b2e6a8f6ab6eb81d', '25', 'text', 'Status Perkahwinan');
REPLACE INTO `question_properties` (`form_id`, `question_id`, `prop`, `value`) VALUES ('2aa03bafa2ce78b9b2e6a8f6ab6eb81d', '26', 'desc', NULL);
REPLACE INTO `question_properties` (`form_id`, `question_id`, `prop`, `value`) VALUES ('2aa03bafa2ce78b9b2e6a8f6ab6eb81d', '26', 'options', 'Warganegara<br>Bukan Warganegara');
REPLACE INTO `question_properties` (`form_id`, `question_id`, `prop`, `value`) VALUES ('2aa03bafa2ce78b9b2e6a8f6ab6eb81d', '26', 'required', 'yes');
REPLACE INTO `question_properties` (`form_id`, `question_id`, `prop`, `value`) VALUES ('2aa03bafa2ce78b9b2e6a8f6ab6eb81d', '26', 'size', '1');
REPLACE INTO `question_properties` (`form_id`, `question_id`, `prop`, `value`) VALUES ('2aa03bafa2ce78b9b2e6a8f6ab6eb81d', '26', 'special', 'none');
REPLACE INTO `question_properties` (`form_id`, `question_id`, `prop`, `value`) VALUES ('2aa03bafa2ce78b9b2e6a8f6ab6eb81d', '26', 'text', 'Warganegara');
REPLACE INTO `question_properties` (`form_id`, `question_id`, `prop`, `value`) VALUES ('2aa03bafa2ce78b9b2e6a8f6ab6eb81d', '27', 'text', '1. MAKLUMAT PEMOHON');
REPLACE INTO `question_properties` (`form_id`, `question_id`, `prop`, `value`) VALUES ('2aa03bafa2ce78b9b2e6a8f6ab6eb81d', '28', 'text', 'undefined');
REPLACE INTO `question_properties` (`form_id`, `question_id`, `prop`, `value`) VALUES ('2aa03bafa2ce78b9b2e6a8f6ab6eb81d', '28', 'value', NULL);
REPLACE INTO `question_properties` (`form_id`, `question_id`, `prop`, `value`) VALUES ('2aa03bafa2ce78b9b2e6a8f6ab6eb81d', '29', 'text', '2. PEKERJAAN');
REPLACE INTO `question_properties` (`form_id`, `question_id`, `prop`, `value`) VALUES ('2aa03bafa2ce78b9b2e6a8f6ab6eb81d', '30', 'text', 'undefined');
REPLACE INTO `question_properties` (`form_id`, `question_id`, `prop`, `value`) VALUES ('2aa03bafa2ce78b9b2e6a8f6ab6eb81d', '30', 'value', NULL);
REPLACE INTO `question_properties` (`form_id`, `question_id`, `prop`, `value`) VALUES ('2aa03bafa2ce78b9b2e6a8f6ab6eb81d', '31', 'desc', NULL);
REPLACE INTO `question_properties` (`form_id`, `question_id`, `prop`, `value`) VALUES ('2aa03bafa2ce78b9b2e6a8f6ab6eb81d', '31', 'options', 'RM6,500.00 ke atas<br>RM5,500.00 - RM6,499.00<br>RM4,500.00 - RM5,499.00<br>RM3,500.00 - RM4,499.00<br>RM3,000.00 - RM3,499.00<br>RM2,500.00 - RM2,999.00<br>RM2,000.00 - RM2,499.00<br>RM1,500.00 - RM1,999.00<br>RM1,200.00 - RM1,499.00<br>Bawah RM1,199.00');
REPLACE INTO `question_properties` (`form_id`, `question_id`, `prop`, `value`) VALUES ('2aa03bafa2ce78b9b2e6a8f6ab6eb81d', '31', 'required', 'yes');
REPLACE INTO `question_properties` (`form_id`, `question_id`, `prop`, `value`) VALUES ('2aa03bafa2ce78b9b2e6a8f6ab6eb81d', '31', 'size', '1');
REPLACE INTO `question_properties` (`form_id`, `question_id`, `prop`, `value`) VALUES ('2aa03bafa2ce78b9b2e6a8f6ab6eb81d', '31', 'special', 'none');
REPLACE INTO `question_properties` (`form_id`, `question_id`, `prop`, `value`) VALUES ('2aa03bafa2ce78b9b2e6a8f6ab6eb81d', '31', 'text', 'Pendapatan Bulanan');
REPLACE INTO `question_properties` (`form_id`, `question_id`, `prop`, `value`) VALUES ('2aa03bafa2ce78b9b2e6a8f6ab6eb81d', '32', 'cols', '36');
REPLACE INTO `question_properties` (`form_id`, `question_id`, `prop`, `value`) VALUES ('2aa03bafa2ce78b9b2e6a8f6ab6eb81d', '32', 'desc', NULL);
REPLACE INTO `question_properties` (`form_id`, `question_id`, `prop`, `value`) VALUES ('2aa03bafa2ce78b9b2e6a8f6ab6eb81d', '32', 'required', 'no');
REPLACE INTO `question_properties` (`form_id`, `question_id`, `prop`, `value`) VALUES ('2aa03bafa2ce78b9b2e6a8f6ab6eb81d', '32', 'rows', '8');
REPLACE INTO `question_properties` (`form_id`, `question_id`, `prop`, `value`) VALUES ('2aa03bafa2ce78b9b2e6a8f6ab6eb81d', '32', 'text', 'Alamat Majikan');
REPLACE INTO `question_properties` (`form_id`, `question_id`, `prop`, `value`) VALUES ('2aa03bafa2ce78b9b2e6a8f6ab6eb81d', '32', 'validation', 'no');
REPLACE INTO `question_properties` (`form_id`, `question_id`, `prop`, `value`) VALUES ('2aa03bafa2ce78b9b2e6a8f6ab6eb81d', '33', 'text', 'undefined');
REPLACE INTO `question_properties` (`form_id`, `question_id`, `prop`, `value`) VALUES ('2aa03bafa2ce78b9b2e6a8f6ab6eb81d', '33', 'value', NULL);
REPLACE INTO `question_properties` (`form_id`, `question_id`, `prop`, `value`) VALUES ('2aa03bafa2ce78b9b2e6a8f6ab6eb81d', '34', 'text', '3. JENIS LOT RUMAH / BANGUNAN YANG DIPOHON');
REPLACE INTO `question_properties` (`form_id`, `question_id`, `prop`, `value`) VALUES ('2aa03bafa2ce78b9b2e6a8f6ab6eb81d', '35', 'desc', NULL);
REPLACE INTO `question_properties` (`form_id`, `question_id`, `prop`, `value`) VALUES ('2aa03bafa2ce78b9b2e6a8f6ab6eb81d', '35', 'options', 'Tepi<br>Tengah');
REPLACE INTO `question_properties` (`form_id`, `question_id`, `prop`, `value`) VALUES ('2aa03bafa2ce78b9b2e6a8f6ab6eb81d', '35', 'required', 'yes');
REPLACE INTO `question_properties` (`form_id`, `question_id`, `prop`, `value`) VALUES ('2aa03bafa2ce78b9b2e6a8f6ab6eb81d', '35', 'size', '1');
REPLACE INTO `question_properties` (`form_id`, `question_id`, `prop`, `value`) VALUES ('2aa03bafa2ce78b9b2e6a8f6ab6eb81d', '35', 'special', 'none');
REPLACE INTO `question_properties` (`form_id`, `question_id`, `prop`, `value`) VALUES ('2aa03bafa2ce78b9b2e6a8f6ab6eb81d', '35', 'text', 'Jenis Lot');
REPLACE INTO `question_properties` (`form_id`, `question_id`, `prop`, `value`) VALUES ('2aa03bafa2ce78b9b2e6a8f6ab6eb81d', '36', 'text', 'undefined');
REPLACE INTO `question_properties` (`form_id`, `question_id`, `prop`, `value`) VALUES ('2aa03bafa2ce78b9b2e6a8f6ab6eb81d', '36', 'value', NULL);
REPLACE INTO `question_properties` (`form_id`, `question_id`, `prop`, `value`) VALUES ('2aa03bafa2ce78b9b2e6a8f6ab6eb81d', '37', 'text', '4. CARA PEMBAYARAN');
REPLACE INTO `question_properties` (`form_id`, `question_id`, `prop`, `value`) VALUES ('2aa03bafa2ce78b9b2e6a8f6ab6eb81d', '38', 'checked', 'no');
REPLACE INTO `question_properties` (`form_id`, `question_id`, `prop`, `value`) VALUES ('2aa03bafa2ce78b9b2e6a8f6ab6eb81d', '38', 'desc', NULL);
REPLACE INTO `question_properties` (`form_id`, `question_id`, `prop`, `value`) VALUES ('2aa03bafa2ce78b9b2e6a8f6ab6eb81d', '38', 'options', 'Institusi Kewangan / Bank<br>Kerajaan<br>Majikan<br>Tunai<br>Lain-lain');
REPLACE INTO `question_properties` (`form_id`, `question_id`, `prop`, `value`) VALUES ('2aa03bafa2ce78b9b2e6a8f6ab6eb81d', '38', 'required', 'yes');
REPLACE INTO `question_properties` (`form_id`, `question_id`, `prop`, `value`) VALUES ('2aa03bafa2ce78b9b2e6a8f6ab6eb81d', '38', 'text', 'Pinjaman Perumahan');
REPLACE INTO `question_properties` (`form_id`, `question_id`, `prop`, `value`) VALUES ('2aa03bafa2ce78b9b2e6a8f6ab6eb81d', '39', 'desc', NULL);
REPLACE INTO `question_properties` (`form_id`, `question_id`, `prop`, `value`) VALUES ('2aa03bafa2ce78b9b2e6a8f6ab6eb81d', '39', 'extensions', 'doc, docx, xls, xlsx, pdf, ppt, pptx, txt, html, htm, rtf, pps, ppsx, zip, tar, gzip, bzip, sit, dmg, jpg, jpeg, gif, png, asf, asx, flv, h264, mov, mp3, mp4, swf, wax, wma, wmv, wvx, wpl, xspf');
REPLACE INTO `question_properties` (`form_id`, `question_id`, `prop`, `value`) VALUES ('2aa03bafa2ce78b9b2e6a8f6ab6eb81d', '39', 'maxsize', '5000');
REPLACE INTO `question_properties` (`form_id`, `question_id`, `prop`, `value`) VALUES ('2aa03bafa2ce78b9b2e6a8f6ab6eb81d', '39', 'required', 'no');
REPLACE INTO `question_properties` (`form_id`, `question_id`, `prop`, `value`) VALUES ('2aa03bafa2ce78b9b2e6a8f6ab6eb81d', '39', 'text', 'Slip Gaji Terkini');
REPLACE INTO `question_properties` (`form_id`, `question_id`, `prop`, `value`) VALUES ('2aa03bafa2ce78b9b2e6a8f6ab6eb81d', '40', 'desc', NULL);
REPLACE INTO `question_properties` (`form_id`, `question_id`, `prop`, `value`) VALUES ('2aa03bafa2ce78b9b2e6a8f6ab6eb81d', '40', 'text', 'Pengesahan');
REPLACE INTO `question_properties` (`form_id`, `question_id`, `prop`, `value`) VALUES ('2aa03bafa2ce78b9b2e6a8f6ab6eb81d', '41', 'text', 'undefined');
REPLACE INTO `question_properties` (`form_id`, `question_id`, `prop`, `value`) VALUES ('2aa03bafa2ce78b9b2e6a8f6ab6eb81d', '41', 'value', NULL);
REPLACE INTO `question_properties` (`form_id`, `question_id`, `prop`, `value`) VALUES ('2aa03bafa2ce78b9b2e6a8f6ab6eb81d', '42', 'text', 'undefined');
REPLACE INTO `question_properties` (`form_id`, `question_id`, `prop`, `value`) VALUES ('2aa03bafa2ce78b9b2e6a8f6ab6eb81d', '42', 'value', NULL);
REPLACE INTO `question_properties` (`form_id`, `question_id`, `prop`, `value`) VALUES ('2aa03bafa2ce78b9b2e6a8f6ab6eb81d', '43', 'text', 'undefined');
REPLACE INTO `question_properties` (`form_id`, `question_id`, `prop`, `value`) VALUES ('2aa03bafa2ce78b9b2e6a8f6ab6eb81d', '43', 'value', NULL);
REPLACE INTO `question_properties` (`form_id`, `question_id`, `prop`, `value`) VALUES ('2aa03bafa2ce78b9b2e6a8f6ab6eb81d', '44', 'text', 'NOTA : [1. KOPERAT berhak menolak pendaftaran jika maklumat tidak lengkap / tepat.] [2. KOPERAT berhad membatalkan pendaftaran selepas 6 bulan tanpa notis.] [3. Harga adalah tertakluk kepada pindaan terakhir.]');
REPLACE INTO `question_properties` (`form_id`, `question_id`, `prop`, `value`) VALUES ('2aa03bafa2ce78b9b2e6a8f6ab6eb81d', '45', 'text', 'undefined');
REPLACE INTO `question_properties` (`form_id`, `question_id`, `prop`, `value`) VALUES ('2aa03bafa2ce78b9b2e6a8f6ab6eb81d', '999', 'alignment', 'default');
REPLACE INTO `question_properties` (`form_id`, `question_id`, `prop`, `value`) VALUES ('2aa03bafa2ce78b9b2e6a8f6ab6eb81d', '999', 'background', 'white');
REPLACE INTO `question_properties` (`form_id`, `question_id`, `prop`, `value`) VALUES ('2aa03bafa2ce78b9b2e6a8f6ab6eb81d', '999', 'conf_body', 'Thanks for submitting our form, we will get back to you as soon as possible.');
REPLACE INTO `question_properties` (`form_id`, `question_id`, `prop`, `value`) VALUES ('2aa03bafa2ce78b9b2e6a8f6ab6eb81d', '999', 'conf_send', 'no');
REPLACE INTO `question_properties` (`form_id`, `question_id`, `prop`, `value`) VALUES ('2aa03bafa2ce78b9b2e6a8f6ab6eb81d', '999', 'conf_subj', 'Borang TRB Fasa 2C');
REPLACE INTO `question_properties` (`form_id`, `question_id`, `prop`, `value`) VALUES ('2aa03bafa2ce78b9b2e6a8f6ab6eb81d', '999', 'disabled', 'Enabled');
REPLACE INTO `question_properties` (`form_id`, `question_id`, `prop`, `value`) VALUES ('2aa03bafa2ce78b9b2e6a8f6ab6eb81d', '999', 'email', 'yes');
REPLACE INTO `question_properties` (`form_id`, `question_id`, `prop`, `value`) VALUES ('2aa03bafa2ce78b9b2e6a8f6ab6eb81d', '999', 'email_addr', 'sales@koperat.com.my');
REPLACE INTO `question_properties` (`form_id`, `question_id`, `prop`, `value`) VALUES ('2aa03bafa2ce78b9b2e6a8f6ab6eb81d', '999', 'ext_sendpostdata', 'no');
REPLACE INTO `question_properties` (`form_id`, `question_id`, `prop`, `value`) VALUES ('2aa03bafa2ce78b9b2e6a8f6ab6eb81d', '999', 'font', 'Verdana');
REPLACE INTO `question_properties` (`form_id`, `question_id`, `prop`, `value`) VALUES ('2aa03bafa2ce78b9b2e6a8f6ab6eb81d', '999', 'fontcolor', '#48345a');
REPLACE INTO `question_properties` (`form_id`, `question_id`, `prop`, `value`) VALUES ('2aa03bafa2ce78b9b2e6a8f6ab6eb81d', '999', 'fontsize', '12');
REPLACE INTO `question_properties` (`form_id`, `question_id`, `prop`, `value`) VALUES ('2aa03bafa2ce78b9b2e6a8f6ab6eb81d', '999', 'not_subj', 'New Submission: {qForm Title}');
REPLACE INTO `question_properties` (`form_id`, `question_id`, `prop`, `value`) VALUES ('2aa03bafa2ce78b9b2e6a8f6ab6eb81d', '999', 'rvcolor', 'JF062.ini.php');
REPLACE INTO `question_properties` (`form_id`, `question_id`, `prop`, `value`) VALUES ('2aa03bafa2ce78b9b2e6a8f6ab6eb81d', '999', 'sendpostdata', 'yes');
REPLACE INTO `question_properties` (`form_id`, `question_id`, `prop`, `value`) VALUES ('2aa03bafa2ce78b9b2e6a8f6ab6eb81d', '999', 'spamcheck', 'Enabled');
REPLACE INTO `question_properties` (`form_id`, `question_id`, `prop`, `value`) VALUES ('2aa03bafa2ce78b9b2e6a8f6ab6eb81d', '999', 'thanktext', '<div>\n<div>\n<div>Terima kasih atas pengisian. Pihak KOPERAT akan memproses permohonan Anda.</div></div>\n<div>\n<div>&nbsp;</div></div>\n<div>\n<div>\n<div><br />\n<strong><font color=\"#ff00aa\">Sila hantarkan</font></strong> 2 salinan dokuken-dokumen berikut ke pejabat kami dengan segera;</div>\n<div>Sekiranya Permohonan Anda Berjaya.&nbsp; </div>\n<div>(Nyatakan Projek / Kategori Rumah yang dipohon)<br />\n<br />\n&nbsp;<br />\na) Salinan Kad Pengenalan.<br />\n&nbsp;<br />\nb) Slip Gaji 6 bulan terkini ( pinjaman Bank / Kerajaan ).<br />\n&nbsp;<br />\nc) Surat Pengesahan Jawatan ( pinjaman Bank )<br />\n&nbsp;<br />\nd) Surat Pengesahan Perkhidmatan ( pinjaman Kerajaan ).<br />\n&nbsp;<br />\ne) Surat Pengesahan Lantikan ( pinjaman Kerajaan ).<br />\n<br />f) Surat Iringan - mengikut format ( pinjaman Kerajaan ).<br />\n&nbsp;<br />\ng) Borang EA/Cukai Pendapatan LHDN beserta resit bayaran ( pinjaman Bank / Berniaga ).<br />\n&nbsp;<br />\nh) Salinan Penyata Akaun Bank 6 bulan terkini ( pinjaman Bank / Kerajaan / Berniaga ).<br />\n&nbsp;<br />\ni) Pendaftaran Perniagaan ( pinjaman Bank / Berniaga ).<br />\n&nbsp;<br />\nj) Penyata Bank Syarikat 6 bulan terkini ( pinjaman Bank / Berniaga ).<br />\n&nbsp;<br />\nk) Penyata KWSP terkini ( pinjaman Bank ).<br />\n<br />l) Lain-lain dokumen, jika berkaitan.<br />\n&nbsp;<br />\n<br /><br />\n* <strong><font color=\"#ff0000\">Sila Pastikan</font></strong> <u><font color=\"#aa00ff\">E-mail dan Maklumat</font></u> Anda Adalah Betul Untuk Penerimaan Maklumbalas Daripada KOPERAT.<br />\n&nbsp;<br />\n&nbsp;<br />\n<br />Makluman Lanjut Sila Hubungi, Hantar @ Fax kan Borang anda ke;<br />\n&nbsp;<br />\n<strong>KONSORTIUM PERUMAHAN RAKYAT TERENGGANU SDN. BHD.<br />\n</strong><br />\nWisma GPQ, Lot 4564, Tingkat 1 &amp; 2<br />\n<br />Desa MPKT, Chendering, 21080 Kuala Terengganu<br />\n<br />Tel : 09-617 3405 / 617 6405&nbsp;&nbsp;&nbsp; Fax : 09-617 7404<br />\n<br />Website : <a href=\"http://www.koperat.com.my/\" title=\"\" target=\"_blank\"><strong>www.koperat.com.my</strong></a><br />\n<br />Page : <strong><a href=\"http://www.facebook.com/pages/Koperat/197111670306770\" title=\"\" target=\"_blank\">facebook.com / koperat</a></strong><br />\n<br />Email : koperat96@gmail.com<br />\n&nbsp;<br />\n&nbsp; </div></div></div></div>');
REPLACE INTO `question_properties` (`form_id`, `question_id`, `prop`, `value`) VALUES ('2aa03bafa2ce78b9b2e6a8f6ab6eb81d', '999', 'theme', 'Default');
REPLACE INTO `question_properties` (`form_id`, `question_id`, `prop`, `value`) VALUES ('2aa03bafa2ce78b9b2e6a8f6ab6eb81d', '999', 'use_buildin_formmail', 'yes');
REPLACE INTO `question_properties` (`form_id`, `question_id`, `prop`, `value`) VALUES ('2aa03bafa2ce78b9b2e6a8f6ab6eb81d', '999', 'width', '100%');
REPLACE INTO `question_utf8` (`form_id`, `utf8format`) VALUES ('2aa03bafa2ce78b9b2e6a8f6ab6eb81d', '1');
REPLACE INTO `forms` (`id`, `username`, `title`, `height`, `status`) VALUES ('3d1e95d73da4de353dc77fc18661df04', 'a7ec09dce63b814be39611d58a2e3078', 'contact us', '1767', 'undefined');
REPLACE INTO `questions` (`form_id`, `id`, `order`, `type`) VALUES ('3d1e95d73da4de353dc77fc18661df04', '0', '8', 'control_textbox');
REPLACE INTO `questions` (`form_id`, `id`, `order`, `type`) VALUES ('3d1e95d73da4de353dc77fc18661df04', '1', '10', 'control_textbox');
REPLACE INTO `questions` (`form_id`, `id`, `order`, `type`) VALUES ('3d1e95d73da4de353dc77fc18661df04', '2', '17', 'control_textbox');
REPLACE INTO `questions` (`form_id`, `id`, `order`, `type`) VALUES ('3d1e95d73da4de353dc77fc18661df04', '7', '9', 'control_textarea');
REPLACE INTO `questions` (`form_id`, `id`, `order`, `type`) VALUES ('3d1e95d73da4de353dc77fc18661df04', '8', '39', 'control_button');
REPLACE INTO `questions` (`form_id`, `id`, `order`, `type`) VALUES ('3d1e95d73da4de353dc77fc18661df04', '12', '15', 'control_textbox');
REPLACE INTO `questions` (`form_id`, `id`, `order`, `type`) VALUES ('3d1e95d73da4de353dc77fc18661df04', '13', '1', 'control_head');
REPLACE INTO `questions` (`form_id`, `id`, `order`, `type`) VALUES ('3d1e95d73da4de353dc77fc18661df04', '14', '2', 'control_text');
REPLACE INTO `questions` (`form_id`, `id`, `order`, `type`) VALUES ('3d1e95d73da4de353dc77fc18661df04', '15', '3', 'control_text');
REPLACE INTO `questions` (`form_id`, `id`, `order`, `type`) VALUES ('3d1e95d73da4de353dc77fc18661df04', '16', '4', 'control_text');
REPLACE INTO `questions` (`form_id`, `id`, `order`, `type`) VALUES ('3d1e95d73da4de353dc77fc18661df04', '17', '5', 'control_text');
REPLACE INTO `questions` (`form_id`, `id`, `order`, `type`) VALUES ('3d1e95d73da4de353dc77fc18661df04', '18', '22', 'control_textbox');
REPLACE INTO `questions` (`form_id`, `id`, `order`, `type`) VALUES ('3d1e95d73da4de353dc77fc18661df04', '19', '24', 'control_textbox');
REPLACE INTO `questions` (`form_id`, `id`, `order`, `type`) VALUES ('3d1e95d73da4de353dc77fc18661df04', '20', '20', 'control_textbox');
REPLACE INTO `questions` (`form_id`, `id`, `order`, `type`) VALUES ('3d1e95d73da4de353dc77fc18661df04', '21', '28', 'control_textbox');
REPLACE INTO `questions` (`form_id`, `id`, `order`, `type`) VALUES ('3d1e95d73da4de353dc77fc18661df04', '22', '11', 'control_dropdown');
REPLACE INTO `questions` (`form_id`, `id`, `order`, `type`) VALUES ('3d1e95d73da4de353dc77fc18661df04', '23', '16', 'control_textbox');
REPLACE INTO `questions` (`form_id`, `id`, `order`, `type`) VALUES ('3d1e95d73da4de353dc77fc18661df04', '24', '12', 'control_dropdown');
REPLACE INTO `questions` (`form_id`, `id`, `order`, `type`) VALUES ('3d1e95d73da4de353dc77fc18661df04', '25', '14', 'control_dropdown');
REPLACE INTO `questions` (`form_id`, `id`, `order`, `type`) VALUES ('3d1e95d73da4de353dc77fc18661df04', '26', '13', 'control_dropdown');
REPLACE INTO `questions` (`form_id`, `id`, `order`, `type`) VALUES ('3d1e95d73da4de353dc77fc18661df04', '27', '7', 'control_text');
REPLACE INTO `questions` (`form_id`, `id`, `order`, `type`) VALUES ('3d1e95d73da4de353dc77fc18661df04', '28', '6', 'control_hidden');
REPLACE INTO `questions` (`form_id`, `id`, `order`, `type`) VALUES ('3d1e95d73da4de353dc77fc18661df04', '29', '19', 'control_text');
REPLACE INTO `questions` (`form_id`, `id`, `order`, `type`) VALUES ('3d1e95d73da4de353dc77fc18661df04', '30', '18', 'control_hidden');
REPLACE INTO `questions` (`form_id`, `id`, `order`, `type`) VALUES ('3d1e95d73da4de353dc77fc18661df04', '31', '21', 'control_dropdown');
REPLACE INTO `questions` (`form_id`, `id`, `order`, `type`) VALUES ('3d1e95d73da4de353dc77fc18661df04', '32', '23', 'control_textarea');
REPLACE INTO `questions` (`form_id`, `id`, `order`, `type`) VALUES ('3d1e95d73da4de353dc77fc18661df04', '33', '25', 'control_hidden');
REPLACE INTO `questions` (`form_id`, `id`, `order`, `type`) VALUES ('3d1e95d73da4de353dc77fc18661df04', '34', '26', 'control_text');
REPLACE INTO `questions` (`form_id`, `id`, `order`, `type`) VALUES ('3d1e95d73da4de353dc77fc18661df04', '35', '27', 'control_dropdown');
REPLACE INTO `questions` (`form_id`, `id`, `order`, `type`) VALUES ('3d1e95d73da4de353dc77fc18661df04', '36', '29', 'control_hidden');
REPLACE INTO `questions` (`form_id`, `id`, `order`, `type`) VALUES ('3d1e95d73da4de353dc77fc18661df04', '37', '30', 'control_text');
REPLACE INTO `questions` (`form_id`, `id`, `order`, `type`) VALUES ('3d1e95d73da4de353dc77fc18661df04', '38', '31', 'control_checkbox');
REPLACE INTO `questions` (`form_id`, `id`, `order`, `type`) VALUES ('3d1e95d73da4de353dc77fc18661df04', '39', '33', 'control_fileupload');
REPLACE INTO `questions` (`form_id`, `id`, `order`, `type`) VALUES ('3d1e95d73da4de353dc77fc18661df04', '40', '37', 'control_captcha');
REPLACE INTO `questions` (`form_id`, `id`, `order`, `type`) VALUES ('3d1e95d73da4de353dc77fc18661df04', '41', '32', 'control_hidden');
REPLACE INTO `questions` (`form_id`, `id`, `order`, `type`) VALUES ('3d1e95d73da4de353dc77fc18661df04', '42', '34', 'control_hidden');
REPLACE INTO `questions` (`form_id`, `id`, `order`, `type`) VALUES ('3d1e95d73da4de353dc77fc18661df04', '43', '38', 'control_hidden');
REPLACE INTO `questions` (`form_id`, `id`, `order`, `type`) VALUES ('3d1e95d73da4de353dc77fc18661df04', '44', '35', 'control_text');
REPLACE INTO `questions` (`form_id`, `id`, `order`, `type`) VALUES ('3d1e95d73da4de353dc77fc18661df04', '45', '36', 'control_hidden');
REPLACE INTO `question_properties` (`form_id`, `question_id`, `prop`, `value`) VALUES ('3d1e95d73da4de353dc77fc18661df04', '0', 'desc', NULL);
REPLACE INTO `question_properties` (`form_id`, `question_id`, `prop`, `value`) VALUES ('3d1e95d73da4de353dc77fc18661df04', '0', 'maxsize', '100');
REPLACE INTO `question_properties` (`form_id`, `question_id`, `prop`, `value`) VALUES ('3d1e95d73da4de353dc77fc18661df04', '0', 'required', 'yes');
REPLACE INTO `question_properties` (`form_id`, `question_id`, `prop`, `value`) VALUES ('3d1e95d73da4de353dc77fc18661df04', '0', 'senderemail', 'no');
REPLACE INTO `question_properties` (`form_id`, `question_id`, `prop`, `value`) VALUES ('3d1e95d73da4de353dc77fc18661df04', '0', 'size', '48');
REPLACE INTO `question_properties` (`form_id`, `question_id`, `prop`, `value`) VALUES ('3d1e95d73da4de353dc77fc18661df04', '0', 'text', 'Nama Penuh');
REPLACE INTO `question_properties` (`form_id`, `question_id`, `prop`, `value`) VALUES ('3d1e95d73da4de353dc77fc18661df04', '0', 'validation', 'no');
REPLACE INTO `question_properties` (`form_id`, `question_id`, `prop`, `value`) VALUES ('3d1e95d73da4de353dc77fc18661df04', '1', 'desc', NULL);
REPLACE INTO `question_properties` (`form_id`, `question_id`, `prop`, `value`) VALUES ('3d1e95d73da4de353dc77fc18661df04', '1', 'maxsize', '100');
REPLACE INTO `question_properties` (`form_id`, `question_id`, `prop`, `value`) VALUES ('3d1e95d73da4de353dc77fc18661df04', '1', 'required', 'yes');
REPLACE INTO `question_properties` (`form_id`, `question_id`, `prop`, `value`) VALUES ('3d1e95d73da4de353dc77fc18661df04', '1', 'senderemail', 'no');
REPLACE INTO `question_properties` (`form_id`, `question_id`, `prop`, `value`) VALUES ('3d1e95d73da4de353dc77fc18661df04', '1', 'size', '20');
REPLACE INTO `question_properties` (`form_id`, `question_id`, `prop`, `value`) VALUES ('3d1e95d73da4de353dc77fc18661df04', '1', 'text', 'No. K/P Pengenalan');
REPLACE INTO `question_properties` (`form_id`, `question_id`, `prop`, `value`) VALUES ('3d1e95d73da4de353dc77fc18661df04', '1', 'validation', 'no');
REPLACE INTO `question_properties` (`form_id`, `question_id`, `prop`, `value`) VALUES ('3d1e95d73da4de353dc77fc18661df04', '2', 'desc', NULL);
REPLACE INTO `question_properties` (`form_id`, `question_id`, `prop`, `value`) VALUES ('3d1e95d73da4de353dc77fc18661df04', '2', 'maxsize', '100');
REPLACE INTO `question_properties` (`form_id`, `question_id`, `prop`, `value`) VALUES ('3d1e95d73da4de353dc77fc18661df04', '2', 'required', 'yes');
REPLACE INTO `question_properties` (`form_id`, `question_id`, `prop`, `value`) VALUES ('3d1e95d73da4de353dc77fc18661df04', '2', 'senderemail', 'no');
REPLACE INTO `question_properties` (`form_id`, `question_id`, `prop`, `value`) VALUES ('3d1e95d73da4de353dc77fc18661df04', '2', 'size', '30');
REPLACE INTO `question_properties` (`form_id`, `question_id`, `prop`, `value`) VALUES ('3d1e95d73da4de353dc77fc18661df04', '2', 'text', 'E-mail');
REPLACE INTO `question_properties` (`form_id`, `question_id`, `prop`, `value`) VALUES ('3d1e95d73da4de353dc77fc18661df04', '2', 'validation', 'Email');
REPLACE INTO `question_properties` (`form_id`, `question_id`, `prop`, `value`) VALUES ('3d1e95d73da4de353dc77fc18661df04', '7', 'cols', '36');
REPLACE INTO `question_properties` (`form_id`, `question_id`, `prop`, `value`) VALUES ('3d1e95d73da4de353dc77fc18661df04', '7', 'desc', NULL);
REPLACE INTO `question_properties` (`form_id`, `question_id`, `prop`, `value`) VALUES ('3d1e95d73da4de353dc77fc18661df04', '7', 'required', 'yes');
REPLACE INTO `question_properties` (`form_id`, `question_id`, `prop`, `value`) VALUES ('3d1e95d73da4de353dc77fc18661df04', '7', 'rows', '8');
REPLACE INTO `question_properties` (`form_id`, `question_id`, `prop`, `value`) VALUES ('3d1e95d73da4de353dc77fc18661df04', '7', 'text', 'Alamat Penuh');
REPLACE INTO `question_properties` (`form_id`, `question_id`, `prop`, `value`) VALUES ('3d1e95d73da4de353dc77fc18661df04', '7', 'validation', 'no');
REPLACE INTO `question_properties` (`form_id`, `question_id`, `prop`, `value`) VALUES ('3d1e95d73da4de353dc77fc18661df04', '8', 'clear', 'no');
REPLACE INTO `question_properties` (`form_id`, `question_id`, `prop`, `value`) VALUES ('3d1e95d73da4de353dc77fc18661df04', '8', 'resettext', 'clear');
REPLACE INTO `question_properties` (`form_id`, `question_id`, `prop`, `value`) VALUES ('3d1e95d73da4de353dc77fc18661df04', '8', 'submittext', 'Hantar');
REPLACE INTO `question_properties` (`form_id`, `question_id`, `prop`, `value`) VALUES ('3d1e95d73da4de353dc77fc18661df04', '8', 'text', NULL);
REPLACE INTO `question_properties` (`form_id`, `question_id`, `prop`, `value`) VALUES ('3d1e95d73da4de353dc77fc18661df04', '12', 'desc', NULL);
REPLACE INTO `question_properties` (`form_id`, `question_id`, `prop`, `value`) VALUES ('3d1e95d73da4de353dc77fc18661df04', '12', 'maxsize', '100');
REPLACE INTO `question_properties` (`form_id`, `question_id`, `prop`, `value`) VALUES ('3d1e95d73da4de353dc77fc18661df04', '12', 'required', 'yes');
REPLACE INTO `question_properties` (`form_id`, `question_id`, `prop`, `value`) VALUES ('3d1e95d73da4de353dc77fc18661df04', '12', 'senderemail', 'no');
REPLACE INTO `question_properties` (`form_id`, `question_id`, `prop`, `value`) VALUES ('3d1e95d73da4de353dc77fc18661df04', '12', 'size', '20');
REPLACE INTO `question_properties` (`form_id`, `question_id`, `prop`, `value`) VALUES ('3d1e95d73da4de353dc77fc18661df04', '12', 'text', 'No. Telefon (HandPhone)');
REPLACE INTO `question_properties` (`form_id`, `question_id`, `prop`, `value`) VALUES ('3d1e95d73da4de353dc77fc18661df04', '12', 'validation', 'no');
REPLACE INTO `question_properties` (`form_id`, `question_id`, `prop`, `value`) VALUES ('3d1e95d73da4de353dc77fc18661df04', '13', 'text', 'TAMAN RAKYAT HARMONI');
REPLACE INTO `question_properties` (`form_id`, `question_id`, `prop`, `value`) VALUES ('3d1e95d73da4de353dc77fc18661df04', '14', 'text', 'TAMAN RAKYAT HARMONI, JABI');
REPLACE INTO `question_properties` (`form_id`, `question_id`, `prop`, `value`) VALUES ('3d1e95d73da4de353dc77fc18661df04', '15', 'text', 'BESUT, KUALA TERENGGANU');
REPLACE INTO `question_properties` (`form_id`, `question_id`, `prop`, `value`) VALUES ('3d1e95d73da4de353dc77fc18661df04', '16', 'text', 'RUMAH KEDAI 2 TINGKAT - FASA III');
REPLACE INTO `question_properties` (`form_id`, `question_id`, `prop`, `value`) VALUES ('3d1e95d73da4de353dc77fc18661df04', '17', 'text', '[ RM 345,400.00 dan ke atas / unit (bergantung kepada keluasan tanah) ]');
REPLACE INTO `question_properties` (`form_id`, `question_id`, `prop`, `value`) VALUES ('3d1e95d73da4de353dc77fc18661df04', '18', 'desc', NULL);
REPLACE INTO `question_properties` (`form_id`, `question_id`, `prop`, `value`) VALUES ('3d1e95d73da4de353dc77fc18661df04', '18', 'maxsize', '100');
REPLACE INTO `question_properties` (`form_id`, `question_id`, `prop`, `value`) VALUES ('3d1e95d73da4de353dc77fc18661df04', '18', 'required', 'no');
REPLACE INTO `question_properties` (`form_id`, `question_id`, `prop`, `value`) VALUES ('3d1e95d73da4de353dc77fc18661df04', '18', 'senderemail', 'no');
REPLACE INTO `question_properties` (`form_id`, `question_id`, `prop`, `value`) VALUES ('3d1e95d73da4de353dc77fc18661df04', '18', 'size', '48');
REPLACE INTO `question_properties` (`form_id`, `question_id`, `prop`, `value`) VALUES ('3d1e95d73da4de353dc77fc18661df04', '18', 'text', 'Nama Majikan');
REPLACE INTO `question_properties` (`form_id`, `question_id`, `prop`, `value`) VALUES ('3d1e95d73da4de353dc77fc18661df04', '18', 'validation', 'no');
REPLACE INTO `question_properties` (`form_id`, `question_id`, `prop`, `value`) VALUES ('3d1e95d73da4de353dc77fc18661df04', '19', 'desc', NULL);
REPLACE INTO `question_properties` (`form_id`, `question_id`, `prop`, `value`) VALUES ('3d1e95d73da4de353dc77fc18661df04', '19', 'maxsize', '100');
REPLACE INTO `question_properties` (`form_id`, `question_id`, `prop`, `value`) VALUES ('3d1e95d73da4de353dc77fc18661df04', '19', 'required', 'no');
REPLACE INTO `question_properties` (`form_id`, `question_id`, `prop`, `value`) VALUES ('3d1e95d73da4de353dc77fc18661df04', '19', 'senderemail', 'no');
REPLACE INTO `question_properties` (`form_id`, `question_id`, `prop`, `value`) VALUES ('3d1e95d73da4de353dc77fc18661df04', '19', 'size', '20');
REPLACE INTO `question_properties` (`form_id`, `question_id`, `prop`, `value`) VALUES ('3d1e95d73da4de353dc77fc18661df04', '19', 'text', 'No. Telefon Pejabat');
REPLACE INTO `question_properties` (`form_id`, `question_id`, `prop`, `value`) VALUES ('3d1e95d73da4de353dc77fc18661df04', '19', 'validation', 'no');
REPLACE INTO `question_properties` (`form_id`, `question_id`, `prop`, `value`) VALUES ('3d1e95d73da4de353dc77fc18661df04', '20', 'desc', NULL);
REPLACE INTO `question_properties` (`form_id`, `question_id`, `prop`, `value`) VALUES ('3d1e95d73da4de353dc77fc18661df04', '20', 'maxsize', '100');
REPLACE INTO `question_properties` (`form_id`, `question_id`, `prop`, `value`) VALUES ('3d1e95d73da4de353dc77fc18661df04', '20', 'required', 'no');
REPLACE INTO `question_properties` (`form_id`, `question_id`, `prop`, `value`) VALUES ('3d1e95d73da4de353dc77fc18661df04', '20', 'senderemail', 'no');
REPLACE INTO `question_properties` (`form_id`, `question_id`, `prop`, `value`) VALUES ('3d1e95d73da4de353dc77fc18661df04', '20', 'size', '30');
REPLACE INTO `question_properties` (`form_id`, `question_id`, `prop`, `value`) VALUES ('3d1e95d73da4de353dc77fc18661df04', '20', 'text', 'Jawatan Pemohon');
REPLACE INTO `question_properties` (`form_id`, `question_id`, `prop`, `value`) VALUES ('3d1e95d73da4de353dc77fc18661df04', '20', 'validation', 'no');
REPLACE INTO `question_properties` (`form_id`, `question_id`, `prop`, `value`) VALUES ('3d1e95d73da4de353dc77fc18661df04', '21', 'desc', NULL);
REPLACE INTO `question_properties` (`form_id`, `question_id`, `prop`, `value`) VALUES ('3d1e95d73da4de353dc77fc18661df04', '21', 'maxsize', '100');
REPLACE INTO `question_properties` (`form_id`, `question_id`, `prop`, `value`) VALUES ('3d1e95d73da4de353dc77fc18661df04', '21', 'required', 'no');
REPLACE INTO `question_properties` (`form_id`, `question_id`, `prop`, `value`) VALUES ('3d1e95d73da4de353dc77fc18661df04', '21', 'senderemail', 'no');
REPLACE INTO `question_properties` (`form_id`, `question_id`, `prop`, `value`) VALUES ('3d1e95d73da4de353dc77fc18661df04', '21', 'size', '20');
REPLACE INTO `question_properties` (`form_id`, `question_id`, `prop`, `value`) VALUES ('3d1e95d73da4de353dc77fc18661df04', '21', 'text', 'Nombor Lot / PT');
REPLACE INTO `question_properties` (`form_id`, `question_id`, `prop`, `value`) VALUES ('3d1e95d73da4de353dc77fc18661df04', '21', 'validation', 'no');
REPLACE INTO `question_properties` (`form_id`, `question_id`, `prop`, `value`) VALUES ('3d1e95d73da4de353dc77fc18661df04', '22', 'desc', NULL);
REPLACE INTO `question_properties` (`form_id`, `question_id`, `prop`, `value`) VALUES ('3d1e95d73da4de353dc77fc18661df04', '22', 'options', 'Lelaki<br>Perempuan<br>');
REPLACE INTO `question_properties` (`form_id`, `question_id`, `prop`, `value`) VALUES ('3d1e95d73da4de353dc77fc18661df04', '22', 'required', 'yes');
REPLACE INTO `question_properties` (`form_id`, `question_id`, `prop`, `value`) VALUES ('3d1e95d73da4de353dc77fc18661df04', '22', 'size', '1');
REPLACE INTO `question_properties` (`form_id`, `question_id`, `prop`, `value`) VALUES ('3d1e95d73da4de353dc77fc18661df04', '22', 'special', 'none');
REPLACE INTO `question_properties` (`form_id`, `question_id`, `prop`, `value`) VALUES ('3d1e95d73da4de353dc77fc18661df04', '22', 'text', 'Jantina');
REPLACE INTO `question_properties` (`form_id`, `question_id`, `prop`, `value`) VALUES ('3d1e95d73da4de353dc77fc18661df04', '23', 'desc', NULL);
REPLACE INTO `question_properties` (`form_id`, `question_id`, `prop`, `value`) VALUES ('3d1e95d73da4de353dc77fc18661df04', '23', 'maxsize', '100');
REPLACE INTO `question_properties` (`form_id`, `question_id`, `prop`, `value`) VALUES ('3d1e95d73da4de353dc77fc18661df04', '23', 'required', 'yes');
REPLACE INTO `question_properties` (`form_id`, `question_id`, `prop`, `value`) VALUES ('3d1e95d73da4de353dc77fc18661df04', '23', 'senderemail', 'no');
REPLACE INTO `question_properties` (`form_id`, `question_id`, `prop`, `value`) VALUES ('3d1e95d73da4de353dc77fc18661df04', '23', 'size', '20');
REPLACE INTO `question_properties` (`form_id`, `question_id`, `prop`, `value`) VALUES ('3d1e95d73da4de353dc77fc18661df04', '23', 'text', 'No. Telefon (Rumah/tetap)');
REPLACE INTO `question_properties` (`form_id`, `question_id`, `prop`, `value`) VALUES ('3d1e95d73da4de353dc77fc18661df04', '23', 'validation', 'no');
REPLACE INTO `question_properties` (`form_id`, `question_id`, `prop`, `value`) VALUES ('3d1e95d73da4de353dc77fc18661df04', '24', 'desc', NULL);
REPLACE INTO `question_properties` (`form_id`, `question_id`, `prop`, `value`) VALUES ('3d1e95d73da4de353dc77fc18661df04', '24', 'options', 'Melayu<br>Cina<br>India<br>Lain-lain');
REPLACE INTO `question_properties` (`form_id`, `question_id`, `prop`, `value`) VALUES ('3d1e95d73da4de353dc77fc18661df04', '24', 'required', 'yes');
REPLACE INTO `question_properties` (`form_id`, `question_id`, `prop`, `value`) VALUES ('3d1e95d73da4de353dc77fc18661df04', '24', 'size', '1');
REPLACE INTO `question_properties` (`form_id`, `question_id`, `prop`, `value`) VALUES ('3d1e95d73da4de353dc77fc18661df04', '24', 'special', 'none');
REPLACE INTO `question_properties` (`form_id`, `question_id`, `prop`, `value`) VALUES ('3d1e95d73da4de353dc77fc18661df04', '24', 'text', 'Bangsa');
REPLACE INTO `question_properties` (`form_id`, `question_id`, `prop`, `value`) VALUES ('3d1e95d73da4de353dc77fc18661df04', '25', 'desc', NULL);
REPLACE INTO `question_properties` (`form_id`, `question_id`, `prop`, `value`) VALUES ('3d1e95d73da4de353dc77fc18661df04', '25', 'options', 'Bujang<br>Berkahwin<br>Lain-lain');
REPLACE INTO `question_properties` (`form_id`, `question_id`, `prop`, `value`) VALUES ('3d1e95d73da4de353dc77fc18661df04', '25', 'required', 'yes');
REPLACE INTO `question_properties` (`form_id`, `question_id`, `prop`, `value`) VALUES ('3d1e95d73da4de353dc77fc18661df04', '25', 'size', '1');
REPLACE INTO `question_properties` (`form_id`, `question_id`, `prop`, `value`) VALUES ('3d1e95d73da4de353dc77fc18661df04', '25', 'special', 'none');
REPLACE INTO `question_properties` (`form_id`, `question_id`, `prop`, `value`) VALUES ('3d1e95d73da4de353dc77fc18661df04', '25', 'text', 'Status Perkahwinan');
REPLACE INTO `question_properties` (`form_id`, `question_id`, `prop`, `value`) VALUES ('3d1e95d73da4de353dc77fc18661df04', '26', 'desc', NULL);
REPLACE INTO `question_properties` (`form_id`, `question_id`, `prop`, `value`) VALUES ('3d1e95d73da4de353dc77fc18661df04', '26', 'options', 'Warganegara<br>Bukan Warganegara');
REPLACE INTO `question_properties` (`form_id`, `question_id`, `prop`, `value`) VALUES ('3d1e95d73da4de353dc77fc18661df04', '26', 'required', 'yes');
REPLACE INTO `question_properties` (`form_id`, `question_id`, `prop`, `value`) VALUES ('3d1e95d73da4de353dc77fc18661df04', '26', 'size', '1');
REPLACE INTO `question_properties` (`form_id`, `question_id`, `prop`, `value`) VALUES ('3d1e95d73da4de353dc77fc18661df04', '26', 'special', 'none');
REPLACE INTO `question_properties` (`form_id`, `question_id`, `prop`, `value`) VALUES ('3d1e95d73da4de353dc77fc18661df04', '26', 'text', 'Warganegara');
REPLACE INTO `question_properties` (`form_id`, `question_id`, `prop`, `value`) VALUES ('3d1e95d73da4de353dc77fc18661df04', '27', 'text', '1. MAKLUMAT PEMOHON');
REPLACE INTO `question_properties` (`form_id`, `question_id`, `prop`, `value`) VALUES ('3d1e95d73da4de353dc77fc18661df04', '28', 'text', 'undefined');
REPLACE INTO `question_properties` (`form_id`, `question_id`, `prop`, `value`) VALUES ('3d1e95d73da4de353dc77fc18661df04', '28', 'value', NULL);
REPLACE INTO `question_properties` (`form_id`, `question_id`, `prop`, `value`) VALUES ('3d1e95d73da4de353dc77fc18661df04', '29', 'text', '2. PEKERJAAN');
REPLACE INTO `question_properties` (`form_id`, `question_id`, `prop`, `value`) VALUES ('3d1e95d73da4de353dc77fc18661df04', '30', 'text', 'undefined');
REPLACE INTO `question_properties` (`form_id`, `question_id`, `prop`, `value`) VALUES ('3d1e95d73da4de353dc77fc18661df04', '30', 'value', NULL);
REPLACE INTO `question_properties` (`form_id`, `question_id`, `prop`, `value`) VALUES ('3d1e95d73da4de353dc77fc18661df04', '31', 'desc', NULL);
REPLACE INTO `question_properties` (`form_id`, `question_id`, `prop`, `value`) VALUES ('3d1e95d73da4de353dc77fc18661df04', '31', 'options', 'RM6,500.00 ke atas<br>RM5,500.00 - RM6,499.00<br>RM4,500.00 - RM5,499.00<br>RM3,500.00 - RM4,499.00<br>RM3,000.00 - RM3,499.00<br>RM2,500.00 - RM2,999.00<br>RM2,000.00 - RM2,499.00<br>RM1,500.00 - RM1,999.00<br>RM1,200.00 - RM1,499.00<br>Bawah RM1,199.00');
REPLACE INTO `question_properties` (`form_id`, `question_id`, `prop`, `value`) VALUES ('3d1e95d73da4de353dc77fc18661df04', '31', 'required', 'yes');
REPLACE INTO `question_properties` (`form_id`, `question_id`, `prop`, `value`) VALUES ('3d1e95d73da4de353dc77fc18661df04', '31', 'size', '1');
REPLACE INTO `question_properties` (`form_id`, `question_id`, `prop`, `value`) VALUES ('3d1e95d73da4de353dc77fc18661df04', '31', 'special', 'none');
REPLACE INTO `question_properties` (`form_id`, `question_id`, `prop`, `value`) VALUES ('3d1e95d73da4de353dc77fc18661df04', '31', 'text', 'Pendapatan Bulanan');
REPLACE INTO `question_properties` (`form_id`, `question_id`, `prop`, `value`) VALUES ('3d1e95d73da4de353dc77fc18661df04', '32', 'cols', '36');
REPLACE INTO `question_properties` (`form_id`, `question_id`, `prop`, `value`) VALUES ('3d1e95d73da4de353dc77fc18661df04', '32', 'desc', NULL);
REPLACE INTO `question_properties` (`form_id`, `question_id`, `prop`, `value`) VALUES ('3d1e95d73da4de353dc77fc18661df04', '32', 'required', 'no');
REPLACE INTO `question_properties` (`form_id`, `question_id`, `prop`, `value`) VALUES ('3d1e95d73da4de353dc77fc18661df04', '32', 'rows', '8');
REPLACE INTO `question_properties` (`form_id`, `question_id`, `prop`, `value`) VALUES ('3d1e95d73da4de353dc77fc18661df04', '32', 'text', 'Alamat Majikan');
REPLACE INTO `question_properties` (`form_id`, `question_id`, `prop`, `value`) VALUES ('3d1e95d73da4de353dc77fc18661df04', '32', 'validation', 'no');
REPLACE INTO `question_properties` (`form_id`, `question_id`, `prop`, `value`) VALUES ('3d1e95d73da4de353dc77fc18661df04', '33', 'text', 'undefined');
REPLACE INTO `question_properties` (`form_id`, `question_id`, `prop`, `value`) VALUES ('3d1e95d73da4de353dc77fc18661df04', '33', 'value', NULL);
REPLACE INTO `question_properties` (`form_id`, `question_id`, `prop`, `value`) VALUES ('3d1e95d73da4de353dc77fc18661df04', '34', 'text', '3. JENIS LOT RUMAH / BANGUNAN YANG DIPOHON');
REPLACE INTO `question_properties` (`form_id`, `question_id`, `prop`, `value`) VALUES ('3d1e95d73da4de353dc77fc18661df04', '35', 'desc', NULL);
REPLACE INTO `question_properties` (`form_id`, `question_id`, `prop`, `value`) VALUES ('3d1e95d73da4de353dc77fc18661df04', '35', 'options', 'Tepi<br>Tengah<br>Hujung');
REPLACE INTO `question_properties` (`form_id`, `question_id`, `prop`, `value`) VALUES ('3d1e95d73da4de353dc77fc18661df04', '35', 'required', 'yes');
REPLACE INTO `question_properties` (`form_id`, `question_id`, `prop`, `value`) VALUES ('3d1e95d73da4de353dc77fc18661df04', '35', 'size', '1');
REPLACE INTO `question_properties` (`form_id`, `question_id`, `prop`, `value`) VALUES ('3d1e95d73da4de353dc77fc18661df04', '35', 'special', 'none');
REPLACE INTO `question_properties` (`form_id`, `question_id`, `prop`, `value`) VALUES ('3d1e95d73da4de353dc77fc18661df04', '35', 'text', 'Jenis Lot');
REPLACE INTO `question_properties` (`form_id`, `question_id`, `prop`, `value`) VALUES ('3d1e95d73da4de353dc77fc18661df04', '36', 'text', 'undefined');
REPLACE INTO `question_properties` (`form_id`, `question_id`, `prop`, `value`) VALUES ('3d1e95d73da4de353dc77fc18661df04', '36', 'value', NULL);
REPLACE INTO `question_properties` (`form_id`, `question_id`, `prop`, `value`) VALUES ('3d1e95d73da4de353dc77fc18661df04', '37', 'text', '4. CARA PEMBAYARAN');
REPLACE INTO `question_properties` (`form_id`, `question_id`, `prop`, `value`) VALUES ('3d1e95d73da4de353dc77fc18661df04', '38', 'checked', 'no');
REPLACE INTO `question_properties` (`form_id`, `question_id`, `prop`, `value`) VALUES ('3d1e95d73da4de353dc77fc18661df04', '38', 'desc', NULL);
REPLACE INTO `question_properties` (`form_id`, `question_id`, `prop`, `value`) VALUES ('3d1e95d73da4de353dc77fc18661df04', '38', 'options', 'Institusi Kewangan / Bank<br>Kerajaan<br>Majikan<br>Tunai<br>Lain-lain');
REPLACE INTO `question_properties` (`form_id`, `question_id`, `prop`, `value`) VALUES ('3d1e95d73da4de353dc77fc18661df04', '38', 'required', 'yes');
REPLACE INTO `question_properties` (`form_id`, `question_id`, `prop`, `value`) VALUES ('3d1e95d73da4de353dc77fc18661df04', '38', 'text', 'Pinjaman Perumahan');
REPLACE INTO `question_properties` (`form_id`, `question_id`, `prop`, `value`) VALUES ('3d1e95d73da4de353dc77fc18661df04', '39', 'desc', NULL);
REPLACE INTO `question_properties` (`form_id`, `question_id`, `prop`, `value`) VALUES ('3d1e95d73da4de353dc77fc18661df04', '39', 'extensions', 'doc, docx, xls, xlsx, pdf, ppt, pptx, txt, html, htm, rtf, pps, ppsx, zip, tar, gzip, bzip, sit, dmg, jpg, jpeg, gif, png, asf, asx, flv, h264, mov, mp3, mp4, swf, wax, wma, wmv, wvx, wpl, xspf');
REPLACE INTO `question_properties` (`form_id`, `question_id`, `prop`, `value`) VALUES ('3d1e95d73da4de353dc77fc18661df04', '39', 'maxsize', '5000');
REPLACE INTO `question_properties` (`form_id`, `question_id`, `prop`, `value`) VALUES ('3d1e95d73da4de353dc77fc18661df04', '39', 'required', 'no');
REPLACE INTO `question_properties` (`form_id`, `question_id`, `prop`, `value`) VALUES ('3d1e95d73da4de353dc77fc18661df04', '39', 'text', 'Slip Gaji Terkini');
REPLACE INTO `question_properties` (`form_id`, `question_id`, `prop`, `value`) VALUES ('3d1e95d73da4de353dc77fc18661df04', '40', 'desc', NULL);
REPLACE INTO `question_properties` (`form_id`, `question_id`, `prop`, `value`) VALUES ('3d1e95d73da4de353dc77fc18661df04', '40', 'text', 'Pengesahan');
REPLACE INTO `question_properties` (`form_id`, `question_id`, `prop`, `value`) VALUES ('3d1e95d73da4de353dc77fc18661df04', '41', 'text', 'undefined');
REPLACE INTO `question_properties` (`form_id`, `question_id`, `prop`, `value`) VALUES ('3d1e95d73da4de353dc77fc18661df04', '41', 'value', NULL);
REPLACE INTO `question_properties` (`form_id`, `question_id`, `prop`, `value`) VALUES ('3d1e95d73da4de353dc77fc18661df04', '42', 'text', 'undefined');
REPLACE INTO `question_properties` (`form_id`, `question_id`, `prop`, `value`) VALUES ('3d1e95d73da4de353dc77fc18661df04', '42', 'value', NULL);
REPLACE INTO `question_properties` (`form_id`, `question_id`, `prop`, `value`) VALUES ('3d1e95d73da4de353dc77fc18661df04', '43', 'text', 'undefined');
REPLACE INTO `question_properties` (`form_id`, `question_id`, `prop`, `value`) VALUES ('3d1e95d73da4de353dc77fc18661df04', '43', 'value', NULL);
REPLACE INTO `question_properties` (`form_id`, `question_id`, `prop`, `value`) VALUES ('3d1e95d73da4de353dc77fc18661df04', '44', 'text', 'NOTA : [1. KOPERAT berhak menolak pendaftaran jika maklumat tidak lengkap / tepat.] [2. KOPERAT berhad membatalkan pendaftaran selepas 6 bulan tanpa notis.] [3. Harga adalah tertakluk kepada pindaan terakhir.]');
REPLACE INTO `question_properties` (`form_id`, `question_id`, `prop`, `value`) VALUES ('3d1e95d73da4de353dc77fc18661df04', '45', 'text', 'undefined');
REPLACE INTO `question_properties` (`form_id`, `question_id`, `prop`, `value`) VALUES ('3d1e95d73da4de353dc77fc18661df04', '999', 'alignment', 'default');
REPLACE INTO `question_properties` (`form_id`, `question_id`, `prop`, `value`) VALUES ('3d1e95d73da4de353dc77fc18661df04', '999', 'background', 'white');
REPLACE INTO `question_properties` (`form_id`, `question_id`, `prop`, `value`) VALUES ('3d1e95d73da4de353dc77fc18661df04', '999', 'conf_body', 'Thanks for submitting our form, we will get back to you as soon as possible.');
REPLACE INTO `question_properties` (`form_id`, `question_id`, `prop`, `value`) VALUES ('3d1e95d73da4de353dc77fc18661df04', '999', 'conf_send', 'no');
REPLACE INTO `question_properties` (`form_id`, `question_id`, `prop`, `value`) VALUES ('3d1e95d73da4de353dc77fc18661df04', '999', 'conf_subj', 'Borang TRH Fasa III');
REPLACE INTO `question_properties` (`form_id`, `question_id`, `prop`, `value`) VALUES ('3d1e95d73da4de353dc77fc18661df04', '999', 'disabled', 'Enabled');
REPLACE INTO `question_properties` (`form_id`, `question_id`, `prop`, `value`) VALUES ('3d1e95d73da4de353dc77fc18661df04', '999', 'email', 'yes');
REPLACE INTO `question_properties` (`form_id`, `question_id`, `prop`, `value`) VALUES ('3d1e95d73da4de353dc77fc18661df04', '999', 'email_addr', 'sales@koperat.com.my');
REPLACE INTO `question_properties` (`form_id`, `question_id`, `prop`, `value`) VALUES ('3d1e95d73da4de353dc77fc18661df04', '999', 'ext_sendpostdata', 'no');
REPLACE INTO `question_properties` (`form_id`, `question_id`, `prop`, `value`) VALUES ('3d1e95d73da4de353dc77fc18661df04', '999', 'font', 'Verdana');
REPLACE INTO `question_properties` (`form_id`, `question_id`, `prop`, `value`) VALUES ('3d1e95d73da4de353dc77fc18661df04', '999', 'fontcolor', '#48345a');
REPLACE INTO `question_properties` (`form_id`, `question_id`, `prop`, `value`) VALUES ('3d1e95d73da4de353dc77fc18661df04', '999', 'fontsize', '12');
REPLACE INTO `question_properties` (`form_id`, `question_id`, `prop`, `value`) VALUES ('3d1e95d73da4de353dc77fc18661df04', '999', 'not_subj', 'New Submission: {qForm Title}');
REPLACE INTO `question_properties` (`form_id`, `question_id`, `prop`, `value`) VALUES ('3d1e95d73da4de353dc77fc18661df04', '999', 'rvcolor', 'JF062.ini.php');
REPLACE INTO `question_properties` (`form_id`, `question_id`, `prop`, `value`) VALUES ('3d1e95d73da4de353dc77fc18661df04', '999', 'sendpostdata', 'yes');
REPLACE INTO `question_properties` (`form_id`, `question_id`, `prop`, `value`) VALUES ('3d1e95d73da4de353dc77fc18661df04', '999', 'spamcheck', 'Enabled');
REPLACE INTO `question_properties` (`form_id`, `question_id`, `prop`, `value`) VALUES ('3d1e95d73da4de353dc77fc18661df04', '999', 'thanktext', '<div>\n<div>\n<div>Terima kasih atas pengisian. Pihak KOPERAT akan memproses permohonan Anda.</div></div>\n<div>\n<div>&nbsp;</div></div>\n<div>\n<div></div>\n<div>\n<div><br />\n<strong><font color=\"#ff00aa\">Sila sertakan</font></strong> bersama dokuken-dokumen asal dengan 2 salinan potostat semasa pendaftaran;</div></div></div>\n<div>\n<div>Sekiranya Permohonan Anda Berjaya.&nbsp; </div></div>\n<div>\n<div>\n<div><br />\n&nbsp;<br />\na) Salinan Kad Pengenalan.<br />\n&nbsp;<br />\nb) Slip Gaji 6 bulan terkini ( pinjaman Bank / Kerajaan ).<br />\n&nbsp;<br />\nc) Surat Pengesahan Jawatan ( pinjaman Bank )<br />\n&nbsp;<br />\nd) Surat Pengesahan Perkhidmatan ( pinjaman Kerajaan ).<br />\n&nbsp;<br />\ne) Surat Pengesahan Lantikan ( pinjaman Kerajaan ).<br />\n<br />f) Surat Iringan - mengikut format ( pinjaman Kerajaan ).<br />\n&nbsp;<br />\ng) Borang EA/Cukai Pendapatan LHDN beserta resit bayaran ( pinjaman Bank / Berniaga ).<br />\n&nbsp;<br />\nh) Salinan Penyata Akaun Bank 6 bulan terkini ( pinjaman Bank / Kerajaan / Berniaga ).<br />\n&nbsp;<br />\ni) Pendaftaran Perniagaan ( pinjaman Bank / Berniaga ).<br />\n&nbsp;<br />\nj) Penyata Bank Syarikat 6 bulan terkini ( pinjaman Bank / Berniaga ).<br />\n&nbsp;<br />\nk) Penyata KWSP terkini ( pinjaman Bank ).<br />\n<br />l) Lain-lain dokumen, jika berkaitan.<br />\n&nbsp;<br />\n&nbsp;<br />\n**<strong><font color=\"#ff0000\">PENTING</font></strong> : Bagi permohonan Pinjaman Kerajaan, setiap dokumen hendaklah dicop pengesahan daripada Ketua Jabatan.<br />\n<br />* <strong><font color=\"#ff0000\">Sila Pastikan</font></strong> <u><font color=\"#aa00ff\">E-mail dan Maklumat</font></u> Anda Adalah Betul Untuk Penerimaan Maklumbalas Daripada KOPERAT.<br />\n&nbsp;<br />\n&nbsp;<br />\n<br />Makluman Lanjut Sila Hubungi, Hantar @ Fax kan Borang anda ke;<br />\n&nbsp;<br />\n<strong>KONSORTIUM PERUMAHAN RAKYAT TERENGGANU SDN. BHD.<br />\n</strong><br />\nWisma GPQ, Lot 4564, Tingkat 1 &amp; 2<br />\n<br />Desa MPKT, Chendering, 21080 Kuala Terengganu<br />\n<br />Tel : 09-617 3405 / 617 6405&nbsp;&nbsp;&nbsp; Fax : 09-617 7404<br />\n<br />Website : <a href=\"http://www.koperat.com.my/\" title=\"\" target=\"_blank\"><strong>www.koperat.com.my</strong></a><br />\n<br />Page : <strong><a href=\"http://www.facebook.com/pages/Koperat/197111670306770\" title=\"\" target=\"_blank\">facebook.com / koperat</a></strong><br />\n<br />Email : koperat96@gmail.com<br />\n&nbsp;<br />\n&nbsp; </div></div></div></div>');
REPLACE INTO `question_properties` (`form_id`, `question_id`, `prop`, `value`) VALUES ('3d1e95d73da4de353dc77fc18661df04', '999', 'theme', 'Default');
REPLACE INTO `question_properties` (`form_id`, `question_id`, `prop`, `value`) VALUES ('3d1e95d73da4de353dc77fc18661df04', '999', 'use_buildin_formmail', 'yes');
REPLACE INTO `question_properties` (`form_id`, `question_id`, `prop`, `value`) VALUES ('3d1e95d73da4de353dc77fc18661df04', '999', 'width', '100%');
REPLACE INTO `question_utf8` (`form_id`, `utf8format`) VALUES ('3d1e95d73da4de353dc77fc18661df04', '1');
REPLACE INTO `forms` (`id`, `username`, `title`, `height`, `status`) VALUES ('f501ef831ad6672d0a89094cea57102e', 'a7ec09dce63b814be39611d58a2e3078', 'contact us', '1780', 'undefined');
REPLACE INTO `questions` (`form_id`, `id`, `order`, `type`) VALUES ('f501ef831ad6672d0a89094cea57102e', '0', '8', 'control_textbox');
REPLACE INTO `questions` (`form_id`, `id`, `order`, `type`) VALUES ('f501ef831ad6672d0a89094cea57102e', '1', '10', 'control_textbox');
REPLACE INTO `questions` (`form_id`, `id`, `order`, `type`) VALUES ('f501ef831ad6672d0a89094cea57102e', '2', '17', 'control_textbox');
REPLACE INTO `questions` (`form_id`, `id`, `order`, `type`) VALUES ('f501ef831ad6672d0a89094cea57102e', '7', '9', 'control_textarea');
REPLACE INTO `questions` (`form_id`, `id`, `order`, `type`) VALUES ('f501ef831ad6672d0a89094cea57102e', '8', '39', 'control_button');
REPLACE INTO `questions` (`form_id`, `id`, `order`, `type`) VALUES ('f501ef831ad6672d0a89094cea57102e', '12', '15', 'control_textbox');
REPLACE INTO `questions` (`form_id`, `id`, `order`, `type`) VALUES ('f501ef831ad6672d0a89094cea57102e', '13', '1', 'control_head');
REPLACE INTO `questions` (`form_id`, `id`, `order`, `type`) VALUES ('f501ef831ad6672d0a89094cea57102e', '14', '2', 'control_text');
REPLACE INTO `questions` (`form_id`, `id`, `order`, `type`) VALUES ('f501ef831ad6672d0a89094cea57102e', '15', '3', 'control_text');
REPLACE INTO `questions` (`form_id`, `id`, `order`, `type`) VALUES ('f501ef831ad6672d0a89094cea57102e', '16', '4', 'control_text');
REPLACE INTO `questions` (`form_id`, `id`, `order`, `type`) VALUES ('f501ef831ad6672d0a89094cea57102e', '17', '5', 'control_text');
REPLACE INTO `questions` (`form_id`, `id`, `order`, `type`) VALUES ('f501ef831ad6672d0a89094cea57102e', '18', '22', 'control_textbox');
REPLACE INTO `questions` (`form_id`, `id`, `order`, `type`) VALUES ('f501ef831ad6672d0a89094cea57102e', '19', '24', 'control_textbox');
REPLACE INTO `questions` (`form_id`, `id`, `order`, `type`) VALUES ('f501ef831ad6672d0a89094cea57102e', '20', '20', 'control_textbox');
REPLACE INTO `questions` (`form_id`, `id`, `order`, `type`) VALUES ('f501ef831ad6672d0a89094cea57102e', '21', '28', 'control_textbox');
REPLACE INTO `questions` (`form_id`, `id`, `order`, `type`) VALUES ('f501ef831ad6672d0a89094cea57102e', '22', '11', 'control_dropdown');
REPLACE INTO `questions` (`form_id`, `id`, `order`, `type`) VALUES ('f501ef831ad6672d0a89094cea57102e', '23', '16', 'control_textbox');
REPLACE INTO `questions` (`form_id`, `id`, `order`, `type`) VALUES ('f501ef831ad6672d0a89094cea57102e', '24', '12', 'control_dropdown');
REPLACE INTO `questions` (`form_id`, `id`, `order`, `type`) VALUES ('f501ef831ad6672d0a89094cea57102e', '25', '14', 'control_dropdown');
REPLACE INTO `questions` (`form_id`, `id`, `order`, `type`) VALUES ('f501ef831ad6672d0a89094cea57102e', '26', '13', 'control_dropdown');
REPLACE INTO `questions` (`form_id`, `id`, `order`, `type`) VALUES ('f501ef831ad6672d0a89094cea57102e', '27', '7', 'control_text');
REPLACE INTO `questions` (`form_id`, `id`, `order`, `type`) VALUES ('f501ef831ad6672d0a89094cea57102e', '28', '6', 'control_hidden');
REPLACE INTO `questions` (`form_id`, `id`, `order`, `type`) VALUES ('f501ef831ad6672d0a89094cea57102e', '29', '19', 'control_text');
REPLACE INTO `questions` (`form_id`, `id`, `order`, `type`) VALUES ('f501ef831ad6672d0a89094cea57102e', '30', '18', 'control_hidden');
REPLACE INTO `questions` (`form_id`, `id`, `order`, `type`) VALUES ('f501ef831ad6672d0a89094cea57102e', '31', '21', 'control_dropdown');
REPLACE INTO `questions` (`form_id`, `id`, `order`, `type`) VALUES ('f501ef831ad6672d0a89094cea57102e', '32', '23', 'control_textarea');
REPLACE INTO `questions` (`form_id`, `id`, `order`, `type`) VALUES ('f501ef831ad6672d0a89094cea57102e', '33', '25', 'control_hidden');
REPLACE INTO `questions` (`form_id`, `id`, `order`, `type`) VALUES ('f501ef831ad6672d0a89094cea57102e', '34', '26', 'control_text');
REPLACE INTO `questions` (`form_id`, `id`, `order`, `type`) VALUES ('f501ef831ad6672d0a89094cea57102e', '35', '27', 'control_dropdown');
REPLACE INTO `questions` (`form_id`, `id`, `order`, `type`) VALUES ('f501ef831ad6672d0a89094cea57102e', '36', '29', 'control_hidden');
REPLACE INTO `questions` (`form_id`, `id`, `order`, `type`) VALUES ('f501ef831ad6672d0a89094cea57102e', '37', '30', 'control_text');
REPLACE INTO `questions` (`form_id`, `id`, `order`, `type`) VALUES ('f501ef831ad6672d0a89094cea57102e', '38', '31', 'control_checkbox');
REPLACE INTO `questions` (`form_id`, `id`, `order`, `type`) VALUES ('f501ef831ad6672d0a89094cea57102e', '39', '33', 'control_fileupload');
REPLACE INTO `questions` (`form_id`, `id`, `order`, `type`) VALUES ('f501ef831ad6672d0a89094cea57102e', '40', '37', 'control_captcha');
REPLACE INTO `questions` (`form_id`, `id`, `order`, `type`) VALUES ('f501ef831ad6672d0a89094cea57102e', '41', '32', 'control_hidden');
REPLACE INTO `questions` (`form_id`, `id`, `order`, `type`) VALUES ('f501ef831ad6672d0a89094cea57102e', '42', '34', 'control_hidden');
REPLACE INTO `questions` (`form_id`, `id`, `order`, `type`) VALUES ('f501ef831ad6672d0a89094cea57102e', '43', '38', 'control_hidden');
REPLACE INTO `questions` (`form_id`, `id`, `order`, `type`) VALUES ('f501ef831ad6672d0a89094cea57102e', '44', '35', 'control_text');
REPLACE INTO `questions` (`form_id`, `id`, `order`, `type`) VALUES ('f501ef831ad6672d0a89094cea57102e', '45', '36', 'control_hidden');
REPLACE INTO `question_properties` (`form_id`, `question_id`, `prop`, `value`) VALUES ('f501ef831ad6672d0a89094cea57102e', '0', 'desc', NULL);
REPLACE INTO `question_properties` (`form_id`, `question_id`, `prop`, `value`) VALUES ('f501ef831ad6672d0a89094cea57102e', '0', 'maxsize', '100');
REPLACE INTO `question_properties` (`form_id`, `question_id`, `prop`, `value`) VALUES ('f501ef831ad6672d0a89094cea57102e', '0', 'required', 'yes');
REPLACE INTO `question_properties` (`form_id`, `question_id`, `prop`, `value`) VALUES ('f501ef831ad6672d0a89094cea57102e', '0', 'senderemail', 'no');
REPLACE INTO `question_properties` (`form_id`, `question_id`, `prop`, `value`) VALUES ('f501ef831ad6672d0a89094cea57102e', '0', 'size', '48');
REPLACE INTO `question_properties` (`form_id`, `question_id`, `prop`, `value`) VALUES ('f501ef831ad6672d0a89094cea57102e', '0', 'text', 'Nama Penuh');
REPLACE INTO `question_properties` (`form_id`, `question_id`, `prop`, `value`) VALUES ('f501ef831ad6672d0a89094cea57102e', '0', 'validation', 'no');
REPLACE INTO `question_properties` (`form_id`, `question_id`, `prop`, `value`) VALUES ('f501ef831ad6672d0a89094cea57102e', '1', 'desc', NULL);
REPLACE INTO `question_properties` (`form_id`, `question_id`, `prop`, `value`) VALUES ('f501ef831ad6672d0a89094cea57102e', '1', 'maxsize', '100');
REPLACE INTO `question_properties` (`form_id`, `question_id`, `prop`, `value`) VALUES ('f501ef831ad6672d0a89094cea57102e', '1', 'required', 'yes');
REPLACE INTO `question_properties` (`form_id`, `question_id`, `prop`, `value`) VALUES ('f501ef831ad6672d0a89094cea57102e', '1', 'senderemail', 'no');
REPLACE INTO `question_properties` (`form_id`, `question_id`, `prop`, `value`) VALUES ('f501ef831ad6672d0a89094cea57102e', '1', 'size', '20');
REPLACE INTO `question_properties` (`form_id`, `question_id`, `prop`, `value`) VALUES ('f501ef831ad6672d0a89094cea57102e', '1', 'text', 'No. K/P Pengenalan');
REPLACE INTO `question_properties` (`form_id`, `question_id`, `prop`, `value`) VALUES ('f501ef831ad6672d0a89094cea57102e', '1', 'validation', 'no');
REPLACE INTO `question_properties` (`form_id`, `question_id`, `prop`, `value`) VALUES ('f501ef831ad6672d0a89094cea57102e', '2', 'desc', NULL);
REPLACE INTO `question_properties` (`form_id`, `question_id`, `prop`, `value`) VALUES ('f501ef831ad6672d0a89094cea57102e', '2', 'maxsize', '100');
REPLACE INTO `question_properties` (`form_id`, `question_id`, `prop`, `value`) VALUES ('f501ef831ad6672d0a89094cea57102e', '2', 'required', 'yes');
REPLACE INTO `question_properties` (`form_id`, `question_id`, `prop`, `value`) VALUES ('f501ef831ad6672d0a89094cea57102e', '2', 'senderemail', 'no');
REPLACE INTO `question_properties` (`form_id`, `question_id`, `prop`, `value`) VALUES ('f501ef831ad6672d0a89094cea57102e', '2', 'size', '30');
REPLACE INTO `question_properties` (`form_id`, `question_id`, `prop`, `value`) VALUES ('f501ef831ad6672d0a89094cea57102e', '2', 'text', 'E-mail');
REPLACE INTO `question_properties` (`form_id`, `question_id`, `prop`, `value`) VALUES ('f501ef831ad6672d0a89094cea57102e', '2', 'validation', 'Email');
REPLACE INTO `question_properties` (`form_id`, `question_id`, `prop`, `value`) VALUES ('f501ef831ad6672d0a89094cea57102e', '7', 'cols', '36');
REPLACE INTO `question_properties` (`form_id`, `question_id`, `prop`, `value`) VALUES ('f501ef831ad6672d0a89094cea57102e', '7', 'desc', NULL);
REPLACE INTO `question_properties` (`form_id`, `question_id`, `prop`, `value`) VALUES ('f501ef831ad6672d0a89094cea57102e', '7', 'required', 'yes');
REPLACE INTO `question_properties` (`form_id`, `question_id`, `prop`, `value`) VALUES ('f501ef831ad6672d0a89094cea57102e', '7', 'rows', '8');
REPLACE INTO `question_properties` (`form_id`, `question_id`, `prop`, `value`) VALUES ('f501ef831ad6672d0a89094cea57102e', '7', 'text', 'Alamat Penuh');
REPLACE INTO `question_properties` (`form_id`, `question_id`, `prop`, `value`) VALUES ('f501ef831ad6672d0a89094cea57102e', '7', 'validation', 'no');
REPLACE INTO `question_properties` (`form_id`, `question_id`, `prop`, `value`) VALUES ('f501ef831ad6672d0a89094cea57102e', '8', 'clear', 'no');
REPLACE INTO `question_properties` (`form_id`, `question_id`, `prop`, `value`) VALUES ('f501ef831ad6672d0a89094cea57102e', '8', 'resettext', 'clear');
REPLACE INTO `question_properties` (`form_id`, `question_id`, `prop`, `value`) VALUES ('f501ef831ad6672d0a89094cea57102e', '8', 'submittext', 'Hantar');
REPLACE INTO `question_properties` (`form_id`, `question_id`, `prop`, `value`) VALUES ('f501ef831ad6672d0a89094cea57102e', '8', 'text', NULL);
REPLACE INTO `question_properties` (`form_id`, `question_id`, `prop`, `value`) VALUES ('f501ef831ad6672d0a89094cea57102e', '12', 'desc', NULL);
REPLACE INTO `question_properties` (`form_id`, `question_id`, `prop`, `value`) VALUES ('f501ef831ad6672d0a89094cea57102e', '12', 'maxsize', '100');
REPLACE INTO `question_properties` (`form_id`, `question_id`, `prop`, `value`) VALUES ('f501ef831ad6672d0a89094cea57102e', '12', 'required', 'yes');
REPLACE INTO `question_properties` (`form_id`, `question_id`, `prop`, `value`) VALUES ('f501ef831ad6672d0a89094cea57102e', '12', 'senderemail', 'no');
REPLACE INTO `question_properties` (`form_id`, `question_id`, `prop`, `value`) VALUES ('f501ef831ad6672d0a89094cea57102e', '12', 'size', '20');
REPLACE INTO `question_properties` (`form_id`, `question_id`, `prop`, `value`) VALUES ('f501ef831ad6672d0a89094cea57102e', '12', 'text', 'No. Telefon (HandPhone)');
REPLACE INTO `question_properties` (`form_id`, `question_id`, `prop`, `value`) VALUES ('f501ef831ad6672d0a89094cea57102e', '12', 'validation', 'no');
REPLACE INTO `question_properties` (`form_id`, `question_id`, `prop`, `value`) VALUES ('f501ef831ad6672d0a89094cea57102e', '13', 'text', 'TAMAN RAKYAT BISTARI');
REPLACE INTO `question_properties` (`form_id`, `question_id`, `prop`, `value`) VALUES ('f501ef831ad6672d0a89094cea57102e', '14', 'text', 'TAMAN RAKYAT BISTARI, KEMAMAN');
REPLACE INTO `question_properties` (`form_id`, `question_id`, `prop`, `value`) VALUES ('f501ef831ad6672d0a89094cea57102e', '15', 'text', 'TELOK KALONG, TERENGGANU');
REPLACE INTO `question_properties` (`form_id`, `question_id`, `prop`, `value`) VALUES ('f501ef831ad6672d0a89094cea57102e', '16', 'text', 'RUMAH TERES 2 TINGKAT - FASA 3A');
REPLACE INTO `question_properties` (`form_id`, `question_id`, `prop`, `value`) VALUES ('f501ef831ad6672d0a89094cea57102e', '17', 'text', '[ RM 240,000.00 dan ke atas / unit (bergantung kepada keluasan tanah) ]');
REPLACE INTO `question_properties` (`form_id`, `question_id`, `prop`, `value`) VALUES ('f501ef831ad6672d0a89094cea57102e', '18', 'desc', NULL);
REPLACE INTO `question_properties` (`form_id`, `question_id`, `prop`, `value`) VALUES ('f501ef831ad6672d0a89094cea57102e', '18', 'maxsize', '100');
REPLACE INTO `question_properties` (`form_id`, `question_id`, `prop`, `value`) VALUES ('f501ef831ad6672d0a89094cea57102e', '18', 'required', 'no');
REPLACE INTO `question_properties` (`form_id`, `question_id`, `prop`, `value`) VALUES ('f501ef831ad6672d0a89094cea57102e', '18', 'senderemail', 'no');
REPLACE INTO `question_properties` (`form_id`, `question_id`, `prop`, `value`) VALUES ('f501ef831ad6672d0a89094cea57102e', '18', 'size', '48');
REPLACE INTO `question_properties` (`form_id`, `question_id`, `prop`, `value`) VALUES ('f501ef831ad6672d0a89094cea57102e', '18', 'text', 'Nama Majikan');
REPLACE INTO `question_properties` (`form_id`, `question_id`, `prop`, `value`) VALUES ('f501ef831ad6672d0a89094cea57102e', '18', 'validation', 'no');
REPLACE INTO `question_properties` (`form_id`, `question_id`, `prop`, `value`) VALUES ('f501ef831ad6672d0a89094cea57102e', '19', 'desc', NULL);
REPLACE INTO `question_properties` (`form_id`, `question_id`, `prop`, `value`) VALUES ('f501ef831ad6672d0a89094cea57102e', '19', 'maxsize', '100');
REPLACE INTO `question_properties` (`form_id`, `question_id`, `prop`, `value`) VALUES ('f501ef831ad6672d0a89094cea57102e', '19', 'required', 'no');
REPLACE INTO `question_properties` (`form_id`, `question_id`, `prop`, `value`) VALUES ('f501ef831ad6672d0a89094cea57102e', '19', 'senderemail', 'no');
REPLACE INTO `question_properties` (`form_id`, `question_id`, `prop`, `value`) VALUES ('f501ef831ad6672d0a89094cea57102e', '19', 'size', '20');
REPLACE INTO `question_properties` (`form_id`, `question_id`, `prop`, `value`) VALUES ('f501ef831ad6672d0a89094cea57102e', '19', 'text', 'No. Telefon Pejabat');
REPLACE INTO `question_properties` (`form_id`, `question_id`, `prop`, `value`) VALUES ('f501ef831ad6672d0a89094cea57102e', '19', 'validation', 'no');
REPLACE INTO `question_properties` (`form_id`, `question_id`, `prop`, `value`) VALUES ('f501ef831ad6672d0a89094cea57102e', '20', 'desc', NULL);
REPLACE INTO `question_properties` (`form_id`, `question_id`, `prop`, `value`) VALUES ('f501ef831ad6672d0a89094cea57102e', '20', 'maxsize', '100');
REPLACE INTO `question_properties` (`form_id`, `question_id`, `prop`, `value`) VALUES ('f501ef831ad6672d0a89094cea57102e', '20', 'required', 'no');
REPLACE INTO `question_properties` (`form_id`, `question_id`, `prop`, `value`) VALUES ('f501ef831ad6672d0a89094cea57102e', '20', 'senderemail', 'no');
REPLACE INTO `question_properties` (`form_id`, `question_id`, `prop`, `value`) VALUES ('f501ef831ad6672d0a89094cea57102e', '20', 'size', '30');
REPLACE INTO `question_properties` (`form_id`, `question_id`, `prop`, `value`) VALUES ('f501ef831ad6672d0a89094cea57102e', '20', 'text', 'Jawatan Pemohon');
REPLACE INTO `question_properties` (`form_id`, `question_id`, `prop`, `value`) VALUES ('f501ef831ad6672d0a89094cea57102e', '20', 'validation', 'no');
REPLACE INTO `question_properties` (`form_id`, `question_id`, `prop`, `value`) VALUES ('f501ef831ad6672d0a89094cea57102e', '21', 'desc', NULL);
REPLACE INTO `question_properties` (`form_id`, `question_id`, `prop`, `value`) VALUES ('f501ef831ad6672d0a89094cea57102e', '21', 'maxsize', '100');
REPLACE INTO `question_properties` (`form_id`, `question_id`, `prop`, `value`) VALUES ('f501ef831ad6672d0a89094cea57102e', '21', 'required', 'no');
REPLACE INTO `question_properties` (`form_id`, `question_id`, `prop`, `value`) VALUES ('f501ef831ad6672d0a89094cea57102e', '21', 'senderemail', 'no');
REPLACE INTO `question_properties` (`form_id`, `question_id`, `prop`, `value`) VALUES ('f501ef831ad6672d0a89094cea57102e', '21', 'size', '20');
REPLACE INTO `question_properties` (`form_id`, `question_id`, `prop`, `value`) VALUES ('f501ef831ad6672d0a89094cea57102e', '21', 'text', 'Nombor Lot / PT');
REPLACE INTO `question_properties` (`form_id`, `question_id`, `prop`, `value`) VALUES ('f501ef831ad6672d0a89094cea57102e', '21', 'validation', 'no');
REPLACE INTO `question_properties` (`form_id`, `question_id`, `prop`, `value`) VALUES ('f501ef831ad6672d0a89094cea57102e', '22', 'desc', NULL);
REPLACE INTO `question_properties` (`form_id`, `question_id`, `prop`, `value`) VALUES ('f501ef831ad6672d0a89094cea57102e', '22', 'options', 'Lelaki<br>Perempuan<br>');
REPLACE INTO `question_properties` (`form_id`, `question_id`, `prop`, `value`) VALUES ('f501ef831ad6672d0a89094cea57102e', '22', 'required', 'yes');
REPLACE INTO `question_properties` (`form_id`, `question_id`, `prop`, `value`) VALUES ('f501ef831ad6672d0a89094cea57102e', '22', 'size', '1');
REPLACE INTO `question_properties` (`form_id`, `question_id`, `prop`, `value`) VALUES ('f501ef831ad6672d0a89094cea57102e', '22', 'special', 'none');
REPLACE INTO `question_properties` (`form_id`, `question_id`, `prop`, `value`) VALUES ('f501ef831ad6672d0a89094cea57102e', '22', 'text', 'Jantina');
REPLACE INTO `question_properties` (`form_id`, `question_id`, `prop`, `value`) VALUES ('f501ef831ad6672d0a89094cea57102e', '23', 'desc', NULL);
REPLACE INTO `question_properties` (`form_id`, `question_id`, `prop`, `value`) VALUES ('f501ef831ad6672d0a89094cea57102e', '23', 'maxsize', '100');
REPLACE INTO `question_properties` (`form_id`, `question_id`, `prop`, `value`) VALUES ('f501ef831ad6672d0a89094cea57102e', '23', 'required', 'yes');
REPLACE INTO `question_properties` (`form_id`, `question_id`, `prop`, `value`) VALUES ('f501ef831ad6672d0a89094cea57102e', '23', 'senderemail', 'no');
REPLACE INTO `question_properties` (`form_id`, `question_id`, `prop`, `value`) VALUES ('f501ef831ad6672d0a89094cea57102e', '23', 'size', '20');
REPLACE INTO `question_properties` (`form_id`, `question_id`, `prop`, `value`) VALUES ('f501ef831ad6672d0a89094cea57102e', '23', 'text', 'No. Telefon (Rumah/tetap)');
REPLACE INTO `question_properties` (`form_id`, `question_id`, `prop`, `value`) VALUES ('f501ef831ad6672d0a89094cea57102e', '23', 'validation', 'no');
REPLACE INTO `question_properties` (`form_id`, `question_id`, `prop`, `value`) VALUES ('f501ef831ad6672d0a89094cea57102e', '24', 'desc', NULL);
REPLACE INTO `question_properties` (`form_id`, `question_id`, `prop`, `value`) VALUES ('f501ef831ad6672d0a89094cea57102e', '24', 'options', 'Melayu<br>Cina<br>India<br>Lain-lain');
REPLACE INTO `question_properties` (`form_id`, `question_id`, `prop`, `value`) VALUES ('f501ef831ad6672d0a89094cea57102e', '24', 'required', 'yes');
REPLACE INTO `question_properties` (`form_id`, `question_id`, `prop`, `value`) VALUES ('f501ef831ad6672d0a89094cea57102e', '24', 'size', '1');
REPLACE INTO `question_properties` (`form_id`, `question_id`, `prop`, `value`) VALUES ('f501ef831ad6672d0a89094cea57102e', '24', 'special', 'none');
REPLACE INTO `question_properties` (`form_id`, `question_id`, `prop`, `value`) VALUES ('f501ef831ad6672d0a89094cea57102e', '24', 'text', 'Bangsa');
REPLACE INTO `question_properties` (`form_id`, `question_id`, `prop`, `value`) VALUES ('f501ef831ad6672d0a89094cea57102e', '25', 'desc', NULL);
REPLACE INTO `question_properties` (`form_id`, `question_id`, `prop`, `value`) VALUES ('f501ef831ad6672d0a89094cea57102e', '25', 'options', 'Bujang<br>Berkahwin<br>Lain-lain');
REPLACE INTO `question_properties` (`form_id`, `question_id`, `prop`, `value`) VALUES ('f501ef831ad6672d0a89094cea57102e', '25', 'required', 'yes');
REPLACE INTO `question_properties` (`form_id`, `question_id`, `prop`, `value`) VALUES ('f501ef831ad6672d0a89094cea57102e', '25', 'size', '1');
REPLACE INTO `question_properties` (`form_id`, `question_id`, `prop`, `value`) VALUES ('f501ef831ad6672d0a89094cea57102e', '25', 'special', 'none');
REPLACE INTO `question_properties` (`form_id`, `question_id`, `prop`, `value`) VALUES ('f501ef831ad6672d0a89094cea57102e', '25', 'text', 'Status Perkahwinan');
REPLACE INTO `question_properties` (`form_id`, `question_id`, `prop`, `value`) VALUES ('f501ef831ad6672d0a89094cea57102e', '26', 'desc', NULL);
REPLACE INTO `question_properties` (`form_id`, `question_id`, `prop`, `value`) VALUES ('f501ef831ad6672d0a89094cea57102e', '26', 'options', 'Warganegara<br>Bukan Warganegara');
REPLACE INTO `question_properties` (`form_id`, `question_id`, `prop`, `value`) VALUES ('f501ef831ad6672d0a89094cea57102e', '26', 'required', 'yes');
REPLACE INTO `question_properties` (`form_id`, `question_id`, `prop`, `value`) VALUES ('f501ef831ad6672d0a89094cea57102e', '26', 'size', '1');
REPLACE INTO `question_properties` (`form_id`, `question_id`, `prop`, `value`) VALUES ('f501ef831ad6672d0a89094cea57102e', '26', 'special', 'none');
REPLACE INTO `question_properties` (`form_id`, `question_id`, `prop`, `value`) VALUES ('f501ef831ad6672d0a89094cea57102e', '26', 'text', 'Warganegara');
REPLACE INTO `question_properties` (`form_id`, `question_id`, `prop`, `value`) VALUES ('f501ef831ad6672d0a89094cea57102e', '27', 'text', '1. MAKLUMAT PEMOHON');
REPLACE INTO `question_properties` (`form_id`, `question_id`, `prop`, `value`) VALUES ('f501ef831ad6672d0a89094cea57102e', '28', 'text', 'undefined');
REPLACE INTO `question_properties` (`form_id`, `question_id`, `prop`, `value`) VALUES ('f501ef831ad6672d0a89094cea57102e', '28', 'value', NULL);
REPLACE INTO `question_properties` (`form_id`, `question_id`, `prop`, `value`) VALUES ('f501ef831ad6672d0a89094cea57102e', '29', 'text', '2. PEKERJAAN');
REPLACE INTO `question_properties` (`form_id`, `question_id`, `prop`, `value`) VALUES ('f501ef831ad6672d0a89094cea57102e', '30', 'text', 'undefined');
REPLACE INTO `question_properties` (`form_id`, `question_id`, `prop`, `value`) VALUES ('f501ef831ad6672d0a89094cea57102e', '30', 'value', NULL);
REPLACE INTO `question_properties` (`form_id`, `question_id`, `prop`, `value`) VALUES ('f501ef831ad6672d0a89094cea57102e', '31', 'desc', NULL);
REPLACE INTO `question_properties` (`form_id`, `question_id`, `prop`, `value`) VALUES ('f501ef831ad6672d0a89094cea57102e', '31', 'options', 'RM6,500.00 ke atas<br>RM5,500.00 - RM6,499.00<br>RM4,500.00 - RM5,499.00<br>RM3,500.00 - RM4,499.00<br>RM3,000.00 - RM3,499.00<br>RM2,500.00 - RM2,999.00<br>RM2,000.00 - RM2,499.00<br>RM1,500.00 - RM1,999.00<br>RM1,200.00 - RM1,499.00<br>Bawah RM1,199.00');
REPLACE INTO `question_properties` (`form_id`, `question_id`, `prop`, `value`) VALUES ('f501ef831ad6672d0a89094cea57102e', '31', 'required', 'yes');
REPLACE INTO `question_properties` (`form_id`, `question_id`, `prop`, `value`) VALUES ('f501ef831ad6672d0a89094cea57102e', '31', 'size', '1');
REPLACE INTO `question_properties` (`form_id`, `question_id`, `prop`, `value`) VALUES ('f501ef831ad6672d0a89094cea57102e', '31', 'special', 'none');
REPLACE INTO `question_properties` (`form_id`, `question_id`, `prop`, `value`) VALUES ('f501ef831ad6672d0a89094cea57102e', '31', 'text', 'Pendapatan Bulanan');
REPLACE INTO `question_properties` (`form_id`, `question_id`, `prop`, `value`) VALUES ('f501ef831ad6672d0a89094cea57102e', '32', 'cols', '36');
REPLACE INTO `question_properties` (`form_id`, `question_id`, `prop`, `value`) VALUES ('f501ef831ad6672d0a89094cea57102e', '32', 'desc', NULL);
REPLACE INTO `question_properties` (`form_id`, `question_id`, `prop`, `value`) VALUES ('f501ef831ad6672d0a89094cea57102e', '32', 'required', 'no');
REPLACE INTO `question_properties` (`form_id`, `question_id`, `prop`, `value`) VALUES ('f501ef831ad6672d0a89094cea57102e', '32', 'rows', '8');
REPLACE INTO `question_properties` (`form_id`, `question_id`, `prop`, `value`) VALUES ('f501ef831ad6672d0a89094cea57102e', '32', 'text', 'Alamat Majikan');
REPLACE INTO `question_properties` (`form_id`, `question_id`, `prop`, `value`) VALUES ('f501ef831ad6672d0a89094cea57102e', '32', 'validation', 'no');
REPLACE INTO `question_properties` (`form_id`, `question_id`, `prop`, `value`) VALUES ('f501ef831ad6672d0a89094cea57102e', '33', 'text', 'undefined');
REPLACE INTO `question_properties` (`form_id`, `question_id`, `prop`, `value`) VALUES ('f501ef831ad6672d0a89094cea57102e', '33', 'value', NULL);
REPLACE INTO `question_properties` (`form_id`, `question_id`, `prop`, `value`) VALUES ('f501ef831ad6672d0a89094cea57102e', '34', 'text', '3. JENIS LOT RUMAH / BANGUNAN YANG DIPOHON');
REPLACE INTO `question_properties` (`form_id`, `question_id`, `prop`, `value`) VALUES ('f501ef831ad6672d0a89094cea57102e', '35', 'desc', NULL);
REPLACE INTO `question_properties` (`form_id`, `question_id`, `prop`, `value`) VALUES ('f501ef831ad6672d0a89094cea57102e', '35', 'options', 'Tepi<br>Tengah');
REPLACE INTO `question_properties` (`form_id`, `question_id`, `prop`, `value`) VALUES ('f501ef831ad6672d0a89094cea57102e', '35', 'required', 'yes');
REPLACE INTO `question_properties` (`form_id`, `question_id`, `prop`, `value`) VALUES ('f501ef831ad6672d0a89094cea57102e', '35', 'size', '1');
REPLACE INTO `question_properties` (`form_id`, `question_id`, `prop`, `value`) VALUES ('f501ef831ad6672d0a89094cea57102e', '35', 'special', 'none');
REPLACE INTO `question_properties` (`form_id`, `question_id`, `prop`, `value`) VALUES ('f501ef831ad6672d0a89094cea57102e', '35', 'text', 'Jenis Lot');
REPLACE INTO `question_properties` (`form_id`, `question_id`, `prop`, `value`) VALUES ('f501ef831ad6672d0a89094cea57102e', '36', 'text', 'undefined');
REPLACE INTO `question_properties` (`form_id`, `question_id`, `prop`, `value`) VALUES ('f501ef831ad6672d0a89094cea57102e', '36', 'value', NULL);
REPLACE INTO `question_properties` (`form_id`, `question_id`, `prop`, `value`) VALUES ('f501ef831ad6672d0a89094cea57102e', '37', 'text', '4. CARA PEMBAYARAN');
REPLACE INTO `question_properties` (`form_id`, `question_id`, `prop`, `value`) VALUES ('f501ef831ad6672d0a89094cea57102e', '38', 'checked', 'no');
REPLACE INTO `question_properties` (`form_id`, `question_id`, `prop`, `value`) VALUES ('f501ef831ad6672d0a89094cea57102e', '38', 'desc', NULL);
REPLACE INTO `question_properties` (`form_id`, `question_id`, `prop`, `value`) VALUES ('f501ef831ad6672d0a89094cea57102e', '38', 'options', 'Institusi Kewangan / Bank<br>Kerajaan<br>Majikan<br>Tunai<br>Lain-lain');
REPLACE INTO `question_properties` (`form_id`, `question_id`, `prop`, `value`) VALUES ('f501ef831ad6672d0a89094cea57102e', '38', 'required', 'yes');
REPLACE INTO `question_properties` (`form_id`, `question_id`, `prop`, `value`) VALUES ('f501ef831ad6672d0a89094cea57102e', '38', 'text', 'Pinjaman Perumahan');
REPLACE INTO `question_properties` (`form_id`, `question_id`, `prop`, `value`) VALUES ('f501ef831ad6672d0a89094cea57102e', '39', 'desc', NULL);
REPLACE INTO `question_properties` (`form_id`, `question_id`, `prop`, `value`) VALUES ('f501ef831ad6672d0a89094cea57102e', '39', 'extensions', 'doc, docx, xls, xlsx, pdf, ppt, pptx, txt, html, htm, rtf, pps, ppsx, zip, tar, gzip, bzip, sit, dmg, jpg, jpeg, gif, png, asf, asx, flv, h264, mov, mp3, mp4, swf, wax, wma, wmv, wvx, wpl, xspf');
REPLACE INTO `question_properties` (`form_id`, `question_id`, `prop`, `value`) VALUES ('f501ef831ad6672d0a89094cea57102e', '39', 'maxsize', '5000');
REPLACE INTO `question_properties` (`form_id`, `question_id`, `prop`, `value`) VALUES ('f501ef831ad6672d0a89094cea57102e', '39', 'required', 'no');
REPLACE INTO `question_properties` (`form_id`, `question_id`, `prop`, `value`) VALUES ('f501ef831ad6672d0a89094cea57102e', '39', 'text', 'Slip Gaji Terkini');
REPLACE INTO `question_properties` (`form_id`, `question_id`, `prop`, `value`) VALUES ('f501ef831ad6672d0a89094cea57102e', '40', 'desc', NULL);
REPLACE INTO `question_properties` (`form_id`, `question_id`, `prop`, `value`) VALUES ('f501ef831ad6672d0a89094cea57102e', '40', 'text', 'Pengesahan');
REPLACE INTO `question_properties` (`form_id`, `question_id`, `prop`, `value`) VALUES ('f501ef831ad6672d0a89094cea57102e', '41', 'text', 'undefined');
REPLACE INTO `question_properties` (`form_id`, `question_id`, `prop`, `value`) VALUES ('f501ef831ad6672d0a89094cea57102e', '41', 'value', NULL);
REPLACE INTO `question_properties` (`form_id`, `question_id`, `prop`, `value`) VALUES ('f501ef831ad6672d0a89094cea57102e', '42', 'text', 'undefined');
REPLACE INTO `question_properties` (`form_id`, `question_id`, `prop`, `value`) VALUES ('f501ef831ad6672d0a89094cea57102e', '42', 'value', NULL);
REPLACE INTO `question_properties` (`form_id`, `question_id`, `prop`, `value`) VALUES ('f501ef831ad6672d0a89094cea57102e', '43', 'text', 'undefined');
REPLACE INTO `question_properties` (`form_id`, `question_id`, `prop`, `value`) VALUES ('f501ef831ad6672d0a89094cea57102e', '43', 'value', NULL);
REPLACE INTO `question_properties` (`form_id`, `question_id`, `prop`, `value`) VALUES ('f501ef831ad6672d0a89094cea57102e', '44', 'text', 'NOTA : [1. KOPERAT berhak menolak pendaftaran jika maklumat tidak lengkap / tepat.] [2. KOPERAT berhad membatalkan pendaftaran selepas 6 bulan tanpa notis.] [3. Harga adalah tertakluk kepada pindaan terakhir.]');
REPLACE INTO `question_properties` (`form_id`, `question_id`, `prop`, `value`) VALUES ('f501ef831ad6672d0a89094cea57102e', '45', 'text', 'undefined');
REPLACE INTO `question_properties` (`form_id`, `question_id`, `prop`, `value`) VALUES ('f501ef831ad6672d0a89094cea57102e', '45', 'value', NULL);
REPLACE INTO `question_properties` (`form_id`, `question_id`, `prop`, `value`) VALUES ('f501ef831ad6672d0a89094cea57102e', '999', 'alignment', 'default');
REPLACE INTO `question_properties` (`form_id`, `question_id`, `prop`, `value`) VALUES ('f501ef831ad6672d0a89094cea57102e', '999', 'background', 'white');
REPLACE INTO `question_properties` (`form_id`, `question_id`, `prop`, `value`) VALUES ('f501ef831ad6672d0a89094cea57102e', '999', 'conf_body', 'Thanks for submitting our form, we will get back to you as soon as possible.');
REPLACE INTO `question_properties` (`form_id`, `question_id`, `prop`, `value`) VALUES ('f501ef831ad6672d0a89094cea57102e', '999', 'conf_send', 'no');
REPLACE INTO `question_properties` (`form_id`, `question_id`, `prop`, `value`) VALUES ('f501ef831ad6672d0a89094cea57102e', '999', 'conf_subj', 'Borang TRB Fasa 3A');
REPLACE INTO `question_properties` (`form_id`, `question_id`, `prop`, `value`) VALUES ('f501ef831ad6672d0a89094cea57102e', '999', 'disabled', 'Enabled');
REPLACE INTO `question_properties` (`form_id`, `question_id`, `prop`, `value`) VALUES ('f501ef831ad6672d0a89094cea57102e', '999', 'email', 'yes');
REPLACE INTO `question_properties` (`form_id`, `question_id`, `prop`, `value`) VALUES ('f501ef831ad6672d0a89094cea57102e', '999', 'email_addr', 'sales@koperat.com.my');
REPLACE INTO `question_properties` (`form_id`, `question_id`, `prop`, `value`) VALUES ('f501ef831ad6672d0a89094cea57102e', '999', 'ext_sendpostdata', 'no');
REPLACE INTO `question_properties` (`form_id`, `question_id`, `prop`, `value`) VALUES ('f501ef831ad6672d0a89094cea57102e', '999', 'font', 'Verdana');
REPLACE INTO `question_properties` (`form_id`, `question_id`, `prop`, `value`) VALUES ('f501ef831ad6672d0a89094cea57102e', '999', 'fontcolor', '#48345a');
REPLACE INTO `question_properties` (`form_id`, `question_id`, `prop`, `value`) VALUES ('f501ef831ad6672d0a89094cea57102e', '999', 'fontsize', '12');
REPLACE INTO `question_properties` (`form_id`, `question_id`, `prop`, `value`) VALUES ('f501ef831ad6672d0a89094cea57102e', '999', 'not_subj', 'New Submission: {qForm Title}');
REPLACE INTO `question_properties` (`form_id`, `question_id`, `prop`, `value`) VALUES ('f501ef831ad6672d0a89094cea57102e', '999', 'rvcolor', 'JF062.ini.php');
REPLACE INTO `question_properties` (`form_id`, `question_id`, `prop`, `value`) VALUES ('f501ef831ad6672d0a89094cea57102e', '999', 'sendpostdata', 'yes');
REPLACE INTO `question_properties` (`form_id`, `question_id`, `prop`, `value`) VALUES ('f501ef831ad6672d0a89094cea57102e', '999', 'spamcheck', 'Enabled');
REPLACE INTO `question_properties` (`form_id`, `question_id`, `prop`, `value`) VALUES ('f501ef831ad6672d0a89094cea57102e', '999', 'thanktext', '<div>\n<div>\n<div>Terima kasih atas pengisian. Pihak KOPERAT akan memproses permohonan Anda.</div></div>\n<div>\n<div>&nbsp;</div></div>\n<div>\n<div>\n<div><strong><font color=\"#ff00aa\">Sila hantarkan</font></strong> 2 salinan dokuken-dokumen berikut ke pejabat kami dengan segera;</div>\n<div>Sekiranya Permohonan Anda Berjaya.&nbsp; </div>\n<div>(Nyatakan Projek / Kategori Rumah yang dipohon)<br />\n<br />\n&nbsp;<br />\na) Salinan Kad Pengenalan.<br />\n&nbsp;<br />\nb) Slip Gaji 4 bulan terkini ( pinjaman Bank / Kerajaan ).<br />\n&nbsp;<br />\nc) Surat Pengesahan Jawatan ( pinjaman Bank )<br />\n&nbsp;<br />\nd) Surat Pengesahan Perkhidmatan ( pinjaman Kerajaan ).<br />\n&nbsp;<br />\ne) Surat Pengesahan Lantikan ( pinjaman Kerajaan ).<br />\n<br />f) Surat Iringan - mengikut format ( pinjaman Kerajaan ).<br />\n&nbsp;<br />\ng) Borang EA/Cukai Pendapatan LHDN beserta resit bayaran ( pinjaman Bank / Berniaga ).<br />\n&nbsp;<br />\nh) Salinan Penyata Akaun Bank 4 bulan terkini ( pinjaman Bank / Kerajaan / Berniaga ).<br />\n&nbsp;<br />\ni) Pendaftaran Perniagaan ( pinjaman Bank / Berniaga ).<br />\n&nbsp;<br />\nj) Penyata Bank Syarikat 6 bulan terkini ( pinjaman Bank / Berniaga ).<br />\n&nbsp;<br />\nk) Penyata KWSP terkini ( pinjaman Bank ).<br />\n<br />l) Lain-lain dokumen, jika berkaitan.<br />\n&nbsp;<br />\n<br /><br />\n* <strong><font color=\"#ff0000\">Sila Pastikan</font></strong> <u><font color=\"#aa00ff\">E-mail dan Maklumat</font></u> Anda Adalah Betul Untuk Penerimaan Maklumbalas Daripada KOPERAT.<br />\n&nbsp;<br />\n&nbsp;<br />\n<br />Makluman Lanjut Sila Hubungi, Hantar @ Fax kan Borang anda ke;<br />\n&nbsp;<br />\n<strong>KONSORTIUM PERUMAHAN RAKYAT TERENGGANU SDN. BHD.<br />\n</strong><br />\nWisma GPQ, Lot 4564, Tingkat 1 &amp; 2<br />\n<br />Desa MPKT, Chendering, 21080 Kuala Terengganu<br />\n<br />Tel : 09-617 3405 / 617 6405&nbsp;&nbsp;&nbsp; Fax : 09-617 7404<br />\n<br />Website : <a href=\"http://www.koperat.com.my/\" title=\"\" target=\"_blank\"><strong>www.koperat.com.my</strong></a><br />\n<br />Page : <strong><a href=\"http://www.facebook.com/pages/Koperat/197111670306770\" title=\"\" target=\"_blank\">facebook.com / koperat</a></strong><br />\n<br />Email : koperat96@gmail.com<br />\n&nbsp;<br />\n&nbsp; </div></div></div></div>');
REPLACE INTO `question_properties` (`form_id`, `question_id`, `prop`, `value`) VALUES ('f501ef831ad6672d0a89094cea57102e', '999', 'theme', 'Default');
REPLACE INTO `question_properties` (`form_id`, `question_id`, `prop`, `value`) VALUES ('f501ef831ad6672d0a89094cea57102e', '999', 'use_buildin_formmail', 'yes');
REPLACE INTO `question_properties` (`form_id`, `question_id`, `prop`, `value`) VALUES ('f501ef831ad6672d0a89094cea57102e', '999', 'width', '100%');
REPLACE INTO `question_utf8` (`form_id`, `utf8format`) VALUES ('f501ef831ad6672d0a89094cea57102e', '1');
REPLACE INTO `forms` (`id`, `username`, `title`, `height`, `status`) VALUES ('297cba3fb28e07c596ae04defb3530fd', 'a7ec09dce63b814be39611d58a2e3078', 'contact us', '1827', 'undefined');
REPLACE INTO `questions` (`form_id`, `id`, `order`, `type`) VALUES ('297cba3fb28e07c596ae04defb3530fd', '0', '8', 'control_textbox');
REPLACE INTO `questions` (`form_id`, `id`, `order`, `type`) VALUES ('297cba3fb28e07c596ae04defb3530fd', '1', '10', 'control_textbox');
REPLACE INTO `questions` (`form_id`, `id`, `order`, `type`) VALUES ('297cba3fb28e07c596ae04defb3530fd', '2', '17', 'control_textbox');
REPLACE INTO `questions` (`form_id`, `id`, `order`, `type`) VALUES ('297cba3fb28e07c596ae04defb3530fd', '7', '9', 'control_textarea');
REPLACE INTO `questions` (`form_id`, `id`, `order`, `type`) VALUES ('297cba3fb28e07c596ae04defb3530fd', '8', '39', 'control_button');
REPLACE INTO `questions` (`form_id`, `id`, `order`, `type`) VALUES ('297cba3fb28e07c596ae04defb3530fd', '12', '15', 'control_textbox');
REPLACE INTO `questions` (`form_id`, `id`, `order`, `type`) VALUES ('297cba3fb28e07c596ae04defb3530fd', '13', '1', 'control_head');
REPLACE INTO `questions` (`form_id`, `id`, `order`, `type`) VALUES ('297cba3fb28e07c596ae04defb3530fd', '14', '2', 'control_text');
REPLACE INTO `questions` (`form_id`, `id`, `order`, `type`) VALUES ('297cba3fb28e07c596ae04defb3530fd', '15', '3', 'control_text');
REPLACE INTO `questions` (`form_id`, `id`, `order`, `type`) VALUES ('297cba3fb28e07c596ae04defb3530fd', '16', '4', 'control_text');
REPLACE INTO `questions` (`form_id`, `id`, `order`, `type`) VALUES ('297cba3fb28e07c596ae04defb3530fd', '17', '5', 'control_text');
REPLACE INTO `questions` (`form_id`, `id`, `order`, `type`) VALUES ('297cba3fb28e07c596ae04defb3530fd', '18', '22', 'control_textbox');
REPLACE INTO `questions` (`form_id`, `id`, `order`, `type`) VALUES ('297cba3fb28e07c596ae04defb3530fd', '19', '24', 'control_textbox');
REPLACE INTO `questions` (`form_id`, `id`, `order`, `type`) VALUES ('297cba3fb28e07c596ae04defb3530fd', '20', '20', 'control_textbox');
REPLACE INTO `questions` (`form_id`, `id`, `order`, `type`) VALUES ('297cba3fb28e07c596ae04defb3530fd', '21', '28', 'control_textbox');
REPLACE INTO `questions` (`form_id`, `id`, `order`, `type`) VALUES ('297cba3fb28e07c596ae04defb3530fd', '22', '11', 'control_dropdown');
REPLACE INTO `questions` (`form_id`, `id`, `order`, `type`) VALUES ('297cba3fb28e07c596ae04defb3530fd', '23', '16', 'control_textbox');
REPLACE INTO `questions` (`form_id`, `id`, `order`, `type`) VALUES ('297cba3fb28e07c596ae04defb3530fd', '24', '12', 'control_dropdown');
REPLACE INTO `questions` (`form_id`, `id`, `order`, `type`) VALUES ('297cba3fb28e07c596ae04defb3530fd', '25', '14', 'control_dropdown');
REPLACE INTO `questions` (`form_id`, `id`, `order`, `type`) VALUES ('297cba3fb28e07c596ae04defb3530fd', '26', '13', 'control_dropdown');
REPLACE INTO `questions` (`form_id`, `id`, `order`, `type`) VALUES ('297cba3fb28e07c596ae04defb3530fd', '27', '7', 'control_text');
REPLACE INTO `questions` (`form_id`, `id`, `order`, `type`) VALUES ('297cba3fb28e07c596ae04defb3530fd', '28', '6', 'control_hidden');
REPLACE INTO `questions` (`form_id`, `id`, `order`, `type`) VALUES ('297cba3fb28e07c596ae04defb3530fd', '29', '19', 'control_text');
REPLACE INTO `questions` (`form_id`, `id`, `order`, `type`) VALUES ('297cba3fb28e07c596ae04defb3530fd', '30', '18', 'control_hidden');
REPLACE INTO `questions` (`form_id`, `id`, `order`, `type`) VALUES ('297cba3fb28e07c596ae04defb3530fd', '31', '21', 'control_dropdown');
REPLACE INTO `questions` (`form_id`, `id`, `order`, `type`) VALUES ('297cba3fb28e07c596ae04defb3530fd', '32', '23', 'control_textarea');
REPLACE INTO `questions` (`form_id`, `id`, `order`, `type`) VALUES ('297cba3fb28e07c596ae04defb3530fd', '33', '25', 'control_hidden');
REPLACE INTO `questions` (`form_id`, `id`, `order`, `type`) VALUES ('297cba3fb28e07c596ae04defb3530fd', '34', '26', 'control_text');
REPLACE INTO `questions` (`form_id`, `id`, `order`, `type`) VALUES ('297cba3fb28e07c596ae04defb3530fd', '35', '27', 'control_dropdown');
REPLACE INTO `questions` (`form_id`, `id`, `order`, `type`) VALUES ('297cba3fb28e07c596ae04defb3530fd', '36', '29', 'control_hidden');
REPLACE INTO `questions` (`form_id`, `id`, `order`, `type`) VALUES ('297cba3fb28e07c596ae04defb3530fd', '37', '30', 'control_text');
REPLACE INTO `questions` (`form_id`, `id`, `order`, `type`) VALUES ('297cba3fb28e07c596ae04defb3530fd', '38', '31', 'control_checkbox');
REPLACE INTO `questions` (`form_id`, `id`, `order`, `type`) VALUES ('297cba3fb28e07c596ae04defb3530fd', '39', '33', 'control_fileupload');
REPLACE INTO `questions` (`form_id`, `id`, `order`, `type`) VALUES ('297cba3fb28e07c596ae04defb3530fd', '40', '37', 'control_captcha');
REPLACE INTO `questions` (`form_id`, `id`, `order`, `type`) VALUES ('297cba3fb28e07c596ae04defb3530fd', '41', '32', 'control_hidden');
REPLACE INTO `questions` (`form_id`, `id`, `order`, `type`) VALUES ('297cba3fb28e07c596ae04defb3530fd', '42', '34', 'control_hidden');
REPLACE INTO `questions` (`form_id`, `id`, `order`, `type`) VALUES ('297cba3fb28e07c596ae04defb3530fd', '43', '38', 'control_hidden');
REPLACE INTO `questions` (`form_id`, `id`, `order`, `type`) VALUES ('297cba3fb28e07c596ae04defb3530fd', '44', '35', 'control_text');
REPLACE INTO `questions` (`form_id`, `id`, `order`, `type`) VALUES ('297cba3fb28e07c596ae04defb3530fd', '45', '36', 'control_hidden');
REPLACE INTO `question_properties` (`form_id`, `question_id`, `prop`, `value`) VALUES ('297cba3fb28e07c596ae04defb3530fd', '0', 'desc', NULL);
REPLACE INTO `question_properties` (`form_id`, `question_id`, `prop`, `value`) VALUES ('297cba3fb28e07c596ae04defb3530fd', '0', 'maxsize', '100');
REPLACE INTO `question_properties` (`form_id`, `question_id`, `prop`, `value`) VALUES ('297cba3fb28e07c596ae04defb3530fd', '0', 'required', 'yes');
REPLACE INTO `question_properties` (`form_id`, `question_id`, `prop`, `value`) VALUES ('297cba3fb28e07c596ae04defb3530fd', '0', 'senderemail', 'no');
REPLACE INTO `question_properties` (`form_id`, `question_id`, `prop`, `value`) VALUES ('297cba3fb28e07c596ae04defb3530fd', '0', 'size', '48');
REPLACE INTO `question_properties` (`form_id`, `question_id`, `prop`, `value`) VALUES ('297cba3fb28e07c596ae04defb3530fd', '0', 'text', '>Nama Penuh<');
REPLACE INTO `question_properties` (`form_id`, `question_id`, `prop`, `value`) VALUES ('297cba3fb28e07c596ae04defb3530fd', '0', 'validation', 'no');
REPLACE INTO `question_properties` (`form_id`, `question_id`, `prop`, `value`) VALUES ('297cba3fb28e07c596ae04defb3530fd', '1', 'desc', NULL);
REPLACE INTO `question_properties` (`form_id`, `question_id`, `prop`, `value`) VALUES ('297cba3fb28e07c596ae04defb3530fd', '1', 'maxsize', '100');
REPLACE INTO `question_properties` (`form_id`, `question_id`, `prop`, `value`) VALUES ('297cba3fb28e07c596ae04defb3530fd', '1', 'required', 'yes');
REPLACE INTO `question_properties` (`form_id`, `question_id`, `prop`, `value`) VALUES ('297cba3fb28e07c596ae04defb3530fd', '1', 'senderemail', 'no');
REPLACE INTO `question_properties` (`form_id`, `question_id`, `prop`, `value`) VALUES ('297cba3fb28e07c596ae04defb3530fd', '1', 'size', '20');
REPLACE INTO `question_properties` (`form_id`, `question_id`, `prop`, `value`) VALUES ('297cba3fb28e07c596ae04defb3530fd', '1', 'text', '>No. K/P Pengenalan<');
REPLACE INTO `question_properties` (`form_id`, `question_id`, `prop`, `value`) VALUES ('297cba3fb28e07c596ae04defb3530fd', '1', 'validation', 'no');
REPLACE INTO `question_properties` (`form_id`, `question_id`, `prop`, `value`) VALUES ('297cba3fb28e07c596ae04defb3530fd', '2', 'desc', NULL);
REPLACE INTO `question_properties` (`form_id`, `question_id`, `prop`, `value`) VALUES ('297cba3fb28e07c596ae04defb3530fd', '2', 'maxsize', '100');
REPLACE INTO `question_properties` (`form_id`, `question_id`, `prop`, `value`) VALUES ('297cba3fb28e07c596ae04defb3530fd', '2', 'required', 'yes');
REPLACE INTO `question_properties` (`form_id`, `question_id`, `prop`, `value`) VALUES ('297cba3fb28e07c596ae04defb3530fd', '2', 'senderemail', 'no');
REPLACE INTO `question_properties` (`form_id`, `question_id`, `prop`, `value`) VALUES ('297cba3fb28e07c596ae04defb3530fd', '2', 'size', '30');
REPLACE INTO `question_properties` (`form_id`, `question_id`, `prop`, `value`) VALUES ('297cba3fb28e07c596ae04defb3530fd', '2', 'text', 'E-mail');
REPLACE INTO `question_properties` (`form_id`, `question_id`, `prop`, `value`) VALUES ('297cba3fb28e07c596ae04defb3530fd', '2', 'validation', 'Email');
REPLACE INTO `question_properties` (`form_id`, `question_id`, `prop`, `value`) VALUES ('297cba3fb28e07c596ae04defb3530fd', '7', 'cols', '36');
REPLACE INTO `question_properties` (`form_id`, `question_id`, `prop`, `value`) VALUES ('297cba3fb28e07c596ae04defb3530fd', '7', 'desc', NULL);
REPLACE INTO `question_properties` (`form_id`, `question_id`, `prop`, `value`) VALUES ('297cba3fb28e07c596ae04defb3530fd', '7', 'required', 'yes');
REPLACE INTO `question_properties` (`form_id`, `question_id`, `prop`, `value`) VALUES ('297cba3fb28e07c596ae04defb3530fd', '7', 'rows', '8');
REPLACE INTO `question_properties` (`form_id`, `question_id`, `prop`, `value`) VALUES ('297cba3fb28e07c596ae04defb3530fd', '7', 'text', '>Alamat Penuh<');
REPLACE INTO `question_properties` (`form_id`, `question_id`, `prop`, `value`) VALUES ('297cba3fb28e07c596ae04defb3530fd', '7', 'validation', 'no');
REPLACE INTO `question_properties` (`form_id`, `question_id`, `prop`, `value`) VALUES ('297cba3fb28e07c596ae04defb3530fd', '8', 'clear', 'no');
REPLACE INTO `question_properties` (`form_id`, `question_id`, `prop`, `value`) VALUES ('297cba3fb28e07c596ae04defb3530fd', '8', 'resettext', 'clear');
REPLACE INTO `question_properties` (`form_id`, `question_id`, `prop`, `value`) VALUES ('297cba3fb28e07c596ae04defb3530fd', '8', 'submittext', 'Hantar');
REPLACE INTO `question_properties` (`form_id`, `question_id`, `prop`, `value`) VALUES ('297cba3fb28e07c596ae04defb3530fd', '8', 'text', NULL);
REPLACE INTO `question_properties` (`form_id`, `question_id`, `prop`, `value`) VALUES ('297cba3fb28e07c596ae04defb3530fd', '12', 'desc', NULL);
REPLACE INTO `question_properties` (`form_id`, `question_id`, `prop`, `value`) VALUES ('297cba3fb28e07c596ae04defb3530fd', '12', 'maxsize', '100');
REPLACE INTO `question_properties` (`form_id`, `question_id`, `prop`, `value`) VALUES ('297cba3fb28e07c596ae04defb3530fd', '12', 'required', 'yes');
REPLACE INTO `question_properties` (`form_id`, `question_id`, `prop`, `value`) VALUES ('297cba3fb28e07c596ae04defb3530fd', '12', 'senderemail', 'no');
REPLACE INTO `question_properties` (`form_id`, `question_id`, `prop`, `value`) VALUES ('297cba3fb28e07c596ae04defb3530fd', '12', 'size', '20');
REPLACE INTO `question_properties` (`form_id`, `question_id`, `prop`, `value`) VALUES ('297cba3fb28e07c596ae04defb3530fd', '12', 'text', '>No. Telefon (HandPhone)<');
REPLACE INTO `question_properties` (`form_id`, `question_id`, `prop`, `value`) VALUES ('297cba3fb28e07c596ae04defb3530fd', '12', 'validation', 'no');
REPLACE INTO `question_properties` (`form_id`, `question_id`, `prop`, `value`) VALUES ('297cba3fb28e07c596ae04defb3530fd', '13', 'text', '>TAMAN RAKYAT BISTARI<');
REPLACE INTO `question_properties` (`form_id`, `question_id`, `prop`, `value`) VALUES ('297cba3fb28e07c596ae04defb3530fd', '14', 'text', '>TAMAN RAKYAT BISTARI, KEMAMAN<');
REPLACE INTO `question_properties` (`form_id`, `question_id`, `prop`, `value`) VALUES ('297cba3fb28e07c596ae04defb3530fd', '15', 'text', '>TELOK KALONG, TERENGGANU<');
REPLACE INTO `question_properties` (`form_id`, `question_id`, `prop`, `value`) VALUES ('297cba3fb28e07c596ae04defb3530fd', '16', 'text', '&gt;RUMAH TERES 1 TINGKAT - FASA 3B&lt;');
REPLACE INTO `question_properties` (`form_id`, `question_id`, `prop`, `value`) VALUES ('297cba3fb28e07c596ae04defb3530fd', '17', 'text', '&gt;[ RM 205,000.00 dan ke atas / unit (bergantung kepada keluasan tanah) ]&lt;');
REPLACE INTO `question_properties` (`form_id`, `question_id`, `prop`, `value`) VALUES ('297cba3fb28e07c596ae04defb3530fd', '18', 'desc', NULL);
REPLACE INTO `question_properties` (`form_id`, `question_id`, `prop`, `value`) VALUES ('297cba3fb28e07c596ae04defb3530fd', '18', 'maxsize', '100');
REPLACE INTO `question_properties` (`form_id`, `question_id`, `prop`, `value`) VALUES ('297cba3fb28e07c596ae04defb3530fd', '18', 'required', 'no');
REPLACE INTO `question_properties` (`form_id`, `question_id`, `prop`, `value`) VALUES ('297cba3fb28e07c596ae04defb3530fd', '18', 'senderemail', 'no');
REPLACE INTO `question_properties` (`form_id`, `question_id`, `prop`, `value`) VALUES ('297cba3fb28e07c596ae04defb3530fd', '18', 'size', '48');
REPLACE INTO `question_properties` (`form_id`, `question_id`, `prop`, `value`) VALUES ('297cba3fb28e07c596ae04defb3530fd', '18', 'text', '>Nama Majikan<');
REPLACE INTO `question_properties` (`form_id`, `question_id`, `prop`, `value`) VALUES ('297cba3fb28e07c596ae04defb3530fd', '18', 'validation', 'no');
REPLACE INTO `question_properties` (`form_id`, `question_id`, `prop`, `value`) VALUES ('297cba3fb28e07c596ae04defb3530fd', '19', 'desc', NULL);
REPLACE INTO `question_properties` (`form_id`, `question_id`, `prop`, `value`) VALUES ('297cba3fb28e07c596ae04defb3530fd', '19', 'maxsize', '100');
REPLACE INTO `question_properties` (`form_id`, `question_id`, `prop`, `value`) VALUES ('297cba3fb28e07c596ae04defb3530fd', '19', 'required', 'no');
REPLACE INTO `question_properties` (`form_id`, `question_id`, `prop`, `value`) VALUES ('297cba3fb28e07c596ae04defb3530fd', '19', 'senderemail', 'no');
REPLACE INTO `question_properties` (`form_id`, `question_id`, `prop`, `value`) VALUES ('297cba3fb28e07c596ae04defb3530fd', '19', 'size', '20');
REPLACE INTO `question_properties` (`form_id`, `question_id`, `prop`, `value`) VALUES ('297cba3fb28e07c596ae04defb3530fd', '19', 'text', '>No. Telefon Pejabat<');
REPLACE INTO `question_properties` (`form_id`, `question_id`, `prop`, `value`) VALUES ('297cba3fb28e07c596ae04defb3530fd', '19', 'validation', 'no');
REPLACE INTO `question_properties` (`form_id`, `question_id`, `prop`, `value`) VALUES ('297cba3fb28e07c596ae04defb3530fd', '20', 'desc', NULL);
REPLACE INTO `question_properties` (`form_id`, `question_id`, `prop`, `value`) VALUES ('297cba3fb28e07c596ae04defb3530fd', '20', 'maxsize', '100');
REPLACE INTO `question_properties` (`form_id`, `question_id`, `prop`, `value`) VALUES ('297cba3fb28e07c596ae04defb3530fd', '20', 'required', 'no');
REPLACE INTO `question_properties` (`form_id`, `question_id`, `prop`, `value`) VALUES ('297cba3fb28e07c596ae04defb3530fd', '20', 'senderemail', 'no');
REPLACE INTO `question_properties` (`form_id`, `question_id`, `prop`, `value`) VALUES ('297cba3fb28e07c596ae04defb3530fd', '20', 'size', '30');
REPLACE INTO `question_properties` (`form_id`, `question_id`, `prop`, `value`) VALUES ('297cba3fb28e07c596ae04defb3530fd', '20', 'text', '>Jawatan Pemohon<');
REPLACE INTO `question_properties` (`form_id`, `question_id`, `prop`, `value`) VALUES ('297cba3fb28e07c596ae04defb3530fd', '20', 'validation', 'no');
